68.155.154.236 - - [23/Aug/2026:01:40:59 +0800] "GET /wp-includes/js/crop/index.php HTTP/1.1" 301 166 "-" "-"
4.204.200.136 - - [23/Aug/2026:01:40:59 +0800] "GET /nox.php HTTP/1.1" 404 150 "-" "-"
68.155.154.236 - - [23/Aug/2026:01:40:59 +0800] "GET /wp-includes/js/crop/index.php HTTP/1.1" 404 150 "-" "-"
4.204.200.136 - - [23/Aug/2026:01:41:00 +0800] "GET /akismet.php HTTP/1.1" 301 166 "-" "-"
68.155.154.236 - - [23/Aug/2026:01:41:00 +0800] "GET /assets/admin/login/info.php HTTP/1.1" 301 166 "-" "-"
4.204.200.136 - - [23/Aug/2026:01:41:00 +0800] "GET /akismet.php HTTP/1.1" 404 150 "-" "-"
68.155.154.236 - - [23/Aug/2026:01:41:00 +0800] "GET /assets/admin/login/info.php HTTP/1.1" 404 150 "-" "-"
4.204.200.136 - - [23/Aug/2026:01:41:00 +0800] "GET /admin.php HTTP/1.1" 301 166 "-" "-"
68.155.154.236 - - [23/Aug/2026:01:41:00 +0800] "GET /browse.php HTTP/1.1" 301 166 "-" "-"
4.204.200.136 - - [23/Aug/2026:01:41:00 +0800] "GET /admin.php HTTP/1.1" 200 8500 "-" "-"
68.155.154.236 - - [23/Aug/2026:01:41:00 +0800] "GET /browse.php HTTP/1.1" 404 150 "-" "-"
4.204.200.136 - - [23/Aug/2026:01:41:00 +0800] "GET /ajax.php HTTP/1.1" 301 166 "-" "-"
68.155.154.236 - - [23/Aug/2026:01:41:00 +0800] "GET /wp-content/plugins/hellopress/wp_filemanager.php HTTP/1.1" 301 166 "-" "-"
4.204.200.136 - - [23/Aug/2026:01:41:01 +0800] "GET /ajax.php HTTP/1.1" 404 150 "-" "-"
68.155.154.236 - - [23/Aug/2026:01:41:01 +0800] "GET /wp-content/plugins/hellopress/wp_filemanager.php HTTP/1.1" 404 150 "-" "-"
4.204.200.136 - - [23/Aug/2026:01:41:01 +0800] "GET /atomlib.php HTTP/1.1" 301 166 "-" "-"
68.155.154.236 - - [23/Aug/2026:01:41:01 +0800] "GET /wp-admin/upgrade.php HTTP/1.1" 301 166 "-" "-"
4.204.200.136 - - [23/Aug/2026:01:41:01 +0800] "GET /atomlib.php HTTP/1.1" 404 150 "-" "-"
68.155.154.236 - - [23/Aug/2026:01:41:01 +0800] "GET /wp-admin/upgrade.php HTTP/1.1" 404 150 "-" "-"
4.204.200.136 - - [23/Aug/2026:01:41:01 +0800] "GET /1.php?p= HTTP/1.1" 301 166 "-" "-"
68.155.154.236 - - [23/Aug/2026:01:41:01 +0800] "GET /Jcrop.php HTTP/1.1" 301 166 "-" "-"
4.204.200.136 - - [23/Aug/2026:01:41:01 +0800] "GET /1.php?p= HTTP/1.1" 404 150 "-" "-"
68.155.154.236 - - [23/Aug/2026:01:41:01 +0800] "GET /Jcrop.php HTTP/1.1" 404 150 "-" "-"
4.204.200.136 - - [23/Aug/2026:01:41:02 +0800] "GET /samll.php HTTP/1.1" 301 166 "-" "-"
68.155.154.236 - - [23/Aug/2026:01:41:02 +0800] "GET /admin/680449/index.php HTTP/1.1" 301 166 "-" "-"
4.204.200.136 - - [23/Aug/2026:01:41:02 +0800] "GET /samll.php HTTP/1.1" 404 150 "-" "-"
68.155.154.236 - - [23/Aug/2026:01:41:02 +0800] "GET /admin/680449/index.php HTTP/1.1" 404 150 "-" "-"
4.204.200.136 - - [23/Aug/2026:01:41:02 +0800] "GET /she11.php HTTP/1.1" 301 166 "-" "-"
68.155.154.236 - - [23/Aug/2026:01:41:02 +0800] "GET /1index.php HTTP/1.1" 301 166 "-" "-"
4.204.200.136 - - [23/Aug/2026:01:41:02 +0800] "GET /she11.php HTTP/1.1" 404 150 "-" "-"
68.155.154.236 - - [23/Aug/2026:01:41:02 +0800] "GET /1index.php HTTP/1.1" 404 150 "-" "-"
68.155.154.236 - - [23/Aug/2026:01:41:02 +0800] "GET //wp-9p3vdgw.php HTTP/1.1" 301 166 "-" "-"
4.204.200.136 - - [23/Aug/2026:01:41:02 +0800] "GET /kerang.php HTTP/1.1" 301 166 "-" "-"
4.204.200.136 - - [23/Aug/2026:01:41:03 +0800] "GET /kerang.php HTTP/1.1" 404 150 "-" "-"
68.155.154.236 - - [23/Aug/2026:01:41:03 +0800] "GET /wp-9p3vdgw.php HTTP/1.1" 404 150 "-" "-"
4.204.200.136 - - [23/Aug/2026:01:41:03 +0800] "GET /m.php?p= HTTP/1.1" 301 166 "-" "-"
68.155.154.236 - - [23/Aug/2026:01:41:03 +0800] "GET /wp-content/plugins/cp-pro/js.php HTTP/1.1" 301 166 "-" "-"
4.204.200.136 - - [23/Aug/2026:01:41:03 +0800] "GET /m.php?p= HTTP/1.1" 404 150 "-" "-"
68.155.154.236 - - [23/Aug/2026:01:41:03 +0800] "GET /wp-content/plugins/cp-pro/js.php HTTP/1.1" 404 150 "-" "-"
4.204.200.136 - - [23/Aug/2026:01:41:03 +0800] "GET /fling.php?p= HTTP/1.1" 301 166 "-" "-"
68.155.154.236 - - [23/Aug/2026:01:41:03 +0800] "GET /wp-includes/blocks/query-pagination-next/index.php HTTP/1.1" 301 166 "-" "-"
4.204.200.136 - - [23/Aug/2026:01:41:03 +0800] "GET /fling.php?p= HTTP/1.1" 404 150 "-" "-"
68.155.154.236 - - [23/Aug/2026:01:41:04 +0800] "GET /wp-includes/blocks/query-pagination-next/index.php HTTP/1.1" 404 150 "-" "-"
4.204.200.136 - - [23/Aug/2026:01:41:04 +0800] "GET /btyuio.php HTTP/1.1" 301 166 "-" "-"
68.155.154.236 - - [23/Aug/2026:01:41:04 +0800] "GET /wp-admin/install.php HTTP/1.1" 301 166 "-" "-"
4.204.200.136 - - [23/Aug/2026:01:41:04 +0800] "GET /btyuio.php HTTP/1.1" 404 150 "-" "-"
68.155.154.236 - - [23/Aug/2026:01:41:04 +0800] "GET /wp-admin/install.php HTTP/1.1" 404 150 "-" "-"
4.204.200.136 - - [23/Aug/2026:01:41:04 +0800] "GET /dehnl.php HTTP/1.1" 301 166 "-" "-"
68.155.154.236 - - [23/Aug/2026:01:41:04 +0800] "GET //wp-includes/theme-compat/index.php HTTP/1.1" 301 166 "-" "-"
4.204.200.136 - - [23/Aug/2026:01:41:04 +0800] "GET /dehnl.php HTTP/1.1" 404 150 "-" "-"
68.155.154.236 - - [23/Aug/2026:01:41:04 +0800] "GET /wp-includes/theme-compat/index.php HTTP/1.1" 404 150 "-" "-"
68.155.154.236 - - [23/Aug/2026:01:41:05 +0800] "GET /wp-includes/js/plupload/index.php HTTP/1.1" 301 166 "-" "-"
4.204.200.136 - - [23/Aug/2026:01:41:05 +0800] "GET /234717/index.php HTTP/1.1" 301 166 "-" "-"
68.155.154.236 - - [23/Aug/2026:01:41:05 +0800] "GET /wp-includes/js/plupload/index.php HTTP/1.1" 404 150 "-" "-"
4.204.200.136 - - [23/Aug/2026:01:41:05 +0800] "GET /234717/index.php HTTP/1.1" 404 150 "-" "-"
68.155.154.236 - - [23/Aug/2026:01:41:05 +0800] "GET /wordpress/wp-content/plugins/cvqvgfk/index.php HTTP/1.1" 301 166 "-" "-"
4.204.200.136 - - [23/Aug/2026:01:41:05 +0800] "GET /zoo2.php HTTP/1.1" 301 166 "-" "-"
68.155.154.236 - - [23/Aug/2026:01:41:05 +0800] "GET /wordpress/wp-content/plugins/cvqvgfk/index.php HTTP/1.1" 404 150 "-" "-"
4.204.200.136 - - [23/Aug/2026:01:41:05 +0800] "GET /zoo2.php HTTP/1.1" 404 150 "-" "-"
68.155.154.236 - - [23/Aug/2026:01:41:05 +0800] "GET //wp-content/plugins/index.php HTTP/1.1" 301 166 "-" "-"
4.204.200.136 - - [23/Aug/2026:01:41:05 +0800] "GET /zoo1.php?p= HTTP/1.1" 301 166 "-" "-"
68.155.154.236 - - [23/Aug/2026:01:41:06 +0800] "GET /wp-content/plugins/index.php HTTP/1.1" 404 150 "-" "-"
4.204.200.136 - - [23/Aug/2026:01:41:06 +0800] "GET /zoo1.php?p= HTTP/1.1" 404 150 "-" "-"
68.155.154.236 - - [23/Aug/2026:01:41:06 +0800] "GET /wp-includes/blocks/navigation-submenu/index.php HTTP/1.1" 301 166 "-" "-"
4.204.200.136 - - [23/Aug/2026:01:41:06 +0800] "GET /radio.php HTTP/1.1" 301 166 "-" "-"
68.155.154.236 - - [23/Aug/2026:01:41:06 +0800] "GET /wp-includes/blocks/navigation-submenu/index.php HTTP/1.1" 404 150 "-" "-"
4.204.200.136 - - [23/Aug/2026:01:41:06 +0800] "GET /radio.php HTTP/1.1" 404 150 "-" "-"
68.155.154.236 - - [23/Aug/2026:01:41:06 +0800] "GET /wp-includes/blocks/post-comments-form/index.php HTTP/1.1" 301 166 "-" "-"
4.204.200.136 - - [23/Aug/2026:01:41:06 +0800] "GET /hoket.php HTTP/1.1" 301 166 "-" "-"
68.155.154.236 - - [23/Aug/2026:01:41:06 +0800] "GET /wp-includes/blocks/post-comments-form/index.php HTTP/1.1" 404 150 "-" "-"
4.204.200.136 - - [23/Aug/2026:01:41:06 +0800] "GET /hoket.php HTTP/1.1" 404 150 "-" "-"
68.155.154.236 - - [23/Aug/2026:01:41:07 +0800] "GET /wp-includes/blocks/query-pagination-numbers/index.php HTTP/1.1" 301 166 "-" "-"
4.204.200.136 - - [23/Aug/2026:01:41:07 +0800] "GET /one.php HTTP/1.1" 301 166 "-" "-"
68.155.154.236 - - [23/Aug/2026:01:41:07 +0800] "GET /wp-includes/blocks/query-pagination-numbers/index.php HTTP/1.1" 404 150 "-" "-"
4.204.200.136 - - [23/Aug/2026:01:41:07 +0800] "GET /one.php HTTP/1.1" 404 150 "-" "-"
68.155.154.236 - - [23/Aug/2026:01:41:07 +0800] "GET /67.php HTTP/1.1" 301 166 "-" "-"
4.204.200.136 - - [23/Aug/2026:01:41:07 +0800] "GET /503.php HTTP/1.1" 301 166 "-" "-"
68.155.154.236 - - [23/Aug/2026:01:41:07 +0800] "GET /67.php HTTP/1.1" 404 150 "-" "-"
4.204.200.136 - - [23/Aug/2026:01:41:07 +0800] "GET /503.php HTTP/1.1" 404 150 "-" "-"
68.155.154.236 - - [23/Aug/2026:01:41:07 +0800] "GET /wp-includes/blocks/details/index.php HTTP/1.1" 301 166 "-" "-"
4.204.200.136 - - [23/Aug/2026:01:41:07 +0800] "GET /504.php HTTP/1.1" 301 166 "-" "-"
68.155.154.236 - - [23/Aug/2026:01:41:08 +0800] "GET /wp-includes/blocks/details/index.php HTTP/1.1" 404 150 "-" "-"
4.204.200.136 - - [23/Aug/2026:01:41:08 +0800] "GET /504.php HTTP/1.1" 404 150 "-" "-"
68.155.154.236 - - [23/Aug/2026:01:41:08 +0800] "GET /autoload_classmap.php HTTP/1.1" 301 166 "-" "-"
4.204.200.136 - - [23/Aug/2026:01:41:08 +0800] "GET /admin.php?p= HTTP/1.1" 301 166 "-" "-"
68.155.154.236 - - [23/Aug/2026:01:41:08 +0800] "GET /autoload_classmap.php HTTP/1.1" 404 150 "-" "-"
4.204.200.136 - - [23/Aug/2026:01:41:08 +0800] "GET /admin.php?p= HTTP/1.1" 200 8502 "-" "-"
68.155.154.236 - - [23/Aug/2026:01:41:08 +0800] "GET /wp-includes/Requests/about.php HTTP/1.1" 301 166 "-" "-"
4.204.200.136 - - [23/Aug/2026:01:41:08 +0800] "GET /ws85.php?p= HTTP/1.1" 301 166 "-" "-"
68.155.154.236 - - [23/Aug/2026:01:41:08 +0800] "GET /wp-includes/Requests/about.php HTTP/1.1" 404 150 "-" "-"
68.155.154.236 - - [23/Aug/2026:01:41:08 +0800] "GET /wp-admin/css/wp-login.php HTTP/1.1" 301 166 "-" "-"
4.204.200.136 - - [23/Aug/2026:01:41:08 +0800] "GET /ws85.php?p= HTTP/1.1" 404 150 "-" "-"
68.155.154.236 - - [23/Aug/2026:01:41:09 +0800] "GET /wp-admin/css/wp-login.php HTTP/1.1" 404 150 "-" "-"
4.204.200.136 - - [23/Aug/2026:01:41:09 +0800] "GET /db.php/new.php HTTP/1.1" 301 166 "-" "-"
68.155.154.236 - - [23/Aug/2026:01:41:09 +0800] "GET /css/index.php HTTP/1.1" 301 166 "-" "-"
4.204.200.136 - - [23/Aug/2026:01:41:09 +0800] "GET /db.php/new.php HTTP/1.1" 404 150 "-" "-"
68.155.154.236 - - [23/Aug/2026:01:41:09 +0800] "GET /css/index.php HTTP/1.1" 404 150 "-" "-"
4.204.200.136 - - [23/Aug/2026:01:41:09 +0800] "GET /ffs.php HTTP/1.1" 301 166 "-" "-"
68.155.154.236 - - [23/Aug/2026:01:41:09 +0800] "GET /wp-includes/Text/Diff/Engine/upload.php HTTP/1.1" 301 166 "-" "-"
4.204.200.136 - - [23/Aug/2026:01:41:09 +0800] "GET /ffs.php HTTP/1.1" 404 150 "-" "-"
68.155.154.236 - - [23/Aug/2026:01:41:09 +0800] "GET /wp-includes/Text/Diff/Engine/upload.php HTTP/1.1" 404 150 "-" "-"
68.155.154.236 - - [23/Aug/2026:01:41:10 +0800] "GET /wp-login.php HTTP/1.1" 301 166 "-" "-"
68.155.154.236 - - [23/Aug/2026:01:41:10 +0800] "GET /wp-login.php HTTP/1.1" 404 150 "-" "-"
68.155.154.236 - - [23/Aug/2026:01:41:10 +0800] "GET /wp-admin/user/802277/index.php HTTP/1.1" 301 166 "-" "-"
68.155.154.236 - - [23/Aug/2026:01:41:10 +0800] "GET /wp-admin/user/802277/index.php HTTP/1.1" 404 150 "-" "-"
68.155.154.236 - - [23/Aug/2026:01:41:10 +0800] "GET /images/class-config.php HTTP/1.1" 301 166 "-" "-"
68.155.154.236 - - [23/Aug/2026:01:41:11 +0800] "GET /images/class-config.php HTTP/1.1" 404 150 "-" "-"
68.155.154.236 - - [23/Aug/2026:01:41:11 +0800] "GET /wpupex.php HTTP/1.1" 301 166 "-" "-"
68.155.154.236 - - [23/Aug/2026:01:41:11 +0800] "GET /wpupex.php HTTP/1.1" 404 150 "-" "-"
68.155.154.236 - - [23/Aug/2026:01:41:11 +0800] "GET //dropdown.php HTTP/1.1" 301 166 "-" "-"
68.155.154.236 - - [23/Aug/2026:01:41:11 +0800] "GET /dropdown.php HTTP/1.1" 404 150 "-" "-"
68.155.154.236 - - [23/Aug/2026:01:41:12 +0800] "GET /museu/yhweq.php HTTP/1.1" 301 166 "-" "-"
68.155.154.236 - - [23/Aug/2026:01:41:12 +0800] "GET /museu/yhweq.php HTTP/1.1" 404 150 "-" "-"
68.155.154.236 - - [23/Aug/2026:01:41:12 +0800] "GET /wp-includes/js/thickbox/index.php HTTP/1.1" 301 166 "-" "-"
68.155.154.236 - - [23/Aug/2026:01:41:12 +0800] "GET /wp-includes/js/thickbox/index.php HTTP/1.1" 404 150 "-" "-"
68.155.154.236 - - [23/Aug/2026:01:41:12 +0800] "GET /tinynologin.php HTTP/1.1" 301 166 "-" "-"
68.155.154.236 - - [23/Aug/2026:01:41:13 +0800] "GET /tinynologin.php HTTP/1.1" 404 150 "-" "-"
68.155.154.236 - - [23/Aug/2026:01:41:13 +0800] "GET /wp-includes/js/jcrop/Jcrop.php HTTP/1.1" 301 166 "-" "-"
68.155.154.236 - - [23/Aug/2026:01:41:13 +0800] "GET /wp-includes/js/jcrop/Jcrop.php HTTP/1.1" 404 150 "-" "-"
68.155.154.236 - - [23/Aug/2026:01:41:13 +0800] "GET /wp-content/themes/twentytwentytwo/index.php HTTP/1.1" 301 166 "-" "-"
68.155.154.236 - - [23/Aug/2026:01:41:13 +0800] "GET /wp-content/themes/twentytwentytwo/index.php HTTP/1.1" 404 150 "-" "-"
68.155.154.236 - - [23/Aug/2026:01:41:14 +0800] "GET /wp-content/wp-plugins/aspose-pdf-importer/vendor/phpunit/phpunit/src/Util/PHP/eval-stdin.php HTTP/1.1" 301 166 "-" "-"
68.155.154.236 - - [23/Aug/2026:01:41:14 +0800] "GET /wp-content/wp-plugins/aspose-pdf-importer/vendor/phpunit/phpunit/src/Util/PHP/eval-stdin.php HTTP/1.1" 404 150 "-" "-"
68.155.154.236 - - [23/Aug/2026:01:41:14 +0800] "GET /wp-admin/gQ2zxmHJ3RF.php HTTP/1.1" 301 166 "-" "-"
68.155.154.236 - - [23/Aug/2026:01:41:14 +0800] "GET /wp-admin/gQ2zxmHJ3RF.php HTTP/1.1" 404 150 "-" "-"
68.155.154.236 - - [23/Aug/2026:01:41:14 +0800] "GET /wp-content/themes/twentytwentyfour/index.php HTTP/1.1" 301 166 "-" "-"
68.155.154.236 - - [23/Aug/2026:01:41:15 +0800] "GET /wp-content/themes/twentytwentyfour/index.php HTTP/1.1" 404 150 "-" "-"
68.155.154.236 - - [23/Aug/2026:01:41:15 +0800] "GET /wp-includes/PHPMailer/index.php HTTP/1.1" 301 166 "-" "-"
68.155.154.236 - - [23/Aug/2026:01:41:15 +0800] "GET /wp-includes/PHPMailer/index.php HTTP/1.1" 404 150 "-" "-"
68.155.154.236 - - [23/Aug/2026:01:41:15 +0800] "GET /wp-includes/wp-conflg.php HTTP/1.1" 301 166 "-" "-"
68.155.154.236 - - [23/Aug/2026:01:41:15 +0800] "GET /wp-includes/wp-conflg.php HTTP/1.1" 404 150 "-" "-"
68.155.154.236 - - [23/Aug/2026:01:41:16 +0800] "GET /ws58.php HTTP/1.1" 301 166 "-" "-"
68.155.154.236 - - [23/Aug/2026:01:41:16 +0800] "GET /ws58.php HTTP/1.1" 404 150 "-" "-"
68.155.154.236 - - [23/Aug/2026:01:41:16 +0800] "GET /wp-includes/IXR/index.php HTTP/1.1" 301 166 "-" "-"
68.155.154.236 - - [23/Aug/2026:01:41:16 +0800] "GET /wp-includes/IXR/index.php HTTP/1.1" 404 150 "-" "-"
68.155.154.236 - - [23/Aug/2026:01:41:17 +0800] "GET /.well-known/acme-challenge/local-access.php HTTP/1.1" 403 150 "-" "-"
68.155.154.236 - - [23/Aug/2026:01:41:17 +0800] "GET /well-known/index.php HTTP/1.1" 301 166 "-" "-"
68.155.154.236 - - [23/Aug/2026:01:41:17 +0800] "GET /well-known/index.php HTTP/1.1" 404 150 "-" "-"
68.155.154.236 - - [23/Aug/2026:01:41:17 +0800] "GET /2.php HTTP/1.1" 301 166 "-" "-"
68.155.154.236 - - [23/Aug/2026:01:41:17 +0800] "GET /2.php HTTP/1.1" 404 150 "-" "-"
68.155.154.236 - - [23/Aug/2026:01:41:18 +0800] "GET /wp-includes/blocks/post-terms/index.php HTTP/1.1" 301 166 "-" "-"
68.155.154.236 - - [23/Aug/2026:01:41:18 +0800] "GET /wp-includes/blocks/post-terms/index.php HTTP/1.1" 404 150 "-" "-"
68.155.154.236 - - [23/Aug/2026:01:41:18 +0800] "GET /first.php HTTP/1.1" 301 166 "-" "-"
68.155.154.236 - - [23/Aug/2026:01:41:18 +0800] "GET /first.php HTTP/1.1" 404 150 "-" "-"
68.155.154.236 - - [23/Aug/2026:01:41:18 +0800] "GET /wp-admin/network/index.php HTTP/1.1" 301 166 "-" "-"
68.155.154.236 - - [23/Aug/2026:01:41:19 +0800] "GET /wp-admin/network/index.php HTTP/1.1" 404 150 "-" "-"
68.155.154.236 - - [23/Aug/2026:01:41:19 +0800] "GET /mentos.php HTTP/1.1" 301 166 "-" "-"
68.155.154.236 - - [23/Aug/2026:01:41:19 +0800] "GET /mentos.php HTTP/1.1" 404 150 "-" "-"
68.155.154.236 - - [23/Aug/2026:01:41:19 +0800] "GET /wp-admin/js/index.php HTTP/1.1" 301 166 "-" "-"
68.155.154.236 - - [23/Aug/2026:01:41:19 +0800] "GET /wp-admin/js/index.php HTTP/1.1" 404 150 "-" "-"
57.141.16.98 - - [23/Aug/2026:01:41:22 +0800] "GET /home.php?mod=spacecp&ac=pm&op=showmsg&handlekey=showmsg_2&touid=2&pmid=0&daterange=2&pid=20&tid=20 HTTP/2.0" 200 9763 "-" "Mozilla/5.0 (Macintosh; Intel Mac OS X 10_15_7) AppleWebKit/537.36 (KHTML, like Gecko) Chrome/145.0.0.0 Safari/537.36 (compatible; meta-externalagent/1.1 (+https://developers.facebook.com/docs/sharing/webmasters/crawler))"
57.141.16.60 - - [23/Aug/2026:01:41:23 +0800] "GET /home.php?mod=misc&ac=sendmail&rand=1787420482 HTTP/2.0" 200 20 "https://www.ytfs168.cn/home.php?mod=spacecp&ac=pm&op=showmsg&handlekey=showmsg_2&touid=2&pmid=0&daterange=2&pid=20&tid=20" "Mozilla/5.0 (Macintosh; Intel Mac OS X 10_15_7) AppleWebKit/537.36 (KHTML, like Gecko) Chrome/145.0.0.0 Safari/537.36 (compatible; meta-externalagent/1.1 (+https://developers.facebook.com/docs/sharing/webmasters/crawler))"
57.141.16.5 - - [23/Aug/2026:01:41:34 +0800] "GET /search.php?mod=forum&srchtxt=discuz&formhash=70f1cd5b&searchsubmit=true&source=hotsearch HTTP/2.0" 503 4070 "-" "Mozilla/5.0 (Windows NT 10.0; Win64; x64) AppleWebKit/537.36 (KHTML, like Gecko) Chrome/145.0.0.0 Safari/537.36 (compatible; meta-externalagent/1.1 (+https://developers.facebook.com/docs/sharing/webmasters/crawler))"
57.141.16.15 - - [23/Aug/2026:01:41:54 +0800] "GET /member.php?mod=logging&action=logout&formhash=fcc05b60 HTTP/2.0" 302 0 "-" "Mozilla/5.0 (Windows NT 10.0; Win64; x64) AppleWebKit/537.36 (KHTML, like Gecko) Chrome/145.0.0.0 Safari/537.36 (compatible; meta-externalagent/1.1 (+https://developers.facebook.com/docs/sharing/webmasters/crawler))"
57.141.16.104 - - [23/Aug/2026:01:42:00 +0800] "GET /search.php?mod=forum&srchtxt=%E6%B4%BB%E5%8A%A8&formhash=70f1cd5b&searchsubmit=true&source=hotsearch HTTP/2.0" 503 4072 "-" "Mozilla/5.0 (Macintosh; Intel Mac OS X 10_15_7) AppleWebKit/537.36 (KHTML, like Gecko) Chrome/145.0.0.0 Safari/537.36 (compatible; meta-externalagent/1.1 (+https://developers.facebook.com/docs/sharing/webmasters/crawler))"
57.141.16.16 - - [23/Aug/2026:01:42:23 +0800] "GET /member.php?mod=logging&action=logout&formhash=70f1cd5b HTTP/2.0" 302 0 "-" "Mozilla/5.0 (Windows NT 10.0; Win64; x64) AppleWebKit/537.36 (KHTML, like Gecko) Chrome/145.0.0.0 Safari/537.36 (compatible; meta-externalagent/1.1 (+https://developers.facebook.com/docs/sharing/webmasters/crawler))"
57.141.16.19 - - [23/Aug/2026:01:42:26 +0800] "GET /index.php HTTP/2.0" 200 17927 "-" "Mozilla/5.0 (Windows NT 10.0; Win64; x64) AppleWebKit/537.36 (KHTML, like Gecko) Chrome/145.0.0.0 Safari/537.36 (compatible; meta-externalagent/1.1 (+https://developers.facebook.com/docs/sharing/webmasters/crawler))"
57.141.16.123 - - [23/Aug/2026:01:42:48 +0800] "GET /search.php?mod=forum&srchtxt=%E4%BA%A4%E5%8F%8B&formhash=2521cce8&searchsubmit=true&source=hotsearch HTTP/2.0" 503 4072 "-" "Mozilla/5.0 (Windows NT 10.0; Win64; x64) AppleWebKit/537.36 (KHTML, like Gecko) Chrome/145.0.0.0 Safari/537.36 (compatible; meta-externalagent/1.1 (+https://developers.facebook.com/docs/sharing/webmasters/crawler))"
57.141.16.125 - - [23/Aug/2026:01:42:52 +0800] "GET /member.php?mod=logging&action=logout&formhash=b9f93f66 HTTP/2.0" 302 0 "-" "Mozilla/5.0 (Windows NT 10.0; Win64; x64) AppleWebKit/537.36 (KHTML, like Gecko) Chrome/145.0.0.0 Safari/537.36 (compatible; meta-externalagent/1.1 (+https://developers.facebook.com/docs/sharing/webmasters/crawler))"
57.141.16.41 - - [23/Aug/2026:01:43:37 +0800] "GET /member.php?mod=logging&action=logout&formhash=2858feca HTTP/2.0" 302 0 "-" "Mozilla/5.0 (Macintosh; Intel Mac OS X 10_15_7) AppleWebKit/537.36 (KHTML, like Gecko) Chrome/145.0.0.0 Safari/537.36 (compatible; meta-externalagent/1.1 (+https://developers.facebook.com/docs/sharing/webmasters/crawler))"
57.141.0.39 - - [23/Aug/2026:01:44:02 +0800] "GET / HTTP/2.0" 200 18130 "-" "facebookexternalhit/1.1 (+http://www.facebook.com/externalhit_uatext.php)"
57.141.16.1 - - [23/Aug/2026:01:44:54 +0800] "GET /member.php?mod=logging&action=logout&formhash=fd125548 HTTP/2.0" 302 0 "-" "Mozilla/5.0 (Macintosh; Intel Mac OS X 10_15_7) AppleWebKit/537.36 (KHTML, like Gecko) Chrome/145.0.0.0 Safari/537.36 (compatible; meta-externalagent/1.1 (+https://developers.facebook.com/docs/sharing/webmasters/crawler))"
57.141.14.63 - - [23/Aug/2026:01:45:05 +0800] "GET / HTTP/2.0" 200 18134 "-" "facebookexternalhit/1.1 (+http://www.facebook.com/externalhit_uatext.php)"
57.141.16.112 - - [23/Aug/2026:01:46:26 +0800] "GET /member.php?mod=logging&action=logout&formhash=3f699c2b HTTP/2.0" 302 0 "-" "Mozilla/5.0 (Macintosh; Intel Mac OS X 10_15_7) AppleWebKit/537.36 (KHTML, like Gecko) Chrome/145.0.0.0 Safari/537.36 (compatible; meta-externalagent/1.1 (+https://developers.facebook.com/docs/sharing/webmasters/crawler))"
57.141.20.1 - - [23/Aug/2026:01:48:01 +0800] "GET / HTTP/2.0" 200 18131 "-" "facebookexternalhit/1.1 (+http://www.facebook.com/externalhit_uatext.php)"
57.141.16.32 - - [23/Aug/2026:01:48:41 +0800] "GET /member.php?mod=logging&action=logout&formhash=5f249d5a HTTP/2.0" 302 0 "-" "Mozilla/5.0 (Macintosh; Intel Mac OS X 10_15_7) AppleWebKit/537.36 (KHTML, like Gecko) Chrome/145.0.0.0 Safari/537.36 Edg/145.0.0.0 (compatible; meta-externalagent/1.1 (+https://developers.facebook.com/docs/sharing/webmasters/crawler))"
57.141.16.14 - - [23/Aug/2026:01:49:52 +0800] "GET /forum.php?mod=viewthread&tid=130 HTTP/2.0" 200 23937 "-" "Mozilla/5.0 (Windows NT 10.0; Win64; x64) AppleWebKit/537.36 (KHTML, like Gecko) Chrome/145.0.0.0 Safari/537.36 (compatible; meta-externalagent/1.1 (+https://developers.facebook.com/docs/sharing/webmasters/crawler))"
121.229.156.87 - - [23/Aug/2026:01:49:53 +0800] "GET / HTTP/1.1" 301 166 "-" "Sogou web spider/4.0(+http://www.sogou.com/docs/help/webmasters.htm#07)"
57.141.16.49 - - [23/Aug/2026:01:49:53 +0800] "GET /home.php?mod=misc&ac=sendmail&rand=1787420992 HTTP/2.0" 200 20 "https://www.ytfs168.cn/forum.php?mod=viewthread&tid=130" "Mozilla/5.0 (Windows NT 10.0; Win64; x64) AppleWebKit/537.36 (KHTML, like Gecko) Chrome/145.0.0.0 Safari/537.36 (compatible; meta-externalagent/1.1 (+https://developers.facebook.com/docs/sharing/webmasters/crawler))"
121.229.156.87 - - [23/Aug/2026:01:49:57 +0800] "GET / HTTP/1.1" 200 18020 "-" "Sogou web spider/4.0(+http://www.sogou.com/docs/help/webmasters.htm#07)"
57.141.16.10 - - [23/Aug/2026:01:50:04 +0800] "GET /template/dingzhi_2024_cnbl/dingzhi//thread/newarow.gif HTTP/2.0" 404 552 "https://www.ytfs168.cn/forum.php?mod=viewthread&tid=130" "Mozilla/5.0 (Windows NT 10.0; Win64; x64) AppleWebKit/537.36 (KHTML, like Gecko) Chrome/145.0.0.0 Safari/537.36 (compatible; meta-externalagent/1.1 (+https://developers.facebook.com/docs/sharing/webmasters/crawler))"
57.141.16.4 - - [23/Aug/2026:01:50:21 +0800] "GET /member.php?mod=logging&action=logout&formhash=2521cce8 HTTP/2.0" 302 0 "-" "Mozilla/5.0 (Windows NT 10.0; Win64; x64) AppleWebKit/537.36 (KHTML, like Gecko) Chrome/145.0.0.0 Safari/537.36 (compatible; meta-externalagent/1.1 (+https://developers.facebook.com/docs/sharing/webmasters/crawler))"
57.141.16.40 - - [23/Aug/2026:01:50:24 +0800] "GET /index.php HTTP/2.0" 200 17921 "-" "Mozilla/5.0 (Windows NT 10.0; Win64; x64) AppleWebKit/537.36 (KHTML, like Gecko) Chrome/145.0.0.0 Safari/537.36 (compatible; meta-externalagent/1.1 (+https://developers.facebook.com/docs/sharing/webmasters/crawler))"
57.141.16.45 - - [23/Aug/2026:01:50:33 +0800] "GET /search.php?mod=forum&srchtxt=discuz&formhash=2521cce8&searchsubmit=true&source=hotsearch HTTP/2.0" 503 4071 "-" "Mozilla/5.0 (Macintosh; Intel Mac OS X 10_15_7) AppleWebKit/537.36 (KHTML, like Gecko) Chrome/145.0.0.0 Safari/537.36 (compatible; meta-externalagent/1.1 (+https://developers.facebook.com/docs/sharing/webmasters/crawler))"
57.141.16.0 - - [23/Aug/2026:01:50:41 +0800] "GET /forum.php?mod=viewthread&tid=16&extra=page%3D1 HTTP/2.0" 200 23693 "-" "Mozilla/5.0 (Windows NT 10.0; Win64; x64) AppleWebKit/537.36 (KHTML, like Gecko) Chrome/145.0.0.0 Safari/537.36 (compatible; meta-externalagent/1.1 (+https://developers.facebook.com/docs/sharing/webmasters/crawler))"
57.141.16.22 - - [23/Aug/2026:01:50:42 +0800] "GET /search.php?mod=forum&srchtxt=%E6%B4%BB%E5%8A%A8&formhash=2521cce8&searchsubmit=true&source=hotsearch HTTP/2.0" 503 4071 "-" "Mozilla/5.0 (Windows NT 10.0; Win64; x64) AppleWebKit/537.36 (KHTML, like Gecko) Chrome/145.0.0.0 Safari/537.36 (compatible; meta-externalagent/1.1 (+https://developers.facebook.com/docs/sharing/webmasters/crawler))"
57.141.16.125 - - [23/Aug/2026:01:50:43 +0800] "GET /home.php?mod=misc&ac=sendmail&rand=1787421041 HTTP/2.0" 200 20 "https://www.ytfs168.cn/forum.php?mod=viewthread&tid=16&extra=page%3D1" "Mozilla/5.0 (Windows NT 10.0; Win64; x64) AppleWebKit/537.36 (KHTML, like Gecko) Chrome/145.0.0.0 Safari/537.36 (compatible; meta-externalagent/1.1 (+https://developers.facebook.com/docs/sharing/webmasters/crawler))"
57.141.16.39 - - [23/Aug/2026:01:50:45 +0800] "GET /search.php?mod=forum&srchtxt=discuz&formhash=a1577ae4&searchsubmit=true&source=hotsearch HTTP/2.0" 503 4071 "-" "Mozilla/5.0 (Windows NT 10.0; Win64; x64) AppleWebKit/537.36 (KHTML, like Gecko) Chrome/145.0.0.0 Safari/537.36 (compatible; meta-externalagent/1.1 (+https://developers.facebook.com/docs/sharing/webmasters/crawler))"
57.141.16.89 - - [23/Aug/2026:01:50:48 +0800] "GET /template/dingzhi_2024_cnbl/dingzhi//thread/newarow.gif HTTP/2.0" 404 552 "https://www.ytfs168.cn/forum.php?mod=viewthread&tid=16&extra=page%3D1" "Mozilla/5.0 (Windows NT 10.0; Win64; x64) AppleWebKit/537.36 (KHTML, like Gecko) Chrome/145.0.0.0 Safari/537.36 (compatible; meta-externalagent/1.1 (+https://developers.facebook.com/docs/sharing/webmasters/crawler))"
57.141.16.15 - - [23/Aug/2026:01:50:56 +0800] "GET /search.php?mod=forum&srchtxt=%E4%BA%A4%E5%8F%8B&formhash=a1577ae4&searchsubmit=true&source=hotsearch HTTP/2.0" 503 4071 "-" "Mozilla/5.0 (Windows NT 10.0; Win64; x64) AppleWebKit/537.36 (KHTML, like Gecko) Chrome/145.0.0.0 Safari/537.36 (compatible; meta-externalagent/1.1 (+https://developers.facebook.com/docs/sharing/webmasters/crawler))"
57.141.10.10 - - [23/Aug/2026:01:50:56 +0800] "GET / HTTP/2.0" 200 18135 "-" "facebookexternalhit/1.1 (+http://www.facebook.com/externalhit_uatext.php)"
185.191.171.13 - - [23/Aug/2026:01:53:16 +0800] "GET /robots.txt HTTP/1.1" 200 593 "-" "Mozilla/5.0 (compatible; SemrushBot/7~bl; +http://www.semrush.com/bot.html)"
85.208.96.210 - - [23/Aug/2026:01:53:17 +0800] "GET /app.php/2026071980279-32354304.shtml HTTP/1.1" 404 150 "-" "Mozilla/5.0 (compatible; SemrushBot/7~bl; +http://www.semrush.com/bot.html)"
57.141.22.121 - - [23/Aug/2026:01:53:46 +0800] "GET / HTTP/2.0" 200 18135 "-" "facebookexternalhit/1.1 (+http://www.facebook.com/externalhit_uatext.php)"
57.141.16.51 - - [23/Aug/2026:01:54:11 +0800] "GET /forum.php?mod=viewthread&tid=228&page=1 HTTP/2.0" 200 24291 "-" "Mozilla/5.0 (Windows NT 10.0; Win64; x64) AppleWebKit/537.36 (KHTML, like Gecko) Chrome/145.0.0.0 Safari/537.36 (compatible; meta-externalagent/1.1 (+https://developers.facebook.com/docs/sharing/webmasters/crawler))"
57.141.16.105 - - [23/Aug/2026:01:54:12 +0800] "GET /home.php?mod=misc&ac=sendmail&rand=1787421251 HTTP/2.0" 200 20 "https://www.ytfs168.cn/forum.php?mod=viewthread&tid=228&page=1" "Mozilla/5.0 (Windows NT 10.0; Win64; x64) AppleWebKit/537.36 (KHTML, like Gecko) Chrome/145.0.0.0 Safari/537.36 (compatible; meta-externalagent/1.1 (+https://developers.facebook.com/docs/sharing/webmasters/crawler))"
57.141.16.109 - - [23/Aug/2026:01:54:15 +0800] "GET /member.php?mod=logging&action=logout&formhash=df3a6eac HTTP/2.0" 302 0 "-" "Mozilla/5.0 (Windows NT 10.0; Win64; x64) AppleWebKit/537.36 (KHTML, like Gecko) Chrome/145.0.0.0 Safari/537.36 (compatible; meta-externalagent/1.1 (+https://developers.facebook.com/docs/sharing/webmasters/crawler))"
57.141.16.51 - - [23/Aug/2026:01:54:22 +0800] "GET /template/dingzhi_2024_cnbl/dingzhi//thread/newarow.gif HTTP/2.0" 404 552 "https://www.ytfs168.cn/forum.php?mod=viewthread&tid=228&page=1" "Mozilla/5.0 (Windows NT 10.0; Win64; x64) AppleWebKit/537.36 (KHTML, like Gecko) Chrome/145.0.0.0 Safari/537.36 (compatible; meta-externalagent/1.1 (+https://developers.facebook.com/docs/sharing/webmasters/crawler))"
115.206.102.251 - - [23/Aug/2026:01:56:08 +0800] "GET /favicon.ico HTTP/1.1" 200 10877 "-" "Mozilla/5.0 (Windows NT 10.0; Win64; x64) AppleWebKit/537.36 (KHTML, like Gecko) Chrome/130.0.0.0 Safari/537.36"
120.235.198.136 - - [23/Aug/2026:01:56:09 +0800] "GET /favicon.ico HTTP/1.1" 200 10877 "-" "Mozilla/5.0 (Windows NT 10.0; Win64; x64) AppleWebKit/537.36 (KHTML, like Gecko) Chrome/130.0.0.0 Safari/537.36"
57.141.4.23 - - [23/Aug/2026:01:56:39 +0800] "GET / HTTP/2.0" 200 18133 "-" "facebookexternalhit/1.1 (+http://www.facebook.com/externalhit_uatext.php)"
57.141.16.59 - - [23/Aug/2026:01:56:57 +0800] "GET /member.php?mod=logging&action=logout&formhash=a1577ae4 HTTP/2.0" 302 0 "-" "Mozilla/5.0 (Windows NT 10.0; Win64; x64) AppleWebKit/537.36 (KHTML, like Gecko) Chrome/145.0.0.0 Safari/537.36 (compatible; meta-externalagent/1.1 (+https://developers.facebook.com/docs/sharing/webmasters/crawler))"
57.141.16.94 - - [23/Aug/2026:01:57:00 +0800] "GET /index.php HTTP/2.0" 200 17926 "-" "Mozilla/5.0 (Windows NT 10.0; Win64; x64) AppleWebKit/537.36 (KHTML, like Gecko) Chrome/145.0.0.0 Safari/537.36 (compatible; meta-externalagent/1.1 (+https://developers.facebook.com/docs/sharing/webmasters/crawler))"
57.141.16.29 - - [23/Aug/2026:01:57:07 +0800] "GET /search.php?mod=forum&srchtxt=%E6%B4%BB%E5%8A%A8&formhash=a1577ae4&searchsubmit=true&source=hotsearch HTTP/2.0" 503 4071 "-" "Mozilla/5.0 (X11; Linux x86_64) AppleWebKit/537.36 (KHTML, like Gecko) Chrome/145.0.0.0 Safari/537.36 (compatible; meta-externalagent/1.1 (+https://developers.facebook.com/docs/sharing/webmasters/crawler))"
57.141.16.49 - - [23/Aug/2026:01:57:19 +0800] "GET /search.php?mod=forum&srchtxt=%E6%B4%BB%E5%8A%A8&formhash=460c8187&searchsubmit=true&source=hotsearch HTTP/2.0" 503 4071 "-" "Mozilla/5.0 (Windows NT 10.0; Win64; x64) AppleWebKit/537.36 (KHTML, like Gecko) Chrome/145.0.0.0 Safari/537.36 (compatible; meta-externalagent/1.1 (+https://developers.facebook.com/docs/sharing/webmasters/crawler))"
57.141.16.99 - - [23/Aug/2026:01:57:19 +0800] "GET /member.php?mod=logging&action=logout&formhash=460c8187 HTTP/2.0" 302 0 "-" "Mozilla/5.0 (Macintosh; Intel Mac OS X 10_15_7) AppleWebKit/537.36 (KHTML, like Gecko) Chrome/145.0.0.0 Safari/537.36 (compatible; meta-externalagent/1.1 (+https://developers.facebook.com/docs/sharing/webmasters/crawler))"
57.141.16.109 - - [23/Aug/2026:01:57:21 +0800] "GET /index.php HTTP/2.0" 200 17927 "-" "Mozilla/5.0 (Macintosh; Intel Mac OS X 10_15_7) AppleWebKit/537.36 (KHTML, like Gecko) Chrome/145.0.0.0 Safari/537.36 (compatible; meta-externalagent/1.1 (+https://developers.facebook.com/docs/sharing/webmasters/crawler))"
57.141.16.109 - - [23/Aug/2026:01:57:31 +0800] "GET /search.php?mod=forum&srchtxt=%E4%BA%A4%E5%8F%8B&formhash=460c8187&searchsubmit=true&source=hotsearch HTTP/2.0" 503 4072 "-" "Mozilla/5.0 (Windows NT 10.0; Win64; x64) AppleWebKit/537.36 (KHTML, like Gecko) Chrome/145.0.0.0 Safari/537.36 (compatible; meta-externalagent/1.1 (+https://developers.facebook.com/docs/sharing/webmasters/crawler))"
57.141.16.53 - - [23/Aug/2026:01:57:35 +0800] "GET /member.php?mod=logging&action=logout&formhash=da840aef HTTP/2.0" 302 0 "-" "Mozilla/5.0 (X11; Linux x86_64) AppleWebKit/537.36 (KHTML, like Gecko) Chrome/145.0.0.0 Safari/537.36 (compatible; meta-externalagent/1.1 (+https://developers.facebook.com/docs/sharing/webmasters/crawler))"
57.141.16.58 - - [23/Aug/2026:01:57:41 +0800] "GET /search.php?mod=forum&srchtxt=discuz&formhash=460c8187&searchsubmit=true&source=hotsearch HTTP/2.0" 503 4071 "-" "Mozilla/5.0 (Windows NT 10.0; Win64; x64) AppleWebKit/537.36 (KHTML, like Gecko) Chrome/145.0.0.0 Safari/537.36 (compatible; meta-externalagent/1.1 (+https://developers.facebook.com/docs/sharing/webmasters/crawler))"
57.141.16.33 - - [23/Aug/2026:01:57:44 +0800] "GET /member.php?mod=logging&action=logout&formhash=1fcacadc HTTP/2.0" 302 0 "-" "Mozilla/5.0 (Windows NT 10.0; Win64; x64) AppleWebKit/537.36 (KHTML, like Gecko) Chrome/145.0.0.0 Safari/537.36 (compatible; meta-externalagent/1.1 (+https://developers.facebook.com/docs/sharing/webmasters/crawler))"
57.141.16.38 - - [23/Aug/2026:01:57:47 +0800] "GET /index.php HTTP/2.0" 200 17923 "-" "Mozilla/5.0 (Windows NT 10.0; Win64; x64) AppleWebKit/537.36 (KHTML, like Gecko) Chrome/145.0.0.0 Safari/537.36 (compatible; meta-externalagent/1.1 (+https://developers.facebook.com/docs/sharing/webmasters/crawler))"
57.141.16.124 - - [23/Aug/2026:01:57:47 +0800] "GET /search.php?mod=forum&srchtxt=%E4%BA%A4%E5%8F%8B&formhash=1fcacadc&searchsubmit=true&source=hotsearch HTTP/2.0" 503 4072 "-" "Mozilla/5.0 (Windows NT 10.0; Win64; x64) AppleWebKit/537.36 (KHTML, like Gecko) Chrome/145.0.0.0 Safari/537.36 Edg/145.0.0.0 (compatible; meta-externalagent/1.1 (+https://developers.facebook.com/docs/sharing/webmasters/crawler))"
57.141.16.125 - - [23/Aug/2026:01:57:57 +0800] "GET /search.php?mod=forum&srchtxt=%E6%B4%BB%E5%8A%A8&formhash=1fcacadc&searchsubmit=true&source=hotsearch HTTP/2.0" 503 4072 "-" "Mozilla/5.0 (Macintosh; Intel Mac OS X 10_15_7) AppleWebKit/537.36 (KHTML, like Gecko) Chrome/145.0.0.0 Safari/537.36 (compatible; meta-externalagent/1.1 (+https://developers.facebook.com/docs/sharing/webmasters/crawler))"
57.141.16.10 - - [23/Aug/2026:01:58:11 +0800] "GET /search.php?mod=forum&srchtxt=discuz&formhash=1fcacadc&searchsubmit=true&source=hotsearch HTTP/2.0" 503 4071 "-" "Mozilla/5.0 (Windows NT 10.0; Win64; x64) AppleWebKit/537.36 (KHTML, like Gecko) Chrome/145.0.0.0 Safari/537.36 (compatible; meta-externalagent/1.1 (+https://developers.facebook.com/docs/sharing/webmasters/crawler))"
57.141.16.16 - - [23/Aug/2026:01:58:13 +0800] "GET /search.php?mod=forum&srchtxt=%E4%BA%A4%E5%8F%8B&formhash=d813afb5&searchsubmit=true&source=hotsearch HTTP/2.0" 503 4071 "-" "Mozilla/5.0 (Windows NT 10.0; Win64; x64) AppleWebKit/537.36 (KHTML, like Gecko) Chrome/145.0.0.0 Safari/537.36 Edg/145.0.0.0 (compatible; meta-externalagent/1.1 (+https://developers.facebook.com/docs/sharing/webmasters/crawler))"
57.141.16.54 - - [23/Aug/2026:01:58:24 +0800] "GET /member.php?mod=logging&action=logout&formhash=15ff2f79 HTTP/2.0" 302 0 "-" "Mozilla/5.0 (Windows NT 10.0; Win64; x64) AppleWebKit/537.36 (KHTML, like Gecko) Chrome/145.0.0.0 Safari/537.36 (compatible; meta-externalagent/1.1 (+https://developers.facebook.com/docs/sharing/webmasters/crawler))"
57.141.16.107 - - [23/Aug/2026:01:58:26 +0800] "GET /search.php?mod=forum&srchtxt=discuz&formhash=d813afb5&searchsubmit=true&source=hotsearch HTTP/2.0" 503 4072 "-" "Mozilla/5.0 (Windows NT 10.0; Win64; x64) AppleWebKit/537.36 (KHTML, like Gecko) Chrome/145.0.0.0 Safari/537.36 (compatible; meta-externalagent/1.1 (+https://developers.facebook.com/docs/sharing/webmasters/crawler))"
57.141.16.125 - - [23/Aug/2026:01:58:30 +0800] "GET /search.php?mod=forum&srchtxt=%E6%B4%BB%E5%8A%A8&formhash=d813afb5&searchsubmit=true&source=hotsearch HTTP/2.0" 503 4072 "-" "Mozilla/5.0 (Macintosh; Intel Mac OS X 10_15_7) AppleWebKit/537.36 (KHTML, like Gecko) Chrome/145.0.0.0 Safari/537.36 (compatible; meta-externalagent/1.1 (+https://developers.facebook.com/docs/sharing/webmasters/crawler))"
57.141.16.22 - - [23/Aug/2026:01:58:32 +0800] "GET /member.php?mod=logging&action=logout&formhash=d813afb5 HTTP/2.0" 302 0 "-" "Mozilla/5.0 (Windows NT 10.0; Win64; x64) AppleWebKit/537.36 (KHTML, like Gecko) Chrome/145.0.0.0 Safari/537.36 (compatible; meta-externalagent/1.1 (+https://developers.facebook.com/docs/sharing/webmasters/crawler))"
57.141.16.108 - - [23/Aug/2026:01:58:35 +0800] "GET /index.php HTTP/2.0" 200 17926 "-" "Mozilla/5.0 (Windows NT 10.0; Win64; x64) AppleWebKit/537.36 (KHTML, like Gecko) Chrome/145.0.0.0 Safari/537.36 (compatible; meta-externalagent/1.1 (+https://developers.facebook.com/docs/sharing/webmasters/crawler))"
57.141.16.33 - - [23/Aug/2026:01:58:51 +0800] "GET /search.php?mod=forum&srchtxt=%E4%BA%A4%E5%8F%8B&formhash=738eb220&searchsubmit=true&source=hotsearch HTTP/2.0" 503 4071 "-" "Mozilla/5.0 (Windows NT 10.0; Win64; x64) AppleWebKit/537.36 (KHTML, like Gecko) Chrome/145.0.0.0 Safari/537.36 (compatible; meta-externalagent/1.1 (+https://developers.facebook.com/docs/sharing/webmasters/crawler))"
57.141.16.90 - - [23/Aug/2026:01:58:52 +0800] "GET /member.php?mod=logging&action=logout&formhash=2b6bd0c2 HTTP/2.0" 302 0 "-" "Mozilla/5.0 (Windows NT 10.0; Win64; x64) AppleWebKit/537.36 (KHTML, like Gecko) Chrome/145.0.0.0 Safari/537.36 Edg/145.0.0.0 (compatible; meta-externalagent/1.1 (+https://developers.facebook.com/docs/sharing/webmasters/crawler))"
57.141.16.17 - - [23/Aug/2026:01:59:07 +0800] "GET /search.php?mod=forum&srchtxt=discuz&formhash=738eb220&searchsubmit=true&source=hotsearch HTTP/2.0" 503 4071 "-" "Mozilla/5.0 (Windows NT 10.0; Win64; x64) AppleWebKit/537.36 (KHTML, like Gecko) Chrome/145.0.0.0 Safari/537.36 (compatible; meta-externalagent/1.1 (+https://developers.facebook.com/docs/sharing/webmasters/crawler))"
57.141.16.8 - - [23/Aug/2026:01:59:08 +0800] "GET /member.php?mod=logging&action=logout&formhash=738eb220 HTTP/2.0" 302 0 "-" "Mozilla/5.0 (Macintosh; Intel Mac OS X 10_15_7) AppleWebKit/537.36 (KHTML, like Gecko) Chrome/145.0.0.0 Safari/537.36 (compatible; meta-externalagent/1.1 (+https://developers.facebook.com/docs/sharing/webmasters/crawler))"
57.141.16.30 - - [23/Aug/2026:01:59:10 +0800] "GET /index.php HTTP/2.0" 200 17927 "-" "Mozilla/5.0 (Macintosh; Intel Mac OS X 10_15_7) AppleWebKit/537.36 (KHTML, like Gecko) Chrome/145.0.0.0 Safari/537.36 (compatible; meta-externalagent/1.1 (+https://developers.facebook.com/docs/sharing/webmasters/crawler))"
57.141.16.114 - - [23/Aug/2026:01:59:24 +0800] "GET /search.php?mod=forum&srchtxt=%E6%B4%BB%E5%8A%A8&formhash=738eb220&searchsubmit=true&source=hotsearch HTTP/2.0" 503 4072 "-" "Mozilla/5.0 (Windows NT 10.0; Win64; x64) AppleWebKit/537.36 (KHTML, like Gecko) Chrome/145.0.0.0 Safari/537.36 (compatible; meta-externalagent/1.1 (+https://developers.facebook.com/docs/sharing/webmasters/crawler))"
57.141.16.123 - - [23/Aug/2026:01:59:32 +0800] "GET / HTTP/2.0" 200 18134 "-" "facebookexternalhit/1.1 (+http://www.facebook.com/externalhit_uatext.php)"
57.141.16.41 - - [23/Aug/2026:01:59:39 +0800] "GET /member.php?mod=logging&action=logout&formhash=ecc4cf85 HTTP/2.0" 302 0 "-" "Mozilla/5.0 (Macintosh; Intel Mac OS X 10_15_7) AppleWebKit/537.36 (KHTML, like Gecko) Chrome/145.0.0.0 Safari/537.36 (compatible; meta-externalagent/1.1 (+https://developers.facebook.com/docs/sharing/webmasters/crawler))"
57.141.16.95 - - [23/Aug/2026:01:59:41 +0800] "GET /index.php HTTP/2.0" 200 17925 "-" "Mozilla/5.0 (Macintosh; Intel Mac OS X 10_15_7) AppleWebKit/537.36 (KHTML, like Gecko) Chrome/145.0.0.0 Safari/537.36 (compatible; meta-externalagent/1.1 (+https://developers.facebook.com/docs/sharing/webmasters/crawler))"
57.141.16.41 - - [23/Aug/2026:01:59:43 +0800] "GET /search.php?mod=forum&srchtxt=discuz&formhash=ecc4cf85&searchsubmit=true&source=hotsearch HTTP/2.0" 503 4071 "-" "Mozilla/5.0 (Macintosh; Intel Mac OS X 10_15_7) AppleWebKit/537.36 (KHTML, like Gecko) Chrome/145.0.0.0 Safari/537.36 (compatible; meta-externalagent/1.1 (+https://developers.facebook.com/docs/sharing/webmasters/crawler))"
57.141.16.88 - - [23/Aug/2026:01:59:59 +0800] "GET /search.php?mod=forum&srchtxt=%E4%BA%A4%E5%8F%8B&formhash=ecc4cf85&searchsubmit=true&source=hotsearch HTTP/2.0" 503 4071 "-" "Mozilla/5.0 (Windows NT 10.0; Win64; x64) AppleWebKit/537.36 (KHTML, like Gecko) Chrome/145.0.0.0 Safari/537.36 (compatible; meta-externalagent/1.1 (+https://developers.facebook.com/docs/sharing/webmasters/crawler))"
57.141.16.26 - - [23/Aug/2026:02:00:16 +0800] "GET /search.php?mod=forum&srchtxt=%E6%B4%BB%E5%8A%A8&formhash=ecc4cf85&searchsubmit=true&source=hotsearch HTTP/2.0" 503 4071 "-" "Mozilla/5.0 (Macintosh; Intel Mac OS X 10_15_7) AppleWebKit/537.36 (KHTML, like Gecko) Chrome/145.0.0.0 Safari/537.36 (compatible; meta-externalagent/1.1 (+https://developers.facebook.com/docs/sharing/webmasters/crawler))"
57.141.16.101 - - [23/Aug/2026:02:00:17 +0800] "GET /search.php?mod=forum&srchtxt=%E4%BA%A4%E5%8F%8B&formhash=90e0e710&searchsubmit=true&source=hotsearch HTTP/2.0" 503 4072 "-" "Mozilla/5.0 (Macintosh; Intel Mac OS X 10_15_7) AppleWebKit/537.36 (KHTML, like Gecko) Chrome/145.0.0.0 Safari/537.36 (compatible; meta-externalagent/1.1 (+https://developers.facebook.com/docs/sharing/webmasters/crawler))"
57.141.16.44 - - [23/Aug/2026:02:00:35 +0800] "GET /search.php?mod=forum&srchtxt=discuz&formhash=90e0e710&searchsubmit=true&source=hotsearch HTTP/2.0" 503 4071 "-" "Mozilla/5.0 (Windows NT 10.0; Win64; x64) AppleWebKit/537.36 (KHTML, like Gecko) Chrome/145.0.0.0 Safari/537.36 (compatible; meta-externalagent/1.1 (+https://developers.facebook.com/docs/sharing/webmasters/crawler))"
57.141.16.14 - - [23/Aug/2026:02:00:40 +0800] "GET /search.php?mod=forum&srchtxt=%E6%B4%BB%E5%8A%A8&formhash=90e0e710&searchsubmit=true&source=hotsearch HTTP/2.0" 503 4071 "-" "Mozilla/5.0 (Windows NT 10.0; Win64; x64) AppleWebKit/537.36 (KHTML, like Gecko) Chrome/145.0.0.0 Safari/537.36 (compatible; meta-externalagent/1.1 (+https://developers.facebook.com/docs/sharing/webmasters/crawler))"
57.141.16.89 - - [23/Aug/2026:02:00:42 +0800] "GET /member.php?mod=logging&action=logout&formhash=90e0e710 HTTP/2.0" 302 0 "-" "Mozilla/5.0 (X11; Linux x86_64) AppleWebKit/537.36 (KHTML, like Gecko) Chrome/145.0.0.0 Safari/537.36 (compatible; meta-externalagent/1.1 (+https://developers.facebook.com/docs/sharing/webmasters/crawler))"
57.141.16.113 - - [23/Aug/2026:02:00:44 +0800] "GET /index.php HTTP/2.0" 200 17926 "-" "Mozilla/5.0 (X11; Linux x86_64) AppleWebKit/537.36 (KHTML, like Gecko) Chrome/145.0.0.0 Safari/537.36 (compatible; meta-externalagent/1.1 (+https://developers.facebook.com/docs/sharing/webmasters/crawler))"
57.141.16.1 - - [23/Aug/2026:02:01:09 +0800] "GET /search.php?mod=forum&srchtxt=discuz&formhash=04e7b3bd&searchsubmit=true&source=hotsearch HTTP/2.0" 503 4070 "-" "Mozilla/5.0 (Windows NT 10.0; Win64; x64) AppleWebKit/537.36 (KHTML, like Gecko) Chrome/145.0.0.0 Safari/537.36 (compatible; meta-externalagent/1.1 (+https://developers.facebook.com/docs/sharing/webmasters/crawler))"
57.141.16.43 - - [23/Aug/2026:02:01:29 +0800] "GET /search.php?mod=forum&srchtxt=%E4%BA%A4%E5%8F%8B&formhash=04e7b3bd&searchsubmit=true&source=hotsearch HTTP/2.0" 503 4071 "-" "Mozilla/5.0 (Macintosh; Intel Mac OS X 10_15_7) AppleWebKit/537.36 (KHTML, like Gecko) Chrome/145.0.0.0 Safari/537.36 (compatible; meta-externalagent/1.1 (+https://developers.facebook.com/docs/sharing/webmasters/crawler))"
57.141.16.48 - - [23/Aug/2026:02:01:31 +0800] "GET /member.php?mod=logging&action=logout&formhash=04e7b3bd HTTP/2.0" 302 0 "-" "Mozilla/5.0 (Macintosh; Intel Mac OS X 10_15_7) AppleWebKit/537.36 (KHTML, like Gecko) Chrome/145.0.0.0 Safari/537.36 (compatible; meta-externalagent/1.1 (+https://developers.facebook.com/docs/sharing/webmasters/crawler))"
57.141.16.5 - - [23/Aug/2026:02:01:34 +0800] "GET /index.php HTTP/2.0" 200 17919 "-" "Mozilla/5.0 (Macintosh; Intel Mac OS X 10_15_7) AppleWebKit/537.36 (KHTML, like Gecko) Chrome/145.0.0.0 Safari/537.36 (compatible; meta-externalagent/1.1 (+https://developers.facebook.com/docs/sharing/webmasters/crawler))"
57.141.16.37 - - [23/Aug/2026:02:01:56 +0800] "GET /search.php?mod=forum&srchtxt=%E6%B4%BB%E5%8A%A8&formhash=04e7b3bd&searchsubmit=true&source=hotsearch HTTP/2.0" 503 4071 "-" "Mozilla/5.0 (Windows NT 10.0; Win64; x64) AppleWebKit/537.36 (KHTML, like Gecko) Chrome/145.0.0.0 Safari/537.36 (compatible; meta-externalagent/1.1 (+https://developers.facebook.com/docs/sharing/webmasters/crawler))"
57.141.16.6 - - [23/Aug/2026:02:02:17 +0800] "GET /member.php?mod=logging&action=logout&formhash=c9d4608e HTTP/2.0" 302 0 "-" "Mozilla/5.0 (Windows NT 10.0; Win64; x64) AppleWebKit/537.36 (KHTML, like Gecko) Chrome/145.0.0.0 Safari/537.36 (compatible; meta-externalagent/1.1 (+https://developers.facebook.com/docs/sharing/webmasters/crawler))"
57.141.16.105 - - [23/Aug/2026:02:02:19 +0800] "GET /index.php HTTP/2.0" 200 17924 "-" "Mozilla/5.0 (Windows NT 10.0; Win64; x64) AppleWebKit/537.36 (KHTML, like Gecko) Chrome/145.0.0.0 Safari/537.36 (compatible; meta-externalagent/1.1 (+https://developers.facebook.com/docs/sharing/webmasters/crawler))"
57.141.16.14 - - [23/Aug/2026:02:02:20 +0800] "GET /search.php?mod=forum&srchtxt=%E6%B4%BB%E5%8A%A8&formhash=c9d4608e&searchsubmit=true&source=hotsearch HTTP/2.0" 503 4071 "-" "Mozilla/5.0 (Macintosh; Intel Mac OS X 10_15_7) AppleWebKit/537.36 (KHTML, like Gecko) Chrome/145.0.0.0 Safari/537.36 (compatible; meta-externalagent/1.1 (+https://developers.facebook.com/docs/sharing/webmasters/crawler))"
57.141.16.114 - - [23/Aug/2026:02:02:42 +0800] "GET /search.php?mod=forum&srchtxt=discuz&formhash=c9d4608e&searchsubmit=true&source=hotsearch HTTP/2.0" 503 4072 "-" "Mozilla/5.0 (Windows NT 10.0; Win64; x64) AppleWebKit/537.36 (KHTML, like Gecko) Chrome/145.0.0.0 Safari/537.36 (compatible; meta-externalagent/1.1 (+https://developers.facebook.com/docs/sharing/webmasters/crawler))"
57.141.16.122 - - [23/Aug/2026:02:02:42 +0800] "GET /member.php?mod=logging&action=logout&formhash=ef33f40a HTTP/2.0" 302 0 "-" "Mozilla/5.0 (Windows NT 10.0; Win64; x64) AppleWebKit/537.36 (KHTML, like Gecko) Chrome/145.0.0.0 Safari/537.36 (compatible; meta-externalagent/1.1 (+https://developers.facebook.com/docs/sharing/webmasters/crawler))"
57.141.16.98 - - [23/Aug/2026:02:03:04 +0800] "GET /search.php?mod=forum&srchtxt=%E4%BA%A4%E5%8F%8B&formhash=c9d4608e&searchsubmit=true&source=hotsearch HTTP/2.0" 503 4071 "-" "Mozilla/5.0 (X11; Linux x86_64) AppleWebKit/537.36 (KHTML, like Gecko) Chrome/145.0.0.0 Safari/537.36 (compatible; meta-externalagent/1.1 (+https://developers.facebook.com/docs/sharing/webmasters/crawler))"
145.239.71.235 - - [23/Aug/2026:02:03:10 +0800] "GET / HTTP/1.1" 301 166 "-" "Mozilla/5.0 (X11; Linux x86_64) AppleWebKit/537.36 (KHTML, like Gecko) Chrome/132.0.0.0 Safari/537.36"
145.239.71.235 - - [23/Aug/2026:02:03:12 +0800] "GET / HTTP/1.1" 200 18043 "http://www.ytfs168.cn/" "Mozilla/5.0 (X11; Linux x86_64) AppleWebKit/537.36 (KHTML, like Gecko) Chrome/132.0.0.0 Safari/537.36"
194.180.232.252 - - [23/Aug/2026:02:03:17 +0800] "GET /member.php?mod=register&inajax=1 HTTP/1.1" 200 8508 "https://www.ytfs168.cn/" "Mozilla/5.0 (X11; Linux x86_64) AppleWebKit/537.36 (KHTML, like Gecko) Chrome/132.0.0.0 Safari/537.36"
194.180.232.252 - - [23/Aug/2026:02:03:19 +0800] "POST /member.php?mod=register HTTP/1.1" 200 9827 "https://www.ytfs168.cn/member.php?mod=register&inajax=1" "Mozilla/5.0 (X11; Linux x86_64) AppleWebKit/537.36 (KHTML, like Gecko) Chrome/132.0.0.0 Safari/537.36"
57.141.16.100 - - [23/Aug/2026:02:03:26 +0800] "GET /search.php?mod=forum&srchtxt=%E6%B4%BB%E5%8A%A8&formhash=2181d94c&searchsubmit=true&source=hotsearch HTTP/2.0" 503 4072 "-" "Mozilla/5.0 (Windows NT 10.0; Win64; x64) AppleWebKit/537.36 (KHTML, like Gecko) Chrome/145.0.0.0 Safari/537.36 (compatible; meta-externalagent/1.1 (+https://developers.facebook.com/docs/sharing/webmasters/crawler))"
57.141.16.93 - - [23/Aug/2026:02:03:28 +0800] "GET /member.php?mod=logging&action=logout&formhash=2181d94c HTTP/2.0" 302 0 "-" "Mozilla/5.0 (Macintosh; Intel Mac OS X 10_15_7) AppleWebKit/537.36 (KHTML, like Gecko) Chrome/145.0.0.0 Safari/537.36 (compatible; meta-externalagent/1.1 (+https://developers.facebook.com/docs/sharing/webmasters/crawler))"
57.141.16.90 - - [23/Aug/2026:02:03:30 +0800] "GET /index.php HTTP/2.0" 200 17928 "-" "Mozilla/5.0 (Macintosh; Intel Mac OS X 10_15_7) AppleWebKit/537.36 (KHTML, like Gecko) Chrome/145.0.0.0 Safari/537.36 (compatible; meta-externalagent/1.1 (+https://developers.facebook.com/docs/sharing/webmasters/crawler))"
57.141.16.1 - - [23/Aug/2026:02:03:51 +0800] "GET /search.php?mod=forum&srchtxt=%E4%BA%A4%E5%8F%8B&formhash=2181d94c&searchsubmit=true&source=hotsearch HTTP/2.0" 503 4070 "-" "Mozilla/5.0 (Windows NT 10.0; Win64; x64) AppleWebKit/537.36 (KHTML, like Gecko) Chrome/145.0.0.0 Safari/537.36 (compatible; meta-externalagent/1.1 (+https://developers.facebook.com/docs/sharing/webmasters/crawler))"
57.141.16.121 - - [23/Aug/2026:02:04:03 +0800] "GET /member.php?mod=logging&action=logout&formhash=04a97778 HTTP/2.0" 302 0 "-" "Mozilla/5.0 (Windows NT 10.0; Win64; x64) AppleWebKit/537.36 (KHTML, like Gecko) Chrome/145.0.0.0 Safari/537.36 Edg/145.0.0.0 (compatible; meta-externalagent/1.1 (+https://developers.facebook.com/docs/sharing/webmasters/crawler))"
57.141.16.116 - - [23/Aug/2026:02:04:11 +0800] "GET /search.php?mod=forum&srchtxt=discuz&formhash=2181d94c&searchsubmit=true&source=hotsearch HTTP/2.0" 503 4072 "-" "Mozilla/5.0 (Windows NT 10.0; Win64; x64) AppleWebKit/537.36 (KHTML, like Gecko) Chrome/145.0.0.0 Safari/537.36 (compatible; meta-externalagent/1.1 (+https://developers.facebook.com/docs/sharing/webmasters/crawler))"
57.141.16.100 - - [23/Aug/2026:02:04:14 +0800] "GET /search.php?mod=forum&srchtxt=discuz&formhash=c4ebb8f8&searchsubmit=true&source=hotsearch HTTP/2.0" 503 4072 "-" "Mozilla/5.0 (Windows NT 10.0; Win64; x64) AppleWebKit/537.36 (KHTML, like Gecko) Chrome/145.0.0.0 Safari/537.36 (compatible; meta-externalagent/1.1 (+https://developers.facebook.com/docs/sharing/webmasters/crawler))"
57.141.16.116 - - [23/Aug/2026:02:04:34 +0800] "GET /member.php?mod=logging&action=logout&formhash=c4ebb8f8 HTTP/2.0" 302 0 "-" "Mozilla/5.0 (Windows NT 10.0; Win64; x64) AppleWebKit/537.36 (KHTML, like Gecko) Chrome/145.0.0.0 Safari/537.36 (compatible; meta-externalagent/1.1 (+https://developers.facebook.com/docs/sharing/webmasters/crawler))"
57.141.16.116 - - [23/Aug/2026:02:04:36 +0800] "GET /index.php HTTP/2.0" 200 17926 "-" "Mozilla/5.0 (Windows NT 10.0; Win64; x64) AppleWebKit/537.36 (KHTML, like Gecko) Chrome/145.0.0.0 Safari/537.36 (compatible; meta-externalagent/1.1 (+https://developers.facebook.com/docs/sharing/webmasters/crawler))"
57.141.16.96 - - [23/Aug/2026:02:04:40 +0800] "GET /search.php?mod=forum&srchtxt=%E6%B4%BB%E5%8A%A8&formhash=c4ebb8f8&searchsubmit=true&source=hotsearch HTTP/2.0" 503 4071 "-" "Mozilla/5.0 (X11; Linux x86_64) AppleWebKit/537.36 (KHTML, like Gecko) Chrome/145.0.0.0 Safari/537.36 (compatible; meta-externalagent/1.1 (+https://developers.facebook.com/docs/sharing/webmasters/crawler))"
