57.141.16.21 - - [23/Aug/2026:01:13:45 +0800] "GET /search.php?mod=forum&srchtxt=discuz&formhash=d90a27de&searchsubmit=true&source=hotsearch HTTP/2.0" 503 4071 "-" "Mozilla/5.0 (Windows NT 10.0; Win64; x64) AppleWebKit/537.36 (KHTML, like Gecko) Chrome/145.0.0.0 Safari/537.36 (compatible; meta-externalagent/1.1 (+https://developers.facebook.com/docs/sharing/webmasters/crawler))"
57.141.16.16 - - [23/Aug/2026:01:13:47 +0800] "GET /index.php HTTP/2.0" 200 17918 "-" "Mozilla/5.0 (Windows NT 10.0; Win64; x64) AppleWebKit/537.36 (KHTML, like Gecko) Chrome/145.0.0.0 Safari/537.36 (compatible; meta-externalagent/1.1 (+https://developers.facebook.com/docs/sharing/webmasters/crawler))"
57.141.16.16 - - [23/Aug/2026:01:14:03 +0800] "GET /search.php?mod=forum&srchtxt=%E4%BA%A4%E5%8F%8B&formhash=d90a27de&searchsubmit=true&source=hotsearch HTTP/2.0" 503 4071 "-" "Mozilla/5.0 (Macintosh; Intel Mac OS X 10_15_7) AppleWebKit/537.36 (KHTML, like Gecko) Chrome/145.0.0.0 Safari/537.36 (compatible; meta-externalagent/1.1 (+https://developers.facebook.com/docs/sharing/webmasters/crawler))"
57.141.16.52 - - [23/Aug/2026:01:14:17 +0800] "GET /search.php?mod=forum&srchtxt=%E6%B4%BB%E5%8A%A8&formhash=d0f2ff73&searchsubmit=true&source=hotsearch HTTP/2.0" 503 4071 "-" "Mozilla/5.0 (Windows NT 10.0; Win64; x64) AppleWebKit/537.36 (KHTML, like Gecko) Chrome/145.0.0.0 Safari/537.36 Edg/145.0.0.0 (compatible; meta-externalagent/1.1 (+https://developers.facebook.com/docs/sharing/webmasters/crawler))"
57.141.16.116 - - [23/Aug/2026:01:14:19 +0800] "GET /member.php?mod=logging&action=logout&formhash=d0f2ff73 HTTP/2.0" 302 0 "-" "Mozilla/5.0 (Macintosh; Intel Mac OS X 10_15_7) AppleWebKit/537.36 (KHTML, like Gecko) Chrome/145.0.0.0 Safari/537.36 (compatible; meta-externalagent/1.1 (+https://developers.facebook.com/docs/sharing/webmasters/crawler))"
57.141.16.125 - - [23/Aug/2026:01:14:21 +0800] "GET /index.php HTTP/2.0" 200 17919 "-" "Mozilla/5.0 (Macintosh; Intel Mac OS X 10_15_7) AppleWebKit/537.36 (KHTML, like Gecko) Chrome/145.0.0.0 Safari/537.36 (compatible; meta-externalagent/1.1 (+https://developers.facebook.com/docs/sharing/webmasters/crawler))"
57.141.16.16 - - [23/Aug/2026:01:14:35 +0800] "GET /search.php?mod=forum&srchtxt=discuz&formhash=d0f2ff73&searchsubmit=true&source=hotsearch HTTP/2.0" 503 4071 "-" "Mozilla/5.0 (Macintosh; Intel Mac OS X 10_15_7) AppleWebKit/537.36 (KHTML, like Gecko) Chrome/145.0.0.0 Safari/537.36 (compatible; meta-externalagent/1.1 (+https://developers.facebook.com/docs/sharing/webmasters/crawler))"
85.208.96.202 - - [23/Aug/2026:01:14:49 +0800] "GET /2026071757222.shtml HTTP/1.1" 404 150 "-" "Mozilla/5.0 (compatible; SemrushBot/7~bl; +http://www.semrush.com/bot.html)"
57.141.16.59 - - [23/Aug/2026:01:15:05 +0800] "GET /forum.php?mod=post&action=reply&fid=23&tid=44&reppost=44&extra=page%3D1&page=1 HTTP/2.0" 200 9798 "-" "Mozilla/5.0 (Windows NT 10.0; Win64; x64) AppleWebKit/537.36 (KHTML, like Gecko) Chrome/145.0.0.0 Safari/537.36 (compatible; meta-externalagent/1.1 (+https://developers.facebook.com/docs/sharing/webmasters/crawler))"
57.141.16.41 - - [23/Aug/2026:01:15:07 +0800] "GET /home.php?mod=misc&ac=sendmail&rand=1787418905 HTTP/2.0" 200 20 "https://www.ytfs168.cn/forum.php?mod=post&action=reply&fid=23&tid=44&reppost=44&extra=page%3D1&page=1" "Mozilla/5.0 (Windows NT 10.0; Win64; x64) AppleWebKit/537.36 (KHTML, like Gecko) Chrome/145.0.0.0 Safari/537.36 (compatible; meta-externalagent/1.1 (+https://developers.facebook.com/docs/sharing/webmasters/crawler))"
57.141.16.125 - - [23/Aug/2026:01:16:05 +0800] "GET /member.php?mod=logging&action=logout&formhash=3599fb19 HTTP/2.0" 302 0 "-" "Mozilla/5.0 (Windows NT 10.0; Win64; x64) AppleWebKit/537.36 (KHTML, like Gecko) Chrome/145.0.0.0 Safari/537.36 (compatible; meta-externalagent/1.1 (+https://developers.facebook.com/docs/sharing/webmasters/crawler))"
17.22.237.138 - - [23/Aug/2026:01:16:29 +0800] "GET /20260721-55603.shtml HTTP/2.0" 404 150 "-" "Mozilla/5.0 (Macintosh; Intel Mac OS X 10_15_7) AppleWebKit/605.1.15 (KHTML, like Gecko) Version/17.4 Safari/605.1.15 (Applebot/0.1; +http://www.apple.com/go/applebot)"
57.141.16.104 - - [23/Aug/2026:01:16:54 +0800] "GET /member.php?mod=logging&action=logout&formhash=5b82e9b1 HTTP/2.0" 302 0 "-" "Mozilla/5.0 (X11; Linux x86_64) AppleWebKit/537.36 (KHTML, like Gecko) Chrome/145.0.0.0 Safari/537.36 (compatible; meta-externalagent/1.1 (+https://developers.facebook.com/docs/sharing/webmasters/crawler))"
57.141.16.34 - - [23/Aug/2026:01:19:56 +0800] "GET /member.php?mod=logging&action=logout&formhash=c636ca6d HTTP/2.0" 302 0 "-" "Mozilla/5.0 (Windows NT 10.0; Win64; x64) AppleWebKit/537.36 (KHTML, like Gecko) Chrome/145.0.0.0 Safari/537.36 (compatible; meta-externalagent/1.1 (+https://developers.facebook.com/docs/sharing/webmasters/crawler))"
185.191.171.19 - - [23/Aug/2026:01:21:15 +0800] "GET /index.php/20260721686228-9582751.shtml HTTP/1.1" 200 17976 "-" "Mozilla/5.0 (compatible; SemrushBot/7~bl; +http://www.semrush.com/bot.html)"
57.141.16.0 - - [23/Aug/2026:01:21:19 +0800] "GET /search.php?mod=forum&srchtxt=%E4%BA%A4%E5%8F%8B&formhash=d0f2ff73&searchsubmit=true&source=hotsearch HTTP/2.0" 503 4070 "-" "Mozilla/5.0 (Windows NT 10.0; Win64; x64) AppleWebKit/537.36 (KHTML, like Gecko) Chrome/145.0.0.0 Safari/537.36 (compatible; meta-externalagent/1.1 (+https://developers.facebook.com/docs/sharing/webmasters/crawler))"
47.82.51.14 - - [23/Aug/2026:01:22:25 +0800] "GET /20260721-8214905.shtml HTTP/2.0" 404 552 "-" "Mozilla/5.0 (Macintosh; Intel Mac OS X 10_15_7) AppleWebKit/537.36 (KHTML, like Gecko) Chrome/142.0.0.0 Safari/537.36"
57.141.16.8 - - [23/Aug/2026:01:22:53 +0800] "GET /member.php?mod=logging&action=logout&formhash=51c5082d HTTP/2.0" 302 0 "-" "Mozilla/5.0 (Windows NT 10.0; Win64; x64) AppleWebKit/537.36 (KHTML, like Gecko) Chrome/145.0.0.0 Safari/537.36 (compatible; meta-externalagent/1.1 (+https://developers.facebook.com/docs/sharing/webmasters/crawler))"
216.244.66.200 - - [23/Aug/2026:01:24:17 +0800] "GET /wap/shops/index.php?pc=1&username=ynssq&channel_id=15264741&sub_id=138688&map=1 HTTP/1.1" 404 150 "-" "Mozilla/5.0 (compatible; DotBot/1.2; +https://opensiteexplorer.org/dotbot; help@moz.com)"
57.141.16.88 - - [23/Aug/2026:01:24:58 +0800] "GET /member.php?mod=logging&action=logout&formhash=07284fc6 HTTP/2.0" 302 0 "-" "Mozilla/5.0 (Windows NT 10.0; Win64; x64) AppleWebKit/537.36 (KHTML, like Gecko) Chrome/145.0.0.0 Safari/537.36 (compatible; meta-externalagent/1.1 (+https://developers.facebook.com/docs/sharing/webmasters/crawler))"
57.141.16.106 - - [23/Aug/2026:01:26:08 +0800] "GET /member.php?mod=logging&action=logout&formhash=cdfc2153 HTTP/2.0" 302 0 "-" "Mozilla/5.0 (Windows NT 10.0; Win64; x64) AppleWebKit/537.36 (KHTML, like Gecko) Chrome/145.0.0.0 Safari/537.36 (compatible; meta-externalagent/1.1 (+https://developers.facebook.com/docs/sharing/webmasters/crawler))"
57.141.16.15 - - [23/Aug/2026:01:26:12 +0800] "GET /index.php HTTP/2.0" 200 17925 "-" "Mozilla/5.0 (Windows NT 10.0; Win64; x64) AppleWebKit/537.36 (KHTML, like Gecko) Chrome/145.0.0.0 Safari/537.36 (compatible; meta-externalagent/1.1 (+https://developers.facebook.com/docs/sharing/webmasters/crawler))"
57.141.16.11 - - [23/Aug/2026:01:26:20 +0800] "GET /search.php?mod=forum&srchtxt=%E4%BA%A4%E5%8F%8B&formhash=cdfc2153&searchsubmit=true&source=hotsearch HTTP/2.0" 503 4071 "-" "Mozilla/5.0 (Windows NT 10.0; Win64; x64) AppleWebKit/537.36 (KHTML, like Gecko) Chrome/145.0.0.0 Safari/537.36 (compatible; meta-externalagent/1.1 (+https://developers.facebook.com/docs/sharing/webmasters/crawler))"
43.157.153.236 - - [23/Aug/2026:01:26:23 +0800] "GET / HTTP/1.1" 301 166 "-" "Mozilla/5.0 (iPhone; CPU iPhone OS 13_2_3 like Mac OS X) AppleWebKit/605.1.15 (KHTML, like Gecko) Version/13.0.3 Mobile/15E148 Safari/604.1"
43.157.153.236 - - [23/Aug/2026:01:26:25 +0800] "GET / HTTP/1.1" 200 1687 "http://www.ytfs168.cn" "Mozilla/5.0 (iPhone; CPU iPhone OS 13_2_3 like Mac OS X) AppleWebKit/605.1.15 (KHTML, like Gecko) Version/13.0.3 Mobile/15E148 Safari/604.1"
57.141.16.95 - - [23/Aug/2026:01:26:30 +0800] "GET /search.php?mod=forum&srchtxt=%E6%B4%BB%E5%8A%A8&formhash=cdfc2153&searchsubmit=true&source=hotsearch HTTP/2.0" 503 4071 "-" "Mozilla/5.0 (Windows NT 10.0; Win64; x64) AppleWebKit/537.36 (KHTML, like Gecko) Chrome/145.0.0.0 Safari/537.36 (compatible; meta-externalagent/1.1 (+https://developers.facebook.com/docs/sharing/webmasters/crawler))"
57.141.16.99 - - [23/Aug/2026:01:26:32 +0800] "GET /search.php?mod=forum&srchtxt=discuz&formhash=cdfc2153&searchsubmit=true&source=hotsearch HTTP/2.0" 503 4071 "-" "Mozilla/5.0 (Windows NT 10.0; Win64; x64) AppleWebKit/537.36 (KHTML, like Gecko) Chrome/145.0.0.0 Safari/537.36 (compatible; meta-externalagent/1.1 (+https://developers.facebook.com/docs/sharing/webmasters/crawler))"
57.141.16.29 - - [23/Aug/2026:01:26:34 +0800] "GET /member.php?mod=logging&action=logout&formhash=d4ccb330 HTTP/2.0" 302 0 "-" "Mozilla/5.0 (Macintosh; Intel Mac OS X 10_15_7) AppleWebKit/537.36 (KHTML, like Gecko) Chrome/145.0.0.0 Safari/537.36 (compatible; meta-externalagent/1.1 (+https://developers.facebook.com/docs/sharing/webmasters/crawler))"
57.141.16.60 - - [23/Aug/2026:01:26:43 +0800] "GET /search.php?mod=forum&srchtxt=discuz&formhash=66feb81b&searchsubmit=true&source=hotsearch HTTP/2.0" 503 4071 "-" "Mozilla/5.0 (Windows NT 10.0; Win64; x64) AppleWebKit/537.36 (KHTML, like Gecko) Chrome/145.0.0.0 Safari/537.36 (compatible; meta-externalagent/1.1 (+https://developers.facebook.com/docs/sharing/webmasters/crawler))"
57.141.16.56 - - [23/Aug/2026:01:26:45 +0800] "GET /search.php?mod=forum&srchtxt=%E4%BA%A4%E5%8F%8B&formhash=66feb81b&searchsubmit=true&source=hotsearch HTTP/2.0" 503 4071 "-" "Mozilla/5.0 (Macintosh; Intel Mac OS X 10_15_7) AppleWebKit/537.36 (KHTML, like Gecko) Chrome/145.0.0.0 Safari/537.36 (compatible; meta-externalagent/1.1 (+https://developers.facebook.com/docs/sharing/webmasters/crawler))"
57.141.16.51 - - [23/Aug/2026:01:26:57 +0800] "GET /member.php?mod=logging&action=logout&formhash=66feb81b HTTP/2.0" 302 0 "-" "Mozilla/5.0 (Windows NT 10.0; Win64; x64) AppleWebKit/537.36 (KHTML, like Gecko) Chrome/145.0.0.0 Safari/537.36 (compatible; meta-externalagent/1.1 (+https://developers.facebook.com/docs/sharing/webmasters/crawler))"
57.141.16.101 - - [23/Aug/2026:01:26:59 +0800] "GET /index.php HTTP/2.0" 200 17920 "-" "Mozilla/5.0 (Windows NT 10.0; Win64; x64) AppleWebKit/537.36 (KHTML, like Gecko) Chrome/145.0.0.0 Safari/537.36 (compatible; meta-externalagent/1.1 (+https://developers.facebook.com/docs/sharing/webmasters/crawler))"
57.141.16.100 - - [23/Aug/2026:01:27:00 +0800] "GET /search.php?mod=forum&srchtxt=%E6%B4%BB%E5%8A%A8&formhash=66feb81b&searchsubmit=true&source=hotsearch HTTP/2.0" 503 4072 "-" "Mozilla/5.0 (X11; Linux x86_64) AppleWebKit/537.36 (KHTML, like Gecko) Chrome/145.0.0.0 Safari/537.36 (compatible; meta-externalagent/1.1 (+https://developers.facebook.com/docs/sharing/webmasters/crawler))"
57.141.16.57 - - [23/Aug/2026:01:27:18 +0800] "GET /search.php?mod=forum&srchtxt=%E4%BA%A4%E5%8F%8B&formhash=9bf0c59e&searchsubmit=true&source=hotsearch HTTP/2.0" 503 4071 "-" "Mozilla/5.0 (Windows NT 10.0; Win64; x64) AppleWebKit/537.36 (KHTML, like Gecko) Chrome/145.0.0.0 Safari/537.36 (compatible; meta-externalagent/1.1 (+https://developers.facebook.com/docs/sharing/webmasters/crawler))"
57.141.16.18 - - [23/Aug/2026:01:27:34 +0800] "GET /search.php?mod=forum&srchtxt=discuz&formhash=9bf0c59e&searchsubmit=true&source=hotsearch HTTP/2.0" 503 4071 "-" "Mozilla/5.0 (Macintosh; Intel Mac OS X 10_15_7) AppleWebKit/537.36 (KHTML, like Gecko) Chrome/145.0.0.0 Safari/537.36 (compatible; meta-externalagent/1.1 (+https://developers.facebook.com/docs/sharing/webmasters/crawler))"
57.141.16.104 - - [23/Aug/2026:01:27:34 +0800] "GET /search.php?mod=forum&srchtxt=%E6%B4%BB%E5%8A%A8&formhash=9bf0c59e&searchsubmit=true&source=hotsearch HTTP/2.0" 503 4072 "-" "Mozilla/5.0 (Windows NT 10.0; Win64; x64) AppleWebKit/537.36 (KHTML, like Gecko) Chrome/145.0.0.0 Safari/537.36 (compatible; meta-externalagent/1.1 (+https://developers.facebook.com/docs/sharing/webmasters/crawler))"
57.141.16.35 - - [23/Aug/2026:01:27:53 +0800] "GET /member.php?mod=logging&action=logout&formhash=9bf0c59e HTTP/2.0" 302 0 "-" "Mozilla/5.0 (Windows NT 10.0; Win64; x64) AppleWebKit/537.36 (KHTML, like Gecko) Chrome/145.0.0.0 Safari/537.36 (compatible; meta-externalagent/1.1 (+https://developers.facebook.com/docs/sharing/webmasters/crawler))"
57.141.16.29 - - [23/Aug/2026:01:27:54 +0800] "GET /index.php HTTP/2.0" 200 17922 "-" "Mozilla/5.0 (Windows NT 10.0; Win64; x64) AppleWebKit/537.36 (KHTML, like Gecko) Chrome/145.0.0.0 Safari/537.36 (compatible; meta-externalagent/1.1 (+https://developers.facebook.com/docs/sharing/webmasters/crawler))"
57.141.16.22 - - [23/Aug/2026:01:27:56 +0800] "GET /member.php?mod=logging&action=logout&formhash=bd5bfba0 HTTP/2.0" 302 0 "-" "Mozilla/5.0 (Windows NT 10.0; Win64; x64) AppleWebKit/537.36 (KHTML, like Gecko) Chrome/145.0.0.0 Safari/537.36 (compatible; meta-externalagent/1.1 (+https://developers.facebook.com/docs/sharing/webmasters/crawler))"
57.141.16.38 - - [23/Aug/2026:01:27:58 +0800] "GET /index.php HTTP/2.0" 200 17926 "-" "Mozilla/5.0 (Windows NT 10.0; Win64; x64) AppleWebKit/537.36 (KHTML, like Gecko) Chrome/145.0.0.0 Safari/537.36 (compatible; meta-externalagent/1.1 (+https://developers.facebook.com/docs/sharing/webmasters/crawler))"
57.141.16.95 - - [23/Aug/2026:01:28:18 +0800] "GET /search.php?mod=forum&srchtxt=%E6%B4%BB%E5%8A%A8&formhash=bd5bfba0&searchsubmit=true&source=hotsearch HTTP/2.0" 503 4071 "-" "Mozilla/5.0 (Windows NT 10.0; Win64; x64) AppleWebKit/537.36 (KHTML, like Gecko) Chrome/145.0.0.0 Safari/537.36 (compatible; meta-externalagent/1.1 (+https://developers.facebook.com/docs/sharing/webmasters/crawler))"
57.141.16.112 - - [23/Aug/2026:01:28:25 +0800] "GET /forum.php?mod=viewthread&tid=171&page=1 HTTP/2.0" 200 23947 "-" "Mozilla/5.0 (Windows NT 10.0; Win64; x64) AppleWebKit/537.36 (KHTML, like Gecko) Chrome/145.0.0.0 Safari/537.36 (compatible; meta-externalagent/1.1 (+https://developers.facebook.com/docs/sharing/webmasters/crawler))"
57.141.16.4 - - [23/Aug/2026:01:28:28 +0800] "GET /home.php?mod=misc&ac=sendmail&rand=1787419705 HTTP/2.0" 200 20 "https://www.ytfs168.cn/forum.php?mod=viewthread&tid=171&page=1" "Mozilla/5.0 (Windows NT 10.0; Win64; x64) AppleWebKit/537.36 (KHTML, like Gecko) Chrome/145.0.0.0 Safari/537.36 (compatible; meta-externalagent/1.1 (+https://developers.facebook.com/docs/sharing/webmasters/crawler))"
216.244.66.200 - - [23/Aug/2026:01:28:28 +0800] "GET /forum.php?mod=viewthread&tid=186&extra=page%3D1 HTTP/1.1" 200 77563 "-" "Mozilla/5.0 (compatible; DotBot/1.2; +https://opensiteexplorer.org/dotbot; help@moz.com)"
216.244.66.200 - - [23/Aug/2026:01:28:32 +0800] "GET /forum.php?mod=viewthread&tid=233&extra=page%3D1 HTTP/1.1" 200 79142 "-" "Mozilla/5.0 (compatible; DotBot/1.2; +https://opensiteexplorer.org/dotbot; help@moz.com)"
57.141.16.104 - - [23/Aug/2026:01:28:34 +0800] "GET /search.php?mod=forum&srchtxt=discuz&formhash=bd5bfba0&searchsubmit=true&source=hotsearch HTTP/2.0" 503 4072 "-" "Mozilla/5.0 (Macintosh; Intel Mac OS X 10_15_7) AppleWebKit/537.36 (KHTML, like Gecko) Chrome/145.0.0.0 Safari/537.36 (compatible; meta-externalagent/1.1 (+https://developers.facebook.com/docs/sharing/webmasters/crawler))"
57.141.16.54 - - [23/Aug/2026:01:28:35 +0800] "GET /template/dingzhi_2024_cnbl/dingzhi//thread/newarow.gif HTTP/2.0" 404 552 "https://www.ytfs168.cn/forum.php?mod=viewthread&tid=171&page=1" "Mozilla/5.0 (Windows NT 10.0; Win64; x64) AppleWebKit/537.36 (KHTML, like Gecko) Chrome/145.0.0.0 Safari/537.36 (compatible; meta-externalagent/1.1 (+https://developers.facebook.com/docs/sharing/webmasters/crawler))"
57.141.16.56 - - [23/Aug/2026:01:28:35 +0800] "GET /search.php?mod=forum&srchtxt=%E4%BA%A4%E5%8F%8B&formhash=bd5bfba0&searchsubmit=true&source=hotsearch HTTP/2.0" 503 4071 "-" "Mozilla/5.0 (Windows NT 10.0; Win64; x64) AppleWebKit/537.36 (KHTML, like Gecko) Chrome/145.0.0.0 Safari/537.36 (compatible; meta-externalagent/1.1 (+https://developers.facebook.com/docs/sharing/webmasters/crawler))"
216.244.66.200 - - [23/Aug/2026:01:28:36 +0800] "GET /forum.php?mod=viewthread&tid=318&extra=page%3D1 HTTP/1.1" 200 79175 "-" "Mozilla/5.0 (compatible; DotBot/1.2; +https://opensiteexplorer.org/dotbot; help@moz.com)"
57.141.16.32 - - [23/Aug/2026:01:28:45 +0800] "GET /member.php?mod=logging&action=logout&formhash=2f021377 HTTP/2.0" 302 0 "-" "Mozilla/5.0 (Macintosh; Intel Mac OS X 10_15_7) AppleWebKit/537.36 (KHTML, like Gecko) Chrome/145.0.0.0 Safari/537.36 (compatible; meta-externalagent/1.1 (+https://developers.facebook.com/docs/sharing/webmasters/crawler))"
57.141.16.40 - - [23/Aug/2026:01:28:52 +0800] "GET /member.php?mod=logging&action=logout&formhash=640fb8f4 HTTP/2.0" 302 0 "-" "Mozilla/5.0 (Windows NT 10.0; Win64; x64) AppleWebKit/537.36 (KHTML, like Gecko) Chrome/145.0.0.0 Safari/537.36 (compatible; meta-externalagent/1.1 (+https://developers.facebook.com/docs/sharing/webmasters/crawler))"
57.141.16.5 - - [23/Aug/2026:01:28:55 +0800] "GET /index.php HTTP/2.0" 200 17922 "-" "Mozilla/5.0 (Windows NT 10.0; Win64; x64) AppleWebKit/537.36 (KHTML, like Gecko) Chrome/145.0.0.0 Safari/537.36 (compatible; meta-externalagent/1.1 (+https://developers.facebook.com/docs/sharing/webmasters/crawler))"
43.135.135.57 - - [23/Aug/2026:01:30:02 +0800] "GET /home.php?mod=misc&ac=sendmail&rand=1787419585 HTTP/1.1" 200 31 "-" "Mozilla/5.0 (iPhone; CPU iPhone OS 13_2_3 like Mac OS X) AppleWebKit/605.1.15 (KHTML, like Gecko) Version/13.0.3 Mobile/15E148 Safari/604.1"
82.157.169.71 - - [23/Aug/2026:01:31:12 +0800] "GET /20260720715860.shtml HTTP/2.0" 404 552 "-" "Mozilla/5.0 (Macintosh; Intel Mac OS X 10_15_7) AppleWebKit/537.36 (KHTML, like Gecko) Chrome/149.0.0.0 Safari/537.36"
57.141.16.98 - - [23/Aug/2026:01:32:25 +0800] "GET /member.php?mod=logging&action=logout&formhash=5ff4fbef HTTP/2.0" 302 0 "-" "Mozilla/5.0 (Windows NT 10.0; Win64; x64) AppleWebKit/537.36 (KHTML, like Gecko) Chrome/145.0.0.0 Safari/537.36 (compatible; meta-externalagent/1.1 (+https://developers.facebook.com/docs/sharing/webmasters/crawler))"
57.141.6.24 - - [23/Aug/2026:01:32:37 +0800] "GET / HTTP/2.0" 200 18134 "-" "facebookexternalhit/1.1 (+http://www.facebook.com/externalhit_uatext.php)"
57.141.16.116 - - [23/Aug/2026:01:33:03 +0800] "GET /member.php?mod=logging&action=logout&formhash=676bba88 HTTP/2.0" 302 0 "-" "Mozilla/5.0 (Macintosh; Intel Mac OS X 10_15_7) AppleWebKit/537.36 (KHTML, like Gecko) Chrome/145.0.0.0 Safari/537.36 (compatible; meta-externalagent/1.1 (+https://developers.facebook.com/docs/sharing/webmasters/crawler))"
121.57.31.82 - - [23/Aug/2026:01:34:37 +0800] "GET /favicon.ico HTTP/1.1" 200 10877 "-" "Mozilla/5.0 (Windows NT 10.0; Win64; x64) AppleWebKit/537.36 (KHTML, like Gecko) Chrome/130.0.0.0 Safari/537.36"
220.190.42.51 - - [23/Aug/2026:01:34:37 +0800] "GET /favicon.ico HTTP/1.1" 200 10877 "-" "Mozilla/5.0 (Windows NT 10.0; Win64; x64) AppleWebKit/537.36 (KHTML, like Gecko) Chrome/130.0.0.0 Safari/537.36"
57.141.24.20 - - [23/Aug/2026:01:34:51 +0800] "GET / HTTP/2.0" 200 18129 "-" "facebookexternalhit/1.1 (+http://www.facebook.com/externalhit_uatext.php)"
47.82.55.98 - - [23/Aug/2026:01:35:06 +0800] "GET /app.php/202607213273674.shtml HTTP/2.0" 404 552 "-" "Mozilla/5.0 (Macintosh; Intel Mac OS X 10_15_7) AppleWebKit/537.36 (KHTML, like Gecko) Chrome/140.0.0.0 Safari/537.36"
57.141.16.91 - - [23/Aug/2026:01:35:46 +0800] "GET /search.php?mod=forum&srchtxt=%E4%BA%A4%E5%8F%8B&formhash=640fb8f4&searchsubmit=true&source=hotsearch HTTP/2.0" 503 4071 "-" "Mozilla/5.0 (Windows NT 10.0; Win64; x64) AppleWebKit/537.36 (KHTML, like Gecko) Chrome/145.0.0.0 Safari/537.36 (compatible; meta-externalagent/1.1 (+https://developers.facebook.com/docs/sharing/webmasters/crawler))"
57.141.16.40 - - [23/Aug/2026:01:35:57 +0800] "GET /search.php?mod=forum&srchtxt=%E6%B4%BB%E5%8A%A8&formhash=640fb8f4&searchsubmit=true&source=hotsearch HTTP/2.0" 503 4071 "-" "Mozilla/5.0 (Windows NT 10.0; Win64; x64) AppleWebKit/537.36 (KHTML, like Gecko) Chrome/145.0.0.0 Safari/537.36 (compatible; meta-externalagent/1.1 (+https://developers.facebook.com/docs/sharing/webmasters/crawler))"
57.141.16.12 - - [23/Aug/2026:01:35:58 +0800] "GET /search.php?mod=forum&srchtxt=discuz&formhash=640fb8f4&searchsubmit=true&source=hotsearch HTTP/2.0" 503 4071 "-" "Mozilla/5.0 (Windows NT 10.0; Win64; x64) AppleWebKit/537.36 (KHTML, like Gecko) Chrome/145.0.0.0 Safari/537.36 (compatible; meta-externalagent/1.1 (+https://developers.facebook.com/docs/sharing/webmasters/crawler))"
57.141.16.27 - - [23/Aug/2026:01:36:12 +0800] "GET /search.php?mod=forum&srchtxt=discuz&formhash=9801a0f3&searchsubmit=true&source=hotsearch HTTP/2.0" 503 4071 "-" "Mozilla/5.0 (Windows NT 10.0; Win64; x64) AppleWebKit/537.36 (KHTML, like Gecko) Chrome/145.0.0.0 Safari/537.36 (compatible; meta-externalagent/1.1 (+https://developers.facebook.com/docs/sharing/webmasters/crawler))"
57.141.16.46 - - [23/Aug/2026:01:36:16 +0800] "GET /search.php?mod=forum&srchtxt=%E4%BA%A4%E5%8F%8B&formhash=9801a0f3&searchsubmit=true&source=hotsearch HTTP/2.0" 503 4071 "-" "Mozilla/5.0 (Macintosh; Intel Mac OS X 10_15_7) AppleWebKit/537.36 (KHTML, like Gecko) Chrome/145.0.0.0 Safari/537.36 (compatible; meta-externalagent/1.1 (+https://developers.facebook.com/docs/sharing/webmasters/crawler))"
57.141.16.42 - - [23/Aug/2026:01:36:17 +0800] "GET /member.php?mod=logging&action=logout&formhash=9801a0f3 HTTP/2.0" 302 0 "-" "Mozilla/5.0 (Macintosh; Intel Mac OS X 10_15_7) AppleWebKit/537.36 (KHTML, like Gecko) Chrome/145.0.0.0 Safari/537.36 (compatible; meta-externalagent/1.1 (+https://developers.facebook.com/docs/sharing/webmasters/crawler))"
57.141.16.107 - - [23/Aug/2026:01:36:19 +0800] "GET /index.php HTTP/2.0" 200 17926 "-" "Mozilla/5.0 (Macintosh; Intel Mac OS X 10_15_7) AppleWebKit/537.36 (KHTML, like Gecko) Chrome/145.0.0.0 Safari/537.36 (compatible; meta-externalagent/1.1 (+https://developers.facebook.com/docs/sharing/webmasters/crawler))"
57.141.16.47 - - [23/Aug/2026:01:36:35 +0800] "GET /search.php?mod=forum&srchtxt=%E6%B4%BB%E5%8A%A8&formhash=9801a0f3&searchsubmit=true&source=hotsearch HTTP/2.0" 503 4071 "-" "Mozilla/5.0 (Windows NT 10.0; Win64; x64) AppleWebKit/537.36 (KHTML, like Gecko) Chrome/145.0.0.0 Safari/537.36 (compatible; meta-externalagent/1.1 (+https://developers.facebook.com/docs/sharing/webmasters/crawler))"
57.141.16.39 - - [23/Aug/2026:01:36:52 +0800] "GET /search.php?mod=forum&srchtxt=discuz&formhash=d1429af6&searchsubmit=true&source=hotsearch HTTP/2.0" 503 4071 "-" "Mozilla/5.0 (Windows NT 10.0; Win64; x64) AppleWebKit/537.36 (KHTML, like Gecko) Chrome/145.0.0.0 Safari/537.36 (compatible; meta-externalagent/1.1 (+https://developers.facebook.com/docs/sharing/webmasters/crawler))"
57.141.16.25 - - [23/Aug/2026:01:36:54 +0800] "GET /member.php?mod=logging&action=logout&formhash=92c305d3 HTTP/2.0" 302 0 "-" "Mozilla/5.0 (Macintosh; Intel Mac OS X 10_15_7) AppleWebKit/537.36 (KHTML, like Gecko) Chrome/145.0.0.0 Safari/537.36 (compatible; meta-externalagent/1.1 (+https://developers.facebook.com/docs/sharing/webmasters/crawler))"
57.141.16.35 - - [23/Aug/2026:01:36:54 +0800] "GET /search.php?mod=forum&srchtxt=%E6%B4%BB%E5%8A%A8&formhash=d1429af6&searchsubmit=true&source=hotsearch HTTP/2.0" 503 4071 "-" "Mozilla/5.0 (Macintosh; Intel Mac OS X 10_15_7) AppleWebKit/537.36 (KHTML, like Gecko) Chrome/145.0.0.0 Safari/537.36 (compatible; meta-externalagent/1.1 (+https://developers.facebook.com/docs/sharing/webmasters/crawler))"
57.141.18.125 - - [23/Aug/2026:01:36:58 +0800] "GET / HTTP/2.0" 200 18130 "-" "facebookexternalhit/1.1 (+http://www.facebook.com/externalhit_uatext.php)"
57.141.16.96 - - [23/Aug/2026:01:37:04 +0800] "GET /member.php?mod=logging&action=logout&formhash=6a0348c4 HTTP/2.0" 302 0 "-" "Mozilla/5.0 (Windows NT 10.0; Win64; x64) AppleWebKit/537.36 (KHTML, like Gecko) Chrome/145.0.0.0 Safari/537.36 (compatible; meta-externalagent/1.1 (+https://developers.facebook.com/docs/sharing/webmasters/crawler))"
57.141.16.95 - - [23/Aug/2026:01:37:12 +0800] "GET /member.php?mod=logging&action=logout&formhash=d1429af6 HTTP/2.0" 302 0 "-" "Mozilla/5.0 (Windows NT 10.0; Win64; x64) AppleWebKit/537.36 (KHTML, like Gecko) Chrome/145.0.0.0 Safari/537.36 (compatible; meta-externalagent/1.1 (+https://developers.facebook.com/docs/sharing/webmasters/crawler))"
57.141.16.4 - - [23/Aug/2026:01:37:14 +0800] "GET /index.php HTTP/2.0" 200 17921 "-" "Mozilla/5.0 (Windows NT 10.0; Win64; x64) AppleWebKit/537.36 (KHTML, like Gecko) Chrome/145.0.0.0 Safari/537.36 (compatible; meta-externalagent/1.1 (+https://developers.facebook.com/docs/sharing/webmasters/crawler))"
57.141.16.118 - - [23/Aug/2026:01:37:15 +0800] "GET /search.php?mod=forum&srchtxt=%E4%BA%A4%E5%8F%8B&formhash=d1429af6&searchsubmit=true&source=hotsearch HTTP/2.0" 503 4072 "-" "Mozilla/5.0 (Windows NT 10.0; Win64; x64) AppleWebKit/537.36 (KHTML, like Gecko) Chrome/145.0.0.0 Safari/537.36 (compatible; meta-externalagent/1.1 (+https://developers.facebook.com/docs/sharing/webmasters/crawler))"
57.141.16.35 - - [23/Aug/2026:01:37:34 +0800] "GET /member.php?mod=logging&action=logout&formhash=6715728d HTTP/2.0" 302 0 "-" "Mozilla/5.0 (Macintosh; Intel Mac OS X 10_15_7) AppleWebKit/537.36 (KHTML, like Gecko) Chrome/145.0.0.0 Safari/537.36 (compatible; meta-externalagent/1.1 (+https://developers.facebook.com/docs/sharing/webmasters/crawler))"
57.141.16.113 - - [23/Aug/2026:01:37:36 +0800] "GET /search.php?mod=forum&srchtxt=%E6%B4%BB%E5%8A%A8&formhash=5339e5d3&searchsubmit=true&source=hotsearch HTTP/2.0" 503 4072 "-" "Mozilla/5.0 (Windows NT 10.0; Win64; x64) AppleWebKit/537.36 (KHTML, like Gecko) Chrome/145.0.0.0 Safari/537.36 (compatible; meta-externalagent/1.1 (+https://developers.facebook.com/docs/sharing/webmasters/crawler))"
57.141.16.112 - - [23/Aug/2026:01:37:54 +0800] "GET /search.php?mod=forum&srchtxt=discuz&formhash=5339e5d3&searchsubmit=true&source=hotsearch HTTP/2.0" 503 4072 "-" "Mozilla/5.0 (Windows NT 10.0; Win64; x64) AppleWebKit/537.36 (KHTML, like Gecko) Chrome/145.0.0.0 Safari/537.36 (compatible; meta-externalagent/1.1 (+https://developers.facebook.com/docs/sharing/webmasters/crawler))"
57.141.16.90 - - [23/Aug/2026:01:37:54 +0800] "GET /member.php?mod=logging&action=logout&formhash=5339e5d3 HTTP/2.0" 302 0 "-" "Mozilla/5.0 (Windows NT 10.0; Win64; x64) AppleWebKit/537.36 (KHTML, like Gecko) Chrome/145.0.0.0 Safari/537.36 (compatible; meta-externalagent/1.1 (+https://developers.facebook.com/docs/sharing/webmasters/crawler))"
57.141.16.44 - - [23/Aug/2026:01:37:57 +0800] "GET /index.php HTTP/2.0" 200 17921 "-" "Mozilla/5.0 (Windows NT 10.0; Win64; x64) AppleWebKit/537.36 (KHTML, like Gecko) Chrome/145.0.0.0 Safari/537.36 (compatible; meta-externalagent/1.1 (+https://developers.facebook.com/docs/sharing/webmasters/crawler))"
57.141.16.6 - - [23/Aug/2026:01:38:12 +0800] "GET /search.php?mod=forum&srchtxt=%E4%BA%A4%E5%8F%8B&formhash=5339e5d3&searchsubmit=true&source=hotsearch HTTP/2.0" 503 4070 "-" "Mozilla/5.0 (Macintosh; Intel Mac OS X 10_15_7) AppleWebKit/537.36 (KHTML, like Gecko) Chrome/145.0.0.0 Safari/537.36 (compatible; meta-externalagent/1.1 (+https://developers.facebook.com/docs/sharing/webmasters/crawler))"
57.141.16.116 - - [23/Aug/2026:01:38:27 +0800] "GET /member.php?mod=logging&action=logout&formhash=eb1ee44e HTTP/2.0" 302 0 "-" "Mozilla/5.0 (Windows NT 10.0; Win64; x64) AppleWebKit/537.36 (KHTML, like Gecko) Chrome/145.0.0.0 Safari/537.36 (compatible; meta-externalagent/1.1 (+https://developers.facebook.com/docs/sharing/webmasters/crawler))"
57.141.16.20 - - [23/Aug/2026:01:38:29 +0800] "GET /index.php HTTP/2.0" 200 17926 "-" "Mozilla/5.0 (Windows NT 10.0; Win64; x64) AppleWebKit/537.36 (KHTML, like Gecko) Chrome/145.0.0.0 Safari/537.36 (compatible; meta-externalagent/1.1 (+https://developers.facebook.com/docs/sharing/webmasters/crawler))"
57.141.16.6 - - [23/Aug/2026:01:38:29 +0800] "GET /search.php?mod=forum&srchtxt=%E6%B4%BB%E5%8A%A8&formhash=eb1ee44e&searchsubmit=true&source=hotsearch HTTP/2.0" 503 4070 "-" "Mozilla/5.0 (Windows NT 10.0; Win64; x64) AppleWebKit/537.36 (KHTML, like Gecko) Chrome/145.0.0.0 Safari/537.36 (compatible; meta-externalagent/1.1 (+https://developers.facebook.com/docs/sharing/webmasters/crawler))"
57.141.16.52 - - [23/Aug/2026:01:38:48 +0800] "GET /search.php?mod=forum&srchtxt=discuz&formhash=eb1ee44e&searchsubmit=true&source=hotsearch HTTP/2.0" 503 4071 "-" "Mozilla/5.0 (Windows NT 10.0; Win64; x64) AppleWebKit/537.36 (KHTML, like Gecko) Chrome/145.0.0.0 Safari/537.36 (compatible; meta-externalagent/1.1 (+https://developers.facebook.com/docs/sharing/webmasters/crawler))"
57.141.16.13 - - [23/Aug/2026:01:39:00 +0800] "GET /member.php?mod=logging&action=logout&formhash=8345ed41 HTTP/2.0" 302 0 "-" "Mozilla/5.0 (Macintosh; Intel Mac OS X 10_15_7) AppleWebKit/537.36 (KHTML, like Gecko) Chrome/145.0.0.0 Safari/537.36 (compatible; meta-externalagent/1.1 (+https://developers.facebook.com/docs/sharing/webmasters/crawler))"
57.141.16.102 - - [23/Aug/2026:01:39:05 +0800] "GET /search.php?mod=forum&srchtxt=%E4%BA%A4%E5%8F%8B&formhash=eb1ee44e&searchsubmit=true&source=hotsearch HTTP/2.0" 503 4072 "-" "Mozilla/5.0 (Windows NT 10.0; Win64; x64) AppleWebKit/537.36 (KHTML, like Gecko) Chrome/145.0.0.0 Safari/537.36 (compatible; meta-externalagent/1.1 (+https://developers.facebook.com/docs/sharing/webmasters/crawler))"
57.141.16.25 - - [23/Aug/2026:01:39:07 +0800] "GET /search.php?mod=forum&srchtxt=%E4%BA%A4%E5%8F%8B&formhash=73733f3b&searchsubmit=true&source=hotsearch HTTP/2.0" 503 4071 "-" "Mozilla/5.0 (Macintosh; Intel Mac OS X 10_15_7) AppleWebKit/537.36 (KHTML, like Gecko) Chrome/145.0.0.0 Safari/537.36 (compatible; meta-externalagent/1.1 (+https://developers.facebook.com/docs/sharing/webmasters/crawler))"
57.141.8.69 - - [23/Aug/2026:01:39:22 +0800] "GET / HTTP/2.0" 200 18132 "-" "facebookexternalhit/1.1 (+http://www.facebook.com/externalhit_uatext.php)"
57.141.16.33 - - [23/Aug/2026:01:39:24 +0800] "GET /home.php?mod=spacecp&ac=favorite&type=forum&id=11&handlekey=favoriteforum&formhash=73733f3b HTTP/2.0" 503 4065 "-" "Mozilla/5.0 (Windows NT 10.0; Win64; x64) AppleWebKit/537.36 (KHTML, like Gecko) Chrome/145.0.0.0 Safari/537.36 (compatible; meta-externalagent/1.1 (+https://developers.facebook.com/docs/sharing/webmasters/crawler))"
57.141.16.7 - - [23/Aug/2026:01:39:27 +0800] "GET /search.php?mod=forum&srchtxt=discuz&formhash=73733f3b&searchsubmit=true&source=hotsearch HTTP/2.0" 503 4070 "-" "Mozilla/5.0 (Windows NT 10.0; Win64; x64) AppleWebKit/537.36 (KHTML, like Gecko) Chrome/145.0.0.0 Safari/537.36 (compatible; meta-externalagent/1.1 (+https://developers.facebook.com/docs/sharing/webmasters/crawler))"
57.141.16.41 - - [23/Aug/2026:01:39:30 +0800] "GET /search.php?mod=forum&srchtxt=%E6%B4%BB%E5%8A%A8&formhash=73733f3b&searchsubmit=true&source=hotsearch HTTP/2.0" 503 4071 "-" "Mozilla/5.0 (Windows NT 10.0; Win64; x64) AppleWebKit/537.36 (KHTML, like Gecko) Chrome/145.0.0.0 Safari/537.36 Edg/145.0.0.0 (compatible; meta-externalagent/1.1 (+https://developers.facebook.com/docs/sharing/webmasters/crawler))"
57.141.16.4 - - [23/Aug/2026:01:39:32 +0800] "GET /member.php?mod=logging&action=logout&formhash=73733f3b HTTP/2.0" 302 0 "-" "Mozilla/5.0 (Macintosh; Intel Mac OS X 10_15_7) AppleWebKit/537.36 (KHTML, like Gecko) Chrome/145.0.0.0 Safari/537.36 (compatible; meta-externalagent/1.1 (+https://developers.facebook.com/docs/sharing/webmasters/crawler))"
57.141.16.13 - - [23/Aug/2026:01:39:35 +0800] "GET /index.php HTTP/2.0" 200 17927 "-" "Mozilla/5.0 (Macintosh; Intel Mac OS X 10_15_7) AppleWebKit/537.36 (KHTML, like Gecko) Chrome/145.0.0.0 Safari/537.36 (compatible; meta-externalagent/1.1 (+https://developers.facebook.com/docs/sharing/webmasters/crawler))"
57.141.16.9 - - [23/Aug/2026:01:39:35 +0800] "GET /member.php?mod=logging&action=logout&formhash=04f895d3 HTTP/2.0" 302 0 "-" "Mozilla/5.0 (Windows NT 10.0; Win64; x64) AppleWebKit/537.36 (KHTML, like Gecko) Chrome/145.0.0.0 Safari/537.36 (compatible; meta-externalagent/1.1 (+https://developers.facebook.com/docs/sharing/webmasters/crawler))"
57.141.16.20 - - [23/Aug/2026:01:39:37 +0800] "GET /index.php HTTP/2.0" 200 17927 "-" "Mozilla/5.0 (Windows NT 10.0; Win64; x64) AppleWebKit/537.36 (KHTML, like Gecko) Chrome/145.0.0.0 Safari/537.36 (compatible; meta-externalagent/1.1 (+https://developers.facebook.com/docs/sharing/webmasters/crawler))"
57.141.16.51 - - [23/Aug/2026:01:40:04 +0800] "GET /search.php?mod=forum&srchtxt=%E4%BA%A4%E5%8F%8B&formhash=04f895d3&searchsubmit=true&source=hotsearch HTTP/2.0" 503 4071 "-" "Mozilla/5.0 (Macintosh; Intel Mac OS X 10_15_7) AppleWebKit/537.36 (KHTML, like Gecko) Chrome/145.0.0.0 Safari/537.36 (compatible; meta-externalagent/1.1 (+https://developers.facebook.com/docs/sharing/webmasters/crawler))"
57.141.16.38 - - [23/Aug/2026:01:40:14 +0800] "GET /member.php?mod=logging&action=logout&formhash=498c6a4b HTTP/2.0" 302 0 "-" "Mozilla/5.0 (Windows NT 10.0; Win64; x64) AppleWebKit/537.36 (KHTML, like Gecko) Chrome/145.0.0.0 Safari/537.36 (compatible; meta-externalagent/1.1 (+https://developers.facebook.com/docs/sharing/webmasters/crawler))"
57.141.16.48 - - [23/Aug/2026:01:40:23 +0800] "GET /search.php?mod=forum&srchtxt=discuz&formhash=04f895d3&searchsubmit=true&source=hotsearch HTTP/2.0" 503 4071 "-" "Mozilla/5.0 (Macintosh; Intel Mac OS X 10_15_7) AppleWebKit/537.36 (KHTML, like Gecko) Chrome/145.0.0.0 Safari/537.36 (compatible; meta-externalagent/1.1 (+https://developers.facebook.com/docs/sharing/webmasters/crawler))"
57.141.16.105 - - [23/Aug/2026:01:40:23 +0800] "GET /search.php?mod=forum&srchtxt=%E6%B4%BB%E5%8A%A8&formhash=04f895d3&searchsubmit=true&source=hotsearch HTTP/2.0" 503 4072 "-" "Mozilla/5.0 (Windows NT 10.0; Win64; x64) AppleWebKit/537.36 (KHTML, like Gecko) Chrome/145.0.0.0 Safari/537.36 (compatible; meta-externalagent/1.1 (+https://developers.facebook.com/docs/sharing/webmasters/crawler))"
57.141.16.22 - - [23/Aug/2026:01:40:41 +0800] "GET /home.php?mod=spacecp&ac=favorite&type=forum&id=11&handlekey=favoriteforum&formhash=49467eb9 HTTP/2.0" 503 4065 "-" "Mozilla/5.0 (Macintosh; Intel Mac OS X 10_15_7) AppleWebKit/537.36 (KHTML, like Gecko) Chrome/145.0.0.0 Safari/537.36 (compatible; meta-externalagent/1.1 (+https://developers.facebook.com/docs/sharing/webmasters/crawler))"
68.155.154.236 - - [23/Aug/2026:01:40:43 +0800] "GET /wp-content/plugins/hellopress/wp_filemanager.php HTTP/1.1" 301 166 "-" "-"
68.155.154.236 - - [23/Aug/2026:01:40:43 +0800] "GET /wp-content/plugins/hellopress/wp_filemanager.php HTTP/1.1" 404 150 "-" "-"
68.155.154.236 - - [23/Aug/2026:01:40:44 +0800] "GET /this_is_a_new_hello_world.php HTTP/1.1" 301 166 "-" "-"
68.155.154.236 - - [23/Aug/2026:01:40:44 +0800] "GET /this_is_a_new_hello_world.php HTTP/1.1" 404 150 "-" "-"
68.155.154.236 - - [23/Aug/2026:01:40:44 +0800] "GET /wp-includes/blocks/missing/index.php HTTP/1.1" 301 166 "-" "-"
68.155.154.236 - - [23/Aug/2026:01:40:44 +0800] "GET /wp-includes/blocks/missing/index.php HTTP/1.1" 404 150 "-" "-"
68.155.154.236 - - [23/Aug/2026:01:40:44 +0800] "GET /wp-includes/fonts/about.php HTTP/1.1" 301 166 "-" "-"
68.155.154.236 - - [23/Aug/2026:01:40:45 +0800] "GET /wp-includes/fonts/about.php HTTP/1.1" 404 150 "-" "-"
68.155.154.236 - - [23/Aug/2026:01:40:45 +0800] "GET //wp-includes/js/tinymce/index.php HTTP/1.1" 301 166 "-" "-"
68.155.154.236 - - [23/Aug/2026:01:40:45 +0800] "GET /wp-includes/js/tinymce/index.php HTTP/1.1" 404 150 "-" "-"
68.155.154.236 - - [23/Aug/2026:01:40:45 +0800] "GET /wp-includes/interactivity-api/index.php HTTP/1.1" 301 166 "-" "-"
57.141.16.120 - - [23/Aug/2026:01:40:46 +0800] "GET /search.php?mod=forum&srchtxt=%E6%B4%BB%E5%8A%A8&formhash=49467eb9&searchsubmit=true&source=hotsearch HTTP/2.0" 503 4072 "-" "Mozilla/5.0 (Windows NT 10.0; Win64; x64) AppleWebKit/537.36 (KHTML, like Gecko) Chrome/145.0.0.0 Safari/537.36 (compatible; meta-externalagent/1.1 (+https://developers.facebook.com/docs/sharing/webmasters/crawler))"
68.155.154.236 - - [23/Aug/2026:01:40:46 +0800] "GET /wp-includes/interactivity-api/index.php HTTP/1.1" 404 150 "-" "-"
68.155.154.236 - - [23/Aug/2026:01:40:46 +0800] "GET /wp-includes/blocks/post-date/index.php HTTP/1.1" 301 166 "-" "-"
68.155.154.236 - - [23/Aug/2026:01:40:46 +0800] "GET /wp-includes/blocks/post-date/index.php HTTP/1.1" 404 150 "-" "-"
68.155.154.236 - - [23/Aug/2026:01:40:46 +0800] "GET /wp-includes/IXR/class-IXR-client-merge.php HTTP/1.1" 301 166 "-" "-"
68.155.154.236 - - [23/Aug/2026:01:40:46 +0800] "GET /wp-includes/IXR/class-IXR-client-merge.php HTTP/1.1" 404 150 "-" "-"
68.155.154.236 - - [23/Aug/2026:01:40:47 +0800] "GET /info.php HTTP/1.1" 301 166 "-" "-"
68.155.154.236 - - [23/Aug/2026:01:40:47 +0800] "GET /info.php HTTP/1.1" 404 150 "-" "-"
68.155.154.236 - - [23/Aug/2026:01:40:47 +0800] "GET /wp-includes/js/tinymce/index.php HTTP/1.1" 301 166 "-" "-"
57.141.16.12 - - [23/Aug/2026:01:40:47 +0800] "GET /search.php?mod=forum&srchtxt=discuz&formhash=49467eb9&searchsubmit=true&source=hotsearch HTTP/2.0" 503 4071 "-" "Mozilla/5.0 (Windows NT 10.0; Win64; x64) AppleWebKit/537.36 (KHTML, like Gecko) Chrome/145.0.0.0 Safari/537.36 (compatible; meta-externalagent/1.1 (+https://developers.facebook.com/docs/sharing/webmasters/crawler))"
68.155.154.236 - - [23/Aug/2026:01:40:47 +0800] "GET /wp-includes/js/tinymce/index.php HTTP/1.1" 404 150 "-" "-"
68.155.154.236 - - [23/Aug/2026:01:40:47 +0800] "GET /wp-content/ai1wm-backups/about.php HTTP/1.1" 301 166 "-" "-"
68.155.154.236 - - [23/Aug/2026:01:40:48 +0800] "GET /wp-content/ai1wm-backups/about.php HTTP/1.1" 404 150 "-" "-"
68.155.154.236 - - [23/Aug/2026:01:40:48 +0800] "GET /xiugai.php HTTP/1.1" 301 166 "-" "-"
68.155.154.236 - - [23/Aug/2026:01:40:48 +0800] "GET /xiugai.php HTTP/1.1" 404 150 "-" "-"
68.155.154.236 - - [23/Aug/2026:01:40:48 +0800] "GET /wp-includes/Text/index.php HTTP/1.1" 301 166 "-" "-"
68.155.154.236 - - [23/Aug/2026:01:40:48 +0800] "GET /wp-includes/Text/index.php HTTP/1.1" 404 150 "-" "-"
4.204.200.136 - - [23/Aug/2026:01:40:48 +0800] "GET /wp-content/plugins/hellopress/wp_filemanager.php HTTP/1.1" 301 166 "-" "-"
68.155.154.236 - - [23/Aug/2026:01:40:49 +0800] "GET /wp-includes/block-patterns/index.php HTTP/1.1" 301 166 "-" "-"
68.155.154.236 - - [23/Aug/2026:01:40:49 +0800] "GET /wp-includes/block-patterns/index.php HTTP/1.1" 404 150 "-" "-"
68.155.154.236 - - [23/Aug/2026:01:40:49 +0800] "GET /test/index.php HTTP/1.1" 301 166 "-" "-"
4.204.200.136 - - [23/Aug/2026:01:40:49 +0800] "GET /wp-content/plugins/hellopress/wp_filemanager.php HTTP/1.1" 404 150 "-" "-"
68.155.154.236 - - [23/Aug/2026:01:40:49 +0800] "GET /test/index.php HTTP/1.1" 404 150 "-" "-"
4.204.200.136 - - [23/Aug/2026:01:40:49 +0800] "GET /this_is_a_new_hello_world.php HTTP/1.1" 301 166 "-" "-"
68.155.154.236 - - [23/Aug/2026:01:40:49 +0800] "GET /wp-includes/js/thickbox/alfa-rex.php8 HTTP/1.1" 301 166 "-" "-"
4.204.200.136 - - [23/Aug/2026:01:40:49 +0800] "GET /this_is_a_new_hello_world.php HTTP/1.1" 404 150 "-" "-"
68.155.154.236 - - [23/Aug/2026:01:40:50 +0800] "GET /wp-includes/js/thickbox/alfa-rex.php8 HTTP/1.1" 404 150 "-" "-"
4.204.200.136 - - [23/Aug/2026:01:40:50 +0800] "GET /3PJcpMFsD8B.php HTTP/1.1" 301 166 "-" "-"
68.155.154.236 - - [23/Aug/2026:01:40:50 +0800] "GET /file.php HTTP/1.1" 301 166 "-" "-"
4.204.200.136 - - [23/Aug/2026:01:40:50 +0800] "GET /3PJcpMFsD8B.php HTTP/1.1" 404 150 "-" "-"
68.155.154.236 - - [23/Aug/2026:01:40:50 +0800] "GET /file.php HTTP/1.1" 404 150 "-" "-"
4.204.200.136 - - [23/Aug/2026:01:40:50 +0800] "GET /5PJcpMFsD8B.php HTTP/1.1" 301 166 "-" "-"
68.155.154.236 - - [23/Aug/2026:01:40:50 +0800] "GET /shell20211028.php HTTP/1.1" 301 166 "-" "-"
4.204.200.136 - - [23/Aug/2026:01:40:50 +0800] "GET /5PJcpMFsD8B.php HTTP/1.1" 404 150 "-" "-"
68.155.154.236 - - [23/Aug/2026:01:40:50 +0800] "GET /shell20211028.php HTTP/1.1" 404 150 "-" "-"
4.204.200.136 - - [23/Aug/2026:01:40:51 +0800] "GET /4PJcpMFsD8B.php HTTP/1.1" 301 166 "-" "-"
68.155.154.236 - - [23/Aug/2026:01:40:51 +0800] "GET /ws.php HTTP/1.1" 301 166 "-" "-"
4.204.200.136 - - [23/Aug/2026:01:40:51 +0800] "GET /4PJcpMFsD8B.php HTTP/1.1" 404 150 "-" "-"
68.155.154.236 - - [23/Aug/2026:01:40:51 +0800] "GET /ws.php HTTP/1.1" 404 150 "-" "-"
4.204.200.136 - - [23/Aug/2026:01:40:51 +0800] "GET /wsd.php HTTP/1.1" 301 166 "-" "-"
57.141.16.107 - - [23/Aug/2026:01:40:51 +0800] "GET /search.php?mod=forum&srchtxt=%E4%BA%A4%E5%8F%8B&formhash=49467eb9&searchsubmit=true&source=hotsearch HTTP/2.0" 503 4072 "-" "Mozilla/5.0 (Windows NT 10.0; Win64; x64) AppleWebKit/537.36 (KHTML, like Gecko) Chrome/145.0.0.0 Safari/537.36 (compatible; meta-externalagent/1.1 (+https://developers.facebook.com/docs/sharing/webmasters/crawler))"
68.155.154.236 - - [23/Aug/2026:01:40:51 +0800] "GET /wp-includes/images/media/index.php HTTP/1.1" 301 166 "-" "-"
4.204.200.136 - - [23/Aug/2026:01:40:51 +0800] "GET /wsd.php HTTP/1.1" 404 150 "-" "-"
68.155.154.236 - - [23/Aug/2026:01:40:51 +0800] "GET /wp-includes/images/media/index.php HTTP/1.1" 404 150 "-" "-"
4.204.200.136 - - [23/Aug/2026:01:40:51 +0800] "GET /pk.php HTTP/1.1" 301 166 "-" "-"
68.155.154.236 - - [23/Aug/2026:01:40:51 +0800] "GET /wp-admin/css/colors/about.php HTTP/1.1" 301 166 "-" "-"
4.204.200.136 - - [23/Aug/2026:01:40:52 +0800] "GET /pk.php HTTP/1.1" 404 150 "-" "-"
68.155.154.236 - - [23/Aug/2026:01:40:52 +0800] "GET /wp-admin/css/colors/about.php HTTP/1.1" 404 150 "-" "-"
4.204.200.136 - - [23/Aug/2026:01:40:52 +0800] "GET /bulet.php HTTP/1.1" 301 166 "-" "-"
68.155.154.236 - - [23/Aug/2026:01:40:52 +0800] "GET /mona.php HTTP/1.1" 301 166 "-" "-"
4.204.200.136 - - [23/Aug/2026:01:40:52 +0800] "GET /bulet.php HTTP/1.1" 404 150 "-" "-"
68.155.154.236 - - [23/Aug/2026:01:40:52 +0800] "GET /mona.php HTTP/1.1" 404 150 "-" "-"
4.204.200.136 - - [23/Aug/2026:01:40:52 +0800] "GET //av.php HTTP/1.1" 301 166 "-" "-"
68.155.154.236 - - [23/Aug/2026:01:40:52 +0800] "GET /dex.php HTTP/1.1" 301 166 "-" "-"
4.204.200.136 - - [23/Aug/2026:01:40:52 +0800] "GET /av.php HTTP/1.1" 404 150 "-" "-"
68.155.154.236 - - [23/Aug/2026:01:40:52 +0800] "GET /dex.php HTTP/1.1" 404 150 "-" "-"
4.204.200.136 - - [23/Aug/2026:01:40:53 +0800] "GET /images.php HTTP/1.1" 301 166 "-" "-"
68.155.154.236 - - [23/Aug/2026:01:40:53 +0800] "GET /ws45.php HTTP/1.1" 301 166 "-" "-"
4.204.200.136 - - [23/Aug/2026:01:40:53 +0800] "GET /images.php HTTP/1.1" 404 150 "-" "-"
68.155.154.236 - - [23/Aug/2026:01:40:53 +0800] "GET /ws45.php HTTP/1.1" 404 150 "-" "-"
4.204.200.136 - - [23/Aug/2026:01:40:53 +0800] "GET /ops.php HTTP/1.1" 301 166 "-" "-"
68.155.154.236 - - [23/Aug/2026:01:40:53 +0800] "GET /wp-includes/Ipv6.php HTTP/1.1" 301 166 "-" "-"
4.204.200.136 - - [23/Aug/2026:01:40:53 +0800] "GET /ops.php HTTP/1.1" 404 150 "-" "-"
68.155.154.236 - - [23/Aug/2026:01:40:53 +0800] "GET /wp-includes/Ipv6.php HTTP/1.1" 404 150 "-" "-"
4.204.200.136 - - [23/Aug/2026:01:40:53 +0800] "GET /coffexium.php HTTP/1.1" 301 166 "-" "-"
68.155.154.236 - - [23/Aug/2026:01:40:53 +0800] "GET /layout/438884/index.php HTTP/1.1" 301 166 "-" "-"
4.204.200.136 - - [23/Aug/2026:01:40:54 +0800] "GET /coffexium.php HTTP/1.1" 404 150 "-" "-"
68.155.154.236 - - [23/Aug/2026:01:40:54 +0800] "GET /layout/438884/index.php HTTP/1.1" 404 150 "-" "-"
4.204.200.136 - - [23/Aug/2026:01:40:54 +0800] "GET /BDKR28WP.php HTTP/1.1" 301 166 "-" "-"
68.155.154.236 - - [23/Aug/2026:01:40:54 +0800] "GET /.well-known/wp-links-opml.php HTTP/1.1" 403 150 "-" "-"
4.204.200.136 - - [23/Aug/2026:01:40:54 +0800] "GET /BDKR28WP.php HTTP/1.1" 404 150 "-" "-"
68.155.154.236 - - [23/Aug/2026:01:40:54 +0800] "GET /wp-includes/blocks/post-author-biography/824476/index.php HTTP/1.1" 301 166 "-" "-"
4.204.200.136 - - [23/Aug/2026:01:40:54 +0800] "GET /sf.php HTTP/1.1" 301 166 "-" "-"
68.155.154.236 - - [23/Aug/2026:01:40:54 +0800] "GET /wp-includes/blocks/post-author-biography/824476/index.php HTTP/1.1" 404 150 "-" "-"
4.204.200.136 - - [23/Aug/2026:01:40:54 +0800] "GET /sf.php HTTP/1.1" 404 150 "-" "-"
68.155.154.236 - - [23/Aug/2026:01:40:54 +0800] "GET /wp-admin/css/colors/coffee/index.php HTTP/1.1" 301 166 "-" "-"
68.155.154.236 - - [23/Aug/2026:01:40:55 +0800] "GET /wp-admin/css/colors/coffee/index.php HTTP/1.1" 404 150 "-" "-"
4.204.200.136 - - [23/Aug/2026:01:40:55 +0800] "GET /k.php?p= HTTP/1.1" 301 166 "-" "-"
68.155.154.236 - - [23/Aug/2026:01:40:55 +0800] "GET /fonts/index.php HTTP/1.1" 301 166 "-" "-"
4.204.200.136 - - [23/Aug/2026:01:40:55 +0800] "GET /k.php?p= HTTP/1.1" 404 150 "-" "-"
68.155.154.236 - - [23/Aug/2026:01:40:55 +0800] "GET /fonts/index.php HTTP/1.1" 404 150 "-" "-"
4.204.200.136 - - [23/Aug/2026:01:40:55 +0800] "GET /82.php HTTP/1.1" 301 166 "-" "-"
68.155.154.236 - - [23/Aug/2026:01:40:55 +0800] "GET /UuAFIYGYKdefault.php HTTP/1.1" 301 166 "-" "-"
4.204.200.136 - - [23/Aug/2026:01:40:55 +0800] "GET /82.php HTTP/1.1" 404 150 "-" "-"
4.204.200.136 - - [23/Aug/2026:01:40:55 +0800] "GET /dex.php HTTP/1.1" 301 166 "-" "-"
57.141.16.53 - - [23/Aug/2026:01:40:55 +0800] "GET /member.php?mod=logging&action=logout&formhash=49467eb9 HTTP/2.0" 302 0 "-" "Mozilla/5.0 (Macintosh; Intel Mac OS X 10_15_7) AppleWebKit/537.36 (KHTML, like Gecko) Chrome/145.0.0.0 Safari/537.36 (compatible; meta-externalagent/1.1 (+https://developers.facebook.com/docs/sharing/webmasters/crawler))"
68.155.154.236 - - [23/Aug/2026:01:40:55 +0800] "GET /UuAFIYGYKdefault.php HTTP/1.1" 404 150 "-" "-"
4.204.200.136 - - [23/Aug/2026:01:40:56 +0800] "GET /dex.php HTTP/1.1" 404 150 "-" "-"
68.155.154.236 - - [23/Aug/2026:01:40:56 +0800] "GET /wp-includes/blocks/list-item/index.php HTTP/1.1" 301 166 "-" "-"
68.155.154.236 - - [23/Aug/2026:01:40:56 +0800] "GET /wp-includes/blocks/list-item/index.php HTTP/1.1" 404 150 "-" "-"
4.204.200.136 - - [23/Aug/2026:01:40:56 +0800] "GET /inso.php HTTP/1.1" 301 166 "-" "-"
68.155.154.236 - - [23/Aug/2026:01:40:56 +0800] "GET /wp-content/uploads/2023/index.php HTTP/1.1" 301 166 "-" "-"
4.204.200.136 - - [23/Aug/2026:01:40:56 +0800] "GET /inso.php HTTP/1.1" 404 150 "-" "-"
68.155.154.236 - - [23/Aug/2026:01:40:56 +0800] "GET /wp-content/uploads/2023/index.php HTTP/1.1" 404 150 "-" "-"
4.204.200.136 - - [23/Aug/2026:01:40:56 +0800] "GET //aa.php HTTP/1.1" 301 166 "-" "-"
68.155.154.236 - - [23/Aug/2026:01:40:56 +0800] "GET /wp-admin/css/colors/blue/admin.php HTTP/1.1" 301 166 "-" "-"
4.204.200.136 - - [23/Aug/2026:01:40:56 +0800] "GET /aa.php HTTP/1.1" 404 150 "-" "-"
68.155.154.236 - - [23/Aug/2026:01:40:57 +0800] "GET /wp-admin/css/colors/blue/admin.php HTTP/1.1" 404 150 "-" "-"
4.204.200.136 - - [23/Aug/2026:01:40:57 +0800] "GET /img.php HTTP/1.1" 301 166 "-" "-"
68.155.154.236 - - [23/Aug/2026:01:40:57 +0800] "GET /wp-content/plugins/admin.php HTTP/1.1" 301 166 "-" "-"
4.204.200.136 - - [23/Aug/2026:01:40:57 +0800] "GET /img.php HTTP/1.1" 404 150 "-" "-"
68.155.154.236 - - [23/Aug/2026:01:40:57 +0800] "GET /wp-content/plugins/admin.php HTTP/1.1" 404 150 "-" "-"
4.204.200.136 - - [23/Aug/2026:01:40:57 +0800] "GET /222.php HTTP/1.1" 301 166 "-" "-"
57.141.16.23 - - [23/Aug/2026:01:40:57 +0800] "GET /search.php?mod=forum&srchtxt=%E4%BA%A4%E5%8F%8B&formhash=70f1cd5b&searchsubmit=true&source=hotsearch HTTP/2.0" 503 4071 "-" "Mozilla/5.0 (Windows NT 10.0; Win64; x64) AppleWebKit/537.36 (KHTML, like Gecko) Chrome/145.0.0.0 Safari/537.36 (compatible; meta-externalagent/1.1 (+https://developers.facebook.com/docs/sharing/webmasters/crawler))"
68.155.154.236 - - [23/Aug/2026:01:40:57 +0800] "GET //wp-admin/network/index.php HTTP/1.1" 301 166 "-" "-"
4.204.200.136 - - [23/Aug/2026:01:40:57 +0800] "GET /222.php HTTP/1.1" 404 150 "-" "-"
57.141.16.56 - - [23/Aug/2026:01:40:57 +0800] "GET /index.php HTTP/2.0" 200 17918 "-" "Mozilla/5.0 (Macintosh; Intel Mac OS X 10_15_7) AppleWebKit/537.36 (KHTML, like Gecko) Chrome/145.0.0.0 Safari/537.36 (compatible; meta-externalagent/1.1 (+https://developers.facebook.com/docs/sharing/webmasters/crawler))"
68.155.154.236 - - [23/Aug/2026:01:40:57 +0800] "GET /wp-admin/network/index.php HTTP/1.1" 404 150 "-" "-"
4.204.200.136 - - [23/Aug/2026:01:40:58 +0800] "GET /key.php HTTP/1.1" 301 166 "-" "-"
68.155.154.236 - - [23/Aug/2026:01:40:58 +0800] "GET /wp-content/uploads/gravity_forms/b/d/e/g/dfylbgoahqt.php HTTP/1.1" 301 166 "-" "-"
4.204.200.136 - - [23/Aug/2026:01:40:58 +0800] "GET /key.php HTTP/1.1" 404 150 "-" "-"
68.155.154.236 - - [23/Aug/2026:01:40:58 +0800] "GET /wp-content/uploads/gravity_forms/b/d/e/g/dfylbgoahqt.php HTTP/1.1" 404 150 "-" "-"
4.204.200.136 - - [23/Aug/2026:01:40:58 +0800] "GET /chosen.php HTTP/1.1" 301 166 "-" "-"
68.155.154.236 - - [23/Aug/2026:01:40:58 +0800] "GET /wp-content/themes/xss/about.php7 HTTP/1.1" 301 166 "-" "-"
4.204.200.136 - - [23/Aug/2026:01:40:58 +0800] "GET /chosen.php HTTP/1.1" 404 150 "-" "-"
68.155.154.236 - - [23/Aug/2026:01:40:58 +0800] "GET /wp-content/themes/xss/about.php7 HTTP/1.1" 404 150 "-" "-"
4.204.200.136 - - [23/Aug/2026:01:40:58 +0800] "GET /wpxml.php HTTP/1.1" 301 166 "-" "-"
68.155.154.236 - - [23/Aug/2026:01:40:58 +0800] "GET /wp/wp-includes//index.php HTTP/1.1" 301 166 "-" "-"
4.204.200.136 - - [23/Aug/2026:01:40:59 +0800] "GET /wpxml.php HTTP/1.1" 404 150 "-" "-"
68.155.154.236 - - [23/Aug/2026:01:40:59 +0800] "GET /wp/wp-includes/index.php HTTP/1.1" 404 150 "-" "-"
4.204.200.136 - - [23/Aug/2026:01:40:59 +0800] "GET /file1221.php HTTP/1.1" 301 166 "-" "-"
68.155.154.236 - - [23/Aug/2026:01:40:59 +0800] "GET /002.php HTTP/1.1" 301 166 "-" "-"
4.204.200.136 - - [23/Aug/2026:01:40:59 +0800] "GET /file1221.php HTTP/1.1" 404 150 "-" "-"
68.155.154.236 - - [23/Aug/2026:01:40:59 +0800] "GET /002.php HTTP/1.1" 404 150 "-" "-"
4.204.200.136 - - [23/Aug/2026:01:40:59 +0800] "GET /nox.php HTTP/1.1" 301 166 "-" "-"
