2026/08/30 21:34:29 [error] 11198#0: *2160183 open() "/www/data/wwwroot/2025_12_30_03/404.html" failed (2: No such file or directory), client: 34.91.167.31, server: sunrisetechsz.com, request: "GET /@fs/var/www/.env?raw?? HTTP/1.1", host: "www.sunrisetechsz.com"
2026/08/30 21:34:29 [error] 11200#0: *2160189 open() "/www/data/wwwroot/2025_12_30_03/@fs/app/.env.local" failed (2: No such file or directory), client: 34.91.167.31, server: sunrisetechsz.com, request: "GET /@fs/app/.env.local?raw?? HTTP/1.1", host: "www.sunrisetechsz.com"
2026/08/30 21:34:29 [error] 11200#0: *2160189 open() "/www/data/wwwroot/2025_12_30_03/404.html" failed (2: No such file or directory), client: 34.91.167.31, server: sunrisetechsz.com, request: "GET /@fs/app/.env.local?raw?? HTTP/1.1", host: "www.sunrisetechsz.com"
2026/08/30 21:34:29 [error] 11199#0: *2160174 open() "/www/data/wwwroot/2025_12_30_03/@fs/home/ubuntu/.env" failed (2: No such file or directory), client: 34.91.167.31, server: sunrisetechsz.com, request: "GET /@fs/home/ubuntu/.env?raw?? HTTP/1.1", host: "www.sunrisetechsz.com"
2026/08/30 21:34:29 [error] 11197#0: *2160180 open() "/www/data/wwwroot/2025_12_30_03/@fs/app/.env.production" failed (2: No such file or directory), client: 34.91.167.31, server: sunrisetechsz.com, request: "GET /@fs/app/.env.production?raw?? HTTP/1.1", host: "www.sunrisetechsz.com"
2026/08/30 21:34:29 [error] 11199#0: *2160174 open() "/www/data/wwwroot/2025_12_30_03/404.html" failed (2: No such file or directory), client: 34.91.167.31, server: sunrisetechsz.com, request: "GET /@fs/home/ubuntu/.env?raw?? HTTP/1.1", host: "www.sunrisetechsz.com"
2026/08/30 21:34:29 [error] 11197#0: *2160180 open() "/www/data/wwwroot/2025_12_30_03/404.html" failed (2: No such file or directory), client: 34.91.167.31, server: sunrisetechsz.com, request: "GET /@fs/app/.env.production?raw?? HTTP/1.1", host: "www.sunrisetechsz.com"
2026/08/30 21:34:29 [error] 11199#0: *2160188 open() "/www/data/wwwroot/2025_12_30_03/@fs/usr/src/app/.aws/credentials" failed (2: No such file or directory), client: 34.91.167.31, server: sunrisetechsz.com, request: "GET /@fs/usr/src/app/.aws/credentials?raw?? HTTP/1.1", host: "www.sunrisetechsz.com"
2026/08/30 21:34:29 [error] 11199#0: *2160188 open() "/www/data/wwwroot/2025_12_30_03/404.html" failed (2: No such file or directory), client: 34.91.167.31, server: sunrisetechsz.com, request: "GET /@fs/usr/src/app/.aws/credentials?raw?? HTTP/1.1", host: "www.sunrisetechsz.com"
2026/08/30 21:34:29 [error] 11197#0: *2160179 open() "/www/data/wwwroot/2025_12_30_03/@fs/home/admin/.aws/credentials" failed (2: No such file or directory), client: 34.91.167.31, server: sunrisetechsz.com, request: "GET /@fs/home/admin/.aws/credentials?raw?? HTTP/1.1", host: "www.sunrisetechsz.com"
2026/08/30 21:34:29 [error] 11197#0: *2160179 open() "/www/data/wwwroot/2025_12_30_03/404.html" failed (2: No such file or directory), client: 34.91.167.31, server: sunrisetechsz.com, request: "GET /@fs/home/admin/.aws/credentials?raw?? HTTP/1.1", host: "www.sunrisetechsz.com"
2026/08/30 21:34:29 [error] 11200#0: *2160196 open() "/www/data/wwwroot/2025_12_30_03/@fs/usr/src/app/.env" failed (2: No such file or directory), client: 34.91.167.31, server: sunrisetechsz.com, request: "GET /@fs/usr/src/app/.env?raw?? HTTP/1.1", host: "www.sunrisetechsz.com"
2026/08/30 21:34:29 [error] 11200#0: *2160196 open() "/www/data/wwwroot/2025_12_30_03/404.html" failed (2: No such file or directory), client: 34.91.167.31, server: sunrisetechsz.com, request: "GET /@fs/usr/src/app/.env?raw?? HTTP/1.1", host: "www.sunrisetechsz.com"
2026/08/30 21:34:29 [error] 11200#0: *2160177 open() "/www/data/wwwroot/2025_12_30_03/@fs/app/terraform.tfstate" failed (2: No such file or directory), client: 34.91.167.31, server: sunrisetechsz.com, request: "GET /@fs/app/terraform.tfstate?raw?? HTTP/1.1", host: "www.sunrisetechsz.com"
2026/08/30 21:34:29 [error] 11200#0: *2160177 open() "/www/data/wwwroot/2025_12_30_03/404.html" failed (2: No such file or directory), client: 34.91.167.31, server: sunrisetechsz.com, request: "GET /@fs/app/terraform.tfstate?raw?? HTTP/1.1", host: "www.sunrisetechsz.com"
2026/08/30 21:34:29 [error] 11200#0: *2160185 open() "/www/data/wwwroot/2025_12_30_03/@fs/app/terraform.tfvars" failed (2: No such file or directory), client: 34.91.167.31, server: sunrisetechsz.com, request: "GET /@fs/app/terraform.tfvars?raw?? HTTP/1.1", host: "www.sunrisetechsz.com"
2026/08/30 21:34:29 [error] 11200#0: *2160185 open() "/www/data/wwwroot/2025_12_30_03/404.html" failed (2: No such file or directory), client: 34.91.167.31, server: sunrisetechsz.com, request: "GET /@fs/app/terraform.tfvars?raw?? HTTP/1.1", host: "www.sunrisetechsz.com"
2026/08/30 21:34:29 [error] 11200#0: *2160186 open() "/www/data/wwwroot/2025_12_30_03/@fs/root/terraform.tfstate" failed (2: No such file or directory), client: 34.91.167.31, server: sunrisetechsz.com, request: "GET /@fs/root/terraform.tfstate?raw?? HTTP/1.1", host: "www.sunrisetechsz.com"
2026/08/30 21:34:29 [error] 11200#0: *2160186 open() "/www/data/wwwroot/2025_12_30_03/404.html" failed (2: No such file or directory), client: 34.91.167.31, server: sunrisetechsz.com, request: "GET /@fs/root/terraform.tfstate?raw?? HTTP/1.1", host: "www.sunrisetechsz.com"
2026/08/30 21:34:29 [error] 11198#0: *2160181 open() "/www/data/wwwroot/2025_12_30_03/@fs/app/.terraform/terraform.tfstate" failed (2: No such file or directory), client: 34.91.167.31, server: sunrisetechsz.com, request: "GET /@fs/app/.terraform/terraform.tfstate?raw?? HTTP/1.1", host: "www.sunrisetechsz.com"
2026/08/30 21:34:29 [error] 11198#0: *2160181 open() "/www/data/wwwroot/2025_12_30_03/404.html" failed (2: No such file or directory), client: 34.91.167.31, server: sunrisetechsz.com, request: "GET /@fs/app/.terraform/terraform.tfstate?raw?? HTTP/1.1", host: "www.sunrisetechsz.com"
2026/08/30 21:34:29 [error] 11198#0: *2160176 open() "/www/data/wwwroot/2025_12_30_03/@fs/app/serverless.yml" failed (2: No such file or directory), client: 34.91.167.31, server: sunrisetechsz.com, request: "GET /@fs/app/serverless.yml?raw?? HTTP/1.1", host: "www.sunrisetechsz.com"
2026/08/30 21:34:29 [error] 11198#0: *2160176 open() "/www/data/wwwroot/2025_12_30_03/404.html" failed (2: No such file or directory), client: 34.91.167.31, server: sunrisetechsz.com, request: "GET /@fs/app/serverless.yml?raw?? HTTP/1.1", host: "www.sunrisetechsz.com"
2026/08/30 21:34:29 [error] 11198#0: *2160182 open() "/www/data/wwwroot/2025_12_30_03/@fs/app/.serverless/serverless-state.json" failed (2: No such file or directory), client: 34.91.167.31, server: sunrisetechsz.com, request: "GET /@fs/app/.serverless/serverless-state.json?raw?? HTTP/1.1", host: "www.sunrisetechsz.com"
2026/08/30 21:34:29 [error] 11198#0: *2160182 open() "/www/data/wwwroot/2025_12_30_03/404.html" failed (2: No such file or directory), client: 34.91.167.31, server: sunrisetechsz.com, request: "GET /@fs/app/.serverless/serverless-state.json?raw?? HTTP/1.1", host: "www.sunrisetechsz.com"
2026/08/30 21:34:29 [error] 11200#0: *2160186 open() "/www/data/wwwroot/2025_12_30_03/404.html" failed (2: No such file or directory), client: 34.91.167.31, server: sunrisetechsz.com, request: "GET /@fs/app/aws-exports.js?raw?? HTTP/1.1", host: "www.sunrisetechsz.com"
2026/08/30 21:34:29 [error] 11200#0: *2160186 open() "/www/data/wwwroot/2025_12_30_03/@fs/app/amplifyconfiguration.json" failed (2: No such file or directory), client: 34.91.167.31, server: sunrisetechsz.com, request: "GET /@fs/app/amplifyconfiguration.json?raw?? HTTP/1.1", host: "www.sunrisetechsz.com"
2026/08/30 21:34:29 [error] 11200#0: *2160186 open() "/www/data/wwwroot/2025_12_30_03/404.html" failed (2: No such file or directory), client: 34.91.167.31, server: sunrisetechsz.com, request: "GET /@fs/app/amplifyconfiguration.json?raw?? HTTP/1.1", host: "www.sunrisetechsz.com"
2026/08/30 21:34:30 [error] 11198#0: *2160176 open() "/www/data/wwwroot/2025_12_30_03/@fs/etc/apache2/apache2.conf" failed (2: No such file or directory), client: 34.91.167.31, server: sunrisetechsz.com, request: "GET /@fs/etc/apache2/apache2.conf?raw?? HTTP/1.1", host: "www.sunrisetechsz.com"
2026/08/30 21:34:30 [error] 11198#0: *2160176 open() "/www/data/wwwroot/2025_12_30_03/404.html" failed (2: No such file or directory), client: 34.91.167.31, server: sunrisetechsz.com, request: "GET /@fs/etc/apache2/apache2.conf?raw?? HTTP/1.1", host: "www.sunrisetechsz.com"
2026/08/30 21:34:30 [error] 11200#0: *2160186 open() "/www/data/wwwroot/2025_12_30_03/@fs/root/.ssh/id_rsa" failed (2: No such file or directory), client: 34.91.167.31, server: sunrisetechsz.com, request: "GET /@fs/root/.ssh/id_rsa?raw?? HTTP/1.1", host: "www.sunrisetechsz.com"
2026/08/30 21:34:30 [error] 11200#0: *2160186 open() "/www/data/wwwroot/2025_12_30_03/404.html" failed (2: No such file or directory), client: 34.91.167.31, server: sunrisetechsz.com, request: "GET /@fs/root/.ssh/id_rsa?raw?? HTTP/1.1", host: "www.sunrisetechsz.com"
2026/08/30 21:34:30 [error] 11198#0: *2160182 open() "/www/data/wwwroot/2025_12_30_03/@fs/root/.ssh/id_ed25519" failed (2: No such file or directory), client: 34.91.167.31, server: sunrisetechsz.com, request: "GET /@fs/root/.ssh/id_ed25519?raw?? HTTP/1.1", host: "www.sunrisetechsz.com"
2026/08/30 21:34:30 [error] 11198#0: *2160182 open() "/www/data/wwwroot/2025_12_30_03/404.html" failed (2: No such file or directory), client: 34.91.167.31, server: sunrisetechsz.com, request: "GET /@fs/root/.ssh/id_ed25519?raw?? HTTP/1.1", host: "www.sunrisetechsz.com"
2026/08/30 21:34:30 [error] 11198#0: *2160181 open() "/www/data/wwwroot/2025_12_30_03/@fs/etc/nginx/nginx.conf" failed (2: No such file or directory), client: 34.91.167.31, server: sunrisetechsz.com, request: "GET /@fs/etc/nginx/nginx.conf?raw?? HTTP/1.1", host: "www.sunrisetechsz.com"
2026/08/30 21:34:30 [error] 11198#0: *2160181 open() "/www/data/wwwroot/2025_12_30_03/404.html" failed (2: No such file or directory), client: 34.91.167.31, server: sunrisetechsz.com, request: "GET /@fs/etc/nginx/nginx.conf?raw?? HTTP/1.1", host: "www.sunrisetechsz.com"
2026/08/30 21:34:30 [error] 11200#0: *2160178 open() "/www/data/wwwroot/2025_12_30_03/@fs/app/credentials.json" failed (2: No such file or directory), client: 34.91.167.31, server: sunrisetechsz.com, request: "GET /@fs/app/credentials.json?raw?? HTTP/1.1", host: "www.sunrisetechsz.com"
2026/08/30 21:34:30 [error] 11200#0: *2160178 open() "/www/data/wwwroot/2025_12_30_03/404.html" failed (2: No such file or directory), client: 34.91.167.31, server: sunrisetechsz.com, request: "GET /@fs/app/credentials.json?raw?? HTTP/1.1", host: "www.sunrisetechsz.com"
2026/08/30 21:34:30 [error] 11200#0: *2160196 open() "/www/data/wwwroot/2025_12_30_03/@fs/var/run/secrets/kubernetes.io/serviceaccount/token" failed (2: No such file or directory), client: 34.91.167.31, server: sunrisetechsz.com, request: "GET /@fs/var/run/secrets/kubernetes.io/serviceaccount/token?raw?? HTTP/1.1", host: "www.sunrisetechsz.com"
2026/08/30 21:34:30 [error] 11200#0: *2160196 open() "/www/data/wwwroot/2025_12_30_03/404.html" failed (2: No such file or directory), client: 34.91.167.31, server: sunrisetechsz.com, request: "GET /@fs/var/run/secrets/kubernetes.io/serviceaccount/token?raw?? HTTP/1.1", host: "www.sunrisetechsz.com"
2026/08/30 21:34:30 [error] 11199#0: *2160195 open() "/www/data/wwwroot/2025_12_30_03/@fs/app/service-account.json" failed (2: No such file or directory), client: 34.91.167.31, server: sunrisetechsz.com, request: "GET /@fs/app/service-account.json?raw?? HTTP/1.1", host: "www.sunrisetechsz.com"
2026/08/30 21:34:30 [error] 11199#0: *2160195 open() "/www/data/wwwroot/2025_12_30_03/404.html" failed (2: No such file or directory), client: 34.91.167.31, server: sunrisetechsz.com, request: "GET /@fs/app/service-account.json?raw?? HTTP/1.1", host: "www.sunrisetechsz.com"
2026/08/30 21:34:30 [error] 11198#0: *2160183 open() "/www/data/wwwroot/2025_12_30_03/@fs/app/gcp-credentials.json" failed (2: No such file or directory), client: 34.91.167.31, server: sunrisetechsz.com, request: "GET /@fs/app/gcp-credentials.json?raw?? HTTP/1.1", host: "www.sunrisetechsz.com"
2026/08/30 21:34:30 [error] 11198#0: *2160183 open() "/www/data/wwwroot/2025_12_30_03/404.html" failed (2: No such file or directory), client: 34.91.167.31, server: sunrisetechsz.com, request: "GET /@fs/app/gcp-credentials.json?raw?? HTTP/1.1", host: "www.sunrisetechsz.com"
2026/08/30 21:34:30 [error] 11200#0: *2160189 open() "/www/data/wwwroot/2025_12_30_03/@fs/proc/self/cmdline" failed (2: No such file or directory), client: 34.91.167.31, server: sunrisetechsz.com, request: "GET /@fs/proc/self/cmdline?raw?? HTTP/1.1", host: "www.sunrisetechsz.com"
2026/08/30 21:34:30 [error] 11200#0: *2160189 open() "/www/data/wwwroot/2025_12_30_03/404.html" failed (2: No such file or directory), client: 34.91.167.31, server: sunrisetechsz.com, request: "GET /@fs/proc/self/cmdline?raw?? HTTP/1.1", host: "www.sunrisetechsz.com"
2026/08/30 21:34:30 [error] 11200#0: *2160185 open() "/www/data/wwwroot/2025_12_30_03/404.html" failed (2: No such file or directory), client: 34.91.167.31, server: sunrisetechsz.com, request: "GET /@fs/var/www/html/wp-config.php?raw?? HTTP/1.1", host: "www.sunrisetechsz.com"
2026/08/30 21:34:30 [error] 11200#0: *2160189 open() "/www/data/wwwroot/2025_12_30_03/@fs/home/ubuntu/.azure/credentials" failed (2: No such file or directory), client: 34.91.167.31, server: sunrisetechsz.com, request: "GET /@fs/home/ubuntu/.azure/credentials?raw?? HTTP/1.1", host: "www.sunrisetechsz.com"
2026/08/30 21:34:30 [error] 11200#0: *2160189 open() "/www/data/wwwroot/2025_12_30_03/404.html" failed (2: No such file or directory), client: 34.91.167.31, server: sunrisetechsz.com, request: "GET /@fs/home/ubuntu/.azure/credentials?raw?? HTTP/1.1", host: "www.sunrisetechsz.com"
2026/08/30 21:34:30 [error] 11199#0: *2160195 open() "/www/data/wwwroot/2025_12_30_03/@fs/root/.azure/accessTokens.json" failed (2: No such file or directory), client: 34.91.167.31, server: sunrisetechsz.com, request: "GET /@fs/root/.azure/accessTokens.json?raw?? HTTP/1.1", host: "www.sunrisetechsz.com"
2026/08/30 21:34:30 [error] 11199#0: *2160195 open() "/www/data/wwwroot/2025_12_30_03/404.html" failed (2: No such file or directory), client: 34.91.167.31, server: sunrisetechsz.com, request: "GET /@fs/root/.azure/accessTokens.json?raw?? HTTP/1.1", host: "www.sunrisetechsz.com"
2026/08/30 21:34:30 [error] 11198#0: *2160183 open() "/www/data/wwwroot/2025_12_30_03/@fs/home/ubuntu/.config/gcloud/application_default_credentials.json" failed (2: No such file or directory), client: 34.91.167.31, server: sunrisetechsz.com, request: "GET /@fs/home/ubuntu/.config/gcloud/application_default_credentials.json?raw?? HTTP/1.1", host: "www.sunrisetechsz.com"
2026/08/30 21:34:30 [error] 11198#0: *2160183 open() "/www/data/wwwroot/2025_12_30_03/404.html" failed (2: No such file or directory), client: 34.91.167.31, server: sunrisetechsz.com, request: "GET /@fs/home/ubuntu/.config/gcloud/application_default_credentials.json?raw?? HTTP/1.1", host: "www.sunrisetechsz.com"
2026/08/30 21:34:30 [error] 11200#0: *2160196 open() "/www/data/wwwroot/2025_12_30_03/@fs/root/.azure/credentials" failed (2: No such file or directory), client: 34.91.167.31, server: sunrisetechsz.com, request: "GET /@fs/root/.azure/credentials?raw?? HTTP/1.1", host: "www.sunrisetechsz.com"
2026/08/30 21:34:30 [error] 11200#0: *2160196 open() "/www/data/wwwroot/2025_12_30_03/404.html" failed (2: No such file or directory), client: 34.91.167.31, server: sunrisetechsz.com, request: "GET /@fs/root/.azure/credentials?raw?? HTTP/1.1", host: "www.sunrisetechsz.com"
2026/08/30 21:34:30 [error] 11200#0: *2160178 open() "/www/data/wwwroot/2025_12_30_03/@fs/root/.config/gcloud/application_default_credentials.json" failed (2: No such file or directory), client: 34.91.167.31, server: sunrisetechsz.com, request: "GET /@fs/root/.config/gcloud/application_default_credentials.json?raw?? HTTP/1.1", host: "www.sunrisetechsz.com"
2026/08/30 21:34:30 [error] 11200#0: *2160178 open() "/www/data/wwwroot/2025_12_30_03/404.html" failed (2: No such file or directory), client: 34.91.167.31, server: sunrisetechsz.com, request: "GET /@fs/root/.config/gcloud/application_default_credentials.json?raw?? HTTP/1.1", host: "www.sunrisetechsz.com"
2026/08/30 21:34:30 [error] 11198#0: *2160181 open() "/www/data/wwwroot/2025_12_30_03/@fs/root/.oci/config" failed (2: No such file or directory), client: 34.91.167.31, server: sunrisetechsz.com, request: "GET /@fs/root/.oci/config?raw?? HTTP/1.1", host: "www.sunrisetechsz.com"
2026/08/30 21:34:30 [error] 11198#0: *2160181 open() "/www/data/wwwroot/2025_12_30_03/404.html" failed (2: No such file or directory), client: 34.91.167.31, server: sunrisetechsz.com, request: "GET /@fs/root/.oci/config?raw?? HTTP/1.1", host: "www.sunrisetechsz.com"
2026/08/30 21:34:30 [error] 11198#0: *2160182 open() "/www/data/wwwroot/2025_12_30_03/@fs/root/.ovh.conf" failed (2: No such file or directory), client: 34.91.167.31, server: sunrisetechsz.com, request: "GET /@fs/root/.ovh.conf?raw?? HTTP/1.1", host: "www.sunrisetechsz.com"
2026/08/30 21:34:30 [error] 11198#0: *2160182 open() "/www/data/wwwroot/2025_12_30_03/404.html" failed (2: No such file or directory), client: 34.91.167.31, server: sunrisetechsz.com, request: "GET /@fs/root/.ovh.conf?raw?? HTTP/1.1", host: "www.sunrisetechsz.com"
2026/08/30 21:34:30 [error] 11198#0: *2160176 open() "/www/data/wwwroot/2025_12_30_03/@fs/home/node/.config/gcloud/application_default_credentials.json" failed (2: No such file or directory), client: 34.91.167.31, server: sunrisetechsz.com, request: "GET /@fs/home/node/.config/gcloud/application_default_credentials.json?raw?? HTTP/1.1", host: "www.sunrisetechsz.com"
2026/08/30 21:34:30 [error] 11198#0: *2160176 open() "/www/data/wwwroot/2025_12_30_03/404.html" failed (2: No such file or directory), client: 34.91.167.31, server: sunrisetechsz.com, request: "GET /@fs/home/node/.config/gcloud/application_default_credentials.json?raw?? HTTP/1.1", host: "www.sunrisetechsz.com"
2026/08/30 21:34:30 [error] 11200#0: *2160186 open() "/www/data/wwwroot/2025_12_30_03/@fs/home/ec2-user/.aws/config" failed (2: No such file or directory), client: 34.91.167.31, server: sunrisetechsz.com, request: "GET /@fs/home/ec2-user/.aws/config?raw?? HTTP/1.1", host: "www.sunrisetechsz.com"
2026/08/30 21:34:30 [error] 11200#0: *2160186 open() "/www/data/wwwroot/2025_12_30_03/404.html" failed (2: No such file or directory), client: 34.91.167.31, server: sunrisetechsz.com, request: "GET /@fs/home/ec2-user/.aws/config?raw?? HTTP/1.1", host: "www.sunrisetechsz.com"
2026/08/30 21:34:30 [error] 11197#0: *2160168 open() "/www/data/wwwroot/2025_12_30_03/@fs/root/.config/gcloud/credentials.db" failed (2: No such file or directory), client: 34.91.167.31, server: sunrisetechsz.com, request: "GET /@fs/root/.config/gcloud/credentials.db?raw?? HTTP/1.1", host: "www.sunrisetechsz.com"
2026/08/30 21:34:30 [error] 11197#0: *2160168 open() "/www/data/wwwroot/2025_12_30_03/404.html" failed (2: No such file or directory), client: 34.91.167.31, server: sunrisetechsz.com, request: "GET /@fs/root/.config/gcloud/credentials.db?raw?? HTTP/1.1", host: "www.sunrisetechsz.com"
2026/08/30 21:34:30 [error] 11198#0: *2160187 open() "/www/data/wwwroot/2025_12_30_03/@fs/home/ubuntu/.azure/accessTokens.json" failed (2: No such file or directory), client: 34.91.167.31, server: sunrisetechsz.com, request: "GET /@fs/home/ubuntu/.azure/accessTokens.json?raw?? HTTP/1.1", host: "www.sunrisetechsz.com"
2026/08/30 21:34:30 [error] 11198#0: *2160187 open() "/www/data/wwwroot/2025_12_30_03/404.html" failed (2: No such file or directory), client: 34.91.167.31, server: sunrisetechsz.com, request: "GET /@fs/home/ubuntu/.azure/accessTokens.json?raw?? HTTP/1.1", host: "www.sunrisetechsz.com"
2026/08/30 21:34:31 [error] 11200#0: *2160185 open() "/www/data/wwwroot/2025_12_30_03/@fs/root/.config/hcloud/cli.toml" failed (2: No such file or directory), client: 34.91.167.31, server: sunrisetechsz.com, request: "GET /@fs/root/.config/hcloud/cli.toml?raw?? HTTP/1.1", host: "www.sunrisetechsz.com"
2026/08/30 21:34:31 [error] 11200#0: *2160185 open() "/www/data/wwwroot/2025_12_30_03/404.html" failed (2: No such file or directory), client: 34.91.167.31, server: sunrisetechsz.com, request: "GET /@fs/root/.config/hcloud/cli.toml?raw?? HTTP/1.1", host: "www.sunrisetechsz.com"
2026/08/30 21:34:31 [error] 11198#0: *2160183 open() "/www/data/wwwroot/2025_12_30_03/@fs/root/.vultr-cli.yaml" failed (2: No such file or directory), client: 34.91.167.31, server: sunrisetechsz.com, request: "GET /@fs/root/.vultr-cli.yaml?raw?? HTTP/1.1", host: "www.sunrisetechsz.com"
2026/08/30 21:34:31 [error] 11198#0: *2160183 open() "/www/data/wwwroot/2025_12_30_03/404.html" failed (2: No such file or directory), client: 34.91.167.31, server: sunrisetechsz.com, request: "GET /@fs/root/.vultr-cli.yaml?raw?? HTTP/1.1", host: "www.sunrisetechsz.com"
2026/08/30 21:34:31 [error] 11199#0: *2160195 open() "/www/data/wwwroot/2025_12_30_03/@fs/root/.config/linode-cli" failed (2: No such file or directory), client: 34.91.167.31, server: sunrisetechsz.com, request: "GET /@fs/root/.config/linode-cli?raw?? HTTP/1.1", host: "www.sunrisetechsz.com"
2026/08/30 21:34:31 [error] 11199#0: *2160195 open() "/www/data/wwwroot/2025_12_30_03/404.html" failed (2: No such file or directory), client: 34.91.167.31, server: sunrisetechsz.com, request: "GET /@fs/root/.config/linode-cli?raw?? HTTP/1.1", host: "www.sunrisetechsz.com"
2026/08/30 21:34:31 [error] 11200#0: *2160196 open() "/www/data/wwwroot/2025_12_30_03/@fs/home/ubuntu/.oci/config" failed (2: No such file or directory), client: 34.91.167.31, server: sunrisetechsz.com, request: "GET /@fs/home/ubuntu/.oci/config?raw?? HTTP/1.1", host: "www.sunrisetechsz.com"
2026/08/30 21:34:31 [error] 11200#0: *2160196 open() "/www/data/wwwroot/2025_12_30_03/404.html" failed (2: No such file or directory), client: 34.91.167.31, server: sunrisetechsz.com, request: "GET /@fs/home/ubuntu/.oci/config?raw?? HTTP/1.1", host: "www.sunrisetechsz.com"
2026/08/30 21:34:31 [error] 11200#0: *2160204 open() "/www/data/wwwroot/2025_12_30_03/@fs/root/.config/anthropic/credentials/default.json" failed (2: No such file or directory), client: 34.91.167.31, server: sunrisetechsz.com, request: "GET /@fs/root/.config/anthropic/credentials/default.json?raw?? HTTP/1.1", host: "www.sunrisetechsz.com"
2026/08/30 21:34:31 [error] 11200#0: *2160204 open() "/www/data/wwwroot/2025_12_30_03/404.html" failed (2: No such file or directory), client: 34.91.167.31, server: sunrisetechsz.com, request: "GET /@fs/root/.config/anthropic/credentials/default.json?raw?? HTTP/1.1", host: "www.sunrisetechsz.com"
2026/08/30 21:34:31 [error] 11198#0: *2160205 open() "/www/data/wwwroot/2025_12_30_03/@fs/root/.anthropic/config.json" failed (2: No such file or directory), client: 34.91.167.31, server: sunrisetechsz.com, request: "GET /@fs/root/.anthropic/config.json?raw?? HTTP/1.1", host: "www.sunrisetechsz.com"
2026/08/30 21:34:31 [error] 11198#0: *2160205 open() "/www/data/wwwroot/2025_12_30_03/404.html" failed (2: No such file or directory), client: 34.91.167.31, server: sunrisetechsz.com, request: "GET /@fs/root/.anthropic/config.json?raw?? HTTP/1.1", host: "www.sunrisetechsz.com"
2026/08/30 21:34:31 [error] 11199#0: *2160208 open() "/www/data/wwwroot/2025_12_30_03/@fs/home/ubuntu/.ovh.conf" failed (2: No such file or directory), client: 34.91.167.31, server: sunrisetechsz.com, request: "GET /@fs/home/ubuntu/.ovh.conf?raw?? HTTP/1.1", host: "www.sunrisetechsz.com"
2026/08/30 21:34:31 [error] 11199#0: *2160208 open() "/www/data/wwwroot/2025_12_30_03/404.html" failed (2: No such file or directory), client: 34.91.167.31, server: sunrisetechsz.com, request: "GET /@fs/home/ubuntu/.ovh.conf?raw?? HTTP/1.1", host: "www.sunrisetechsz.com"
2026/08/30 21:34:31 [error] 11200#0: *2160196 open() "/www/data/wwwroot/2025_12_30_03/@fs/home/ubuntu/.anthropic/config.json" failed (2: No such file or directory), client: 34.91.167.31, server: sunrisetechsz.com, request: "GET /@fs/home/ubuntu/.anthropic/config.json?raw?? HTTP/1.1", host: "www.sunrisetechsz.com"
2026/08/30 21:34:31 [error] 11200#0: *2160196 open() "/www/data/wwwroot/2025_12_30_03/404.html" failed (2: No such file or directory), client: 34.91.167.31, server: sunrisetechsz.com, request: "GET /@fs/home/ubuntu/.anthropic/config.json?raw?? HTTP/1.1", host: "www.sunrisetechsz.com"
2026/08/30 21:34:31 [error] 11198#0: *2160183 open() "/www/data/wwwroot/2025_12_30_03/@fs/home/ubuntu/.config/anthropic/credentials/default.json" failed (2: No such file or directory), client: 34.91.167.31, server: sunrisetechsz.com, request: "GET /@fs/home/ubuntu/.config/anthropic/credentials/default.json?raw?? HTTP/1.1", host: "www.sunrisetechsz.com"
2026/08/30 21:34:31 [error] 11198#0: *2160183 open() "/www/data/wwwroot/2025_12_30_03/404.html" failed (2: No such file or directory), client: 34.91.167.31, server: sunrisetechsz.com, request: "GET /@fs/home/ubuntu/.config/anthropic/credentials/default.json?raw?? HTTP/1.1", host: "www.sunrisetechsz.com"
2026/08/30 21:34:31 [error] 11198#0: *2160176 open() "/www/data/wwwroot/2025_12_30_03/@fs/var/task/.env" failed (2: No such file or directory), client: 34.91.167.31, server: sunrisetechsz.com, request: "GET /@fs/var/task/.env?raw?? HTTP/1.1", host: "www.sunrisetechsz.com"
2026/08/30 21:34:31 [error] 11198#0: *2160176 open() "/www/data/wwwroot/2025_12_30_03/404.html" failed (2: No such file or directory), client: 34.91.167.31, server: sunrisetechsz.com, request: "GET /@fs/var/task/.env?raw?? HTTP/1.1", host: "www.sunrisetechsz.com"
2026/08/30 21:34:31 [error] 11199#0: *2160195 open() "/www/data/wwwroot/2025_12_30_03/@fs/app/.anthropic/config.json" failed (2: No such file or directory), client: 34.91.167.31, server: sunrisetechsz.com, request: "GET /@fs/app/.anthropic/config.json?raw?? HTTP/1.1", host: "www.sunrisetechsz.com"
2026/08/30 21:34:31 [error] 11199#0: *2160195 open() "/www/data/wwwroot/2025_12_30_03/404.html" failed (2: No such file or directory), client: 34.91.167.31, server: sunrisetechsz.com, request: "GET /@fs/app/.anthropic/config.json?raw?? HTTP/1.1", host: "www.sunrisetechsz.com"
2026/08/30 21:34:31 [error] 11200#0: *2160185 open() "/www/data/wwwroot/2025_12_30_03/@fs/root/.openai/config.json" failed (2: No such file or directory), client: 34.91.167.31, server: sunrisetechsz.com, request: "GET /@fs/root/.openai/config.json?raw?? HTTP/1.1", host: "www.sunrisetechsz.com"
2026/08/30 21:34:31 [error] 11200#0: *2160185 open() "/www/data/wwwroot/2025_12_30_03/404.html" failed (2: No such file or directory), client: 34.91.167.31, server: sunrisetechsz.com, request: "GET /@fs/root/.openai/config.json?raw?? HTTP/1.1", host: "www.sunrisetechsz.com"
2026/08/30 21:34:31 [error] 11200#0: *2160186 open() "/www/data/wwwroot/2025_12_30_03/@fs/root/.config/openai/config.json" failed (2: No such file or directory), client: 34.91.167.31, server: sunrisetechsz.com, request: "GET /@fs/root/.config/openai/config.json?raw?? HTTP/1.1", host: "www.sunrisetechsz.com"
2026/08/30 21:34:31 [error] 11200#0: *2160186 open() "/www/data/wwwroot/2025_12_30_03/404.html" failed (2: No such file or directory), client: 34.91.167.31, server: sunrisetechsz.com, request: "GET /@fs/root/.config/openai/config.json?raw?? HTTP/1.1", host: "www.sunrisetechsz.com"
2026/08/30 21:34:31 [error] 11197#0: *2160168 open() "/www/data/wwwroot/2025_12_30_03/@fs/app/.openai/config.json" failed (2: No such file or directory), client: 34.91.167.31, server: sunrisetechsz.com, request: "GET /@fs/app/.openai/config.json?raw?? HTTP/1.1", host: "www.sunrisetechsz.com"
2026/08/30 21:34:31 [error] 11197#0: *2160168 open() "/www/data/wwwroot/2025_12_30_03/404.html" failed (2: No such file or directory), client: 34.91.167.31, server: sunrisetechsz.com, request: "GET /@fs/app/.openai/config.json?raw?? HTTP/1.1", host: "www.sunrisetechsz.com"
2026/08/30 21:34:31 [error] 11200#0: *2160178 open() "/www/data/wwwroot/2025_12_30_03/@fs/proc/self/environ" failed (2: No such file or directory), client: 34.91.167.31, server: sunrisetechsz.com, request: "GET /@fs/proc/self/environ?import&raw?? HTTP/1.1", host: "www.sunrisetechsz.com"
2026/08/30 21:34:31 [error] 11200#0: *2160178 open() "/www/data/wwwroot/2025_12_30_03/404.html" failed (2: No such file or directory), client: 34.91.167.31, server: sunrisetechsz.com, request: "GET /@fs/proc/self/environ?import&raw?? HTTP/1.1", host: "www.sunrisetechsz.com"
2026/08/30 21:34:31 [error] 11198#0: *2160181 open() "/www/data/wwwroot/2025_12_30_03/@fs/proc/self/cwd/.aws/credentials" failed (2: No such file or directory), client: 34.91.167.31, server: sunrisetechsz.com, request: "GET /@fs/proc/self/cwd/.aws/credentials?raw?? HTTP/1.1", host: "www.sunrisetechsz.com"
2026/08/30 21:34:31 [error] 11198#0: *2160181 open() "/www/data/wwwroot/2025_12_30_03/404.html" failed (2: No such file or directory), client: 34.91.167.31, server: sunrisetechsz.com, request: "GET /@fs/proc/self/cwd/.aws/credentials?raw?? HTTP/1.1", host: "www.sunrisetechsz.com"
2026/08/30 21:34:31 [error] 11200#0: *2160189 open() "/www/data/wwwroot/2025_12_30_03/@fs/proc/1/environ" failed (2: No such file or directory), client: 34.91.167.31, server: sunrisetechsz.com, request: "GET /@fs/proc/1/environ?raw?? HTTP/1.1", host: "www.sunrisetechsz.com"
2026/08/30 21:34:31 [error] 11200#0: *2160189 open() "/www/data/wwwroot/2025_12_30_03/404.html" failed (2: No such file or directory), client: 34.91.167.31, server: sunrisetechsz.com, request: "GET /@fs/proc/1/environ?raw?? HTTP/1.1", host: "www.sunrisetechsz.com"
2026/08/30 21:34:31 [error] 11198#0: *2160187 open() "/www/data/wwwroot/2025_12_30_03/@fs/home/ubuntu/.openai/config.json" failed (2: No such file or directory), client: 34.91.167.31, server: sunrisetechsz.com, request: "GET /@fs/home/ubuntu/.openai/config.json?raw?? HTTP/1.1", host: "www.sunrisetechsz.com"
2026/08/30 21:34:31 [error] 11198#0: *2160187 open() "/www/data/wwwroot/2025_12_30_03/404.html" failed (2: No such file or directory), client: 34.91.167.31, server: sunrisetechsz.com, request: "GET /@fs/home/ubuntu/.openai/config.json?raw?? HTTP/1.1", host: "www.sunrisetechsz.com"
2026/08/30 21:34:32 [error] 11200#0: *2160189 open() "/www/data/wwwroot/2025_12_30_03/@vite/env" failed (2: No such file or directory), client: 34.91.167.31, server: sunrisetechsz.com, request: "GET /@vite/env HTTP/1.1", host: "www.sunrisetechsz.com"
2026/08/30 21:34:32 [error] 11200#0: *2160189 open() "/www/data/wwwroot/2025_12_30_03/404.html" failed (2: No such file or directory), client: 34.91.167.31, server: sunrisetechsz.com, request: "GET /@vite/env HTTP/1.1", host: "www.sunrisetechsz.com"
2026/08/30 21:34:32 [error] 11200#0: *2160203 open() "/www/data/wwwroot/2025_12_30_03/@fs/root/.claude/settings.json" failed (2: No such file or directory), client: 34.91.167.31, server: sunrisetechsz.com, request: "GET /@fs/root/.claude/settings.json?raw?? HTTP/1.1", host: "www.sunrisetechsz.com"
2026/08/30 21:34:32 [error] 11200#0: *2160203 open() "/www/data/wwwroot/2025_12_30_03/404.html" failed (2: No such file or directory), client: 34.91.167.31, server: sunrisetechsz.com, request: "GET /@fs/root/.claude/settings.json?raw?? HTTP/1.1", host: "www.sunrisetechsz.com"
2026/08/30 21:34:32 [error] 11198#0: *2160182 open() "/www/data/wwwroot/2025_12_30_03/@fs/proc/self/cwd/.env" failed (2: No such file or directory), client: 34.91.167.31, server: sunrisetechsz.com, request: "GET /@fs/proc/self/cwd/.env?raw?? HTTP/1.1", host: "www.sunrisetechsz.com"
2026/08/30 21:34:32 [error] 11198#0: *2160182 open() "/www/data/wwwroot/2025_12_30_03/404.html" failed (2: No such file or directory), client: 34.91.167.31, server: sunrisetechsz.com, request: "GET /@fs/proc/self/cwd/.env?raw?? HTTP/1.1", host: "www.sunrisetechsz.com"
2026/08/30 21:34:32 [error] 11198#0: *2160182 open() "/www/data/wwwroot/2025_12_30_03/404.html" failed (2: No such file or directory), client: 34.91.167.31, server: sunrisetechsz.com, request: "GET /_nuxt/../.env HTTP/1.1", host: "www.sunrisetechsz.com"
2026/08/30 21:34:32 [error] 11200#0: *2160203 open() "/www/data/wwwroot/2025_12_30_03/uploads../.env" failed (2: No such file or directory), client: 34.91.167.31, server: sunrisetechsz.com, request: "GET /uploads../.env HTTP/1.1", host: "www.sunrisetechsz.com"
2026/08/30 21:34:32 [error] 11200#0: *2160203 open() "/www/data/wwwroot/2025_12_30_03/404.html" failed (2: No such file or directory), client: 34.91.167.31, server: sunrisetechsz.com, request: "GET /uploads../.env HTTP/1.1", host: "www.sunrisetechsz.com"
2026/08/30 21:34:32 [error] 11198#0: *2160181 open() "/www/data/wwwroot/2025_12_30_03/images../.env" failed (2: No such file or directory), client: 34.91.167.31, server: sunrisetechsz.com, request: "GET /images../.env HTTP/1.1", host: "www.sunrisetechsz.com"
2026/08/30 21:34:32 [error] 11198#0: *2160181 open() "/www/data/wwwroot/2025_12_30_03/404.html" failed (2: No such file or directory), client: 34.91.167.31, server: sunrisetechsz.com, request: "GET /images../.env HTTP/1.1", host: "www.sunrisetechsz.com"
2026/08/30 21:34:32 [error] 11198#0: *2160187 open() "/www/data/wwwroot/2025_12_30_03/img../.env" failed (2: No such file or directory), client: 34.91.167.31, server: sunrisetechsz.com, request: "GET /img../.env HTTP/1.1", host: "www.sunrisetechsz.com"
2026/08/30 21:34:32 [error] 11198#0: *2160187 open() "/www/data/wwwroot/2025_12_30_03/404.html" failed (2: No such file or directory), client: 34.91.167.31, server: sunrisetechsz.com, request: "GET /img../.env HTTP/1.1", host: "www.sunrisetechsz.com"
2026/08/30 21:34:32 [error] 11200#0: *2160178 open() "/www/data/wwwroot/2025_12_30_03/.docker/.env" failed (2: No such file or directory), client: 34.91.167.31, server: sunrisetechsz.com, request: "GET /.docker/.env HTTP/1.1", host: "www.sunrisetechsz.com"
2026/08/30 21:34:32 [error] 11197#0: *2160168 open() "/www/data/wwwroot/2025_12_30_03/v1/.env" failed (2: No such file or directory), client: 34.91.167.31, server: sunrisetechsz.com, request: "GET /v1/.env HTTP/1.1", host: "www.sunrisetechsz.com"
2026/08/30 21:34:32 [error] 11197#0: *2160168 open() "/www/data/wwwroot/2025_12_30_03/404.html" failed (2: No such file or directory), client: 34.91.167.31, server: sunrisetechsz.com, request: "GET /v1/.env HTTP/1.1", host: "www.sunrisetechsz.com"
2026/08/30 21:34:32 [error] 11200#0: *2160178 open() "/www/data/wwwroot/2025_12_30_03/404.html" failed (2: No such file or directory), client: 34.91.167.31, server: sunrisetechsz.com, request: "GET /.docker/.env HTTP/1.1", host: "www.sunrisetechsz.com"
2026/08/30 21:34:32 [error] 11198#0: *2160176 open() "/www/data/wwwroot/2025_12_30_03/404.html" failed (2: No such file or directory), client: 34.91.167.31, server: sunrisetechsz.com, request: "GET /.env.local HTTP/1.1", host: "www.sunrisetechsz.com"
2026/08/30 21:34:32 [error] 11200#0: *2160185 open() "/www/data/wwwroot/2025_12_30_03/404.html" failed (2: No such file or directory), client: 34.91.167.31, server: sunrisetechsz.com, request: "GET /.env HTTP/1.1", host: "www.sunrisetechsz.com"
2026/08/30 21:34:32 [error] 11200#0: *2160186 open() "/www/data/wwwroot/2025_12_30_03/v2/.env" failed (2: No such file or directory), client: 34.91.167.31, server: sunrisetechsz.com, request: "GET /v2/.env HTTP/1.1", host: "www.sunrisetechsz.com"
2026/08/30 21:34:32 [error] 11198#0: *2160183 open() "/www/data/wwwroot/2025_12_30_03/404.html" failed (2: No such file or directory), client: 34.91.167.31, server: sunrisetechsz.com, request: "GET /.env.development HTTP/1.1", host: "www.sunrisetechsz.com"
2026/08/30 21:34:32 [error] 11200#0: *2160186 open() "/www/data/wwwroot/2025_12_30_03/404.html" failed (2: No such file or directory), client: 34.91.167.31, server: sunrisetechsz.com, request: "GET /v2/.env HTTP/1.1", host: "www.sunrisetechsz.com"
2026/08/30 21:34:32 [error] 11200#0: *2160196 open() "/www/data/wwwroot/2025_12_30_03/404.html" failed (2: No such file or directory), client: 34.91.167.31, server: sunrisetechsz.com, request: "GET /.env.staging HTTP/1.1", host: "www.sunrisetechsz.com"
2026/08/30 21:34:32 [error] 11198#0: *2160205 open() "/www/data/wwwroot/2025_12_30_03/404.html" failed (2: No such file or directory), client: 34.91.167.31, server: sunrisetechsz.com, request: "GET /.env.bak HTTP/1.1", host: "www.sunrisetechsz.com"
2026/08/30 21:34:32 [error] 11200#0: *2160204 open() "/www/data/wwwroot/2025_12_30_03/404.html" failed (2: No such file or directory), client: 34.91.167.31, server: sunrisetechsz.com, request: "GET /.env.backup HTTP/1.1", host: "www.sunrisetechsz.com"
2026/08/30 21:34:32 [error] 11200#0: *2160189 open() "/www/data/wwwroot/2025_12_30_03/assets../.env" failed (2: No such file or directory), client: 34.91.167.31, server: sunrisetechsz.com, request: "GET /assets../.env HTTP/1.1", host: "www.sunrisetechsz.com"
2026/08/30 21:34:32 [error] 11199#0: *2160195 open() "/www/data/wwwroot/2025_12_30_03/404.html" failed (2: No such file or directory), client: 34.91.167.31, server: sunrisetechsz.com, request: "GET /.env.production HTTP/1.1", host: "www.sunrisetechsz.com"
2026/08/30 21:34:32 [error] 11200#0: *2160189 open() "/www/data/wwwroot/2025_12_30_03/404.html" failed (2: No such file or directory), client: 34.91.167.31, server: sunrisetechsz.com, request: "GET /assets../.env HTTP/1.1", host: "www.sunrisetechsz.com"
2026/08/30 21:34:32 [error] 11199#0: *2160208 open() "/www/data/wwwroot/2025_12_30_03/404.html" failed (2: No such file or directory), client: 34.91.167.31, server: sunrisetechsz.com, request: "GET /.env.old HTTP/1.1", host: "www.sunrisetechsz.com"
2026/08/30 21:34:33 [error] 11198#0: *2160205 open() "/www/data/wwwroot/2025_12_30_03/404.html" failed (2: No such file or directory), client: 34.91.167.31, server: sunrisetechsz.com, request: "GET /env.js HTTP/1.1", host: "www.sunrisetechsz.com"
2026/08/30 21:34:33 [error] 11198#0: *2160176 open() "/www/data/wwwroot/2025_12_30_03/api/.env" failed (2: No such file or directory), client: 34.91.167.31, server: sunrisetechsz.com, request: "GET /api/.env HTTP/1.1", host: "www.sunrisetechsz.com"
2026/08/30 21:34:33 [error] 11198#0: *2160176 open() "/www/data/wwwroot/2025_12_30_03/404.html" failed (2: No such file or directory), client: 34.91.167.31, server: sunrisetechsz.com, request: "GET /api/.env HTTP/1.1", host: "www.sunrisetechsz.com"
2026/08/30 21:34:33 [error] 11200#0: *2160204 open() "/www/data/wwwroot/2025_12_30_03/backend/.env" failed (2: No such file or directory), client: 34.91.167.31, server: sunrisetechsz.com, request: "GET /backend/.env HTTP/1.1", host: "www.sunrisetechsz.com"
2026/08/30 21:34:33 [error] 11200#0: *2160204 open() "/www/data/wwwroot/2025_12_30_03/404.html" failed (2: No such file or directory), client: 34.91.167.31, server: sunrisetechsz.com, request: "GET /backend/.env HTTP/1.1", host: "www.sunrisetechsz.com"
2026/08/30 21:34:33 [error] 11200#0: *2160178 open() "/www/data/wwwroot/2025_12_30_03/docker/.env" failed (2: No such file or directory), client: 34.91.167.31, server: sunrisetechsz.com, request: "GET /docker/.env HTTP/1.1", host: "www.sunrisetechsz.com"
2026/08/30 21:34:33 [error] 11200#0: *2160178 open() "/www/data/wwwroot/2025_12_30_03/404.html" failed (2: No such file or directory), client: 34.91.167.31, server: sunrisetechsz.com, request: "GET /docker/.env HTTP/1.1", host: "www.sunrisetechsz.com"
2026/08/30 21:34:33 [error] 11200#0: *2160186 open() "/www/data/wwwroot/2025_12_30_03/app/.env" failed (2: No such file or directory), client: 34.91.167.31, server: sunrisetechsz.com, request: "GET /app/.env HTTP/1.1", host: "www.sunrisetechsz.com"
2026/08/30 21:34:33 [error] 11199#0: *2160195 open() "/www/data/wwwroot/2025_12_30_03/env.json" failed (2: No such file or directory), client: 34.91.167.31, server: sunrisetechsz.com, request: "GET /env.json HTTP/1.1", host: "www.sunrisetechsz.com"
2026/08/30 21:34:33 [error] 11199#0: *2160195 open() "/www/data/wwwroot/2025_12_30_03/404.html" failed (2: No such file or directory), client: 34.91.167.31, server: sunrisetechsz.com, request: "GET /env.json HTTP/1.1", host: "www.sunrisetechsz.com"
2026/08/30 21:34:33 [error] 11200#0: *2160186 open() "/www/data/wwwroot/2025_12_30_03/404.html" failed (2: No such file or directory), client: 34.91.167.31, server: sunrisetechsz.com, request: "GET /app/.env HTTP/1.1", host: "www.sunrisetechsz.com"
2026/08/30 21:34:33 [error] 11198#0: *2160183 open() "/www/data/wwwroot/2025_12_30_03/config/.env" failed (2: No such file or directory), client: 34.91.167.31, server: sunrisetechsz.com, request: "GET /config/.env HTTP/1.1", host: "www.sunrisetechsz.com"
2026/08/30 21:34:33 [error] 11200#0: *2160196 open() "/www/data/wwwroot/2025_12_30_03/admin/.env" failed (2: No such file or directory), client: 34.91.167.31, server: sunrisetechsz.com, request: "GET /admin/.env HTTP/1.1", host: "www.sunrisetechsz.com"
2026/08/30 21:34:33 [error] 11198#0: *2160183 open() "/www/data/wwwroot/2025_12_30_03/404.html" failed (2: No such file or directory), client: 34.91.167.31, server: sunrisetechsz.com, request: "GET /config/.env HTTP/1.1", host: "www.sunrisetechsz.com"
2026/08/30 21:34:33 [error] 11200#0: *2160196 open() "/www/data/wwwroot/2025_12_30_03/404.html" failed (2: No such file or directory), client: 34.91.167.31, server: sunrisetechsz.com, request: "GET /admin/.env HTTP/1.1", host: "www.sunrisetechsz.com"
2026/08/30 21:34:33 [error] 11198#0: *2160181 open() "/www/data/wwwroot/2025_12_30_03/server/.env" failed (2: No such file or directory), client: 34.91.167.31, server: sunrisetechsz.com, request: "GET /server/.env HTTP/1.1", host: "www.sunrisetechsz.com"
2026/08/30 21:34:33 [error] 11198#0: *2160181 open() "/www/data/wwwroot/2025_12_30_03/404.html" failed (2: No such file or directory), client: 34.91.167.31, server: sunrisetechsz.com, request: "GET /server/.env HTTP/1.1", host: "www.sunrisetechsz.com"
2026/08/30 21:34:33 [error] 11199#0: *2160208 open() "/www/data/wwwroot/2025_12_30_03/404.html" failed (2: No such file or directory), client: 34.91.167.31, server: sunrisetechsz.com, request: "GET /.env.example HTTP/1.1", host: "www.sunrisetechsz.com"
2026/08/30 21:34:33 [error] 11198#0: *2160182 open() "/www/data/wwwroot/2025_12_30_03/frontend/.env" failed (2: No such file or directory), client: 34.91.167.31, server: sunrisetechsz.com, request: "GET /frontend/.env HTTP/1.1", host: "www.sunrisetechsz.com"
2026/08/30 21:34:33 [error] 11198#0: *2160182 open() "/www/data/wwwroot/2025_12_30_03/404.html" failed (2: No such file or directory), client: 34.91.167.31, server: sunrisetechsz.com, request: "GET /frontend/.env HTTP/1.1", host: "www.sunrisetechsz.com"
2026/08/30 21:34:33 [error] 11200#0: *2160185 open() "/www/data/wwwroot/2025_12_30_03/laravel/.env" failed (2: No such file or directory), client: 34.91.167.31, server: sunrisetechsz.com, request: "GET /laravel/.env HTTP/1.1", host: "www.sunrisetechsz.com"
2026/08/30 21:34:33 [error] 11200#0: *2160185 open() "/www/data/wwwroot/2025_12_30_03/404.html" failed (2: No such file or directory), client: 34.91.167.31, server: sunrisetechsz.com, request: "GET /laravel/.env HTTP/1.1", host: "www.sunrisetechsz.com"
2026/08/30 21:34:33 [error] 11197#0: *2160168 open() "/www/data/wwwroot/2025_12_30_03/core/.env" failed (2: No such file or directory), client: 34.91.167.31, server: sunrisetechsz.com, request: "GET /core/.env HTTP/1.1", host: "www.sunrisetechsz.com"
2026/08/30 21:34:33 [error] 11197#0: *2160168 open() "/www/data/wwwroot/2025_12_30_03/404.html" failed (2: No such file or directory), client: 34.91.167.31, server: sunrisetechsz.com, request: "GET /core/.env HTTP/1.1", host: "www.sunrisetechsz.com"
2026/08/30 21:34:33 [error] 11200#0: *2160189 open() "/www/data/wwwroot/2025_12_30_03/404.html" failed (2: No such file or directory), client: 34.91.167.31, server: sunrisetechsz.com, request: "GET /.env.swp HTTP/1.1", host: "www.sunrisetechsz.com"
2026/08/30 21:34:33 [error] 11200#0: *2160203 open() "/www/data/wwwroot/2025_12_30_03/web/.env" failed (2: No such file or directory), client: 34.91.167.31, server: sunrisetechsz.com, request: "GET /web/.env HTTP/1.1", host: "www.sunrisetechsz.com"
2026/08/30 21:34:33 [error] 11200#0: *2160203 open() "/www/data/wwwroot/2025_12_30_03/404.html" failed (2: No such file or directory), client: 34.91.167.31, server: sunrisetechsz.com, request: "GET /web/.env HTTP/1.1", host: "www.sunrisetechsz.com"
2026/08/30 21:34:33 [error] 11198#0: *2160187 open() "/www/data/wwwroot/2025_12_30_03/src/.env" failed (2: No such file or directory), client: 34.91.167.31, server: sunrisetechsz.com, request: "GET /src/.env HTTP/1.1", host: "www.sunrisetechsz.com"
2026/08/30 21:34:33 [error] 11198#0: *2160187 open() "/www/data/wwwroot/2025_12_30_03/404.html" failed (2: No such file or directory), client: 34.91.167.31, server: sunrisetechsz.com, request: "GET /src/.env HTTP/1.1", host: "www.sunrisetechsz.com"
2026/08/30 21:34:33 [error] 11200#0: *2160178 open() "/www/data/wwwroot/2025_12_30_03/404.html" failed (2: No such file or directory), client: 34.91.167.31, server: sunrisetechsz.com, request: "GET /.github/.env HTTP/1.1", host: "www.sunrisetechsz.com"
2026/08/30 21:34:33 [error] 11197#0: *2160168 open() "/www/data/wwwroot/2025_12_30_03/public/.env" failed (2: No such file or directory), client: 34.91.167.31, server: sunrisetechsz.com, request: "GET /public/.env HTTP/1.1", host: "www.sunrisetechsz.com"
2026/08/30 21:34:33 [error] 11197#0: *2160168 open() "/www/data/wwwroot/2025_12_30_03/404.html" failed (2: No such file or directory), client: 34.91.167.31, server: sunrisetechsz.com, request: "GET /public/.env HTTP/1.1", host: "www.sunrisetechsz.com"
2026/08/30 21:34:33 [error] 11198#0: *2160182 open() "/www/data/wwwroot/2025_12_30_03/404.html" failed (2: No such file or directory), client: 34.91.167.31, server: sunrisetechsz.com, request: "GET /.git/HEAD HTTP/1.1", host: "www.sunrisetechsz.com"
2026/08/30 21:34:33 [error] 11198#0: *2160181 open() "/www/data/wwwroot/2025_12_30_03/404.html" failed (2: No such file or directory), client: 34.91.167.31, server: sunrisetechsz.com, request: "GET /.git-credentials HTTP/1.1", host: "www.sunrisetechsz.com"
2026/08/30 21:34:33 [error] 11200#0: *2160189 open() "/www/data/wwwroot/2025_12_30_03/404.html" failed (2: No such file or directory), client: 34.91.167.31, server: sunrisetechsz.com, request: "GET /.git/config HTTP/1.1", host: "www.sunrisetechsz.com"
2026/08/30 21:34:33 [error] 11200#0: *2160186 open() "/www/data/wwwroot/2025_12_30_03/.aws/credentials" failed (2: No such file or directory), client: 34.91.167.31, server: sunrisetechsz.com, request: "GET /.aws/credentials HTTP/1.1", host: "www.sunrisetechsz.com"
2026/08/30 21:34:33 [error] 11200#0: *2160186 open() "/www/data/wwwroot/2025_12_30_03/404.html" failed (2: No such file or directory), client: 34.91.167.31, server: sunrisetechsz.com, request: "GET /.aws/credentials HTTP/1.1", host: "www.sunrisetechsz.com"
2026/08/30 21:34:33 [error] 11198#0: *2160176 open() "/www/data/wwwroot/2025_12_30_03/aws_credentials" failed (2: No such file or directory), client: 34.91.167.31, server: sunrisetechsz.com, request: "GET /aws_credentials HTTP/1.1", host: "www.sunrisetechsz.com"
2026/08/30 21:34:33 [error] 11198#0: *2160176 open() "/www/data/wwwroot/2025_12_30_03/404.html" failed (2: No such file or directory), client: 34.91.167.31, server: sunrisetechsz.com, request: "GET /aws_credentials HTTP/1.1", host: "www.sunrisetechsz.com"
2026/08/30 21:34:33 [error] 11200#0: *2160196 open() "/www/data/wwwroot/2025_12_30_03/root/.aws/credentials" failed (2: No such file or directory), client: 34.91.167.31, server: sunrisetechsz.com, request: "GET /root/.aws/credentials HTTP/1.1", host: "www.sunrisetechsz.com"
2026/08/30 21:34:33 [error] 11198#0: *2160183 open() "/www/data/wwwroot/2025_12_30_03/root/.aws/config" failed (2: No such file or directory), client: 34.91.167.31, server: sunrisetechsz.com, request: "GET /root/.aws/config HTTP/1.1", host: "www.sunrisetechsz.com"
2026/08/30 21:34:33 [error] 11200#0: *2160196 open() "/www/data/wwwroot/2025_12_30_03/404.html" failed (2: No such file or directory), client: 34.91.167.31, server: sunrisetechsz.com, request: "GET /root/.aws/credentials HTTP/1.1", host: "www.sunrisetechsz.com"
2026/08/30 21:34:33 [error] 11198#0: *2160183 open() "/www/data/wwwroot/2025_12_30_03/404.html" failed (2: No such file or directory), client: 34.91.167.31, server: sunrisetechsz.com, request: "GET /root/.aws/config HTTP/1.1", host: "www.sunrisetechsz.com"
2026/08/30 21:34:33 [error] 11200#0: *2160185 open() "/www/data/wwwroot/2025_12_30_03/aws.env" failed (2: No such file or directory), client: 34.91.167.31, server: sunrisetechsz.com, request: "GET /aws.env HTTP/1.1", host: "www.sunrisetechsz.com"
2026/08/30 21:34:33 [error] 11200#0: *2160185 open() "/www/data/wwwroot/2025_12_30_03/404.html" failed (2: No such file or directory), client: 34.91.167.31, server: sunrisetechsz.com, request: "GET /aws.env HTTP/1.1", host: "www.sunrisetechsz.com"
2026/08/30 21:34:33 [error] 11199#0: *2160195 open() "/www/data/wwwroot/2025_12_30_03/aws-credentials" failed (2: No such file or directory), client: 34.91.167.31, server: sunrisetechsz.com, request: "GET /aws-credentials HTTP/1.1", host: "www.sunrisetechsz.com"
2026/08/30 21:34:33 [error] 11199#0: *2160195 open() "/www/data/wwwroot/2025_12_30_03/404.html" failed (2: No such file or directory), client: 34.91.167.31, server: sunrisetechsz.com, request: "GET /aws-credentials HTTP/1.1", host: "www.sunrisetechsz.com"
