2026/08/26 11:03:33 [error] 9850#0: *1456996 open() "/www/data/wwwroot/2025_12_26_01/404.html" failed (2: No such file or directory), client: 172.71.172.81, server: www.ceerun.com, request: "GET /.git/config HTTP/2.0", host: "ceerun.com"
2026/08/26 11:03:33 [error] 9853#0: *1456932 open() "/www/data/wwwroot/2025_12_26_01/backup.sql" failed (2: No such file or directory), client: 172.69.150.79, server: www.ceerun.com, request: "GET /backup.sql HTTP/2.0", host: "ceerun.com"
2026/08/26 11:03:33 [error] 9853#0: *1456932 open() "/www/data/wwwroot/2025_12_26_01/404.html" failed (2: No such file or directory), client: 172.69.150.79, server: www.ceerun.com, request: "GET /backup.sql HTTP/2.0", host: "ceerun.com"
2026/08/26 11:03:33 [error] 9850#0: *1456942 open() "/www/data/wwwroot/2025_12_26_01/backup.sql" failed (2: No such file or directory), client: 162.158.94.169, server: www.ceerun.com, request: "GET /backup%2esql HTTP/2.0", host: "ceerun.com"
2026/08/26 11:03:33 [error] 9850#0: *1456942 open() "/www/data/wwwroot/2025_12_26_01/404.html" failed (2: No such file or directory), client: 162.158.94.169, server: www.ceerun.com, request: "GET /backup%2esql HTTP/2.0", host: "ceerun.com"
2026/08/26 11:03:35 [error] 9851#0: *1456953 open() "/www/data/wwwroot/2025_12_26_01/wp-json/wc-admin/options" failed (2: No such file or directory), client: 162.159.113.37, server: www.ceerun.com, request: "GET /wp-json/wc-admin/options?options=woocommerce_paypal_settings HTTP/2.0", host: "ceerun.com"
2026/08/26 11:03:35 [error] 9851#0: *1456953 open() "/www/data/wwwroot/2025_12_26_01/404.html" failed (2: No such file or directory), client: 162.159.113.37, server: www.ceerun.com, request: "GET /wp-json/wc-admin/options?options=woocommerce_paypal_settings HTTP/2.0", host: "ceerun.com"
2026/08/26 11:03:36 [error] 9853#0: *1456935 open() "/www/data/wwwroot/2025_12_26_01/wp-json/wc-admin/options" failed (2: No such file or directory), client: 172.69.109.120, server: www.ceerun.com, request: "GET /wp-json/wc-admin/options?options=woocommerce_stripe_settings HTTP/2.0", host: "ceerun.com"
2026/08/26 11:03:36 [error] 9853#0: *1456935 open() "/www/data/wwwroot/2025_12_26_01/404.html" failed (2: No such file or directory), client: 172.69.109.120, server: www.ceerun.com, request: "GET /wp-json/wc-admin/options?options=woocommerce_stripe_settings HTTP/2.0", host: "ceerun.com"
2026/08/26 11:04:12 [error] 9851#0: *1457086 open() "/www/data/wwwroot/2025_12_26_01/404.html" failed (2: No such file or directory), client: 172.71.247.100, server: www.ceerun.com, request: "GET /bundle.js HTTP/2.0", host: "ceerun.com"
2026/08/26 11:04:12 [error] 9851#0: *1457087 open() "/www/data/wwwroot/2025_12_26_01/404.html" failed (2: No such file or directory), client: 104.22.109.67, server: www.ceerun.com, request: "GET /sendgrid.js HTTP/2.0", host: "ceerun.com"
2026/08/26 11:04:12 [error] 9851#0: *1457088 open() "/www/data/wwwroot/2025_12_26_01/404.html" failed (2: No such file or directory), client: 172.71.103.211, server: www.ceerun.com, request: "GET /static/js/main.js HTTP/2.0", host: "ceerun.com"
2026/08/26 11:04:12 [error] 9853#0: *1456947 open() "/www/data/wwwroot/2025_12_26_01/backups/wp2shell_opt_woocommerce_stripe_settings" failed (2: No such file or directory), client: 172.71.148.78, server: www.ceerun.com, request: "GET /backups/wp2shell_opt_woocommerce_stripe_settings HTTP/2.0", host: "ceerun.com"
2026/08/26 11:04:12 [error] 9853#0: *1456947 open() "/www/data/wwwroot/2025_12_26_01/404.html" failed (2: No such file or directory), client: 172.71.148.78, server: www.ceerun.com, request: "GET /backups/wp2shell_opt_woocommerce_stripe_settings HTTP/2.0", host: "ceerun.com"
2026/08/26 11:04:12 [error] 9851#0: *1457002 open() "/www/data/wwwroot/2025_12_26_01/opt_woocommerce_stripe_settings" failed (2: No such file or directory), client: 172.70.46.37, server: www.ceerun.com, request: "GET /opt_woocommerce_stripe_settings HTTP/2.0", host: "ceerun.com"
2026/08/26 11:04:12 [error] 9851#0: *1457002 open() "/www/data/wwwroot/2025_12_26_01/404.html" failed (2: No such file or directory), client: 172.70.46.37, server: www.ceerun.com, request: "GET /opt_woocommerce_stripe_settings HTTP/2.0", host: "ceerun.com"
2026/08/26 11:04:12 [error] 9853#0: *1456931 open() "/www/data/wwwroot/2025_12_26_01/wp2shell_opt_woocommerce_stripe_settings" failed (2: No such file or directory), client: 104.23.172.53, server: www.ceerun.com, request: "GET /wp2shell_opt_woocommerce_stripe_settings HTTP/2.0", host: "ceerun.com"
2026/08/26 11:04:12 [error] 9853#0: *1456931 open() "/www/data/wwwroot/2025_12_26_01/404.html" failed (2: No such file or directory), client: 104.23.172.53, server: www.ceerun.com, request: "GET /wp2shell_opt_woocommerce_stripe_settings HTTP/2.0", host: "ceerun.com"
2026/08/26 11:04:12 [error] 9850#0: *1456942 open() "/www/data/wwwroot/2025_12_26_01/backups/opt_woocommerce_stripe_settings" failed (2: No such file or directory), client: 162.158.94.169, server: www.ceerun.com, request: "GET /backups/opt_woocommerce_stripe_settings HTTP/2.0", host: "ceerun.com"
2026/08/26 11:04:12 [error] 9850#0: *1456942 open() "/www/data/wwwroot/2025_12_26_01/404.html" failed (2: No such file or directory), client: 162.158.94.169, server: www.ceerun.com, request: "GET /backups/opt_woocommerce_stripe_settings HTTP/2.0", host: "ceerun.com"
2026/08/26 11:04:12 [error] 9853#0: *1456929 open() "/www/data/wwwroot/2025_12_26_01/backup/wp2shell_opt_woocommerce_stripe_settings" failed (2: No such file or directory), client: 172.71.95.155, server: www.ceerun.com, request: "GET /backup/wp2shell_opt_woocommerce_stripe_settings HTTP/2.0", host: "ceerun.com"
2026/08/26 11:04:12 [error] 9853#0: *1456929 open() "/www/data/wwwroot/2025_12_26_01/404.html" failed (2: No such file or directory), client: 172.71.95.155, server: www.ceerun.com, request: "GET /backup/wp2shell_opt_woocommerce_stripe_settings HTTP/2.0", host: "ceerun.com"
2026/08/26 11:04:12 [error] 9851#0: *1457089 open() "/www/data/wwwroot/2025_12_26_01/404.html" failed (2: No such file or directory), client: 172.69.109.198, server: www.ceerun.com, request: "GET /vizportal.js HTTP/2.0", host: "ceerun.com"
2026/08/26 11:04:12 [error] 9851#0: *1457090 open() "/www/data/wwwroot/2025_12_26_01/404.html" failed (2: No such file or directory), client: 172.69.109.200, server: www.ceerun.com, request: "GET /error_docs/uat.js HTTP/2.0", host: "ceerun.com"
2026/08/26 11:04:12 [error] 9851#0: *1456953 open() "/www/data/wwwroot/2025_12_26_01/backup/opt_woocommerce_stripe_settings" failed (2: No such file or directory), client: 162.159.113.37, server: www.ceerun.com, request: "GET /backup/opt_woocommerce_stripe_settings HTTP/2.0", host: "ceerun.com"
2026/08/26 11:04:12 [error] 9851#0: *1456953 open() "/www/data/wwwroot/2025_12_26_01/404.html" failed (2: No such file or directory), client: 162.159.113.37, server: www.ceerun.com, request: "GET /backup/opt_woocommerce_stripe_settings HTTP/2.0", host: "ceerun.com"
2026/08/26 11:04:12 [error] 9853#0: *1457091 open() "/www/data/wwwroot/2025_12_26_01/wp-content/opt_woocommerce_stripe_settings" failed (2: No such file or directory), client: 172.71.164.99, server: www.ceerun.com, request: "GET /wp-content/opt_woocommerce_stripe_settings HTTP/2.0", host: "ceerun.com"
2026/08/26 11:04:12 [error] 9853#0: *1457091 open() "/www/data/wwwroot/2025_12_26_01/404.html" failed (2: No such file or directory), client: 172.71.164.99, server: www.ceerun.com, request: "GET /wp-content/opt_woocommerce_stripe_settings HTTP/2.0", host: "ceerun.com"
2026/08/26 11:04:12 [error] 9851#0: *1457092 open() "/www/data/wwwroot/2025_12_26_01/wp-content/wp2shell_opt_woocommerce_stripe_settings" failed (2: No such file or directory), client: 162.158.94.168, server: www.ceerun.com, request: "GET /wp-content/wp2shell_opt_woocommerce_stripe_settings HTTP/2.0", host: "ceerun.com"
2026/08/26 11:04:12 [error] 9851#0: *1457092 open() "/www/data/wwwroot/2025_12_26_01/404.html" failed (2: No such file or directory), client: 162.158.94.168, server: www.ceerun.com, request: "GET /wp-content/wp2shell_opt_woocommerce_stripe_settings HTTP/2.0", host: "ceerun.com"
2026/08/26 11:04:15 [error] 9851#0: *1457094 open() "/www/data/wwwroot/2025_12_26_01/404.html" failed (2: No such file or directory), client: 104.22.123.90, server: www.ceerun.com, request: "GET /js/sendgrid.js HTTP/2.0", host: "ceerun.com"
2026/08/26 11:04:32 [error] 9850#0: *1456996 open() "/www/data/wwwroot/2025_12_26_01/opt_woocommerce_stripe_cc_settings" failed (2: No such file or directory), client: 172.71.172.81, server: www.ceerun.com, request: "GET /opt_woocommerce_stripe_cc_settings HTTP/2.0", host: "ceerun.com"
2026/08/26 11:04:32 [error] 9850#0: *1456996 open() "/www/data/wwwroot/2025_12_26_01/404.html" failed (2: No such file or directory), client: 172.71.172.81, server: www.ceerun.com, request: "GET /opt_woocommerce_stripe_cc_settings HTTP/2.0", host: "ceerun.com"
2026/08/26 11:04:32 [error] 9853#0: *1456935 open() "/www/data/wwwroot/2025_12_26_01/wp2shell_opt_woocommerce_stripe_cc_settings" failed (2: No such file or directory), client: 172.69.109.120, server: www.ceerun.com, request: "GET /wp2shell_opt_woocommerce_stripe_cc_settings HTTP/2.0", host: "ceerun.com"
2026/08/26 11:04:32 [error] 9853#0: *1456935 open() "/www/data/wwwroot/2025_12_26_01/404.html" failed (2: No such file or directory), client: 172.69.109.120, server: www.ceerun.com, request: "GET /wp2shell_opt_woocommerce_stripe_cc_settings HTTP/2.0", host: "ceerun.com"
2026/08/26 11:04:33 [error] 9853#0: *1456935 open() "/www/data/wwwroot/2025_12_26_01/backups/wp2shell_opt_woocommerce_stripe_cc_settings" failed (2: No such file or directory), client: 172.69.109.120, server: www.ceerun.com, request: "GET /backups/wp2shell_opt_woocommerce_stripe_cc_settings HTTP/2.0", host: "ceerun.com"
2026/08/26 11:04:33 [error] 9853#0: *1456935 open() "/www/data/wwwroot/2025_12_26_01/404.html" failed (2: No such file or directory), client: 172.69.109.120, server: www.ceerun.com, request: "GET /backups/wp2shell_opt_woocommerce_stripe_cc_settings HTTP/2.0", host: "ceerun.com"
2026/08/26 11:04:36 [error] 9853#0: *1456947 open() "/www/data/wwwroot/2025_12_26_01/wp-content/uploads/opt_woocommerce_stripe_settings" failed (2: No such file or directory), client: 172.71.148.78, server: www.ceerun.com, request: "GET /wp-content/uploads/opt_woocommerce_stripe_settings HTTP/2.0", host: "ceerun.com"
2026/08/26 11:04:36 [error] 9853#0: *1456947 open() "/www/data/wwwroot/2025_12_26_01/404.html" failed (2: No such file or directory), client: 172.71.148.78, server: www.ceerun.com, request: "GET /wp-content/uploads/opt_woocommerce_stripe_settings HTTP/2.0", host: "ceerun.com"
2026/08/26 11:04:36 [error] 9851#0: *1456953 open() "/www/data/wwwroot/2025_12_26_01/backup/opt_woocommerce_stripe_cc_settings" failed (2: No such file or directory), client: 162.159.113.37, server: www.ceerun.com, request: "GET /backup/opt_woocommerce_stripe_cc_settings HTTP/2.0", host: "ceerun.com"
2026/08/26 11:04:36 [error] 9851#0: *1456953 open() "/www/data/wwwroot/2025_12_26_01/404.html" failed (2: No such file or directory), client: 162.159.113.37, server: www.ceerun.com, request: "GET /backup/opt_woocommerce_stripe_cc_settings HTTP/2.0", host: "ceerun.com"
2026/08/26 11:04:36 [error] 9853#0: *1457091 open() "/www/data/wwwroot/2025_12_26_01/wp-content/uploads/wp2shell_opt_woocommerce_stripe_settings" failed (2: No such file or directory), client: 172.71.164.99, server: www.ceerun.com, request: "GET /wp-content/uploads/wp2shell_opt_woocommerce_stripe_settings HTTP/2.0", host: "ceerun.com"
2026/08/26 11:04:36 [error] 9853#0: *1457091 open() "/www/data/wwwroot/2025_12_26_01/404.html" failed (2: No such file or directory), client: 172.71.164.99, server: www.ceerun.com, request: "GET /wp-content/uploads/wp2shell_opt_woocommerce_stripe_settings HTTP/2.0", host: "ceerun.com"
2026/08/26 11:04:36 [error] 9850#0: *1456942 open() "/www/data/wwwroot/2025_12_26_01/backups/opt_woocommerce_stripe_cc_settings" failed (2: No such file or directory), client: 162.158.94.169, server: www.ceerun.com, request: "GET /backups/opt_woocommerce_stripe_cc_settings HTTP/2.0", host: "ceerun.com"
2026/08/26 11:04:36 [error] 9850#0: *1456942 open() "/www/data/wwwroot/2025_12_26_01/404.html" failed (2: No such file or directory), client: 162.158.94.169, server: www.ceerun.com, request: "GET /backups/opt_woocommerce_stripe_cc_settings HTTP/2.0", host: "ceerun.com"
2026/08/26 11:04:39 [error] 9853#0: *1457091 open() "/www/data/wwwroot/2025_12_26_01/backup/wp2shell_opt_woocommerce_stripe_cc_settings" failed (2: No such file or directory), client: 172.71.164.99, server: www.ceerun.com, request: "GET /backup/wp2shell_opt_woocommerce_stripe_cc_settings HTTP/2.0", host: "ceerun.com"
2026/08/26 11:04:39 [error] 9853#0: *1457091 open() "/www/data/wwwroot/2025_12_26_01/404.html" failed (2: No such file or directory), client: 172.71.164.99, server: www.ceerun.com, request: "GET /backup/wp2shell_opt_woocommerce_stripe_cc_settings HTTP/2.0", host: "ceerun.com"
2026/08/26 11:05:04 [error] 9851#0: *1456953 open() "/www/data/wwwroot/2025_12_26_01/opt_woocommerce_stripe_api_settings" failed (2: No such file or directory), client: 162.159.113.37, server: www.ceerun.com, request: "GET /opt_woocommerce_stripe_api_settings HTTP/2.0", host: "ceerun.com"
2026/08/26 11:05:04 [error] 9851#0: *1456953 open() "/www/data/wwwroot/2025_12_26_01/404.html" failed (2: No such file or directory), client: 162.159.113.37, server: www.ceerun.com, request: "GET /opt_woocommerce_stripe_api_settings HTTP/2.0", host: "ceerun.com"
2026/08/26 11:05:04 [error] 9853#0: *1457091 open() "/www/data/wwwroot/2025_12_26_01/wp2shell_opt_woocommerce_stripe_api_settings" failed (2: No such file or directory), client: 172.71.164.99, server: www.ceerun.com, request: "GET /wp2shell_opt_woocommerce_stripe_api_settings HTTP/2.0", host: "ceerun.com"
2026/08/26 11:05:04 [error] 9853#0: *1457091 open() "/www/data/wwwroot/2025_12_26_01/404.html" failed (2: No such file or directory), client: 172.71.164.99, server: www.ceerun.com, request: "GET /wp2shell_opt_woocommerce_stripe_api_settings HTTP/2.0", host: "ceerun.com"
2026/08/26 11:05:04 [error] 9853#0: *1456947 open() "/www/data/wwwroot/2025_12_26_01/wp-content/wp2shell_opt_woocommerce_stripe_cc_settings" failed (2: No such file or directory), client: 172.71.148.78, server: www.ceerun.com, request: "GET /wp-content/wp2shell_opt_woocommerce_stripe_cc_settings HTTP/2.0", host: "ceerun.com"
2026/08/26 11:05:04 [error] 9853#0: *1456947 open() "/www/data/wwwroot/2025_12_26_01/404.html" failed (2: No such file or directory), client: 172.71.148.78, server: www.ceerun.com, request: "GET /wp-content/wp2shell_opt_woocommerce_stripe_cc_settings HTTP/2.0", host: "ceerun.com"
2026/08/26 11:05:04 [error] 9853#0: *1456935 open() "/www/data/wwwroot/2025_12_26_01/wp-content/opt_woocommerce_stripe_cc_settings" failed (2: No such file or directory), client: 172.69.109.120, server: www.ceerun.com, request: "GET /wp-content/opt_woocommerce_stripe_cc_settings HTTP/2.0", host: "ceerun.com"
2026/08/26 11:05:04 [error] 9853#0: *1456935 open() "/www/data/wwwroot/2025_12_26_01/404.html" failed (2: No such file or directory), client: 172.69.109.120, server: www.ceerun.com, request: "GET /wp-content/opt_woocommerce_stripe_cc_settings HTTP/2.0", host: "ceerun.com"
2026/08/26 11:05:04 [error] 9853#0: *1456935 open() "/www/data/wwwroot/2025_12_26_01/wp-content/uploads/opt_woocommerce_stripe_cc_settings" failed (2: No such file or directory), client: 172.69.109.120, server: www.ceerun.com, request: "GET /wp-content/uploads/opt_woocommerce_stripe_cc_settings HTTP/2.0", host: "ceerun.com"
2026/08/26 11:05:04 [error] 9853#0: *1456935 open() "/www/data/wwwroot/2025_12_26_01/404.html" failed (2: No such file or directory), client: 172.69.109.120, server: www.ceerun.com, request: "GET /wp-content/uploads/opt_woocommerce_stripe_cc_settings HTTP/2.0", host: "ceerun.com"
2026/08/26 11:05:07 [error] 9853#0: *1457091 open() "/www/data/wwwroot/2025_12_26_01/wp-content/uploads/wp2shell_opt_woocommerce_stripe_cc_settings" failed (2: No such file or directory), client: 172.71.164.99, server: www.ceerun.com, request: "GET /wp-content/uploads/wp2shell_opt_woocommerce_stripe_cc_settings HTTP/2.0", host: "ceerun.com"
2026/08/26 11:05:07 [error] 9853#0: *1457091 open() "/www/data/wwwroot/2025_12_26_01/404.html" failed (2: No such file or directory), client: 172.71.164.99, server: www.ceerun.com, request: "GET /wp-content/uploads/wp2shell_opt_woocommerce_stripe_cc_settings HTTP/2.0", host: "ceerun.com"
2026/08/26 11:05:13 [error] 9853#0: *1456935 open() "/www/data/wwwroot/2025_12_26_01/backup/opt_woocommerce_stripe_api_settings" failed (2: No such file or directory), client: 172.69.109.120, server: www.ceerun.com, request: "GET /backup/opt_woocommerce_stripe_api_settings HTTP/2.0", host: "ceerun.com"
2026/08/26 11:05:13 [error] 9853#0: *1456935 open() "/www/data/wwwroot/2025_12_26_01/404.html" failed (2: No such file or directory), client: 172.69.109.120, server: www.ceerun.com, request: "GET /backup/opt_woocommerce_stripe_api_settings HTTP/2.0", host: "ceerun.com"
2026/08/26 11:05:13 [error] 9853#0: *1456935 open() "/www/data/wwwroot/2025_12_26_01/backup/wp2shell_opt_woocommerce_stripe_api_settings" failed (2: No such file or directory), client: 172.69.109.120, server: www.ceerun.com, request: "GET /backup/wp2shell_opt_woocommerce_stripe_api_settings HTTP/2.0", host: "ceerun.com"
2026/08/26 11:05:13 [error] 9853#0: *1456935 open() "/www/data/wwwroot/2025_12_26_01/404.html" failed (2: No such file or directory), client: 172.69.109.120, server: www.ceerun.com, request: "GET /backup/wp2shell_opt_woocommerce_stripe_api_settings HTTP/2.0", host: "ceerun.com"
2026/08/26 11:05:27 [error] 9853#0: *1456935 open() "/www/data/wwwroot/2025_12_26_01/backups/opt_woocommerce_stripe_api_settings" failed (2: No such file or directory), client: 172.69.109.120, server: www.ceerun.com, request: "GET /backups/opt_woocommerce_stripe_api_settings HTTP/2.0", host: "ceerun.com"
2026/08/26 11:05:27 [error] 9853#0: *1456935 open() "/www/data/wwwroot/2025_12_26_01/404.html" failed (2: No such file or directory), client: 172.69.109.120, server: www.ceerun.com, request: "GET /backups/opt_woocommerce_stripe_api_settings HTTP/2.0", host: "ceerun.com"
2026/08/26 11:05:29 [error] 9853#0: *1456935 open() "/www/data/wwwroot/2025_12_26_01/wp-content/uploads/wp2shell_opt_woocommerce_stripe_api_settings" failed (2: No such file or directory), client: 172.69.109.120, server: www.ceerun.com, request: "GET /wp-content/uploads/wp2shell_opt_woocommerce_stripe_api_settings HTTP/2.0", host: "ceerun.com"
2026/08/26 11:05:29 [error] 9853#0: *1456935 open() "/www/data/wwwroot/2025_12_26_01/404.html" failed (2: No such file or directory), client: 172.69.109.120, server: www.ceerun.com, request: "GET /wp-content/uploads/wp2shell_opt_woocommerce_stripe_api_settings HTTP/2.0", host: "ceerun.com"
2026/08/26 11:05:29 [error] 9853#0: *1456947 open() "/www/data/wwwroot/2025_12_26_01/wp-content/wp2shell_opt_woocommerce_stripe_api_settings" failed (2: No such file or directory), client: 172.71.148.78, server: www.ceerun.com, request: "GET /wp-content/wp2shell_opt_woocommerce_stripe_api_settings HTTP/2.0", host: "ceerun.com"
2026/08/26 11:05:29 [error] 9853#0: *1456947 open() "/www/data/wwwroot/2025_12_26_01/404.html" failed (2: No such file or directory), client: 172.71.148.78, server: www.ceerun.com, request: "GET /wp-content/wp2shell_opt_woocommerce_stripe_api_settings HTTP/2.0", host: "ceerun.com"
2026/08/26 11:05:29 [error] 9851#0: *1456953 open() "/www/data/wwwroot/2025_12_26_01/wp-content/opt_woocommerce_stripe_api_settings" failed (2: No such file or directory), client: 162.159.113.37, server: www.ceerun.com, request: "GET /wp-content/opt_woocommerce_stripe_api_settings HTTP/2.0", host: "ceerun.com"
2026/08/26 11:05:29 [error] 9851#0: *1456953 open() "/www/data/wwwroot/2025_12_26_01/404.html" failed (2: No such file or directory), client: 162.159.113.37, server: www.ceerun.com, request: "GET /wp-content/opt_woocommerce_stripe_api_settings HTTP/2.0", host: "ceerun.com"
2026/08/26 11:05:29 [error] 9853#0: *1457091 open() "/www/data/wwwroot/2025_12_26_01/wp-content/uploads/opt_woocommerce_stripe_api_settings" failed (2: No such file or directory), client: 172.71.164.99, server: www.ceerun.com, request: "GET /wp-content/uploads/opt_woocommerce_stripe_api_settings HTTP/2.0", host: "ceerun.com"
2026/08/26 11:05:29 [error] 9853#0: *1457091 open() "/www/data/wwwroot/2025_12_26_01/404.html" failed (2: No such file or directory), client: 172.71.164.99, server: www.ceerun.com, request: "GET /wp-content/uploads/opt_woocommerce_stripe_api_settings HTTP/2.0", host: "ceerun.com"
2026/08/26 11:05:29 [error] 9853#0: *1456935 open() "/www/data/wwwroot/2025_12_26_01/backups/wp2shell_opt_woocommerce_stripe_api_settings" failed (2: No such file or directory), client: 172.69.109.120, server: www.ceerun.com, request: "GET /backups/wp2shell_opt_woocommerce_stripe_api_settings HTTP/2.0", host: "ceerun.com"
2026/08/26 11:05:29 [error] 9853#0: *1456935 open() "/www/data/wwwroot/2025_12_26_01/404.html" failed (2: No such file or directory), client: 172.69.109.120, server: www.ceerun.com, request: "GET /backups/wp2shell_opt_woocommerce_stripe_api_settings HTTP/2.0", host: "ceerun.com"
2026/08/26 11:06:02 [error] 9853#0: *1457091 open() "/www/data/wwwroot/2025_12_26_01/backup/opt_woocommerce_wc_stripe_settings" failed (2: No such file or directory), client: 172.71.164.99, server: www.ceerun.com, request: "GET /backup/opt_woocommerce_wc_stripe_settings HTTP/2.0", host: "ceerun.com"
2026/08/26 11:06:02 [error] 9853#0: *1457091 open() "/www/data/wwwroot/2025_12_26_01/404.html" failed (2: No such file or directory), client: 172.71.164.99, server: www.ceerun.com, request: "GET /backup/opt_woocommerce_wc_stripe_settings HTTP/2.0", host: "ceerun.com"
2026/08/26 11:06:06 [error] 9851#0: *1456953 open() "/www/data/wwwroot/2025_12_26_01/backup/wp2shell_opt_woocommerce_wc_stripe_settings" failed (2: No such file or directory), client: 162.159.113.37, server: www.ceerun.com, request: "GET /backup/wp2shell_opt_woocommerce_wc_stripe_settings HTTP/2.0", host: "ceerun.com"
2026/08/26 11:06:06 [error] 9851#0: *1456953 open() "/www/data/wwwroot/2025_12_26_01/404.html" failed (2: No such file or directory), client: 162.159.113.37, server: www.ceerun.com, request: "GET /backup/wp2shell_opt_woocommerce_wc_stripe_settings HTTP/2.0", host: "ceerun.com"
2026/08/26 11:06:07 [error] 9853#0: *1456947 open() "/www/data/wwwroot/2025_12_26_01/backups/wp2shell_opt_woocommerce_wc_stripe_settings" failed (2: No such file or directory), client: 172.71.148.78, server: www.ceerun.com, request: "GET /backups/wp2shell_opt_woocommerce_wc_stripe_settings HTTP/2.0", host: "ceerun.com"
2026/08/26 11:06:07 [error] 9853#0: *1456947 open() "/www/data/wwwroot/2025_12_26_01/404.html" failed (2: No such file or directory), client: 172.71.148.78, server: www.ceerun.com, request: "GET /backups/wp2shell_opt_woocommerce_wc_stripe_settings HTTP/2.0", host: "ceerun.com"
2026/08/26 11:06:07 [error] 9853#0: *1456935 open() "/www/data/wwwroot/2025_12_26_01/wp-content/opt_woocommerce_wc_stripe_settings" failed (2: No such file or directory), client: 172.69.109.120, server: www.ceerun.com, request: "GET /wp-content/opt_woocommerce_wc_stripe_settings HTTP/2.0", host: "ceerun.com"
2026/08/26 11:06:07 [error] 9853#0: *1456935 open() "/www/data/wwwroot/2025_12_26_01/404.html" failed (2: No such file or directory), client: 172.69.109.120, server: www.ceerun.com, request: "GET /wp-content/opt_woocommerce_wc_stripe_settings HTTP/2.0", host: "ceerun.com"
2026/08/26 11:06:08 [error] 9851#0: *1457255 open() "/www/data/wwwroot/2025_12_26_01/backups/opt_woocommerce_wc_stripe_settings" failed (2: No such file or directory), client: 172.71.172.80, server: www.ceerun.com, request: "GET /backups/opt_woocommerce_wc_stripe_settings HTTP/2.0", host: "ceerun.com"
2026/08/26 11:06:08 [error] 9851#0: *1457255 open() "/www/data/wwwroot/2025_12_26_01/404.html" failed (2: No such file or directory), client: 172.71.172.80, server: www.ceerun.com, request: "GET /backups/opt_woocommerce_wc_stripe_settings HTTP/2.0", host: "ceerun.com"
2026/08/26 11:06:08 [error] 9853#0: *1456947 open() "/www/data/wwwroot/2025_12_26_01/wp-content/wp2shell_opt_woocommerce_wc_stripe_settings" failed (2: No such file or directory), client: 172.71.148.78, server: www.ceerun.com, request: "GET /wp-content/wp2shell_opt_woocommerce_wc_stripe_settings HTTP/2.0", host: "ceerun.com"
2026/08/26 11:06:08 [error] 9853#0: *1456947 open() "/www/data/wwwroot/2025_12_26_01/404.html" failed (2: No such file or directory), client: 172.71.148.78, server: www.ceerun.com, request: "GET /wp-content/wp2shell_opt_woocommerce_wc_stripe_settings HTTP/2.0", host: "ceerun.com"
2026/08/26 11:06:09 [error] 9853#0: *1456935 open() "/www/data/wwwroot/2025_12_26_01/wp-content/uploads/opt_woocommerce_wc_stripe_settings" failed (2: No such file or directory), client: 172.69.109.120, server: www.ceerun.com, request: "GET /wp-content/uploads/opt_woocommerce_wc_stripe_settings HTTP/2.0", host: "ceerun.com"
2026/08/26 11:06:09 [error] 9853#0: *1456935 open() "/www/data/wwwroot/2025_12_26_01/404.html" failed (2: No such file or directory), client: 172.69.109.120, server: www.ceerun.com, request: "GET /wp-content/uploads/opt_woocommerce_wc_stripe_settings HTTP/2.0", host: "ceerun.com"
2026/08/26 11:06:09 [error] 9853#0: *1456947 open() "/www/data/wwwroot/2025_12_26_01/wp-content/uploads/wp2shell_opt_woocommerce_wc_stripe_settings" failed (2: No such file or directory), client: 172.71.148.78, server: www.ceerun.com, request: "GET /wp-content/uploads/wp2shell_opt_woocommerce_wc_stripe_settings HTTP/2.0", host: "ceerun.com"
2026/08/26 11:06:09 [error] 9853#0: *1456947 open() "/www/data/wwwroot/2025_12_26_01/404.html" failed (2: No such file or directory), client: 172.71.148.78, server: www.ceerun.com, request: "GET /wp-content/uploads/wp2shell_opt_woocommerce_wc_stripe_settings HTTP/2.0", host: "ceerun.com"
2026/08/26 11:06:21 [error] 9853#0: *1456947 open() "/www/data/wwwroot/2025_12_26_01/wp2shell_opt_give_stripe_settings" failed (2: No such file or directory), client: 172.71.148.78, server: www.ceerun.com, request: "GET /wp2shell_opt_give_stripe_settings HTTP/2.0", host: "ceerun.com"
2026/08/26 11:06:21 [error] 9853#0: *1456947 open() "/www/data/wwwroot/2025_12_26_01/404.html" failed (2: No such file or directory), client: 172.71.148.78, server: www.ceerun.com, request: "GET /wp2shell_opt_give_stripe_settings HTTP/2.0", host: "ceerun.com"
2026/08/26 11:06:22 [error] 9853#0: *1456935 open() "/www/data/wwwroot/2025_12_26_01/opt_give_stripe_settings" failed (2: No such file or directory), client: 172.69.109.120, server: www.ceerun.com, request: "GET /opt_give_stripe_settings HTTP/2.0", host: "ceerun.com"
2026/08/26 11:06:22 [error] 9853#0: *1456935 open() "/www/data/wwwroot/2025_12_26_01/404.html" failed (2: No such file or directory), client: 172.69.109.120, server: www.ceerun.com, request: "GET /opt_give_stripe_settings HTTP/2.0", host: "ceerun.com"
2026/08/26 11:06:22 [error] 9853#0: *1457091 open() "/www/data/wwwroot/2025_12_26_01/backup/opt_give_stripe_settings" failed (2: No such file or directory), client: 172.71.164.99, server: www.ceerun.com, request: "GET /backup/opt_give_stripe_settings HTTP/2.0", host: "ceerun.com"
2026/08/26 11:06:22 [error] 9853#0: *1457091 open() "/www/data/wwwroot/2025_12_26_01/404.html" failed (2: No such file or directory), client: 172.71.164.99, server: www.ceerun.com, request: "GET /backup/opt_give_stripe_settings HTTP/2.0", host: "ceerun.com"
2026/08/26 11:06:24 [error] 9853#0: *1456947 open() "/www/data/wwwroot/2025_12_26_01/backup/wp2shell_opt_give_stripe_settings" failed (2: No such file or directory), client: 172.71.148.78, server: www.ceerun.com, request: "GET /backup/wp2shell_opt_give_stripe_settings HTTP/2.0", host: "ceerun.com"
2026/08/26 11:06:24 [error] 9853#0: *1456947 open() "/www/data/wwwroot/2025_12_26_01/404.html" failed (2: No such file or directory), client: 172.71.148.78, server: www.ceerun.com, request: "GET /backup/wp2shell_opt_give_stripe_settings HTTP/2.0", host: "ceerun.com"
2026/08/26 11:06:24 [error] 9853#0: *1456935 open() "/www/data/wwwroot/2025_12_26_01/backups/opt_give_stripe_settings" failed (2: No such file or directory), client: 172.69.109.120, server: www.ceerun.com, request: "GET /backups/opt_give_stripe_settings HTTP/2.0", host: "ceerun.com"
2026/08/26 11:06:24 [error] 9853#0: *1456935 open() "/www/data/wwwroot/2025_12_26_01/404.html" failed (2: No such file or directory), client: 172.69.109.120, server: www.ceerun.com, request: "GET /backups/opt_give_stripe_settings HTTP/2.0", host: "ceerun.com"
2026/08/26 11:06:24 [error] 9853#0: *1457091 open() "/www/data/wwwroot/2025_12_26_01/backups/wp2shell_opt_give_stripe_settings" failed (2: No such file or directory), client: 172.71.164.99, server: www.ceerun.com, request: "GET /backups/wp2shell_opt_give_stripe_settings HTTP/2.0", host: "ceerun.com"
2026/08/26 11:06:24 [error] 9853#0: *1457091 open() "/www/data/wwwroot/2025_12_26_01/404.html" failed (2: No such file or directory), client: 172.71.164.99, server: www.ceerun.com, request: "GET /backups/wp2shell_opt_give_stripe_settings HTTP/2.0", host: "ceerun.com"
2026/08/26 11:06:25 [error] 9853#0: *1456947 open() "/www/data/wwwroot/2025_12_26_01/wp-content/wp2shell_opt_give_stripe_settings" failed (2: No such file or directory), client: 172.71.148.78, server: www.ceerun.com, request: "GET /wp-content/wp2shell_opt_give_stripe_settings HTTP/2.0", host: "ceerun.com"
2026/08/26 11:06:25 [error] 9853#0: *1456947 open() "/www/data/wwwroot/2025_12_26_01/404.html" failed (2: No such file or directory), client: 172.71.148.78, server: www.ceerun.com, request: "GET /wp-content/wp2shell_opt_give_stripe_settings HTTP/2.0", host: "ceerun.com"
2026/08/26 11:06:25 [error] 9853#0: *1456935 open() "/www/data/wwwroot/2025_12_26_01/wp-content/opt_give_stripe_settings" failed (2: No such file or directory), client: 172.69.109.120, server: www.ceerun.com, request: "GET /wp-content/opt_give_stripe_settings HTTP/2.0", host: "ceerun.com"
2026/08/26 11:06:25 [error] 9853#0: *1456935 open() "/www/data/wwwroot/2025_12_26_01/404.html" failed (2: No such file or directory), client: 172.69.109.120, server: www.ceerun.com, request: "GET /wp-content/opt_give_stripe_settings HTTP/2.0", host: "ceerun.com"
2026/08/26 11:06:32 [error] 9853#0: *1456935 open() "/www/data/wwwroot/2025_12_26_01/wp-content/uploads/opt_give_stripe_settings" failed (2: No such file or directory), client: 172.69.109.120, server: www.ceerun.com, request: "GET /wp-content/uploads/opt_give_stripe_settings HTTP/2.0", host: "ceerun.com"
2026/08/26 11:06:32 [error] 9853#0: *1456935 open() "/www/data/wwwroot/2025_12_26_01/404.html" failed (2: No such file or directory), client: 172.69.109.120, server: www.ceerun.com, request: "GET /wp-content/uploads/opt_give_stripe_settings HTTP/2.0", host: "ceerun.com"
2026/08/26 11:06:32 [error] 9853#0: *1456947 open() "/www/data/wwwroot/2025_12_26_01/wp-content/uploads/wp2shell_opt_give_stripe_settings" failed (2: No such file or directory), client: 172.71.148.78, server: www.ceerun.com, request: "GET /wp-content/uploads/wp2shell_opt_give_stripe_settings HTTP/2.0", host: "ceerun.com"
2026/08/26 11:06:32 [error] 9853#0: *1456947 open() "/www/data/wwwroot/2025_12_26_01/404.html" failed (2: No such file or directory), client: 172.71.148.78, server: www.ceerun.com, request: "GET /wp-content/uploads/wp2shell_opt_give_stripe_settings HTTP/2.0", host: "ceerun.com"
2026/08/26 11:06:36 [error] 9851#0: *1456953 open() "/www/data/wwwroot/2025_12_26_01/wp-config.bak" failed (2: No such file or directory), client: 162.159.113.37, server: www.ceerun.com, request: "GET /wp-config.bak HTTP/2.0", host: "ceerun.com"
2026/08/26 11:06:36 [error] 9851#0: *1456953 open() "/www/data/wwwroot/2025_12_26_01/404.html" failed (2: No such file or directory), client: 162.159.113.37, server: www.ceerun.com, request: "GET /wp-config.bak HTTP/2.0", host: "ceerun.com"
2026/08/26 11:06:37 [error] 9851#0: *1456953 open() "/www/data/wwwroot/2025_12_26_01/404.html" failed (2: No such file or directory), client: 162.159.113.37, server: www.ceerun.com, request: "GET /login_up.php HTTP/2.0", host: "ceerun.com"
2026/08/26 11:06:41 [error] 9851#0: *1456953 open() "/www/data/wwwroot/2025_12_26_01/opt_woocommerce_paypal_settings" failed (2: No such file or directory), client: 162.159.113.37, server: www.ceerun.com, request: "GET /opt_woocommerce_paypal_settings HTTP/2.0", host: "ceerun.com"
2026/08/26 11:06:41 [error] 9851#0: *1456953 open() "/www/data/wwwroot/2025_12_26_01/404.html" failed (2: No such file or directory), client: 162.159.113.37, server: www.ceerun.com, request: "GET /opt_woocommerce_paypal_settings HTTP/2.0", host: "ceerun.com"
2026/08/26 11:06:41 [error] 9853#0: *1456935 open() "/www/data/wwwroot/2025_12_26_01/wp2shell_opt_woocommerce_paypal_settings" failed (2: No such file or directory), client: 172.69.109.120, server: www.ceerun.com, request: "GET /wp2shell_opt_woocommerce_paypal_settings HTTP/2.0", host: "ceerun.com"
2026/08/26 11:06:41 [error] 9853#0: *1456935 open() "/www/data/wwwroot/2025_12_26_01/404.html" failed (2: No such file or directory), client: 172.69.109.120, server: www.ceerun.com, request: "GET /wp2shell_opt_woocommerce_paypal_settings HTTP/2.0", host: "ceerun.com"
2026/08/26 11:06:42 [error] 9853#0: *1456947 open() "/www/data/wwwroot/2025_12_26_01/backup/wp2shell_opt_woocommerce_paypal_settings" failed (2: No such file or directory), client: 172.71.148.78, server: www.ceerun.com, request: "GET /backup/wp2shell_opt_woocommerce_paypal_settings HTTP/2.0", host: "ceerun.com"
2026/08/26 11:06:42 [error] 9853#0: *1456947 open() "/www/data/wwwroot/2025_12_26_01/404.html" failed (2: No such file or directory), client: 172.71.148.78, server: www.ceerun.com, request: "GET /backup/wp2shell_opt_woocommerce_paypal_settings HTTP/2.0", host: "ceerun.com"
2026/08/26 11:06:42 [error] 9851#0: *1456953 open() "/www/data/wwwroot/2025_12_26_01/backups/opt_woocommerce_paypal_settings" failed (2: No such file or directory), client: 162.159.113.37, server: www.ceerun.com, request: "GET /backups/opt_woocommerce_paypal_settings HTTP/2.0", host: "ceerun.com"
2026/08/26 11:06:42 [error] 9851#0: *1456953 open() "/www/data/wwwroot/2025_12_26_01/404.html" failed (2: No such file or directory), client: 162.159.113.37, server: www.ceerun.com, request: "GET /backups/opt_woocommerce_paypal_settings HTTP/2.0", host: "ceerun.com"
2026/08/26 11:06:42 [error] 9853#0: *1457091 open() "/www/data/wwwroot/2025_12_26_01/backups/wp2shell_opt_woocommerce_paypal_settings" failed (2: No such file or directory), client: 172.71.164.99, server: www.ceerun.com, request: "GET /backups/wp2shell_opt_woocommerce_paypal_settings HTTP/2.0", host: "ceerun.com"
2026/08/26 11:06:42 [error] 9853#0: *1457091 open() "/www/data/wwwroot/2025_12_26_01/404.html" failed (2: No such file or directory), client: 172.71.164.99, server: www.ceerun.com, request: "GET /backups/wp2shell_opt_woocommerce_paypal_settings HTTP/2.0", host: "ceerun.com"
2026/08/26 11:06:43 [error] 9853#0: *1456947 open() "/www/data/wwwroot/2025_12_26_01/backup/opt_woocommerce_paypal_settings" failed (2: No such file or directory), client: 172.71.148.78, server: www.ceerun.com, request: "GET /backup/opt_woocommerce_paypal_settings HTTP/2.0", host: "ceerun.com"
2026/08/26 11:06:43 [error] 9853#0: *1456947 open() "/www/data/wwwroot/2025_12_26_01/404.html" failed (2: No such file or directory), client: 172.71.148.78, server: www.ceerun.com, request: "GET /backup/opt_woocommerce_paypal_settings HTTP/2.0", host: "ceerun.com"
2026/08/26 11:06:44 [error] 9853#0: *1457091 open() "/www/data/wwwroot/2025_12_26_01/wp-content/opt_woocommerce_paypal_settings" failed (2: No such file or directory), client: 172.71.164.99, server: www.ceerun.com, request: "GET /wp-content/opt_woocommerce_paypal_settings HTTP/2.0", host: "ceerun.com"
2026/08/26 11:06:44 [error] 9853#0: *1457091 open() "/www/data/wwwroot/2025_12_26_01/404.html" failed (2: No such file or directory), client: 172.71.164.99, server: www.ceerun.com, request: "GET /wp-content/opt_woocommerce_paypal_settings HTTP/2.0", host: "ceerun.com"
2026/08/26 11:06:46 [error] 9853#0: *1457091 open() "/www/data/wwwroot/2025_12_26_01/wp-content/wp2shell_opt_woocommerce_paypal_settings" failed (2: No such file or directory), client: 172.71.164.99, server: www.ceerun.com, request: "GET /wp-content/wp2shell_opt_woocommerce_paypal_settings HTTP/2.0", host: "ceerun.com"
2026/08/26 11:06:46 [error] 9853#0: *1457091 open() "/www/data/wwwroot/2025_12_26_01/404.html" failed (2: No such file or directory), client: 172.71.164.99, server: www.ceerun.com, request: "GET /wp-content/wp2shell_opt_woocommerce_paypal_settings HTTP/2.0", host: "ceerun.com"
2026/08/26 11:06:48 [error] 9853#0: *1457091 open() "/www/data/wwwroot/2025_12_26_01/wp-content/uploads/opt_woocommerce_paypal_settings" failed (2: No such file or directory), client: 172.71.164.99, server: www.ceerun.com, request: "GET /wp-content/uploads/opt_woocommerce_paypal_settings HTTP/2.0", host: "ceerun.com"
2026/08/26 11:06:48 [error] 9853#0: *1457091 open() "/www/data/wwwroot/2025_12_26_01/404.html" failed (2: No such file or directory), client: 172.71.164.99, server: www.ceerun.com, request: "GET /wp-content/uploads/opt_woocommerce_paypal_settings HTTP/2.0", host: "ceerun.com"
2026/08/26 11:06:51 [error] 9853#0: *1457091 open() "/www/data/wwwroot/2025_12_26_01/wp-content/uploads/wp2shell_opt_woocommerce_paypal_settings" failed (2: No such file or directory), client: 172.71.164.99, server: www.ceerun.com, request: "GET /wp-content/uploads/wp2shell_opt_woocommerce_paypal_settings HTTP/2.0", host: "ceerun.com"
2026/08/26 11:06:51 [error] 9853#0: *1457091 open() "/www/data/wwwroot/2025_12_26_01/404.html" failed (2: No such file or directory), client: 172.71.164.99, server: www.ceerun.com, request: "GET /wp-content/uploads/wp2shell_opt_woocommerce_paypal_settings HTTP/2.0", host: "ceerun.com"
2026/08/26 11:06:51 [error] 9853#0: *1456947 open() "/www/data/wwwroot/2025_12_26_01/opt_woocommerce_ppec_paypal_settings" failed (2: No such file or directory), client: 172.71.148.78, server: www.ceerun.com, request: "GET /opt_woocommerce_ppec_paypal_settings HTTP/2.0", host: "ceerun.com"
2026/08/26 11:06:51 [error] 9853#0: *1456947 open() "/www/data/wwwroot/2025_12_26_01/404.html" failed (2: No such file or directory), client: 172.71.148.78, server: www.ceerun.com, request: "GET /opt_woocommerce_ppec_paypal_settings HTTP/2.0", host: "ceerun.com"
2026/08/26 11:06:51 [error] 9853#0: *1456935 open() "/www/data/wwwroot/2025_12_26_01/wp2shell_opt_woocommerce_ppec_paypal_settings" failed (2: No such file or directory), client: 172.69.109.120, server: www.ceerun.com, request: "GET /wp2shell_opt_woocommerce_ppec_paypal_settings HTTP/2.0", host: "ceerun.com"
2026/08/26 11:06:51 [error] 9853#0: *1456935 open() "/www/data/wwwroot/2025_12_26_01/404.html" failed (2: No such file or directory), client: 172.69.109.120, server: www.ceerun.com, request: "GET /wp2shell_opt_woocommerce_ppec_paypal_settings HTTP/2.0", host: "ceerun.com"
2026/08/26 11:06:52 [error] 9853#0: *1456947 open() "/www/data/wwwroot/2025_12_26_01/backup/opt_woocommerce_ppec_paypal_settings" failed (2: No such file or directory), client: 172.71.148.78, server: www.ceerun.com, request: "GET /backup/opt_woocommerce_ppec_paypal_settings HTTP/2.0", host: "ceerun.com"
2026/08/26 11:06:52 [error] 9853#0: *1456947 open() "/www/data/wwwroot/2025_12_26_01/404.html" failed (2: No such file or directory), client: 172.71.148.78, server: www.ceerun.com, request: "GET /backup/opt_woocommerce_ppec_paypal_settings HTTP/2.0", host: "ceerun.com"
2026/08/26 11:06:53 [error] 9853#0: *1456935 open() "/www/data/wwwroot/2025_12_26_01/backups/opt_woocommerce_ppec_paypal_settings" failed (2: No such file or directory), client: 172.69.109.120, server: www.ceerun.com, request: "GET /backups/opt_woocommerce_ppec_paypal_settings HTTP/2.0", host: "ceerun.com"
2026/08/26 11:06:53 [error] 9853#0: *1456935 open() "/www/data/wwwroot/2025_12_26_01/404.html" failed (2: No such file or directory), client: 172.69.109.120, server: www.ceerun.com, request: "GET /backups/opt_woocommerce_ppec_paypal_settings HTTP/2.0", host: "ceerun.com"
2026/08/26 11:06:53 [error] 9853#0: *1457091 open() "/www/data/wwwroot/2025_12_26_01/backup/wp2shell_opt_woocommerce_ppec_paypal_settings" failed (2: No such file or directory), client: 172.71.164.99, server: www.ceerun.com, request: "GET /backup/wp2shell_opt_woocommerce_ppec_paypal_settings HTTP/2.0", host: "ceerun.com"
2026/08/26 11:06:53 [error] 9853#0: *1457091 open() "/www/data/wwwroot/2025_12_26_01/404.html" failed (2: No such file or directory), client: 172.71.164.99, server: www.ceerun.com, request: "GET /backup/wp2shell_opt_woocommerce_ppec_paypal_settings HTTP/2.0", host: "ceerun.com"
2026/08/26 11:06:54 [error] 9853#0: *1456947 open() "/www/data/wwwroot/2025_12_26_01/backups/wp2shell_opt_woocommerce_ppec_paypal_settings" failed (2: No such file or directory), client: 172.71.148.78, server: www.ceerun.com, request: "GET /backups/wp2shell_opt_woocommerce_ppec_paypal_settings HTTP/2.0", host: "ceerun.com"
2026/08/26 11:06:54 [error] 9853#0: *1456947 open() "/www/data/wwwroot/2025_12_26_01/404.html" failed (2: No such file or directory), client: 172.71.148.78, server: www.ceerun.com, request: "GET /backups/wp2shell_opt_woocommerce_ppec_paypal_settings HTTP/2.0", host: "ceerun.com"
2026/08/26 11:07:01 [error] 9853#0: *1456947 open() "/www/data/wwwroot/2025_12_26_01/wp-content/uploads/opt_woocommerce_ppec_paypal_settings" failed (2: No such file or directory), client: 172.71.148.78, server: www.ceerun.com, request: "GET /wp-content/uploads/opt_woocommerce_ppec_paypal_settings HTTP/2.0", host: "ceerun.com"
2026/08/26 11:07:01 [error] 9853#0: *1456947 open() "/www/data/wwwroot/2025_12_26_01/404.html" failed (2: No such file or directory), client: 172.71.148.78, server: www.ceerun.com, request: "GET /wp-content/uploads/opt_woocommerce_ppec_paypal_settings HTTP/2.0", host: "ceerun.com"
2026/08/26 11:07:01 [error] 9853#0: *1456935 open() "/www/data/wwwroot/2025_12_26_01/wp-content/wp2shell_opt_woocommerce_ppec_paypal_settings" failed (2: No such file or directory), client: 172.69.109.120, server: www.ceerun.com, request: "GET /wp-content/wp2shell_opt_woocommerce_ppec_paypal_settings HTTP/2.0", host: "ceerun.com"
2026/08/26 11:07:01 [error] 9853#0: *1456935 open() "/www/data/wwwroot/2025_12_26_01/404.html" failed (2: No such file or directory), client: 172.69.109.120, server: www.ceerun.com, request: "GET /wp-content/wp2shell_opt_woocommerce_ppec_paypal_settings HTTP/2.0", host: "ceerun.com"
2026/08/26 11:07:02 [error] 9853#0: *1457091 open() "/www/data/wwwroot/2025_12_26_01/wp-content/opt_woocommerce_ppec_paypal_settings" failed (2: No such file or directory), client: 172.71.164.99, server: www.ceerun.com, request: "GET /wp-content/opt_woocommerce_ppec_paypal_settings HTTP/2.0", host: "ceerun.com"
2026/08/26 11:07:02 [error] 9853#0: *1457091 open() "/www/data/wwwroot/2025_12_26_01/404.html" failed (2: No such file or directory), client: 172.71.164.99, server: www.ceerun.com, request: "GET /wp-content/opt_woocommerce_ppec_paypal_settings HTTP/2.0", host: "ceerun.com"
2026/08/26 11:07:04 [error] 9853#0: *1456947 open() "/www/data/wwwroot/2025_12_26_01/wp-content/uploads/wp2shell_opt_woocommerce_ppec_paypal_settings" failed (2: No such file or directory), client: 172.71.148.78, server: www.ceerun.com, request: "GET /wp-content/uploads/wp2shell_opt_woocommerce_ppec_paypal_settings HTTP/2.0", host: "ceerun.com"
2026/08/26 11:07:04 [error] 9853#0: *1456947 open() "/www/data/wwwroot/2025_12_26_01/404.html" failed (2: No such file or directory), client: 172.71.148.78, server: www.ceerun.com, request: "GET /wp-content/uploads/wp2shell_opt_woocommerce_ppec_paypal_settings HTTP/2.0", host: "ceerun.com"
2026/08/26 11:07:06 [error] 9853#0: *1457091 open() "/www/data/wwwroot/2025_12_26_01/opt_woocommerce_ppcp-gateway_settings" failed (2: No such file or directory), client: 172.71.164.99, server: www.ceerun.com, request: "GET /opt_woocommerce_ppcp-gateway_settings HTTP/2.0", host: "ceerun.com"
2026/08/26 11:07:06 [error] 9853#0: *1457091 open() "/www/data/wwwroot/2025_12_26_01/404.html" failed (2: No such file or directory), client: 172.71.164.99, server: www.ceerun.com, request: "GET /opt_woocommerce_ppcp-gateway_settings HTTP/2.0", host: "ceerun.com"
2026/08/26 11:07:07 [error] 9853#0: *1457091 open() "/www/data/wwwroot/2025_12_26_01/backup/wp2shell_opt_woocommerce_ppcp-gateway_settings" failed (2: No such file or directory), client: 172.71.164.99, server: www.ceerun.com, request: "GET /backup/wp2shell_opt_woocommerce_ppcp-gateway_settings HTTP/2.0", host: "ceerun.com"
2026/08/26 11:07:07 [error] 9853#0: *1457091 open() "/www/data/wwwroot/2025_12_26_01/404.html" failed (2: No such file or directory), client: 172.71.164.99, server: www.ceerun.com, request: "GET /backup/wp2shell_opt_woocommerce_ppcp-gateway_settings HTTP/2.0", host: "ceerun.com"
2026/08/26 11:07:07 [error] 9853#0: *1456947 open() "/www/data/wwwroot/2025_12_26_01/wp2shell_opt_woocommerce_ppcp-gateway_settings" failed (2: No such file or directory), client: 172.71.148.78, server: www.ceerun.com, request: "GET /wp2shell_opt_woocommerce_ppcp-gateway_settings HTTP/2.0", host: "ceerun.com"
2026/08/26 11:07:07 [error] 9853#0: *1456947 open() "/www/data/wwwroot/2025_12_26_01/404.html" failed (2: No such file or directory), client: 172.71.148.78, server: www.ceerun.com, request: "GET /wp2shell_opt_woocommerce_ppcp-gateway_settings HTTP/2.0", host: "ceerun.com"
2026/08/26 11:07:07 [error] 9853#0: *1456935 open() "/www/data/wwwroot/2025_12_26_01/backup/opt_woocommerce_ppcp-gateway_settings" failed (2: No such file or directory), client: 172.69.109.120, server: www.ceerun.com, request: "GET /backup/opt_woocommerce_ppcp-gateway_settings HTTP/2.0", host: "ceerun.com"
2026/08/26 11:07:07 [error] 9853#0: *1456935 open() "/www/data/wwwroot/2025_12_26_01/404.html" failed (2: No such file or directory), client: 172.69.109.120, server: www.ceerun.com, request: "GET /backup/opt_woocommerce_ppcp-gateway_settings HTTP/2.0", host: "ceerun.com"
2026/08/26 11:07:10 [error] 9853#0: *1456947 open() "/www/data/wwwroot/2025_12_26_01/backups/opt_woocommerce_ppcp-gateway_settings" failed (2: No such file or directory), client: 172.71.148.78, server: www.ceerun.com, request: "GET /backups/opt_woocommerce_ppcp-gateway_settings HTTP/2.0", host: "ceerun.com"
2026/08/26 11:07:10 [error] 9853#0: *1456947 open() "/www/data/wwwroot/2025_12_26_01/404.html" failed (2: No such file or directory), client: 172.71.148.78, server: www.ceerun.com, request: "GET /backups/opt_woocommerce_ppcp-gateway_settings HTTP/2.0", host: "ceerun.com"
2026/08/26 11:07:11 [error] 9853#0: *1456935 open() "/www/data/wwwroot/2025_12_26_01/backups/wp2shell_opt_woocommerce_ppcp-gateway_settings" failed (2: No such file or directory), client: 172.69.109.120, server: www.ceerun.com, request: "GET /backups/wp2shell_opt_woocommerce_ppcp-gateway_settings HTTP/2.0", host: "ceerun.com"
2026/08/26 11:07:11 [error] 9853#0: *1456935 open() "/www/data/wwwroot/2025_12_26_01/404.html" failed (2: No such file or directory), client: 172.69.109.120, server: www.ceerun.com, request: "GET /backups/wp2shell_opt_woocommerce_ppcp-gateway_settings HTTP/2.0", host: "ceerun.com"
2026/08/26 11:07:13 [error] 9853#0: *1456935 open() "/www/data/wwwroot/2025_12_26_01/wp-content/opt_woocommerce_ppcp-gateway_settings" failed (2: No such file or directory), client: 172.69.109.120, server: www.ceerun.com, request: "GET /wp-content/opt_woocommerce_ppcp-gateway_settings HTTP/2.0", host: "ceerun.com"
2026/08/26 11:07:13 [error] 9853#0: *1456935 open() "/www/data/wwwroot/2025_12_26_01/404.html" failed (2: No such file or directory), client: 172.69.109.120, server: www.ceerun.com, request: "GET /wp-content/opt_woocommerce_ppcp-gateway_settings HTTP/2.0", host: "ceerun.com"
2026/08/26 11:07:15 [error] 9853#0: *1456935 open() "/www/data/wwwroot/2025_12_26_01/wp-content/wp2shell_opt_woocommerce_ppcp-gateway_settings" failed (2: No such file or directory), client: 172.69.109.120, server: www.ceerun.com, request: "GET /wp-content/wp2shell_opt_woocommerce_ppcp-gateway_settings HTTP/2.0", host: "ceerun.com"
2026/08/26 11:07:15 [error] 9853#0: *1456935 open() "/www/data/wwwroot/2025_12_26_01/404.html" failed (2: No such file or directory), client: 172.69.109.120, server: www.ceerun.com, request: "GET /wp-content/wp2shell_opt_woocommerce_ppcp-gateway_settings HTTP/2.0", host: "ceerun.com"
2026/08/26 11:07:17 [error] 9853#0: *1456947 open() "/www/data/wwwroot/2025_12_26_01/wp-content/uploads/opt_woocommerce_ppcp-gateway_settings" failed (2: No such file or directory), client: 172.71.148.78, server: www.ceerun.com, request: "GET /wp-content/uploads/opt_woocommerce_ppcp-gateway_settings HTTP/2.0", host: "ceerun.com"
2026/08/26 11:07:17 [error] 9853#0: *1456947 open() "/www/data/wwwroot/2025_12_26_01/404.html" failed (2: No such file or directory), client: 172.71.148.78, server: www.ceerun.com, request: "GET /wp-content/uploads/opt_woocommerce_ppcp-gateway_settings HTTP/2.0", host: "ceerun.com"
2026/08/26 11:07:17 [error] 9853#0: *1456935 open() "/www/data/wwwroot/2025_12_26_01/wp2shell_opt_woocommerce_ppcp_settings" failed (2: No such file or directory), client: 172.69.109.120, server: www.ceerun.com, request: "GET /wp2shell_opt_woocommerce_ppcp_settings HTTP/2.0", host: "ceerun.com"
