2026/08/26 09:33:34 [error] 9851#0: *1447957 open() "/www/data/wwwroot/2025_12_26_01/backup/woocommerce_stripe_cc_settings.txt" failed (2: No such file or directory), client: 172.70.240.95, server: www.ceerun.com, request: "GET /backup/woocommerce_stripe_cc_settings.txt HTTP/2.0", host: "www.ceerun.com"
2026/08/26 09:33:34 [error] 9851#0: *1447957 open() "/www/data/wwwroot/2025_12_26_01/404.html" failed (2: No such file or directory), client: 172.70.240.95, server: www.ceerun.com, request: "GET /backup/woocommerce_stripe_cc_settings.txt HTTP/2.0", host: "www.ceerun.com"
2026/08/26 09:33:34 [error] 9851#0: *1448067 open() "/www/data/wwwroot/2025_12_26_01/backup/woocommerce_stripe_cc_settings.sql" failed (2: No such file or directory), client: 172.71.247.160, server: www.ceerun.com, request: "GET /backup/woocommerce_stripe_cc_settings.sql HTTP/2.0", host: "www.ceerun.com"
2026/08/26 09:33:34 [error] 9851#0: *1448067 open() "/www/data/wwwroot/2025_12_26_01/404.html" failed (2: No such file or directory), client: 172.71.247.160, server: www.ceerun.com, request: "GET /backup/woocommerce_stripe_cc_settings.sql HTTP/2.0", host: "www.ceerun.com"
2026/08/26 09:33:35 [error] 9851#0: *1448097 open() "/www/data/wwwroot/2025_12_26_01/backup/woocommerce_stripe_cc_settings.zip" failed (2: No such file or directory), client: 172.71.160.145, server: www.ceerun.com, request: "GET /backup/woocommerce_stripe_cc_settings.zip HTTP/2.0", host: "www.ceerun.com"
2026/08/26 09:33:35 [error] 9851#0: *1448097 open() "/www/data/wwwroot/2025_12_26_01/404.html" failed (2: No such file or directory), client: 172.71.160.145, server: www.ceerun.com, request: "GET /backup/woocommerce_stripe_cc_settings.zip HTTP/2.0", host: "www.ceerun.com"
2026/08/26 09:33:36 [error] 9853#0: *1448098 open() "/www/data/wwwroot/2025_12_26_01/backup/woocommerce_stripe_cc_settings.tar.gz" failed (2: No such file or directory), client: 172.69.109.156, server: www.ceerun.com, request: "GET /backup/woocommerce_stripe_cc_settings.tar.gz HTTP/2.0", host: "www.ceerun.com"
2026/08/26 09:33:36 [error] 9853#0: *1448098 open() "/www/data/wwwroot/2025_12_26_01/404.html" failed (2: No such file or directory), client: 172.69.109.156, server: www.ceerun.com, request: "GET /backup/woocommerce_stripe_cc_settings.tar.gz HTTP/2.0", host: "www.ceerun.com"
2026/08/26 09:33:36 [error] 9852#0: *1448099 open() "/www/data/wwwroot/2025_12_26_01/backup/woocommerce_stripe_cc_settings.csv" failed (2: No such file or directory), client: 172.69.109.108, server: www.ceerun.com, request: "GET /backup/woocommerce_stripe_cc_settings.csv HTTP/2.0", host: "www.ceerun.com"
2026/08/26 09:33:36 [error] 9852#0: *1448099 open() "/www/data/wwwroot/2025_12_26_01/404.html" failed (2: No such file or directory), client: 172.69.109.108, server: www.ceerun.com, request: "GET /backup/woocommerce_stripe_cc_settings.csv HTTP/2.0", host: "www.ceerun.com"
2026/08/26 09:33:38 [error] 9850#0: *1448102 open() "/www/data/wwwroot/2025_12_26_01/wp-content/uploads/woocommerce_stripe_cc_settings" failed (2: No such file or directory), client: 104.23.166.6, server: www.ceerun.com, request: "GET /wp-content/uploads/woocommerce_stripe_cc_settings HTTP/2.0", host: "www.ceerun.com"
2026/08/26 09:33:38 [error] 9850#0: *1448102 open() "/www/data/wwwroot/2025_12_26_01/404.html" failed (2: No such file or directory), client: 104.23.166.6, server: www.ceerun.com, request: "GET /wp-content/uploads/woocommerce_stripe_cc_settings HTTP/2.0", host: "www.ceerun.com"
2026/08/26 09:33:38 [error] 9853#0: *1448093 open() "/www/data/wwwroot/2025_12_26_01/wp-content/uploads/woocommerce_stripe_cc_settings.sql" failed (2: No such file or directory), client: 172.69.109.214, server: www.ceerun.com, request: "GET /wp-content/uploads/woocommerce_stripe_cc_settings.sql HTTP/2.0", host: "www.ceerun.com"
2026/08/26 09:33:38 [error] 9853#0: *1448093 open() "/www/data/wwwroot/2025_12_26_01/404.html" failed (2: No such file or directory), client: 172.69.109.214, server: www.ceerun.com, request: "GET /wp-content/uploads/woocommerce_stripe_cc_settings.sql HTTP/2.0", host: "www.ceerun.com"
2026/08/26 09:33:45 [error] 9851#0: *1448094 open() "/www/data/wwwroot/2025_12_26_01/wp-content/uploads/woocommerce_stripe_cc_settings.log" failed (2: No such file or directory), client: 172.69.109.214, server: www.ceerun.com, request: "GET /wp-content/uploads/woocommerce_stripe_cc_settings.log HTTP/2.0", host: "www.ceerun.com"
2026/08/26 09:33:45 [error] 9851#0: *1448094 open() "/www/data/wwwroot/2025_12_26_01/404.html" failed (2: No such file or directory), client: 172.69.109.214, server: www.ceerun.com, request: "GET /wp-content/uploads/woocommerce_stripe_cc_settings.log HTTP/2.0", host: "www.ceerun.com"
2026/08/26 09:33:47 [error] 9851#0: *1448067 open() "/www/data/wwwroot/2025_12_26_01/wp-content/uploads/woocommerce_stripe_cc_settings.txt" failed (2: No such file or directory), client: 172.71.247.160, server: www.ceerun.com, request: "GET /wp-content/uploads/woocommerce_stripe_cc_settings.txt HTTP/2.0", host: "www.ceerun.com"
2026/08/26 09:33:47 [error] 9851#0: *1448067 open() "/www/data/wwwroot/2025_12_26_01/404.html" failed (2: No such file or directory), client: 172.71.247.160, server: www.ceerun.com, request: "GET /wp-content/uploads/woocommerce_stripe_cc_settings.txt HTTP/2.0", host: "www.ceerun.com"
2026/08/26 09:33:47 [error] 9851#0: *1448123 open() "/www/data/wwwroot/2025_12_26_01/wp-content/uploads/woocommerce_stripe_cc_settings.zip" failed (2: No such file or directory), client: 172.69.109.202, server: www.ceerun.com, request: "GET /wp-content/uploads/woocommerce_stripe_cc_settings.zip HTTP/2.0", host: "www.ceerun.com"
2026/08/26 09:33:47 [error] 9851#0: *1448123 open() "/www/data/wwwroot/2025_12_26_01/404.html" failed (2: No such file or directory), client: 172.69.109.202, server: www.ceerun.com, request: "GET /wp-content/uploads/woocommerce_stripe_cc_settings.zip HTTP/2.0", host: "www.ceerun.com"
2026/08/26 09:33:47 [error] 9853#0: *1448095 open() "/www/data/wwwroot/2025_12_26_01/wp-content/uploads/woocommerce_stripe_cc_settings.tar.gz" failed (2: No such file or directory), client: 172.69.109.214, server: www.ceerun.com, request: "GET /wp-content/uploads/woocommerce_stripe_cc_settings.tar.gz HTTP/2.0", host: "www.ceerun.com"
2026/08/26 09:33:47 [error] 9853#0: *1448095 open() "/www/data/wwwroot/2025_12_26_01/404.html" failed (2: No such file or directory), client: 172.69.109.214, server: www.ceerun.com, request: "GET /wp-content/uploads/woocommerce_stripe_cc_settings.tar.gz HTTP/2.0", host: "www.ceerun.com"
2026/08/26 09:33:47 [error] 9853#0: *1448095 open() "/www/data/wwwroot/2025_12_26_01/tmp/woocommerce_stripe_cc_settings" failed (2: No such file or directory), client: 172.69.109.214, server: www.ceerun.com, request: "GET /tmp/woocommerce_stripe_cc_settings HTTP/2.0", host: "www.ceerun.com"
2026/08/26 09:33:47 [error] 9853#0: *1448095 open() "/www/data/wwwroot/2025_12_26_01/404.html" failed (2: No such file or directory), client: 172.69.109.214, server: www.ceerun.com, request: "GET /tmp/woocommerce_stripe_cc_settings HTTP/2.0", host: "www.ceerun.com"
2026/08/26 09:33:47 [error] 9851#0: *1448124 open() "/www/data/wwwroot/2025_12_26_01/wp-content/uploads/woocommerce_stripe_cc_settings.csv" failed (2: No such file or directory), client: 172.71.144.91, server: www.ceerun.com, request: "GET /wp-content/uploads/woocommerce_stripe_cc_settings.csv HTTP/2.0", host: "www.ceerun.com"
2026/08/26 09:33:47 [error] 9851#0: *1448124 open() "/www/data/wwwroot/2025_12_26_01/404.html" failed (2: No such file or directory), client: 172.71.144.91, server: www.ceerun.com, request: "GET /wp-content/uploads/woocommerce_stripe_cc_settings.csv HTTP/2.0", host: "www.ceerun.com"
2026/08/26 09:33:49 [error] 9851#0: *1448067 open() "/www/data/wwwroot/2025_12_26_01/tmp/woocommerce_stripe_cc_settings.sql" failed (2: No such file or directory), client: 172.71.247.160, server: www.ceerun.com, request: "GET /tmp/woocommerce_stripe_cc_settings.sql HTTP/2.0", host: "www.ceerun.com"
2026/08/26 09:33:49 [error] 9851#0: *1448067 open() "/www/data/wwwroot/2025_12_26_01/404.html" failed (2: No such file or directory), client: 172.71.247.160, server: www.ceerun.com, request: "GET /tmp/woocommerce_stripe_cc_settings.sql HTTP/2.0", host: "www.ceerun.com"
2026/08/26 09:33:49 [error] 9853#0: *1448093 open() "/www/data/wwwroot/2025_12_26_01/tmp/woocommerce_stripe_cc_settings.log" failed (2: No such file or directory), client: 172.69.109.214, server: www.ceerun.com, request: "GET /tmp/woocommerce_stripe_cc_settings.log HTTP/2.0", host: "www.ceerun.com"
2026/08/26 09:33:49 [error] 9853#0: *1448093 open() "/www/data/wwwroot/2025_12_26_01/404.html" failed (2: No such file or directory), client: 172.69.109.214, server: www.ceerun.com, request: "GET /tmp/woocommerce_stripe_cc_settings.log HTTP/2.0", host: "www.ceerun.com"
2026/08/26 09:33:49 [error] 9853#0: *1448093 open() "/www/data/wwwroot/2025_12_26_01/tmp/woocommerce_stripe_cc_settings.txt" failed (2: No such file or directory), client: 172.69.109.214, server: www.ceerun.com, request: "GET /tmp/woocommerce_stripe_cc_settings.txt HTTP/2.0", host: "www.ceerun.com"
2026/08/26 09:33:49 [error] 9853#0: *1448093 open() "/www/data/wwwroot/2025_12_26_01/404.html" failed (2: No such file or directory), client: 172.69.109.214, server: www.ceerun.com, request: "GET /tmp/woocommerce_stripe_cc_settings.txt HTTP/2.0", host: "www.ceerun.com"
2026/08/26 09:33:50 [error] 9850#0: *1448132 open() "/www/data/wwwroot/2025_12_26_01/tmp/woocommerce_stripe_cc_settings.csv" failed (2: No such file or directory), client: 172.71.160.102, server: www.ceerun.com, request: "GET /tmp/woocommerce_stripe_cc_settings.csv HTTP/2.0", host: "www.ceerun.com"
2026/08/26 09:33:50 [error] 9850#0: *1448132 open() "/www/data/wwwroot/2025_12_26_01/404.html" failed (2: No such file or directory), client: 172.71.160.102, server: www.ceerun.com, request: "GET /tmp/woocommerce_stripe_cc_settings.csv HTTP/2.0", host: "www.ceerun.com"
2026/08/26 09:33:50 [error] 9851#0: *1448133 open() "/www/data/wwwroot/2025_12_26_01/tmp/woocommerce_stripe_cc_settings.zip" failed (2: No such file or directory), client: 172.71.247.82, server: www.ceerun.com, request: "GET /tmp/woocommerce_stripe_cc_settings.zip HTTP/2.0", host: "www.ceerun.com"
2026/08/26 09:33:50 [error] 9851#0: *1448133 open() "/www/data/wwwroot/2025_12_26_01/404.html" failed (2: No such file or directory), client: 172.71.247.82, server: www.ceerun.com, request: "GET /tmp/woocommerce_stripe_cc_settings.zip HTTP/2.0", host: "www.ceerun.com"
2026/08/26 09:33:55 [error] 9851#0: *1448138 open() "/www/data/wwwroot/2025_12_26_01/backup/woocommerce_stripe_api_settings.sql" failed (2: No such file or directory), client: 172.70.243.226, server: www.ceerun.com, request: "GET /backup/woocommerce_stripe_api_settings.sql HTTP/2.0", host: "www.ceerun.com"
2026/08/26 09:33:55 [error] 9851#0: *1448138 open() "/www/data/wwwroot/2025_12_26_01/404.html" failed (2: No such file or directory), client: 172.70.243.226, server: www.ceerun.com, request: "GET /backup/woocommerce_stripe_api_settings.sql HTTP/2.0", host: "www.ceerun.com"
2026/08/26 09:33:55 [error] 9851#0: *1448139 open() "/www/data/wwwroot/2025_12_26_01/backup/woocommerce_stripe_api_settings" failed (2: No such file or directory), client: 172.70.47.123, server: www.ceerun.com, request: "GET /backup/woocommerce_stripe_api_settings HTTP/2.0", host: "www.ceerun.com"
2026/08/26 09:33:55 [error] 9851#0: *1448139 open() "/www/data/wwwroot/2025_12_26_01/404.html" failed (2: No such file or directory), client: 172.70.47.123, server: www.ceerun.com, request: "GET /backup/woocommerce_stripe_api_settings HTTP/2.0", host: "www.ceerun.com"
2026/08/26 09:34:00 [error] 9851#0: *1448139 open() "/www/data/wwwroot/2025_12_26_01/backup/woocommerce_stripe_api_settings.log" failed (2: No such file or directory), client: 172.70.47.123, server: www.ceerun.com, request: "GET /backup/woocommerce_stripe_api_settings.log HTTP/2.0", host: "www.ceerun.com"
2026/08/26 09:34:00 [error] 9851#0: *1448139 open() "/www/data/wwwroot/2025_12_26_01/404.html" failed (2: No such file or directory), client: 172.70.47.123, server: www.ceerun.com, request: "GET /backup/woocommerce_stripe_api_settings.log HTTP/2.0", host: "www.ceerun.com"
2026/08/26 09:34:00 [error] 9851#0: *1448094 open() "/www/data/wwwroot/2025_12_26_01/backup/woocommerce_stripe_api_settings.txt" failed (2: No such file or directory), client: 172.69.109.214, server: www.ceerun.com, request: "GET /backup/woocommerce_stripe_api_settings.txt HTTP/2.0", host: "www.ceerun.com"
2026/08/26 09:34:00 [error] 9851#0: *1448094 open() "/www/data/wwwroot/2025_12_26_01/404.html" failed (2: No such file or directory), client: 172.69.109.214, server: www.ceerun.com, request: "GET /backup/woocommerce_stripe_api_settings.txt HTTP/2.0", host: "www.ceerun.com"
2026/08/26 09:34:02 [error] 9851#0: *1448153 open() "/www/data/wwwroot/2025_12_26_01/backup/woocommerce_stripe_api_settings.zip" failed (2: No such file or directory), client: 172.70.242.103, server: www.ceerun.com, request: "GET /backup/woocommerce_stripe_api_settings.zip HTTP/2.0", host: "www.ceerun.com"
2026/08/26 09:34:02 [error] 9851#0: *1448153 open() "/www/data/wwwroot/2025_12_26_01/404.html" failed (2: No such file or directory), client: 172.70.242.103, server: www.ceerun.com, request: "GET /backup/woocommerce_stripe_api_settings.zip HTTP/2.0", host: "www.ceerun.com"
2026/08/26 09:34:02 [error] 9850#0: *1448154 open() "/www/data/wwwroot/2025_12_26_01/backup/woocommerce_stripe_api_settings.csv" failed (2: No such file or directory), client: 172.71.98.112, server: www.ceerun.com, request: "GET /backup/woocommerce_stripe_api_settings.csv HTTP/2.0", host: "www.ceerun.com"
2026/08/26 09:34:02 [error] 9850#0: *1448154 open() "/www/data/wwwroot/2025_12_26_01/404.html" failed (2: No such file or directory), client: 172.71.98.112, server: www.ceerun.com, request: "GET /backup/woocommerce_stripe_api_settings.csv HTTP/2.0", host: "www.ceerun.com"
2026/08/26 09:34:02 [error] 9851#0: *1448155 open() "/www/data/wwwroot/2025_12_26_01/wp-content/uploads/woocommerce_stripe_api_settings" failed (2: No such file or directory), client: 172.71.98.37, server: www.ceerun.com, request: "GET /wp-content/uploads/woocommerce_stripe_api_settings HTTP/2.0", host: "www.ceerun.com"
2026/08/26 09:34:02 [error] 9851#0: *1448155 open() "/www/data/wwwroot/2025_12_26_01/404.html" failed (2: No such file or directory), client: 172.71.98.37, server: www.ceerun.com, request: "GET /wp-content/uploads/woocommerce_stripe_api_settings HTTP/2.0", host: "www.ceerun.com"
2026/08/26 09:34:03 [error] 9853#0: *1448156 open() "/www/data/wwwroot/2025_12_26_01/backup/woocommerce_stripe_api_settings.tar.gz" failed (2: No such file or directory), client: 104.22.109.80, server: www.ceerun.com, request: "GET /backup/woocommerce_stripe_api_settings.tar.gz HTTP/2.0", host: "www.ceerun.com"
2026/08/26 09:34:03 [error] 9853#0: *1448156 open() "/www/data/wwwroot/2025_12_26_01/404.html" failed (2: No such file or directory), client: 104.22.109.80, server: www.ceerun.com, request: "GET /backup/woocommerce_stripe_api_settings.tar.gz HTTP/2.0", host: "www.ceerun.com"
2026/08/26 09:34:03 [error] 9853#0: *1448095 open() "/www/data/wwwroot/2025_12_26_01/wp-content/uploads/woocommerce_stripe_api_settings.sql" failed (2: No such file or directory), client: 172.69.109.214, server: www.ceerun.com, request: "GET /wp-content/uploads/woocommerce_stripe_api_settings.sql HTTP/2.0", host: "www.ceerun.com"
2026/08/26 09:34:03 [error] 9853#0: *1448095 open() "/www/data/wwwroot/2025_12_26_01/404.html" failed (2: No such file or directory), client: 172.69.109.214, server: www.ceerun.com, request: "GET /wp-content/uploads/woocommerce_stripe_api_settings.sql HTTP/2.0", host: "www.ceerun.com"
2026/08/26 09:34:03 [error] 9853#0: *1448093 open() "/www/data/wwwroot/2025_12_26_01/wp-content/uploads/woocommerce_stripe_api_settings.log" failed (2: No such file or directory), client: 172.69.109.214, server: www.ceerun.com, request: "GET /wp-content/uploads/woocommerce_stripe_api_settings.log HTTP/2.0", host: "www.ceerun.com"
2026/08/26 09:34:03 [error] 9853#0: *1448093 open() "/www/data/wwwroot/2025_12_26_01/404.html" failed (2: No such file or directory), client: 172.69.109.214, server: www.ceerun.com, request: "GET /wp-content/uploads/woocommerce_stripe_api_settings.log HTTP/2.0", host: "www.ceerun.com"
2026/08/26 09:34:05 [error] 9851#0: *1447957 open() "/www/data/wwwroot/2025_12_26_01/wp-content/uploads/woocommerce_stripe_api_settings.txt" failed (2: No such file or directory), client: 172.70.240.95, server: www.ceerun.com, request: "GET /wp-content/uploads/woocommerce_stripe_api_settings.txt HTTP/2.0", host: "www.ceerun.com"
2026/08/26 09:34:05 [error] 9851#0: *1447957 open() "/www/data/wwwroot/2025_12_26_01/404.html" failed (2: No such file or directory), client: 172.70.240.95, server: www.ceerun.com, request: "GET /wp-content/uploads/woocommerce_stripe_api_settings.txt HTTP/2.0", host: "www.ceerun.com"
2026/08/26 09:34:05 [error] 9853#0: *1448162 open() "/www/data/wwwroot/2025_12_26_01/tmp/woocommerce_stripe_api_settings.zip" failed (2: No such file or directory), client: 162.159.113.57, server: www.ceerun.com, request: "GET /tmp/woocommerce_stripe_api_settings.zip HTTP/2.0", host: "www.ceerun.com"
2026/08/26 09:34:05 [error] 9853#0: *1448162 open() "/www/data/wwwroot/2025_12_26_01/404.html" failed (2: No such file or directory), client: 162.159.113.57, server: www.ceerun.com, request: "GET /tmp/woocommerce_stripe_api_settings.zip HTTP/2.0", host: "www.ceerun.com"
2026/08/26 09:34:13 [error] 9851#0: *1448094 open() "/www/data/wwwroot/2025_12_26_01/tmp/woocommerce_stripe_api_settings.sql" failed (2: No such file or directory), client: 172.69.109.214, server: www.ceerun.com, request: "GET /tmp/woocommerce_stripe_api_settings.sql HTTP/2.0", host: "www.ceerun.com"
2026/08/26 09:34:13 [error] 9851#0: *1448094 open() "/www/data/wwwroot/2025_12_26_01/404.html" failed (2: No such file or directory), client: 172.69.109.214, server: www.ceerun.com, request: "GET /tmp/woocommerce_stripe_api_settings.sql HTTP/2.0", host: "www.ceerun.com"
2026/08/26 09:34:13 [error] 9851#0: *1448067 open() "/www/data/wwwroot/2025_12_26_01/tmp/woocommerce_stripe_api_settings.txt" failed (2: No such file or directory), client: 172.71.247.160, server: www.ceerun.com, request: "GET /tmp/woocommerce_stripe_api_settings.txt HTTP/2.0", host: "www.ceerun.com"
2026/08/26 09:34:13 [error] 9851#0: *1448067 open() "/www/data/wwwroot/2025_12_26_01/404.html" failed (2: No such file or directory), client: 172.71.247.160, server: www.ceerun.com, request: "GET /tmp/woocommerce_stripe_api_settings.txt HTTP/2.0", host: "www.ceerun.com"
2026/08/26 09:34:13 [error] 9853#0: *1448184 open() "/www/data/wwwroot/2025_12_26_01/wp-content/uploads/woocommerce_stripe_api_settings.csv" failed (2: No such file or directory), client: 172.70.248.95, server: www.ceerun.com, request: "GET /wp-content/uploads/woocommerce_stripe_api_settings.csv HTTP/2.0", host: "www.ceerun.com"
2026/08/26 09:34:13 [error] 9853#0: *1448184 open() "/www/data/wwwroot/2025_12_26_01/404.html" failed (2: No such file or directory), client: 172.70.248.95, server: www.ceerun.com, request: "GET /wp-content/uploads/woocommerce_stripe_api_settings.csv HTTP/2.0", host: "www.ceerun.com"
2026/08/26 09:34:13 [error] 9851#0: *1448183 open() "/www/data/wwwroot/2025_12_26_01/wp-content/uploads/woocommerce_stripe_api_settings.zip" failed (2: No such file or directory), client: 172.69.109.9, server: www.ceerun.com, request: "GET /wp-content/uploads/woocommerce_stripe_api_settings.zip HTTP/2.0", host: "www.ceerun.com"
2026/08/26 09:34:13 [error] 9851#0: *1448183 open() "/www/data/wwwroot/2025_12_26_01/404.html" failed (2: No such file or directory), client: 172.69.109.9, server: www.ceerun.com, request: "GET /wp-content/uploads/woocommerce_stripe_api_settings.zip HTTP/2.0", host: "www.ceerun.com"
2026/08/26 09:34:13 [error] 9853#0: *1448185 open() "/www/data/wwwroot/2025_12_26_01/wp-content/uploads/woocommerce_stripe_api_settings.tar.gz" failed (2: No such file or directory), client: 172.69.109.240, server: www.ceerun.com, request: "GET /wp-content/uploads/woocommerce_stripe_api_settings.tar.gz HTTP/2.0", host: "www.ceerun.com"
2026/08/26 09:34:13 [error] 9853#0: *1448185 open() "/www/data/wwwroot/2025_12_26_01/404.html" failed (2: No such file or directory), client: 172.69.109.240, server: www.ceerun.com, request: "GET /wp-content/uploads/woocommerce_stripe_api_settings.tar.gz HTTP/2.0", host: "www.ceerun.com"
2026/08/26 09:34:15 [error] 9851#0: *1448067 open() "/www/data/wwwroot/2025_12_26_01/tmp/woocommerce_stripe_api_settings.log" failed (2: No such file or directory), client: 172.71.247.160, server: www.ceerun.com, request: "GET /tmp/woocommerce_stripe_api_settings.log HTTP/2.0", host: "www.ceerun.com"
2026/08/26 09:34:15 [error] 9851#0: *1448067 open() "/www/data/wwwroot/2025_12_26_01/404.html" failed (2: No such file or directory), client: 172.71.247.160, server: www.ceerun.com, request: "GET /tmp/woocommerce_stripe_api_settings.log HTTP/2.0", host: "www.ceerun.com"
2026/08/26 09:34:15 [error] 9851#0: *1448138 open() "/www/data/wwwroot/2025_12_26_01/backup/woocommerce_paypal_settings" failed (2: No such file or directory), client: 172.70.243.226, server: www.ceerun.com, request: "GET /backup/woocommerce_paypal_settings HTTP/2.0", host: "www.ceerun.com"
2026/08/26 09:34:15 [error] 9851#0: *1448138 open() "/www/data/wwwroot/2025_12_26_01/404.html" failed (2: No such file or directory), client: 172.70.243.226, server: www.ceerun.com, request: "GET /backup/woocommerce_paypal_settings HTTP/2.0", host: "www.ceerun.com"
2026/08/26 09:34:15 [error] 9853#0: *1448095 open() "/www/data/wwwroot/2025_12_26_01/tmp/woocommerce_stripe_api_settings" failed (2: No such file or directory), client: 172.69.109.214, server: www.ceerun.com, request: "GET /tmp/woocommerce_stripe_api_settings HTTP/2.0", host: "www.ceerun.com"
2026/08/26 09:34:15 [error] 9853#0: *1448095 open() "/www/data/wwwroot/2025_12_26_01/404.html" failed (2: No such file or directory), client: 172.69.109.214, server: www.ceerun.com, request: "GET /tmp/woocommerce_stripe_api_settings HTTP/2.0", host: "www.ceerun.com"
2026/08/26 09:34:15 [error] 9853#0: *1448098 open() "/www/data/wwwroot/2025_12_26_01/tmp/woocommerce_stripe_api_settings.csv" failed (2: No such file or directory), client: 172.69.109.156, server: www.ceerun.com, request: "GET /tmp/woocommerce_stripe_api_settings.csv HTTP/2.0", host: "www.ceerun.com"
2026/08/26 09:34:15 [error] 9853#0: *1448098 open() "/www/data/wwwroot/2025_12_26_01/404.html" failed (2: No such file or directory), client: 172.69.109.156, server: www.ceerun.com, request: "GET /tmp/woocommerce_stripe_api_settings.csv HTTP/2.0", host: "www.ceerun.com"
2026/08/26 09:34:15 [error] 9851#0: *1448188 open() "/www/data/wwwroot/2025_12_26_01/tmp/woocommerce_stripe_api_settings.tar.gz" failed (2: No such file or directory), client: 172.69.109.36, server: www.ceerun.com, request: "GET /tmp/woocommerce_stripe_api_settings.tar.gz HTTP/2.0", host: "www.ceerun.com"
2026/08/26 09:34:15 [error] 9851#0: *1448188 open() "/www/data/wwwroot/2025_12_26_01/404.html" failed (2: No such file or directory), client: 172.69.109.36, server: www.ceerun.com, request: "GET /tmp/woocommerce_stripe_api_settings.tar.gz HTTP/2.0", host: "www.ceerun.com"
2026/08/26 09:34:17 [error] 9853#0: *1448093 open() "/www/data/wwwroot/2025_12_26_01/backup/woocommerce_paypal_settings.sql" failed (2: No such file or directory), client: 172.69.109.214, server: www.ceerun.com, request: "GET /backup/woocommerce_paypal_settings.sql HTTP/2.0", host: "www.ceerun.com"
2026/08/26 09:34:17 [error] 9853#0: *1448093 open() "/www/data/wwwroot/2025_12_26_01/404.html" failed (2: No such file or directory), client: 172.69.109.214, server: www.ceerun.com, request: "GET /backup/woocommerce_paypal_settings.sql HTTP/2.0", host: "www.ceerun.com"
2026/08/26 09:34:20 [error] 9851#0: *1448189 open() "/www/data/wwwroot/2025_12_26_01/backup/woocommerce_paypal_settings.log" failed (2: No such file or directory), client: 172.71.148.161, server: www.ceerun.com, request: "GET /backup/woocommerce_paypal_settings.log HTTP/2.0", host: "www.ceerun.com"
2026/08/26 09:34:20 [error] 9851#0: *1448189 open() "/www/data/wwwroot/2025_12_26_01/404.html" failed (2: No such file or directory), client: 172.71.148.161, server: www.ceerun.com, request: "GET /backup/woocommerce_paypal_settings.log HTTP/2.0", host: "www.ceerun.com"
2026/08/26 09:34:27 [error] 9851#0: *1448094 open() "/www/data/wwwroot/2025_12_26_01/backup/woocommerce_paypal_settings.txt" failed (2: No such file or directory), client: 172.69.109.214, server: www.ceerun.com, request: "GET /backup/woocommerce_paypal_settings.txt HTTP/2.0", host: "www.ceerun.com"
2026/08/26 09:34:27 [error] 9851#0: *1448094 open() "/www/data/wwwroot/2025_12_26_01/404.html" failed (2: No such file or directory), client: 172.69.109.214, server: www.ceerun.com, request: "GET /backup/woocommerce_paypal_settings.txt HTTP/2.0", host: "www.ceerun.com"
2026/08/26 09:34:27 [error] 9851#0: *1448206 open() "/www/data/wwwroot/2025_12_26_01/backup/woocommerce_paypal_settings.tar.gz" failed (2: No such file or directory), client: 104.23.239.9, server: www.ceerun.com, request: "GET /backup/woocommerce_paypal_settings.tar.gz HTTP/2.0", host: "www.ceerun.com"
2026/08/26 09:34:27 [error] 9851#0: *1448206 open() "/www/data/wwwroot/2025_12_26_01/404.html" failed (2: No such file or directory), client: 104.23.239.9, server: www.ceerun.com, request: "GET /backup/woocommerce_paypal_settings.tar.gz HTTP/2.0", host: "www.ceerun.com"
2026/08/26 09:34:27 [error] 9851#0: *1448189 open() "/www/data/wwwroot/2025_12_26_01/wp-content/uploads/woocommerce_paypal_settings.log" failed (2: No such file or directory), client: 172.71.148.161, server: www.ceerun.com, request: "GET /wp-content/uploads/woocommerce_paypal_settings.log HTTP/2.0", host: "www.ceerun.com"
2026/08/26 09:34:27 [error] 9851#0: *1448189 open() "/www/data/wwwroot/2025_12_26_01/404.html" failed (2: No such file or directory), client: 172.71.148.161, server: www.ceerun.com, request: "GET /wp-content/uploads/woocommerce_paypal_settings.log HTTP/2.0", host: "www.ceerun.com"
2026/08/26 09:34:27 [error] 9853#0: *1448095 open() "/www/data/wwwroot/2025_12_26_01/wp-content/uploads/woocommerce_paypal_settings" failed (2: No such file or directory), client: 172.69.109.214, server: www.ceerun.com, request: "GET /wp-content/uploads/woocommerce_paypal_settings HTTP/2.0", host: "www.ceerun.com"
2026/08/26 09:34:27 [error] 9853#0: *1448095 open() "/www/data/wwwroot/2025_12_26_01/404.html" failed (2: No such file or directory), client: 172.69.109.214, server: www.ceerun.com, request: "GET /wp-content/uploads/woocommerce_paypal_settings HTTP/2.0", host: "www.ceerun.com"
2026/08/26 09:34:28 [error] 9851#0: *1448138 open() "/www/data/wwwroot/2025_12_26_01/wp-content/uploads/woocommerce_paypal_settings.txt" failed (2: No such file or directory), client: 172.70.243.226, server: www.ceerun.com, request: "GET /wp-content/uploads/woocommerce_paypal_settings.txt HTTP/2.0", host: "www.ceerun.com"
2026/08/26 09:34:28 [error] 9851#0: *1448138 open() "/www/data/wwwroot/2025_12_26_01/404.html" failed (2: No such file or directory), client: 172.70.243.226, server: www.ceerun.com, request: "GET /wp-content/uploads/woocommerce_paypal_settings.txt HTTP/2.0", host: "www.ceerun.com"
2026/08/26 09:34:28 [error] 9850#0: *1448208 open() "/www/data/wwwroot/2025_12_26_01/backup/woocommerce_paypal_settings.zip" failed (2: No such file or directory), client: 172.69.109.14, server: www.ceerun.com, request: "GET /backup/woocommerce_paypal_settings.zip HTTP/2.0", host: "www.ceerun.com"
2026/08/26 09:34:28 [error] 9850#0: *1448208 open() "/www/data/wwwroot/2025_12_26_01/404.html" failed (2: No such file or directory), client: 172.69.109.14, server: www.ceerun.com, request: "GET /backup/woocommerce_paypal_settings.zip HTTP/2.0", host: "www.ceerun.com"
2026/08/26 09:34:28 [error] 9851#0: *1448209 open() "/www/data/wwwroot/2025_12_26_01/backup/woocommerce_paypal_settings.csv" failed (2: No such file or directory), client: 172.69.109.234, server: www.ceerun.com, request: "GET /backup/woocommerce_paypal_settings.csv HTTP/2.0", host: "www.ceerun.com"
2026/08/26 09:34:28 [error] 9851#0: *1448209 open() "/www/data/wwwroot/2025_12_26_01/404.html" failed (2: No such file or directory), client: 172.69.109.234, server: www.ceerun.com, request: "GET /backup/woocommerce_paypal_settings.csv HTTP/2.0", host: "www.ceerun.com"
2026/08/26 09:34:28 [error] 9853#0: *1448093 open() "/www/data/wwwroot/2025_12_26_01/tmp/woocommerce_paypal_settings" failed (2: No such file or directory), client: 172.69.109.214, server: www.ceerun.com, request: "GET /tmp/woocommerce_paypal_settings HTTP/2.0", host: "www.ceerun.com"
2026/08/26 09:34:28 [error] 9853#0: *1448093 open() "/www/data/wwwroot/2025_12_26_01/404.html" failed (2: No such file or directory), client: 172.69.109.214, server: www.ceerun.com, request: "GET /tmp/woocommerce_paypal_settings HTTP/2.0", host: "www.ceerun.com"
2026/08/26 09:34:29 [error] 9851#0: *1448067 open() "/www/data/wwwroot/2025_12_26_01/tmp/woocommerce_paypal_settings.sql" failed (2: No such file or directory), client: 172.71.247.160, server: www.ceerun.com, request: "GET /tmp/woocommerce_paypal_settings.sql HTTP/2.0", host: "www.ceerun.com"
2026/08/26 09:34:29 [error] 9851#0: *1448067 open() "/www/data/wwwroot/2025_12_26_01/404.html" failed (2: No such file or directory), client: 172.71.247.160, server: www.ceerun.com, request: "GET /tmp/woocommerce_paypal_settings.sql HTTP/2.0", host: "www.ceerun.com"
2026/08/26 09:34:30 [error] 9851#0: *1448189 open() "/www/data/wwwroot/2025_12_26_01/wp-content/uploads/woocommerce_paypal_settings.sql" failed (2: No such file or directory), client: 172.71.148.161, server: www.ceerun.com, request: "GET /wp-content/uploads/woocommerce_paypal_settings.sql HTTP/2.0", host: "www.ceerun.com"
2026/08/26 09:34:30 [error] 9851#0: *1448189 open() "/www/data/wwwroot/2025_12_26_01/404.html" failed (2: No such file or directory), client: 172.71.148.161, server: www.ceerun.com, request: "GET /wp-content/uploads/woocommerce_paypal_settings.sql HTTP/2.0", host: "www.ceerun.com"
2026/08/26 09:34:30 [error] 9851#0: *1448212 open() "/www/data/wwwroot/2025_12_26_01/wp-content/uploads/woocommerce_paypal_settings.csv" failed (2: No such file or directory), client: 162.158.94.140, server: www.ceerun.com, request: "GET /wp-content/uploads/woocommerce_paypal_settings.csv HTTP/2.0", host: "www.ceerun.com"
2026/08/26 09:34:30 [error] 9851#0: *1448212 open() "/www/data/wwwroot/2025_12_26_01/404.html" failed (2: No such file or directory), client: 162.158.94.140, server: www.ceerun.com, request: "GET /wp-content/uploads/woocommerce_paypal_settings.csv HTTP/2.0", host: "www.ceerun.com"
2026/08/26 09:34:30 [error] 9851#0: *1448213 open() "/www/data/wwwroot/2025_12_26_01/wp-content/uploads/woocommerce_paypal_settings.zip" failed (2: No such file or directory), client: 172.70.246.17, server: www.ceerun.com, request: "GET /wp-content/uploads/woocommerce_paypal_settings.zip HTTP/2.0", host: "www.ceerun.com"
2026/08/26 09:34:30 [error] 9851#0: *1448213 open() "/www/data/wwwroot/2025_12_26_01/404.html" failed (2: No such file or directory), client: 172.70.246.17, server: www.ceerun.com, request: "GET /wp-content/uploads/woocommerce_paypal_settings.zip HTTP/2.0", host: "www.ceerun.com"
2026/08/26 09:34:31 [error] 9851#0: *1448214 open() "/www/data/wwwroot/2025_12_26_01/wp-content/uploads/woocommerce_paypal_settings.tar.gz" failed (2: No such file or directory), client: 172.69.109.37, server: www.ceerun.com, request: "GET /wp-content/uploads/woocommerce_paypal_settings.tar.gz HTTP/2.0", host: "www.ceerun.com"
2026/08/26 09:34:31 [error] 9851#0: *1448214 open() "/www/data/wwwroot/2025_12_26_01/404.html" failed (2: No such file or directory), client: 172.69.109.37, server: www.ceerun.com, request: "GET /wp-content/uploads/woocommerce_paypal_settings.tar.gz HTTP/2.0", host: "www.ceerun.com"
2026/08/26 09:34:31 [error] 9851#0: *1448094 open() "/www/data/wwwroot/2025_12_26_01/tmp/woocommerce_paypal_settings.log" failed (2: No such file or directory), client: 172.69.109.214, server: www.ceerun.com, request: "GET /tmp/woocommerce_paypal_settings.log HTTP/2.0", host: "www.ceerun.com"
2026/08/26 09:34:31 [error] 9851#0: *1448094 open() "/www/data/wwwroot/2025_12_26_01/404.html" failed (2: No such file or directory), client: 172.69.109.214, server: www.ceerun.com, request: "GET /tmp/woocommerce_paypal_settings.log HTTP/2.0", host: "www.ceerun.com"
2026/08/26 09:34:45 [error] 9851#0: *1448189 open() "/www/data/wwwroot/2025_12_26_01/tmp/woocommerce_paypal_settings.txt" failed (2: No such file or directory), client: 172.71.148.161, server: www.ceerun.com, request: "GET /tmp/woocommerce_paypal_settings.txt HTTP/2.0", host: "www.ceerun.com"
2026/08/26 09:34:45 [error] 9851#0: *1448189 open() "/www/data/wwwroot/2025_12_26_01/404.html" failed (2: No such file or directory), client: 172.71.148.161, server: www.ceerun.com, request: "GET /tmp/woocommerce_paypal_settings.txt HTTP/2.0", host: "www.ceerun.com"
2026/08/26 09:34:45 [error] 9851#0: *1448229 open() "/www/data/wwwroot/2025_12_26_01/tmp/woocommerce_paypal_settings.zip" failed (2: No such file or directory), client: 172.71.148.95, server: www.ceerun.com, request: "GET /tmp/woocommerce_paypal_settings.zip HTTP/2.0", host: "www.ceerun.com"
2026/08/26 09:34:45 [error] 9851#0: *1448229 open() "/www/data/wwwroot/2025_12_26_01/404.html" failed (2: No such file or directory), client: 172.71.148.95, server: www.ceerun.com, request: "GET /tmp/woocommerce_paypal_settings.zip HTTP/2.0", host: "www.ceerun.com"
2026/08/26 09:34:46 [error] 9853#0: *1448095 open() "/www/data/wwwroot/2025_12_26_01/backup/woocommerce_ppec_paypal_settings.sql" failed (2: No such file or directory), client: 172.69.109.214, server: www.ceerun.com, request: "GET /backup/woocommerce_ppec_paypal_settings.sql HTTP/2.0", host: "www.ceerun.com"
2026/08/26 09:34:46 [error] 9853#0: *1448095 open() "/www/data/wwwroot/2025_12_26_01/404.html" failed (2: No such file or directory), client: 172.69.109.214, server: www.ceerun.com, request: "GET /backup/woocommerce_ppec_paypal_settings.sql HTTP/2.0", host: "www.ceerun.com"
2026/08/26 09:34:46 [error] 9853#0: *1448232 open() "/www/data/wwwroot/2025_12_26_01/tmp/woocommerce_paypal_settings.csv" failed (2: No such file or directory), client: 172.71.160.178, server: www.ceerun.com, request: "GET /tmp/woocommerce_paypal_settings.csv HTTP/2.0", host: "www.ceerun.com"
2026/08/26 09:34:46 [error] 9853#0: *1448232 open() "/www/data/wwwroot/2025_12_26_01/404.html" failed (2: No such file or directory), client: 172.71.160.178, server: www.ceerun.com, request: "GET /tmp/woocommerce_paypal_settings.csv HTTP/2.0", host: "www.ceerun.com"
2026/08/26 09:34:51 [error] 9853#0: *1448093 open() "/www/data/wwwroot/2025_12_26_01/wp-content/uploads/woocommerce_ppec_paypal_settings" failed (2: No such file or directory), client: 172.69.109.214, server: www.ceerun.com, request: "GET /wp-content/uploads/woocommerce_ppec_paypal_settings HTTP/2.0", host: "www.ceerun.com"
2026/08/26 09:34:51 [error] 9853#0: *1448093 open() "/www/data/wwwroot/2025_12_26_01/404.html" failed (2: No such file or directory), client: 172.69.109.214, server: www.ceerun.com, request: "GET /wp-content/uploads/woocommerce_ppec_paypal_settings HTTP/2.0", host: "www.ceerun.com"
2026/08/26 09:34:51 [error] 9851#0: *1448244 open() "/www/data/wwwroot/2025_12_26_01/tmp/woocommerce_paypal_settings.tar.gz" failed (2: No such file or directory), client: 172.69.109.96, server: www.ceerun.com, request: "GET /tmp/woocommerce_paypal_settings.tar.gz HTTP/2.0", host: "www.ceerun.com"
2026/08/26 09:34:51 [error] 9851#0: *1448244 open() "/www/data/wwwroot/2025_12_26_01/404.html" failed (2: No such file or directory), client: 172.69.109.96, server: www.ceerun.com, request: "GET /tmp/woocommerce_paypal_settings.tar.gz HTTP/2.0", host: "www.ceerun.com"
2026/08/26 09:34:52 [error] 9851#0: *1448189 open() "/www/data/wwwroot/2025_12_26_01/backup/woocommerce_ppec_paypal_settings" failed (2: No such file or directory), client: 172.71.148.161, server: www.ceerun.com, request: "GET /backup/woocommerce_ppec_paypal_settings HTTP/2.0", host: "www.ceerun.com"
2026/08/26 09:34:52 [error] 9851#0: *1448189 open() "/www/data/wwwroot/2025_12_26_01/404.html" failed (2: No such file or directory), client: 172.71.148.161, server: www.ceerun.com, request: "GET /backup/woocommerce_ppec_paypal_settings HTTP/2.0", host: "www.ceerun.com"
2026/08/26 09:34:52 [error] 9851#0: *1448094 open() "/www/data/wwwroot/2025_12_26_01/backup/woocommerce_ppec_paypal_settings.log" failed (2: No such file or directory), client: 172.69.109.214, server: www.ceerun.com, request: "GET /backup/woocommerce_ppec_paypal_settings.log HTTP/2.0", host: "www.ceerun.com"
2026/08/26 09:34:52 [error] 9851#0: *1448094 open() "/www/data/wwwroot/2025_12_26_01/404.html" failed (2: No such file or directory), client: 172.69.109.214, server: www.ceerun.com, request: "GET /backup/woocommerce_ppec_paypal_settings.log HTTP/2.0", host: "www.ceerun.com"
2026/08/26 09:34:54 [error] 9853#0: *1448255 open() "/www/data/wwwroot/2025_12_26_01/backup/woocommerce_ppec_paypal_settings.zip" failed (2: No such file or directory), client: 172.71.144.23, server: www.ceerun.com, request: "GET /backup/woocommerce_ppec_paypal_settings.zip HTTP/2.0", host: "www.ceerun.com"
2026/08/26 09:34:54 [error] 9853#0: *1448255 open() "/www/data/wwwroot/2025_12_26_01/404.html" failed (2: No such file or directory), client: 172.71.144.23, server: www.ceerun.com, request: "GET /backup/woocommerce_ppec_paypal_settings.zip HTTP/2.0", host: "www.ceerun.com"
2026/08/26 09:34:58 [error] 9851#0: *1448189 open() "/www/data/wwwroot/2025_12_26_01/wp-content/uploads/woocommerce_ppec_paypal_settings.log" failed (2: No such file or directory), client: 172.71.148.161, server: www.ceerun.com, request: "GET /wp-content/uploads/woocommerce_ppec_paypal_settings.log HTTP/2.0", host: "www.ceerun.com"
2026/08/26 09:34:58 [error] 9851#0: *1448189 open() "/www/data/wwwroot/2025_12_26_01/404.html" failed (2: No such file or directory), client: 172.71.148.161, server: www.ceerun.com, request: "GET /wp-content/uploads/woocommerce_ppec_paypal_settings.log HTTP/2.0", host: "www.ceerun.com"
2026/08/26 09:34:58 [error] 9851#0: *1448138 open() "/www/data/wwwroot/2025_12_26_01/wp-content/uploads/woocommerce_ppec_paypal_settings.txt" failed (2: No such file or directory), client: 172.70.243.226, server: www.ceerun.com, request: "GET /wp-content/uploads/woocommerce_ppec_paypal_settings.txt HTTP/2.0", host: "www.ceerun.com"
2026/08/26 09:34:58 [error] 9851#0: *1448138 open() "/www/data/wwwroot/2025_12_26_01/404.html" failed (2: No such file or directory), client: 172.70.243.226, server: www.ceerun.com, request: "GET /wp-content/uploads/woocommerce_ppec_paypal_settings.txt HTTP/2.0", host: "www.ceerun.com"
2026/08/26 09:34:59 [error] 9850#0: *1448258 open() "/www/data/wwwroot/2025_12_26_01/backup/woocommerce_ppec_paypal_settings.tar.gz" failed (2: No such file or directory), client: 172.69.109.19, server: www.ceerun.com, request: "GET /backup/woocommerce_ppec_paypal_settings.tar.gz HTTP/2.0", host: "www.ceerun.com"
2026/08/26 09:34:59 [error] 9850#0: *1448258 open() "/www/data/wwwroot/2025_12_26_01/404.html" failed (2: No such file or directory), client: 172.69.109.19, server: www.ceerun.com, request: "GET /backup/woocommerce_ppec_paypal_settings.tar.gz HTTP/2.0", host: "www.ceerun.com"
2026/08/26 09:35:00 [error] 9853#0: *1448260 open() "/www/data/wwwroot/2025_12_26_01/wp-content/uploads/woocommerce_ppec_paypal_settings.tar.gz" failed (2: No such file or directory), client: 172.69.109.152, server: www.ceerun.com, request: "GET /wp-content/uploads/woocommerce_ppec_paypal_settings.tar.gz HTTP/2.0", host: "www.ceerun.com"
2026/08/26 09:35:00 [error] 9853#0: *1448260 open() "/www/data/wwwroot/2025_12_26_01/404.html" failed (2: No such file or directory), client: 172.69.109.152, server: www.ceerun.com, request: "GET /wp-content/uploads/woocommerce_ppec_paypal_settings.tar.gz HTTP/2.0", host: "www.ceerun.com"
2026/08/26 09:35:00 [error] 9851#0: *1448261 open() "/www/data/wwwroot/2025_12_26_01/backup/woocommerce_ppec_paypal_settings.csv" failed (2: No such file or directory), client: 172.71.160.176, server: www.ceerun.com, request: "GET /backup/woocommerce_ppec_paypal_settings.csv HTTP/2.0", host: "www.ceerun.com"
2026/08/26 09:35:00 [error] 9851#0: *1448261 open() "/www/data/wwwroot/2025_12_26_01/404.html" failed (2: No such file or directory), client: 172.71.160.176, server: www.ceerun.com, request: "GET /backup/woocommerce_ppec_paypal_settings.csv HTTP/2.0", host: "www.ceerun.com"
2026/08/26 09:35:00 [error] 9850#0: *1448262 open() "/www/data/wwwroot/2025_12_26_01/wp-content/uploads/woocommerce_ppec_paypal_settings.zip" failed (2: No such file or directory), client: 172.69.109.154, server: www.ceerun.com, request: "GET /wp-content/uploads/woocommerce_ppec_paypal_settings.zip HTTP/2.0", host: "www.ceerun.com"
2026/08/26 09:35:00 [error] 9850#0: *1448262 open() "/www/data/wwwroot/2025_12_26_01/404.html" failed (2: No such file or directory), client: 172.69.109.154, server: www.ceerun.com, request: "GET /wp-content/uploads/woocommerce_ppec_paypal_settings.zip HTTP/2.0", host: "www.ceerun.com"
2026/08/26 09:35:00 [error] 9850#0: *1448265 open() "/www/data/wwwroot/2025_12_26_01/wp-content/uploads/woocommerce_ppec_paypal_settings.csv" failed (2: No such file or directory), client: 172.71.160.152, server: www.ceerun.com, request: "GET /wp-content/uploads/woocommerce_ppec_paypal_settings.csv HTTP/2.0", host: "www.ceerun.com"
2026/08/26 09:35:00 [error] 9850#0: *1448265 open() "/www/data/wwwroot/2025_12_26_01/404.html" failed (2: No such file or directory), client: 172.71.160.152, server: www.ceerun.com, request: "GET /wp-content/uploads/woocommerce_ppec_paypal_settings.csv HTTP/2.0", host: "www.ceerun.com"
2026/08/26 09:35:01 [error] 9851#0: *1448067 open() "/www/data/wwwroot/2025_12_26_01/wp-content/uploads/woocommerce_ppec_paypal_settings.sql" failed (2: No such file or directory), client: 172.71.247.160, server: www.ceerun.com, request: "GET /wp-content/uploads/woocommerce_ppec_paypal_settings.sql HTTP/2.0", host: "www.ceerun.com"
2026/08/26 09:35:01 [error] 9851#0: *1448067 open() "/www/data/wwwroot/2025_12_26_01/404.html" failed (2: No such file or directory), client: 172.71.247.160, server: www.ceerun.com, request: "GET /wp-content/uploads/woocommerce_ppec_paypal_settings.sql HTTP/2.0", host: "www.ceerun.com"
2026/08/26 09:35:02 [error] 9851#0: *1448138 open() "/www/data/wwwroot/2025_12_26_01/tmp/woocommerce_ppec_paypal_settings.sql" failed (2: No such file or directory), client: 172.70.243.226, server: www.ceerun.com, request: "GET /tmp/woocommerce_ppec_paypal_settings.sql HTTP/2.0", host: "www.ceerun.com"
2026/08/26 09:35:02 [error] 9851#0: *1448138 open() "/www/data/wwwroot/2025_12_26_01/404.html" failed (2: No such file or directory), client: 172.70.243.226, server: www.ceerun.com, request: "GET /tmp/woocommerce_ppec_paypal_settings.sql HTTP/2.0", host: "www.ceerun.com"
2026/08/26 09:35:02 [error] 9852#0: *1448277 open() "/www/data/wwwroot/2025_12_26_01/tmp/woocommerce_ppec_paypal_settings" failed (2: No such file or directory), client: 172.70.47.124, server: www.ceerun.com, request: "GET /tmp/woocommerce_ppec_paypal_settings HTTP/2.0", host: "www.ceerun.com"
2026/08/26 09:35:02 [error] 9852#0: *1448277 open() "/www/data/wwwroot/2025_12_26_01/404.html" failed (2: No such file or directory), client: 172.70.47.124, server: www.ceerun.com, request: "GET /tmp/woocommerce_ppec_paypal_settings HTTP/2.0", host: "www.ceerun.com"
2026/08/26 09:35:05 [error] 9853#0: *1448282 open() "/www/data/wwwroot/2025_12_26_01/tmp/woocommerce_ppec_paypal_settings.log" failed (2: No such file or directory), client: 172.71.160.147, server: www.ceerun.com, request: "GET /tmp/woocommerce_ppec_paypal_settings.log HTTP/2.0", host: "www.ceerun.com"
2026/08/26 09:35:05 [error] 9853#0: *1448282 open() "/www/data/wwwroot/2025_12_26_01/404.html" failed (2: No such file or directory), client: 172.71.160.147, server: www.ceerun.com, request: "GET /tmp/woocommerce_ppec_paypal_settings.log HTTP/2.0", host: "www.ceerun.com"
2026/08/26 09:35:14 [error] 9852#0: *1448277 open() "/www/data/wwwroot/2025_12_26_01/tmp/woocommerce_ppec_paypal_settings.txt" failed (2: No such file or directory), client: 172.70.47.124, server: www.ceerun.com, request: "GET /tmp/woocommerce_ppec_paypal_settings.txt HTTP/2.0", host: "www.ceerun.com"
2026/08/26 09:35:14 [error] 9852#0: *1448277 open() "/www/data/wwwroot/2025_12_26_01/404.html" failed (2: No such file or directory), client: 172.70.47.124, server: www.ceerun.com, request: "GET /tmp/woocommerce_ppec_paypal_settings.txt HTTP/2.0", host: "www.ceerun.com"
2026/08/26 09:35:40 [error] 9851#0: *1448327 open() "/www/data/wwwroot/2025_12_26_01/tmp/woocommerce_ppec_paypal_settings.zip" failed (2: No such file or directory), client: 172.71.95.112, server: www.ceerun.com, request: "GET /tmp/woocommerce_ppec_paypal_settings.zip HTTP/2.0", host: "www.ceerun.com"
2026/08/26 09:35:40 [error] 9851#0: *1448327 open() "/www/data/wwwroot/2025_12_26_01/404.html" failed (2: No such file or directory), client: 172.71.95.112, server: www.ceerun.com, request: "GET /tmp/woocommerce_ppec_paypal_settings.zip HTTP/2.0", host: "www.ceerun.com"
2026/08/26 09:35:41 [error] 9851#0: *1448067 open() "/www/data/wwwroot/2025_12_26_01/backup/woocommerce_ppcp-gateway_settings" failed (2: No such file or directory), client: 172.71.247.160, server: www.ceerun.com, request: "GET /backup/woocommerce_ppcp-gateway_settings HTTP/2.0", host: "www.ceerun.com"
2026/08/26 09:35:41 [error] 9851#0: *1448067 open() "/www/data/wwwroot/2025_12_26_01/404.html" failed (2: No such file or directory), client: 172.71.247.160, server: www.ceerun.com, request: "GET /backup/woocommerce_ppcp-gateway_settings HTTP/2.0", host: "www.ceerun.com"
2026/08/26 09:35:41 [error] 9851#0: *1448328 open() "/www/data/wwwroot/2025_12_26_01/tmp/woocommerce_ppec_paypal_settings.csv" failed (2: No such file or directory), client: 172.71.172.21, server: www.ceerun.com, request: "GET /tmp/woocommerce_ppec_paypal_settings.csv HTTP/2.0", host: "www.ceerun.com"
2026/08/26 09:35:41 [error] 9851#0: *1448328 open() "/www/data/wwwroot/2025_12_26_01/404.html" failed (2: No such file or directory), client: 172.71.172.21, server: www.ceerun.com, request: "GET /tmp/woocommerce_ppec_paypal_settings.csv HTTP/2.0", host: "www.ceerun.com"
2026/08/26 09:35:41 [error] 9853#0: *1448095 open() "/www/data/wwwroot/2025_12_26_01/backup/woocommerce_ppcp-gateway_settings.sql" failed (2: No such file or directory), client: 172.69.109.214, server: www.ceerun.com, request: "GET /backup/woocommerce_ppcp-gateway_settings.sql HTTP/2.0", host: "www.ceerun.com"
2026/08/26 09:35:41 [error] 9853#0: *1448095 open() "/www/data/wwwroot/2025_12_26_01/404.html" failed (2: No such file or directory), client: 172.69.109.214, server: www.ceerun.com, request: "GET /backup/woocommerce_ppcp-gateway_settings.sql HTTP/2.0", host: "www.ceerun.com"
2026/08/26 09:35:42 [error] 9852#0: *1448277 open() "/www/data/wwwroot/2025_12_26_01/backup/woocommerce_ppcp-gateway_settings.log" failed (2: No such file or directory), client: 172.70.47.124, server: www.ceerun.com, request: "GET /backup/woocommerce_ppcp-gateway_settings.log HTTP/2.0", host: "www.ceerun.com"
2026/08/26 09:35:42 [error] 9852#0: *1448277 open() "/www/data/wwwroot/2025_12_26_01/404.html" failed (2: No such file or directory), client: 172.70.47.124, server: www.ceerun.com, request: "GET /backup/woocommerce_ppcp-gateway_settings.log HTTP/2.0", host: "www.ceerun.com"
2026/08/26 09:35:42 [error] 9852#0: *1448332 open() "/www/data/wwwroot/2025_12_26_01/tmp/woocommerce_ppec_paypal_settings.tar.gz" failed (2: No such file or directory), client: 172.69.109.186, server: www.ceerun.com, request: "GET /tmp/woocommerce_ppec_paypal_settings.tar.gz HTTP/2.0", host: "www.ceerun.com"
2026/08/26 09:35:42 [error] 9852#0: *1448332 open() "/www/data/wwwroot/2025_12_26_01/404.html" failed (2: No such file or directory), client: 172.69.109.186, server: www.ceerun.com, request: "GET /tmp/woocommerce_ppec_paypal_settings.tar.gz HTTP/2.0", host: "www.ceerun.com"
2026/08/26 09:35:42 [error] 9851#0: *1448189 open() "/www/data/wwwroot/2025_12_26_01/wp-content/uploads/woocommerce_ppcp-gateway_settings.sql" failed (2: No such file or directory), client: 172.71.148.161, server: www.ceerun.com, request: "GET /wp-content/uploads/woocommerce_ppcp-gateway_settings.sql HTTP/2.0", host: "www.ceerun.com"
2026/08/26 09:35:42 [error] 9851#0: *1448189 open() "/www/data/wwwroot/2025_12_26_01/404.html" failed (2: No such file or directory), client: 172.71.148.161, server: www.ceerun.com, request: "GET /wp-content/uploads/woocommerce_ppcp-gateway_settings.sql HTTP/2.0", host: "www.ceerun.com"
2026/08/26 09:35:42 [error] 9853#0: *1448333 open() "/www/data/wwwroot/2025_12_26_01/backup/woocommerce_ppcp-gateway_settings.csv" failed (2: No such file or directory), client: 172.71.148.31, server: www.ceerun.com, request: "GET /backup/woocommerce_ppcp-gateway_settings.csv HTTP/2.0", host: "www.ceerun.com"
2026/08/26 09:35:42 [error] 9853#0: *1448333 open() "/www/data/wwwroot/2025_12_26_01/404.html" failed (2: No such file or directory), client: 172.71.148.31, server: www.ceerun.com, request: "GET /backup/woocommerce_ppcp-gateway_settings.csv HTTP/2.0", host: "www.ceerun.com"
