2026/08/26 09:44:10 [error] 9853#0: *1448095 open() "/www/data/wwwroot/2025_12_26_01/404.html" failed (2: No such file or directory), client: 172.69.109.214, server: www.ceerun.com, request: "GET /backups/woocommerce_ppec_paypal_settings.sql HTTP/2.0", host: "www.ceerun.com"
2026/08/26 09:44:10 [error] 9850#0: *1448670 open() "/www/data/wwwroot/2025_12_26_01/backups/woocommerce_ppec_paypal_settings.log" failed (2: No such file or directory), client: 172.70.240.94, server: www.ceerun.com, request: "GET /backups/woocommerce_ppec_paypal_settings.log HTTP/2.0", host: "www.ceerun.com"
2026/08/26 09:44:10 [error] 9850#0: *1448670 open() "/www/data/wwwroot/2025_12_26_01/404.html" failed (2: No such file or directory), client: 172.70.240.94, server: www.ceerun.com, request: "GET /backups/woocommerce_ppec_paypal_settings.log HTTP/2.0", host: "www.ceerun.com"
2026/08/26 09:44:12 [error] 9851#0: *1448998 open() "/www/data/wwwroot/2025_12_26_01/backups/woocommerce_ppec_paypal_settings.txt" failed (2: No such file or directory), client: 172.71.95.81, server: www.ceerun.com, request: "GET /backups/woocommerce_ppec_paypal_settings.txt HTTP/2.0", host: "www.ceerun.com"
2026/08/26 09:44:12 [error] 9851#0: *1448998 open() "/www/data/wwwroot/2025_12_26_01/404.html" failed (2: No such file or directory), client: 172.71.95.81, server: www.ceerun.com, request: "GET /backups/woocommerce_ppec_paypal_settings.txt HTTP/2.0", host: "www.ceerun.com"
2026/08/26 09:44:13 [error] 9853#0: *1449132 open() "/www/data/wwwroot/2025_12_26_01/backups/woocommerce_ppec_paypal_settings.zip" failed (2: No such file or directory), client: 172.69.109.15, server: www.ceerun.com, request: "GET /backups/woocommerce_ppec_paypal_settings.zip HTTP/2.0", host: "www.ceerun.com"
2026/08/26 09:44:13 [error] 9853#0: *1449132 open() "/www/data/wwwroot/2025_12_26_01/404.html" failed (2: No such file or directory), client: 172.69.109.15, server: www.ceerun.com, request: "GET /backups/woocommerce_ppec_paypal_settings.zip HTTP/2.0", host: "www.ceerun.com"
2026/08/26 09:44:26 [error] 9851#0: *1448998 open() "/www/data/wwwroot/2025_12_26_01/logs/woocommerce_ppec_paypal_settings.txt" failed (2: No such file or directory), client: 172.71.95.81, server: www.ceerun.com, request: "GET /logs/woocommerce_ppec_paypal_settings.txt HTTP/2.0", host: "www.ceerun.com"
2026/08/26 09:44:26 [error] 9851#0: *1448998 open() "/www/data/wwwroot/2025_12_26_01/404.html" failed (2: No such file or directory), client: 172.71.95.81, server: www.ceerun.com, request: "GET /logs/woocommerce_ppec_paypal_settings.txt HTTP/2.0", host: "www.ceerun.com"
2026/08/26 09:44:27 [error] 9853#0: *1448095 open() "/www/data/wwwroot/2025_12_26_01/logs/woocommerce_ppec_paypal_settings.log" failed (2: No such file or directory), client: 172.69.109.214, server: www.ceerun.com, request: "GET /logs/woocommerce_ppec_paypal_settings.log HTTP/2.0", host: "www.ceerun.com"
2026/08/26 09:44:27 [error] 9853#0: *1448095 open() "/www/data/wwwroot/2025_12_26_01/404.html" failed (2: No such file or directory), client: 172.69.109.214, server: www.ceerun.com, request: "GET /logs/woocommerce_ppec_paypal_settings.log HTTP/2.0", host: "www.ceerun.com"
2026/08/26 09:44:27 [error] 9853#0: *1448995 open() "/www/data/wwwroot/2025_12_26_01/wp-content/woocommerce_ppec_paypal_settings.txt" failed (2: No such file or directory), client: 172.69.151.9, server: www.ceerun.com, request: "GET /wp-content/woocommerce_ppec_paypal_settings.txt HTTP/2.0", host: "www.ceerun.com"
2026/08/26 09:44:27 [error] 9853#0: *1448995 open() "/www/data/wwwroot/2025_12_26_01/404.html" failed (2: No such file or directory), client: 172.69.151.9, server: www.ceerun.com, request: "GET /wp-content/woocommerce_ppec_paypal_settings.txt HTTP/2.0", host: "www.ceerun.com"
2026/08/26 09:44:27 [error] 9852#0: *1449153 open() "/www/data/wwwroot/2025_12_26_01/logs/woocommerce_ppec_paypal_settings.zip" failed (2: No such file or directory), client: 172.71.148.159, server: www.ceerun.com, request: "GET /logs/woocommerce_ppec_paypal_settings.zip HTTP/2.0", host: "www.ceerun.com"
2026/08/26 09:44:27 [error] 9852#0: *1449153 open() "/www/data/wwwroot/2025_12_26_01/404.html" failed (2: No such file or directory), client: 172.71.148.159, server: www.ceerun.com, request: "GET /logs/woocommerce_ppec_paypal_settings.zip HTTP/2.0", host: "www.ceerun.com"
2026/08/26 09:44:27 [error] 9850#0: *1449154 open() "/www/data/wwwroot/2025_12_26_01/backups/woocommerce_ppec_paypal_settings.tar.gz" failed (2: No such file or directory), client: 141.101.76.56, server: www.ceerun.com, request: "GET /backups/woocommerce_ppec_paypal_settings.tar.gz HTTP/2.0", host: "www.ceerun.com"
2026/08/26 09:44:27 [error] 9850#0: *1449154 open() "/www/data/wwwroot/2025_12_26_01/404.html" failed (2: No such file or directory), client: 141.101.76.56, server: www.ceerun.com, request: "GET /backups/woocommerce_ppec_paypal_settings.tar.gz HTTP/2.0", host: "www.ceerun.com"
2026/08/26 09:44:28 [error] 9850#0: *1449158 open() "/www/data/wwwroot/2025_12_26_01/logs/woocommerce_ppec_paypal_settings.tar.gz" failed (2: No such file or directory), client: 172.71.160.132, server: www.ceerun.com, request: "GET /logs/woocommerce_ppec_paypal_settings.tar.gz HTTP/2.0", host: "www.ceerun.com"
2026/08/26 09:44:28 [error] 9850#0: *1449158 open() "/www/data/wwwroot/2025_12_26_01/404.html" failed (2: No such file or directory), client: 172.71.160.132, server: www.ceerun.com, request: "GET /logs/woocommerce_ppec_paypal_settings.tar.gz HTTP/2.0", host: "www.ceerun.com"
2026/08/26 09:44:28 [error] 9851#0: *1448998 open() "/www/data/wwwroot/2025_12_26_01/logs/woocommerce_ppec_paypal_settings.sql" failed (2: No such file or directory), client: 172.71.95.81, server: www.ceerun.com, request: "GET /logs/woocommerce_ppec_paypal_settings.sql HTTP/2.0", host: "www.ceerun.com"
2026/08/26 09:44:28 [error] 9851#0: *1448998 open() "/www/data/wwwroot/2025_12_26_01/404.html" failed (2: No such file or directory), client: 172.71.95.81, server: www.ceerun.com, request: "GET /logs/woocommerce_ppec_paypal_settings.sql HTTP/2.0", host: "www.ceerun.com"
2026/08/26 09:44:28 [error] 9853#0: *1449157 open() "/www/data/wwwroot/2025_12_26_01/backups/woocommerce_ppec_paypal_settings.csv" failed (2: No such file or directory), client: 104.23.239.137, server: www.ceerun.com, request: "GET /backups/woocommerce_ppec_paypal_settings.csv HTTP/2.0", host: "www.ceerun.com"
2026/08/26 09:44:28 [error] 9853#0: *1449157 open() "/www/data/wwwroot/2025_12_26_01/404.html" failed (2: No such file or directory), client: 104.23.239.137, server: www.ceerun.com, request: "GET /backups/woocommerce_ppec_paypal_settings.csv HTTP/2.0", host: "www.ceerun.com"
2026/08/26 09:44:29 [error] 9853#0: *1448995 open() "/www/data/wwwroot/2025_12_26_01/wp-content/woocommerce_ppec_paypal_settings" failed (2: No such file or directory), client: 172.69.151.9, server: www.ceerun.com, request: "GET /wp-content/woocommerce_ppec_paypal_settings HTTP/2.0", host: "www.ceerun.com"
2026/08/26 09:44:29 [error] 9853#0: *1448995 open() "/www/data/wwwroot/2025_12_26_01/404.html" failed (2: No such file or directory), client: 172.69.151.9, server: www.ceerun.com, request: "GET /wp-content/woocommerce_ppec_paypal_settings HTTP/2.0", host: "www.ceerun.com"
2026/08/26 09:44:29 [error] 9853#0: *1448095 open() "/www/data/wwwroot/2025_12_26_01/wp-content/woocommerce_ppec_paypal_settings.log" failed (2: No such file or directory), client: 172.69.109.214, server: www.ceerun.com, request: "GET /wp-content/woocommerce_ppec_paypal_settings.log HTTP/2.0", host: "www.ceerun.com"
2026/08/26 09:44:29 [error] 9853#0: *1448095 open() "/www/data/wwwroot/2025_12_26_01/404.html" failed (2: No such file or directory), client: 172.69.109.214, server: www.ceerun.com, request: "GET /wp-content/woocommerce_ppec_paypal_settings.log HTTP/2.0", host: "www.ceerun.com"
2026/08/26 09:44:30 [error] 9850#0: *1448670 open() "/www/data/wwwroot/2025_12_26_01/wp-content/woocommerce_ppec_paypal_settings.sql" failed (2: No such file or directory), client: 172.70.240.94, server: www.ceerun.com, request: "GET /wp-content/woocommerce_ppec_paypal_settings.sql HTTP/2.0", host: "www.ceerun.com"
2026/08/26 09:44:30 [error] 9850#0: *1448670 open() "/www/data/wwwroot/2025_12_26_01/404.html" failed (2: No such file or directory), client: 172.70.240.94, server: www.ceerun.com, request: "GET /wp-content/woocommerce_ppec_paypal_settings.sql HTTP/2.0", host: "www.ceerun.com"
2026/08/26 09:44:30 [error] 9853#0: *1449159 open() "/www/data/wwwroot/2025_12_26_01/wp-content/woocommerce_ppec_paypal_settings.zip" failed (2: No such file or directory), client: 104.23.166.139, server: www.ceerun.com, request: "GET /wp-content/woocommerce_ppec_paypal_settings.zip HTTP/2.0", host: "www.ceerun.com"
2026/08/26 09:44:30 [error] 9853#0: *1449159 open() "/www/data/wwwroot/2025_12_26_01/404.html" failed (2: No such file or directory), client: 104.23.166.139, server: www.ceerun.com, request: "GET /wp-content/woocommerce_ppec_paypal_settings.zip HTTP/2.0", host: "www.ceerun.com"
2026/08/26 09:44:31 [error] 9853#0: *1449161 open() "/www/data/wwwroot/2025_12_26_01/wp-content/woocommerce_ppec_paypal_settings.csv" failed (2: No such file or directory), client: 172.71.164.120, server: www.ceerun.com, request: "GET /wp-content/woocommerce_ppec_paypal_settings.csv HTTP/2.0", host: "www.ceerun.com"
2026/08/26 09:44:31 [error] 9853#0: *1449161 open() "/www/data/wwwroot/2025_12_26_01/404.html" failed (2: No such file or directory), client: 172.71.164.120, server: www.ceerun.com, request: "GET /wp-content/woocommerce_ppec_paypal_settings.csv HTTP/2.0", host: "www.ceerun.com"
2026/08/26 09:44:31 [error] 9850#0: *1449048 open() "/www/data/wwwroot/2025_12_26_01/logs/woocommerce_ppec_paypal_settings" failed (2: No such file or directory), client: 172.71.172.34, server: www.ceerun.com, request: "GET /logs/woocommerce_ppec_paypal_settings HTTP/2.0", host: "www.ceerun.com"
2026/08/26 09:44:31 [error] 9850#0: *1449048 open() "/www/data/wwwroot/2025_12_26_01/404.html" failed (2: No such file or directory), client: 172.71.172.34, server: www.ceerun.com, request: "GET /logs/woocommerce_ppec_paypal_settings HTTP/2.0", host: "www.ceerun.com"
2026/08/26 09:44:31 [error] 9853#0: *1449162 open() "/www/data/wwwroot/2025_12_26_01/wp-content/woocommerce_ppec_paypal_settings.tar.gz" failed (2: No such file or directory), client: 172.69.109.234, server: www.ceerun.com, request: "GET /wp-content/woocommerce_ppec_paypal_settings.tar.gz HTTP/2.0", host: "www.ceerun.com"
2026/08/26 09:44:31 [error] 9853#0: *1449162 open() "/www/data/wwwroot/2025_12_26_01/404.html" failed (2: No such file or directory), client: 172.69.109.234, server: www.ceerun.com, request: "GET /wp-content/woocommerce_ppec_paypal_settings.tar.gz HTTP/2.0", host: "www.ceerun.com"
2026/08/26 09:44:32 [error] 9853#0: *1448995 open() "/www/data/wwwroot/2025_12_26_01/backups/woocommerce_ppcp-gateway_settings.log" failed (2: No such file or directory), client: 172.69.151.9, server: www.ceerun.com, request: "GET /backups/woocommerce_ppcp-gateway_settings.log HTTP/2.0", host: "www.ceerun.com"
2026/08/26 09:44:32 [error] 9853#0: *1448995 open() "/www/data/wwwroot/2025_12_26_01/404.html" failed (2: No such file or directory), client: 172.69.151.9, server: www.ceerun.com, request: "GET /backups/woocommerce_ppcp-gateway_settings.log HTTP/2.0", host: "www.ceerun.com"
2026/08/26 09:44:32 [error] 9851#0: *1449164 open() "/www/data/wwwroot/2025_12_26_01/backups/woocommerce_ppcp-gateway_settings.sql" failed (2: No such file or directory), client: 104.22.109.105, server: www.ceerun.com, request: "GET /backups/woocommerce_ppcp-gateway_settings.sql HTTP/2.0", host: "www.ceerun.com"
2026/08/26 09:44:32 [error] 9851#0: *1449164 open() "/www/data/wwwroot/2025_12_26_01/404.html" failed (2: No such file or directory), client: 104.22.109.105, server: www.ceerun.com, request: "GET /backups/woocommerce_ppcp-gateway_settings.sql HTTP/2.0", host: "www.ceerun.com"
2026/08/26 09:44:32 [error] 9850#0: *1448670 open() "/www/data/wwwroot/2025_12_26_01/backups/woocommerce_ppcp-gateway_settings.txt" failed (2: No such file or directory), client: 172.70.240.94, server: www.ceerun.com, request: "GET /backups/woocommerce_ppcp-gateway_settings.txt HTTP/2.0", host: "www.ceerun.com"
2026/08/26 09:44:32 [error] 9850#0: *1448670 open() "/www/data/wwwroot/2025_12_26_01/404.html" failed (2: No such file or directory), client: 172.70.240.94, server: www.ceerun.com, request: "GET /backups/woocommerce_ppcp-gateway_settings.txt HTTP/2.0", host: "www.ceerun.com"
2026/08/26 09:44:32 [error] 9853#0: *1448995 open() "/www/data/wwwroot/2025_12_26_01/backups/woocommerce_ppcp-gateway_settings" failed (2: No such file or directory), client: 172.69.151.9, server: www.ceerun.com, request: "GET /backups/woocommerce_ppcp-gateway_settings HTTP/2.0", host: "www.ceerun.com"
2026/08/26 09:44:32 [error] 9853#0: *1448995 open() "/www/data/wwwroot/2025_12_26_01/404.html" failed (2: No such file or directory), client: 172.69.151.9, server: www.ceerun.com, request: "GET /backups/woocommerce_ppcp-gateway_settings HTTP/2.0", host: "www.ceerun.com"
2026/08/26 09:44:32 [error] 9853#0: *1449167 open() "/www/data/wwwroot/2025_12_26_01/logs/woocommerce_ppec_paypal_settings.csv" failed (2: No such file or directory), client: 172.71.95.119, server: www.ceerun.com, request: "GET /logs/woocommerce_ppec_paypal_settings.csv HTTP/2.0", host: "www.ceerun.com"
2026/08/26 09:44:32 [error] 9853#0: *1449167 open() "/www/data/wwwroot/2025_12_26_01/404.html" failed (2: No such file or directory), client: 172.71.95.119, server: www.ceerun.com, request: "GET /logs/woocommerce_ppec_paypal_settings.csv HTTP/2.0", host: "www.ceerun.com"
2026/08/26 09:44:39 [error] 9853#0: *1449176 open() "/www/data/wwwroot/2025_12_26_01/backups/woocommerce_ppcp-gateway_settings.zip" failed (2: No such file or directory), client: 104.23.172.53, server: www.ceerun.com, request: "GET /backups/woocommerce_ppcp-gateway_settings.zip HTTP/2.0", host: "www.ceerun.com"
2026/08/26 09:44:39 [error] 9853#0: *1449176 open() "/www/data/wwwroot/2025_12_26_01/404.html" failed (2: No such file or directory), client: 104.23.172.53, server: www.ceerun.com, request: "GET /backups/woocommerce_ppcp-gateway_settings.zip HTTP/2.0", host: "www.ceerun.com"
2026/08/26 09:44:39 [error] 9850#0: *1448670 open() "/www/data/wwwroot/2025_12_26_01/wp-content/woocommerce_ppcp-gateway_settings" failed (2: No such file or directory), client: 172.70.240.94, server: www.ceerun.com, request: "GET /wp-content/woocommerce_ppcp-gateway_settings HTTP/2.0", host: "www.ceerun.com"
2026/08/26 09:44:39 [error] 9850#0: *1448670 open() "/www/data/wwwroot/2025_12_26_01/404.html" failed (2: No such file or directory), client: 172.70.240.94, server: www.ceerun.com, request: "GET /wp-content/woocommerce_ppcp-gateway_settings HTTP/2.0", host: "www.ceerun.com"
2026/08/26 09:44:40 [error] 9853#0: *1448995 open() "/www/data/wwwroot/2025_12_26_01/wp-content/woocommerce_ppcp-gateway_settings.sql" failed (2: No such file or directory), client: 172.69.151.9, server: www.ceerun.com, request: "GET /wp-content/woocommerce_ppcp-gateway_settings.sql HTTP/2.0", host: "www.ceerun.com"
2026/08/26 09:44:40 [error] 9853#0: *1448995 open() "/www/data/wwwroot/2025_12_26_01/404.html" failed (2: No such file or directory), client: 172.69.151.9, server: www.ceerun.com, request: "GET /wp-content/woocommerce_ppcp-gateway_settings.sql HTTP/2.0", host: "www.ceerun.com"
2026/08/26 09:44:40 [error] 9851#0: *1449164 open() "/www/data/wwwroot/2025_12_26_01/wp-content/woocommerce_ppcp-gateway_settings.log" failed (2: No such file or directory), client: 104.22.109.105, server: www.ceerun.com, request: "GET /wp-content/woocommerce_ppcp-gateway_settings.log HTTP/2.0", host: "www.ceerun.com"
2026/08/26 09:44:40 [error] 9851#0: *1449164 open() "/www/data/wwwroot/2025_12_26_01/404.html" failed (2: No such file or directory), client: 104.22.109.105, server: www.ceerun.com, request: "GET /wp-content/woocommerce_ppcp-gateway_settings.log HTTP/2.0", host: "www.ceerun.com"
2026/08/26 09:44:41 [error] 9853#0: *1448995 open() "/www/data/wwwroot/2025_12_26_01/wp-content/woocommerce_ppcp-gateway_settings.txt" failed (2: No such file or directory), client: 172.69.151.9, server: www.ceerun.com, request: "GET /wp-content/woocommerce_ppcp-gateway_settings.txt HTTP/2.0", host: "www.ceerun.com"
2026/08/26 09:44:41 [error] 9853#0: *1448995 open() "/www/data/wwwroot/2025_12_26_01/404.html" failed (2: No such file or directory), client: 172.69.151.9, server: www.ceerun.com, request: "GET /wp-content/woocommerce_ppcp-gateway_settings.txt HTTP/2.0", host: "www.ceerun.com"
2026/08/26 09:44:42 [error] 9851#0: *1449181 open() "/www/data/wwwroot/2025_12_26_01/wp-content/woocommerce_ppcp-gateway_settings.tar.gz" failed (2: No such file or directory), client: 172.71.164.211, server: www.ceerun.com, request: "GET /wp-content/woocommerce_ppcp-gateway_settings.tar.gz HTTP/2.0", host: "www.ceerun.com"
2026/08/26 09:44:42 [error] 9851#0: *1449181 open() "/www/data/wwwroot/2025_12_26_01/404.html" failed (2: No such file or directory), client: 172.71.164.211, server: www.ceerun.com, request: "GET /wp-content/woocommerce_ppcp-gateway_settings.tar.gz HTTP/2.0", host: "www.ceerun.com"
2026/08/26 09:44:42 [error] 9851#0: *1449182 open() "/www/data/wwwroot/2025_12_26_01/backups/woocommerce_ppcp-gateway_settings.tar.gz" failed (2: No such file or directory), client: 162.158.95.33, server: www.ceerun.com, request: "GET /backups/woocommerce_ppcp-gateway_settings.tar.gz HTTP/2.0", host: "www.ceerun.com"
2026/08/26 09:44:42 [error] 9851#0: *1449182 open() "/www/data/wwwroot/2025_12_26_01/404.html" failed (2: No such file or directory), client: 162.158.95.33, server: www.ceerun.com, request: "GET /backups/woocommerce_ppcp-gateway_settings.tar.gz HTTP/2.0", host: "www.ceerun.com"
2026/08/26 09:44:42 [error] 9853#0: *1448095 open() "/www/data/wwwroot/2025_12_26_01/logs/woocommerce_ppcp-gateway_settings" failed (2: No such file or directory), client: 172.69.109.214, server: www.ceerun.com, request: "GET /logs/woocommerce_ppcp-gateway_settings HTTP/2.0", host: "www.ceerun.com"
2026/08/26 09:44:42 [error] 9853#0: *1448095 open() "/www/data/wwwroot/2025_12_26_01/404.html" failed (2: No such file or directory), client: 172.69.109.214, server: www.ceerun.com, request: "GET /logs/woocommerce_ppcp-gateway_settings HTTP/2.0", host: "www.ceerun.com"
2026/08/26 09:44:43 [error] 9850#0: *1449184 open() "/www/data/wwwroot/2025_12_26_01/wp-content/woocommerce_ppcp-gateway_settings.csv" failed (2: No such file or directory), client: 104.23.166.100, server: www.ceerun.com, request: "GET /wp-content/woocommerce_ppcp-gateway_settings.csv HTTP/2.0", host: "www.ceerun.com"
2026/08/26 09:44:43 [error] 9850#0: *1449184 open() "/www/data/wwwroot/2025_12_26_01/404.html" failed (2: No such file or directory), client: 104.23.166.100, server: www.ceerun.com, request: "GET /wp-content/woocommerce_ppcp-gateway_settings.csv HTTP/2.0", host: "www.ceerun.com"
2026/08/26 09:44:44 [error] 9851#0: *1449164 open() "/www/data/wwwroot/2025_12_26_01/logs/woocommerce_ppcp-gateway_settings.log" failed (2: No such file or directory), client: 104.22.109.105, server: www.ceerun.com, request: "GET /logs/woocommerce_ppcp-gateway_settings.log HTTP/2.0", host: "www.ceerun.com"
2026/08/26 09:44:44 [error] 9851#0: *1449164 open() "/www/data/wwwroot/2025_12_26_01/404.html" failed (2: No such file or directory), client: 104.22.109.105, server: www.ceerun.com, request: "GET /logs/woocommerce_ppcp-gateway_settings.log HTTP/2.0", host: "www.ceerun.com"
2026/08/26 09:44:44 [error] 9851#0: *1449188 open() "/www/data/wwwroot/2025_12_26_01/logs/woocommerce_ppcp-gateway_settings.csv" failed (2: No such file or directory), client: 172.68.194.196, server: www.ceerun.com, request: "GET /logs/woocommerce_ppcp-gateway_settings.csv HTTP/2.0", host: "www.ceerun.com"
2026/08/26 09:44:44 [error] 9851#0: *1449188 open() "/www/data/wwwroot/2025_12_26_01/404.html" failed (2: No such file or directory), client: 172.68.194.196, server: www.ceerun.com, request: "GET /logs/woocommerce_ppcp-gateway_settings.csv HTTP/2.0", host: "www.ceerun.com"
2026/08/26 09:44:44 [error] 9850#0: *1449183 open() "/www/data/wwwroot/2025_12_26_01/backups/woocommerce_ppcp-gateway_settings.csv" failed (2: No such file or directory), client: 172.69.109.31, server: www.ceerun.com, request: "GET /backups/woocommerce_ppcp-gateway_settings.csv HTTP/2.0", host: "www.ceerun.com"
2026/08/26 09:44:44 [error] 9850#0: *1449183 open() "/www/data/wwwroot/2025_12_26_01/404.html" failed (2: No such file or directory), client: 172.69.109.31, server: www.ceerun.com, request: "GET /backups/woocommerce_ppcp-gateway_settings.csv HTTP/2.0", host: "www.ceerun.com"
2026/08/26 09:44:50 [error] 9851#0: *1449194 open() "/www/data/wwwroot/2025_12_26_01/logs/woocommerce_ppcp-gateway_settings.tar.gz" failed (2: No such file or directory), client: 162.158.110.103, server: www.ceerun.com, request: "GET /logs/woocommerce_ppcp-gateway_settings.tar.gz HTTP/2.0", host: "www.ceerun.com"
2026/08/26 09:44:50 [error] 9851#0: *1449194 open() "/www/data/wwwroot/2025_12_26_01/404.html" failed (2: No such file or directory), client: 162.158.110.103, server: www.ceerun.com, request: "GET /logs/woocommerce_ppcp-gateway_settings.tar.gz HTTP/2.0", host: "www.ceerun.com"
2026/08/26 09:44:51 [error] 9852#0: *1449196 open() "/www/data/wwwroot/2025_12_26_01/backups/woocommerce_ppcp_settings.sql" failed (2: No such file or directory), client: 104.23.170.99, server: www.ceerun.com, request: "GET /backups/woocommerce_ppcp_settings.sql HTTP/2.0", host: "www.ceerun.com"
2026/08/26 09:44:51 [error] 9852#0: *1449196 open() "/www/data/wwwroot/2025_12_26_01/404.html" failed (2: No such file or directory), client: 104.23.170.99, server: www.ceerun.com, request: "GET /backups/woocommerce_ppcp_settings.sql HTTP/2.0", host: "www.ceerun.com"
2026/08/26 09:44:52 [error] 9850#0: *1448670 open() "/www/data/wwwroot/2025_12_26_01/logs/woocommerce_ppcp-gateway_settings.sql" failed (2: No such file or directory), client: 172.70.240.94, server: www.ceerun.com, request: "GET /logs/woocommerce_ppcp-gateway_settings.sql HTTP/2.0", host: "www.ceerun.com"
2026/08/26 09:44:52 [error] 9850#0: *1448670 open() "/www/data/wwwroot/2025_12_26_01/404.html" failed (2: No such file or directory), client: 172.70.240.94, server: www.ceerun.com, request: "GET /logs/woocommerce_ppcp-gateway_settings.sql HTTP/2.0", host: "www.ceerun.com"
2026/08/26 09:44:53 [error] 9853#0: *1448995 open() "/www/data/wwwroot/2025_12_26_01/backups/woocommerce_ppcp_settings.log" failed (2: No such file or directory), client: 172.69.151.9, server: www.ceerun.com, request: "GET /backups/woocommerce_ppcp_settings.log HTTP/2.0", host: "www.ceerun.com"
2026/08/26 09:44:53 [error] 9853#0: *1448995 open() "/www/data/wwwroot/2025_12_26_01/404.html" failed (2: No such file or directory), client: 172.69.151.9, server: www.ceerun.com, request: "GET /backups/woocommerce_ppcp_settings.log HTTP/2.0", host: "www.ceerun.com"
2026/08/26 09:44:53 [error] 9851#0: *1448998 open() "/www/data/wwwroot/2025_12_26_01/backups/woocommerce_ppcp_settings.txt" failed (2: No such file or directory), client: 172.71.95.81, server: www.ceerun.com, request: "GET /backups/woocommerce_ppcp_settings.txt HTTP/2.0", host: "www.ceerun.com"
2026/08/26 09:44:53 [error] 9851#0: *1448998 open() "/www/data/wwwroot/2025_12_26_01/404.html" failed (2: No such file or directory), client: 172.71.95.81, server: www.ceerun.com, request: "GET /backups/woocommerce_ppcp_settings.txt HTTP/2.0", host: "www.ceerun.com"
2026/08/26 09:44:53 [error] 9851#0: *1449164 open() "/www/data/wwwroot/2025_12_26_01/logs/woocommerce_ppcp-gateway_settings.txt" failed (2: No such file or directory), client: 104.22.109.105, server: www.ceerun.com, request: "GET /logs/woocommerce_ppcp-gateway_settings.txt HTTP/2.0", host: "www.ceerun.com"
2026/08/26 09:44:53 [error] 9851#0: *1449164 open() "/www/data/wwwroot/2025_12_26_01/404.html" failed (2: No such file or directory), client: 104.22.109.105, server: www.ceerun.com, request: "GET /logs/woocommerce_ppcp-gateway_settings.txt HTTP/2.0", host: "www.ceerun.com"
2026/08/26 09:44:54 [error] 9850#0: *1449204 open() "/www/data/wwwroot/2025_12_26_01/backups/woocommerce_ppcp_settings.zip" failed (2: No such file or directory), client: 104.23.239.86, server: www.ceerun.com, request: "GET /backups/woocommerce_ppcp_settings.zip HTTP/2.0", host: "www.ceerun.com"
2026/08/26 09:44:54 [error] 9850#0: *1449204 open() "/www/data/wwwroot/2025_12_26_01/404.html" failed (2: No such file or directory), client: 104.23.239.86, server: www.ceerun.com, request: "GET /backups/woocommerce_ppcp_settings.zip HTTP/2.0", host: "www.ceerun.com"
2026/08/26 09:44:54 [error] 9853#0: *1449206 open() "/www/data/wwwroot/2025_12_26_01/backups/woocommerce_ppcp_settings.tar.gz" failed (2: No such file or directory), client: 172.70.240.55, server: www.ceerun.com, request: "GET /backups/woocommerce_ppcp_settings.tar.gz HTTP/2.0", host: "www.ceerun.com"
2026/08/26 09:44:54 [error] 9853#0: *1449206 open() "/www/data/wwwroot/2025_12_26_01/404.html" failed (2: No such file or directory), client: 172.70.240.55, server: www.ceerun.com, request: "GET /backups/woocommerce_ppcp_settings.tar.gz HTTP/2.0", host: "www.ceerun.com"
2026/08/26 09:44:55 [error] 9850#0: *1449207 open() "/www/data/wwwroot/2025_12_26_01/wp-content/woocommerce_ppcp-gateway_settings.zip" failed (2: No such file or directory), client: 172.70.246.232, server: www.ceerun.com, request: "GET /wp-content/woocommerce_ppcp-gateway_settings.zip HTTP/2.0", host: "www.ceerun.com"
2026/08/26 09:44:55 [error] 9850#0: *1449207 open() "/www/data/wwwroot/2025_12_26_01/404.html" failed (2: No such file or directory), client: 172.70.246.232, server: www.ceerun.com, request: "GET /wp-content/woocommerce_ppcp-gateway_settings.zip HTTP/2.0", host: "www.ceerun.com"
2026/08/26 09:44:56 [error] 9853#0: *1448095 open() "/www/data/wwwroot/2025_12_26_01/backups/woocommerce_ppcp_settings" failed (2: No such file or directory), client: 172.69.109.214, server: www.ceerun.com, request: "GET /backups/woocommerce_ppcp_settings HTTP/2.0", host: "www.ceerun.com"
2026/08/26 09:44:56 [error] 9853#0: *1448095 open() "/www/data/wwwroot/2025_12_26_01/404.html" failed (2: No such file or directory), client: 172.69.109.214, server: www.ceerun.com, request: "GET /backups/woocommerce_ppcp_settings HTTP/2.0", host: "www.ceerun.com"
2026/08/26 09:44:57 [error] 9853#0: *1449205 open() "/www/data/wwwroot/2025_12_26_01/logs/woocommerce_ppcp-gateway_settings.zip" failed (2: No such file or directory), client: 172.69.109.216, server: www.ceerun.com, request: "GET /logs/woocommerce_ppcp-gateway_settings.zip HTTP/2.0", host: "www.ceerun.com"
2026/08/26 09:44:57 [error] 9853#0: *1449205 open() "/www/data/wwwroot/2025_12_26_01/404.html" failed (2: No such file or directory), client: 172.69.109.216, server: www.ceerun.com, request: "GET /logs/woocommerce_ppcp-gateway_settings.zip HTTP/2.0", host: "www.ceerun.com"
2026/08/26 09:45:01 [error] 9851#0: *1449209 open() "/www/data/wwwroot/2025_12_26_01/wp-content/woocommerce_ppcp_settings" failed (2: No such file or directory), client: 172.71.164.123, server: www.ceerun.com, request: "GET /wp-content/woocommerce_ppcp_settings HTTP/2.0", host: "www.ceerun.com"
2026/08/26 09:45:01 [error] 9851#0: *1449209 open() "/www/data/wwwroot/2025_12_26_01/404.html" failed (2: No such file or directory), client: 172.71.164.123, server: www.ceerun.com, request: "GET /wp-content/woocommerce_ppcp_settings HTTP/2.0", host: "www.ceerun.com"
2026/08/26 09:45:01 [error] 9852#0: *1449210 open() "/www/data/wwwroot/2025_12_26_01/backups/woocommerce_ppcp_settings.csv" failed (2: No such file or directory), client: 172.71.144.102, server: www.ceerun.com, request: "GET /backups/woocommerce_ppcp_settings.csv HTTP/2.0", host: "www.ceerun.com"
2026/08/26 09:45:01 [error] 9852#0: *1449210 open() "/www/data/wwwroot/2025_12_26_01/404.html" failed (2: No such file or directory), client: 172.71.144.102, server: www.ceerun.com, request: "GET /backups/woocommerce_ppcp_settings.csv HTTP/2.0", host: "www.ceerun.com"
2026/08/26 09:45:03 [error] 9851#0: *1449219 open() "/www/data/wwwroot/2025_12_26_01/wp-content/woocommerce_ppcp_settings.tar.gz" failed (2: No such file or directory), client: 172.70.247.105, server: www.ceerun.com, request: "GET /wp-content/woocommerce_ppcp_settings.tar.gz HTTP/2.0", host: "www.ceerun.com"
2026/08/26 09:45:03 [error] 9851#0: *1449219 open() "/www/data/wwwroot/2025_12_26_01/404.html" failed (2: No such file or directory), client: 172.70.247.105, server: www.ceerun.com, request: "GET /wp-content/woocommerce_ppcp_settings.tar.gz HTTP/2.0", host: "www.ceerun.com"
2026/08/26 09:45:03 [error] 9851#0: *1449164 open() "/www/data/wwwroot/2025_12_26_01/wp-content/woocommerce_ppcp_settings.sql" failed (2: No such file or directory), client: 104.22.109.105, server: www.ceerun.com, request: "GET /wp-content/woocommerce_ppcp_settings.sql HTTP/2.0", host: "www.ceerun.com"
2026/08/26 09:45:03 [error] 9851#0: *1449164 open() "/www/data/wwwroot/2025_12_26_01/404.html" failed (2: No such file or directory), client: 104.22.109.105, server: www.ceerun.com, request: "GET /wp-content/woocommerce_ppcp_settings.sql HTTP/2.0", host: "www.ceerun.com"
2026/08/26 09:45:04 [error] 9853#0: *1449222 open() "/www/data/wwwroot/2025_12_26_01/wp-content/woocommerce_ppcp_settings.zip" failed (2: No such file or directory), client: 172.69.150.231, server: www.ceerun.com, request: "GET /wp-content/woocommerce_ppcp_settings.zip HTTP/2.0", host: "www.ceerun.com"
2026/08/26 09:45:04 [error] 9853#0: *1449222 open() "/www/data/wwwroot/2025_12_26_01/404.html" failed (2: No such file or directory), client: 172.69.150.231, server: www.ceerun.com, request: "GET /wp-content/woocommerce_ppcp_settings.zip HTTP/2.0", host: "www.ceerun.com"
2026/08/26 09:45:04 [error] 9853#0: *1448995 open() "/www/data/wwwroot/2025_12_26_01/logs/woocommerce_ppcp_settings" failed (2: No such file or directory), client: 172.69.151.9, server: www.ceerun.com, request: "GET /logs/woocommerce_ppcp_settings HTTP/2.0", host: "www.ceerun.com"
2026/08/26 09:45:04 [error] 9853#0: *1448995 open() "/www/data/wwwroot/2025_12_26_01/404.html" failed (2: No such file or directory), client: 172.69.151.9, server: www.ceerun.com, request: "GET /logs/woocommerce_ppcp_settings HTTP/2.0", host: "www.ceerun.com"
2026/08/26 09:45:05 [error] 9851#0: *1448998 open() "/www/data/wwwroot/2025_12_26_01/logs/woocommerce_ppcp_settings.sql" failed (2: No such file or directory), client: 172.71.95.81, server: www.ceerun.com, request: "GET /logs/woocommerce_ppcp_settings.sql HTTP/2.0", host: "www.ceerun.com"
2026/08/26 09:45:05 [error] 9851#0: *1448998 open() "/www/data/wwwroot/2025_12_26_01/404.html" failed (2: No such file or directory), client: 172.71.95.81, server: www.ceerun.com, request: "GET /logs/woocommerce_ppcp_settings.sql HTTP/2.0", host: "www.ceerun.com"
2026/08/26 09:45:06 [error] 9850#0: *1449048 open() "/www/data/wwwroot/2025_12_26_01/wp-content/woocommerce_ppcp_settings.txt" failed (2: No such file or directory), client: 172.71.172.34, server: www.ceerun.com, request: "GET /wp-content/woocommerce_ppcp_settings.txt HTTP/2.0", host: "www.ceerun.com"
2026/08/26 09:45:06 [error] 9850#0: *1449048 open() "/www/data/wwwroot/2025_12_26_01/404.html" failed (2: No such file or directory), client: 172.71.172.34, server: www.ceerun.com, request: "GET /wp-content/woocommerce_ppcp_settings.txt HTTP/2.0", host: "www.ceerun.com"
2026/08/26 09:45:06 [error] 9853#0: *1448095 open() "/www/data/wwwroot/2025_12_26_01/wp-content/woocommerce_ppcp_settings.log" failed (2: No such file or directory), client: 172.69.109.214, server: www.ceerun.com, request: "GET /wp-content/woocommerce_ppcp_settings.log HTTP/2.0", host: "www.ceerun.com"
2026/08/26 09:45:06 [error] 9853#0: *1448095 open() "/www/data/wwwroot/2025_12_26_01/404.html" failed (2: No such file or directory), client: 172.69.109.214, server: www.ceerun.com, request: "GET /wp-content/woocommerce_ppcp_settings.log HTTP/2.0", host: "www.ceerun.com"
2026/08/26 09:45:06 [error] 9852#0: *1449196 open() "/www/data/wwwroot/2025_12_26_01/logs/woocommerce_ppcp_settings.txt" failed (2: No such file or directory), client: 104.23.170.99, server: www.ceerun.com, request: "GET /logs/woocommerce_ppcp_settings.txt HTTP/2.0", host: "www.ceerun.com"
2026/08/26 09:45:06 [error] 9852#0: *1449196 open() "/www/data/wwwroot/2025_12_26_01/404.html" failed (2: No such file or directory), client: 104.23.170.99, server: www.ceerun.com, request: "GET /logs/woocommerce_ppcp_settings.txt HTTP/2.0", host: "www.ceerun.com"
2026/08/26 09:45:07 [error] 9853#0: *1449227 open() "/www/data/wwwroot/2025_12_26_01/logs/woocommerce_ppcp_settings.zip" failed (2: No such file or directory), client: 104.22.123.61, server: www.ceerun.com, request: "GET /logs/woocommerce_ppcp_settings.zip HTTP/2.0", host: "www.ceerun.com"
2026/08/26 09:45:07 [error] 9853#0: *1449227 open() "/www/data/wwwroot/2025_12_26_01/404.html" failed (2: No such file or directory), client: 104.22.123.61, server: www.ceerun.com, request: "GET /logs/woocommerce_ppcp_settings.zip HTTP/2.0", host: "www.ceerun.com"
2026/08/26 09:45:08 [error] 9853#0: *1449228 open() "/www/data/wwwroot/2025_12_26_01/logs/woocommerce_ppcp_settings.csv" failed (2: No such file or directory), client: 104.23.166.135, server: www.ceerun.com, request: "GET /logs/woocommerce_ppcp_settings.csv HTTP/2.0", host: "www.ceerun.com"
2026/08/26 09:45:08 [error] 9853#0: *1449228 open() "/www/data/wwwroot/2025_12_26_01/404.html" failed (2: No such file or directory), client: 104.23.166.135, server: www.ceerun.com, request: "GET /logs/woocommerce_ppcp_settings.csv HTTP/2.0", host: "www.ceerun.com"
2026/08/26 09:45:08 [error] 9853#0: *1448995 open() "/www/data/wwwroot/2025_12_26_01/logs/woocommerce_ppcp_settings.log" failed (2: No such file or directory), client: 172.69.151.9, server: www.ceerun.com, request: "GET /logs/woocommerce_ppcp_settings.log HTTP/2.0", host: "www.ceerun.com"
2026/08/26 09:45:08 [error] 9853#0: *1448995 open() "/www/data/wwwroot/2025_12_26_01/404.html" failed (2: No such file or directory), client: 172.69.151.9, server: www.ceerun.com, request: "GET /logs/woocommerce_ppcp_settings.log HTTP/2.0", host: "www.ceerun.com"
2026/08/26 09:45:08 [error] 9850#0: *1449230 open() "/www/data/wwwroot/2025_12_26_01/logs/woocommerce_ppcp_settings.tar.gz" failed (2: No such file or directory), client: 172.70.248.144, server: www.ceerun.com, request: "GET /logs/woocommerce_ppcp_settings.tar.gz HTTP/2.0", host: "www.ceerun.com"
2026/08/26 09:45:08 [error] 9850#0: *1449230 open() "/www/data/wwwroot/2025_12_26_01/404.html" failed (2: No such file or directory), client: 172.70.248.144, server: www.ceerun.com, request: "GET /logs/woocommerce_ppcp_settings.tar.gz HTTP/2.0", host: "www.ceerun.com"
2026/08/26 09:45:12 [error] 9850#0: *1449234 open() "/www/data/wwwroot/2025_12_26_01/wp-content/woocommerce_ppcp_settings.csv" failed (2: No such file or directory), client: 172.70.250.199, server: www.ceerun.com, request: "GET /wp-content/woocommerce_ppcp_settings.csv HTTP/2.0", host: "www.ceerun.com"
2026/08/26 09:45:12 [error] 9850#0: *1449234 open() "/www/data/wwwroot/2025_12_26_01/404.html" failed (2: No such file or directory), client: 172.70.250.199, server: www.ceerun.com, request: "GET /wp-content/woocommerce_ppcp_settings.csv HTTP/2.0", host: "www.ceerun.com"
2026/08/26 09:45:15 [error] 9853#0: *1448095 open() "/www/data/wwwroot/2025_12_26_01/backups/woocommerce_ppcp_paypal_settings.txt" failed (2: No such file or directory), client: 172.69.109.214, server: www.ceerun.com, request: "GET /backups/woocommerce_ppcp_paypal_settings.txt HTTP/2.0", host: "www.ceerun.com"
2026/08/26 09:45:15 [error] 9853#0: *1448095 open() "/www/data/wwwroot/2025_12_26_01/404.html" failed (2: No such file or directory), client: 172.69.109.214, server: www.ceerun.com, request: "GET /backups/woocommerce_ppcp_paypal_settings.txt HTTP/2.0", host: "www.ceerun.com"
2026/08/26 09:45:17 [error] 9853#0: *1449239 open() "/www/data/wwwroot/2025_12_26_01/backups/woocommerce_ppcp_paypal_settings" failed (2: No such file or directory), client: 104.23.166.7, server: www.ceerun.com, request: "GET /backups/woocommerce_ppcp_paypal_settings HTTP/2.0", host: "www.ceerun.com"
2026/08/26 09:45:17 [error] 9853#0: *1449239 open() "/www/data/wwwroot/2025_12_26_01/404.html" failed (2: No such file or directory), client: 104.23.166.7, server: www.ceerun.com, request: "GET /backups/woocommerce_ppcp_paypal_settings HTTP/2.0", host: "www.ceerun.com"
2026/08/26 09:45:17 [error] 9853#0: *1448095 open() "/www/data/wwwroot/2025_12_26_01/backups/woocommerce_ppcp_paypal_settings.log" failed (2: No such file or directory), client: 172.69.109.214, server: www.ceerun.com, request: "GET /backups/woocommerce_ppcp_paypal_settings.log HTTP/2.0", host: "www.ceerun.com"
2026/08/26 09:45:17 [error] 9853#0: *1448095 open() "/www/data/wwwroot/2025_12_26_01/404.html" failed (2: No such file or directory), client: 172.69.109.214, server: www.ceerun.com, request: "GET /backups/woocommerce_ppcp_paypal_settings.log HTTP/2.0", host: "www.ceerun.com"
2026/08/26 09:45:17 [error] 9851#0: *1449240 open() "/www/data/wwwroot/2025_12_26_01/backups/woocommerce_ppcp_paypal_settings.zip" failed (2: No such file or directory), client: 104.23.239.116, server: www.ceerun.com, request: "GET /backups/woocommerce_ppcp_paypal_settings.zip HTTP/2.0", host: "www.ceerun.com"
2026/08/26 09:45:17 [error] 9851#0: *1449240 open() "/www/data/wwwroot/2025_12_26_01/404.html" failed (2: No such file or directory), client: 104.23.239.116, server: www.ceerun.com, request: "GET /backups/woocommerce_ppcp_paypal_settings.zip HTTP/2.0", host: "www.ceerun.com"
2026/08/26 09:45:17 [error] 9853#0: *1448995 open() "/www/data/wwwroot/2025_12_26_01/backups/woocommerce_ppcp_paypal_settings.sql" failed (2: No such file or directory), client: 172.69.151.9, server: www.ceerun.com, request: "GET /backups/woocommerce_ppcp_paypal_settings.sql HTTP/2.0", host: "www.ceerun.com"
2026/08/26 09:45:17 [error] 9853#0: *1448995 open() "/www/data/wwwroot/2025_12_26_01/404.html" failed (2: No such file or directory), client: 172.69.151.9, server: www.ceerun.com, request: "GET /backups/woocommerce_ppcp_paypal_settings.sql HTTP/2.0", host: "www.ceerun.com"
2026/08/26 09:45:17 [error] 9853#0: *1449241 open() "/www/data/wwwroot/2025_12_26_01/backups/woocommerce_ppcp_paypal_settings.tar.gz" failed (2: No such file or directory), client: 172.71.148.140, server: www.ceerun.com, request: "GET /backups/woocommerce_ppcp_paypal_settings.tar.gz HTTP/2.0", host: "www.ceerun.com"
2026/08/26 09:45:17 [error] 9853#0: *1449241 open() "/www/data/wwwroot/2025_12_26_01/404.html" failed (2: No such file or directory), client: 172.71.148.140, server: www.ceerun.com, request: "GET /backups/woocommerce_ppcp_paypal_settings.tar.gz HTTP/2.0", host: "www.ceerun.com"
2026/08/26 09:45:18 [error] 9853#0: *1449244 open() "/www/data/wwwroot/2025_12_26_01/backups/woocommerce_ppcp_paypal_settings.csv" failed (2: No such file or directory), client: 172.71.95.129, server: www.ceerun.com, request: "GET /backups/woocommerce_ppcp_paypal_settings.csv HTTP/2.0", host: "www.ceerun.com"
2026/08/26 09:45:18 [error] 9853#0: *1449244 open() "/www/data/wwwroot/2025_12_26_01/404.html" failed (2: No such file or directory), client: 172.71.95.129, server: www.ceerun.com, request: "GET /backups/woocommerce_ppcp_paypal_settings.csv HTTP/2.0", host: "www.ceerun.com"
2026/08/26 09:45:27 [error] 9853#0: *1449239 open() "/www/data/wwwroot/2025_12_26_01/logs/woocommerce_ppcp_paypal_settings" failed (2: No such file or directory), client: 104.23.166.7, server: www.ceerun.com, request: "GET /logs/woocommerce_ppcp_paypal_settings HTTP/2.0", host: "www.ceerun.com"
2026/08/26 09:45:27 [error] 9853#0: *1449239 open() "/www/data/wwwroot/2025_12_26_01/404.html" failed (2: No such file or directory), client: 104.23.166.7, server: www.ceerun.com, request: "GET /logs/woocommerce_ppcp_paypal_settings HTTP/2.0", host: "www.ceerun.com"
2026/08/26 09:45:27 [error] 9851#0: *1449262 open() "/www/data/wwwroot/2025_12_26_01/wp-content/woocommerce_ppcp_paypal_settings.zip" failed (2: No such file or directory), client: 162.158.94.46, server: www.ceerun.com, request: "GET /wp-content/woocommerce_ppcp_paypal_settings.zip HTTP/2.0", host: "www.ceerun.com"
2026/08/26 09:45:27 [error] 9851#0: *1449262 open() "/www/data/wwwroot/2025_12_26_01/404.html" failed (2: No such file or directory), client: 162.158.94.46, server: www.ceerun.com, request: "GET /wp-content/woocommerce_ppcp_paypal_settings.zip HTTP/2.0", host: "www.ceerun.com"
2026/08/26 09:45:27 [error] 9853#0: *1449264 open() "/www/data/wwwroot/2025_12_26_01/wp-content/woocommerce_ppcp_paypal_settings.log" failed (2: No such file or directory), client: 172.70.243.225, server: www.ceerun.com, request: "GET /wp-content/woocommerce_ppcp_paypal_settings.log HTTP/2.0", host: "www.ceerun.com"
2026/08/26 09:45:27 [error] 9853#0: *1449264 open() "/www/data/wwwroot/2025_12_26_01/404.html" failed (2: No such file or directory), client: 172.70.243.225, server: www.ceerun.com, request: "GET /wp-content/woocommerce_ppcp_paypal_settings.log HTTP/2.0", host: "www.ceerun.com"
2026/08/26 09:45:27 [error] 9850#0: *1449263 open() "/www/data/wwwroot/2025_12_26_01/wp-content/woocommerce_ppcp_paypal_settings.csv" failed (2: No such file or directory), client: 172.69.109.2, server: www.ceerun.com, request: "GET /wp-content/woocommerce_ppcp_paypal_settings.csv HTTP/2.0", host: "www.ceerun.com"
2026/08/26 09:45:27 [error] 9850#0: *1449263 open() "/www/data/wwwroot/2025_12_26_01/404.html" failed (2: No such file or directory), client: 172.69.109.2, server: www.ceerun.com, request: "GET /wp-content/woocommerce_ppcp_paypal_settings.csv HTTP/2.0", host: "www.ceerun.com"
2026/08/26 09:45:28 [error] 9853#0: *1448095 open() "/www/data/wwwroot/2025_12_26_01/logs/woocommerce_ppcp_paypal_settings.sql" failed (2: No such file or directory), client: 172.69.109.214, server: www.ceerun.com, request: "GET /logs/woocommerce_ppcp_paypal_settings.sql HTTP/2.0", host: "www.ceerun.com"
2026/08/26 09:45:28 [error] 9853#0: *1448095 open() "/www/data/wwwroot/2025_12_26_01/404.html" failed (2: No such file or directory), client: 172.69.109.214, server: www.ceerun.com, request: "GET /logs/woocommerce_ppcp_paypal_settings.sql HTTP/2.0", host: "www.ceerun.com"
2026/08/26 09:45:28 [error] 9853#0: *1448995 open() "/www/data/wwwroot/2025_12_26_01/wp-content/woocommerce_ppcp_paypal_settings" failed (2: No such file or directory), client: 172.69.151.9, server: www.ceerun.com, request: "GET /wp-content/woocommerce_ppcp_paypal_settings HTTP/2.0", host: "www.ceerun.com"
2026/08/26 09:45:28 [error] 9853#0: *1448995 open() "/www/data/wwwroot/2025_12_26_01/404.html" failed (2: No such file or directory), client: 172.69.151.9, server: www.ceerun.com, request: "GET /wp-content/woocommerce_ppcp_paypal_settings HTTP/2.0", host: "www.ceerun.com"
2026/08/26 09:45:28 [error] 9851#0: *1448998 open() "/www/data/wwwroot/2025_12_26_01/wp-content/woocommerce_ppcp_paypal_settings.sql" failed (2: No such file or directory), client: 172.71.95.81, server: www.ceerun.com, request: "GET /wp-content/woocommerce_ppcp_paypal_settings.sql HTTP/2.0", host: "www.ceerun.com"
2026/08/26 09:45:28 [error] 9851#0: *1448998 open() "/www/data/wwwroot/2025_12_26_01/404.html" failed (2: No such file or directory), client: 172.71.95.81, server: www.ceerun.com, request: "GET /wp-content/woocommerce_ppcp_paypal_settings.sql HTTP/2.0", host: "www.ceerun.com"
2026/08/26 09:45:28 [error] 9850#0: *1449048 open() "/www/data/wwwroot/2025_12_26_01/wp-content/woocommerce_ppcp_paypal_settings.txt" failed (2: No such file or directory), client: 172.71.172.34, server: www.ceerun.com, request: "GET /wp-content/woocommerce_ppcp_paypal_settings.txt HTTP/2.0", host: "www.ceerun.com"
2026/08/26 09:45:28 [error] 9850#0: *1449048 open() "/www/data/wwwroot/2025_12_26_01/404.html" failed (2: No such file or directory), client: 172.71.172.34, server: www.ceerun.com, request: "GET /wp-content/woocommerce_ppcp_paypal_settings.txt HTTP/2.0", host: "www.ceerun.com"
2026/08/26 09:45:28 [error] 9851#0: *1449164 open() "/www/data/wwwroot/2025_12_26_01/logs/woocommerce_ppcp_paypal_settings.log" failed (2: No such file or directory), client: 104.22.109.105, server: www.ceerun.com, request: "GET /logs/woocommerce_ppcp_paypal_settings.log HTTP/2.0", host: "www.ceerun.com"
2026/08/26 09:45:28 [error] 9851#0: *1449164 open() "/www/data/wwwroot/2025_12_26_01/404.html" failed (2: No such file or directory), client: 104.22.109.105, server: www.ceerun.com, request: "GET /logs/woocommerce_ppcp_paypal_settings.log HTTP/2.0", host: "www.ceerun.com"
2026/08/26 09:45:28 [error] 9851#0: *1449268 open() "/www/data/wwwroot/2025_12_26_01/wp-content/woocommerce_ppcp_paypal_settings.tar.gz" failed (2: No such file or directory), client: 172.71.172.58, server: www.ceerun.com, request: "GET /wp-content/woocommerce_ppcp_paypal_settings.tar.gz HTTP/2.0", host: "www.ceerun.com"
2026/08/26 09:45:28 [error] 9851#0: *1449268 open() "/www/data/wwwroot/2025_12_26_01/404.html" failed (2: No such file or directory), client: 172.71.172.58, server: www.ceerun.com, request: "GET /wp-content/woocommerce_ppcp_paypal_settings.tar.gz HTTP/2.0", host: "www.ceerun.com"
2026/08/26 09:45:29 [error] 9850#0: *1449048 open() "/www/data/wwwroot/2025_12_26_01/logs/woocommerce_ppcp_paypal_settings.txt" failed (2: No such file or directory), client: 172.71.172.34, server: www.ceerun.com, request: "GET /logs/woocommerce_ppcp_paypal_settings.txt HTTP/2.0", host: "www.ceerun.com"
2026/08/26 09:45:29 [error] 9850#0: *1449048 open() "/www/data/wwwroot/2025_12_26_01/404.html" failed (2: No such file or directory), client: 172.71.172.34, server: www.ceerun.com, request: "GET /logs/woocommerce_ppcp_paypal_settings.txt HTTP/2.0", host: "www.ceerun.com"
2026/08/26 09:45:29 [error] 9853#0: *1449270 open() "/www/data/wwwroot/2025_12_26_01/logs/woocommerce_ppcp_paypal_settings.zip" failed (2: No such file or directory), client: 172.71.182.243, server: www.ceerun.com, request: "GET /logs/woocommerce_ppcp_paypal_settings.zip HTTP/2.0", host: "www.ceerun.com"
2026/08/26 09:45:29 [error] 9853#0: *1449270 open() "/www/data/wwwroot/2025_12_26_01/404.html" failed (2: No such file or directory), client: 172.71.182.243, server: www.ceerun.com, request: "GET /logs/woocommerce_ppcp_paypal_settings.zip HTTP/2.0", host: "www.ceerun.com"
2026/08/26 09:45:31 [error] 9853#0: *1449271 open() "/www/data/wwwroot/2025_12_26_01/logs/woocommerce_ppcp_paypal_settings.tar.gz" failed (2: No such file or directory), client: 104.23.172.38, server: www.ceerun.com, request: "GET /logs/woocommerce_ppcp_paypal_settings.tar.gz HTTP/2.0", host: "www.ceerun.com"
2026/08/26 09:45:31 [error] 9853#0: *1449271 open() "/www/data/wwwroot/2025_12_26_01/404.html" failed (2: No such file or directory), client: 104.23.172.38, server: www.ceerun.com, request: "GET /logs/woocommerce_ppcp_paypal_settings.tar.gz HTTP/2.0", host: "www.ceerun.com"
2026/08/26 09:45:31 [error] 9853#0: *1449272 open() "/www/data/wwwroot/2025_12_26_01/logs/woocommerce_ppcp_paypal_settings.csv" failed (2: No such file or directory), client: 172.71.164.188, server: www.ceerun.com, request: "GET /logs/woocommerce_ppcp_paypal_settings.csv HTTP/2.0", host: "www.ceerun.com"
2026/08/26 09:45:31 [error] 9853#0: *1449272 open() "/www/data/wwwroot/2025_12_26_01/404.html" failed (2: No such file or directory), client: 172.71.164.188, server: www.ceerun.com, request: "GET /logs/woocommerce_ppcp_paypal_settings.csv HTTP/2.0", host: "www.ceerun.com"
2026/08/26 09:45:33 [error] 9850#0: *1449048 open() "/www/data/wwwroot/2025_12_26_01/backups/woocommerce_wc_stripe_settings.sql" failed (2: No such file or directory), client: 172.71.172.34, server: www.ceerun.com, request: "GET /backups/woocommerce_wc_stripe_settings.sql HTTP/2.0", host: "www.ceerun.com"
2026/08/26 09:45:33 [error] 9850#0: *1449048 open() "/www/data/wwwroot/2025_12_26_01/404.html" failed (2: No such file or directory), client: 172.71.172.34, server: www.ceerun.com, request: "GET /backups/woocommerce_wc_stripe_settings.sql HTTP/2.0", host: "www.ceerun.com"
2026/08/26 09:45:33 [error] 9853#0: *1448995 open() "/www/data/wwwroot/2025_12_26_01/backups/woocommerce_wc_stripe_settings" failed (2: No such file or directory), client: 172.69.151.9, server: www.ceerun.com, request: "GET /backups/woocommerce_wc_stripe_settings HTTP/2.0", host: "www.ceerun.com"
2026/08/26 09:45:33 [error] 9853#0: *1448995 open() "/www/data/wwwroot/2025_12_26_01/404.html" failed (2: No such file or directory), client: 172.69.151.9, server: www.ceerun.com, request: "GET /backups/woocommerce_wc_stripe_settings HTTP/2.0", host: "www.ceerun.com"
2026/08/26 09:45:37 [error] 9853#0: *1449239 open() "/www/data/wwwroot/2025_12_26_01/backups/woocommerce_wc_stripe_settings.txt" failed (2: No such file or directory), client: 104.23.166.7, server: www.ceerun.com, request: "GET /backups/woocommerce_wc_stripe_settings.txt HTTP/2.0", host: "www.ceerun.com"
2026/08/26 09:45:37 [error] 9853#0: *1449239 open() "/www/data/wwwroot/2025_12_26_01/404.html" failed (2: No such file or directory), client: 104.23.166.7, server: www.ceerun.com, request: "GET /backups/woocommerce_wc_stripe_settings.txt HTTP/2.0", host: "www.ceerun.com"
2026/08/26 09:45:37 [error] 9853#0: *1449281 open() "/www/data/wwwroot/2025_12_26_01/backups/woocommerce_wc_stripe_settings.zip" failed (2: No such file or directory), client: 172.69.151.193, server: www.ceerun.com, request: "GET /backups/woocommerce_wc_stripe_settings.zip HTTP/2.0", host: "www.ceerun.com"
