2026/08/24 23:49:27 [error] 9853#0: *1274228 open() "/www/data/wwwroot/2025_12_26_01/404.html" failed (2: No such file or directory), client: 172.69.109.210, server: www.ceerun.com, request: "GET /logs/woocommerce_stripe_settings.sql HTTP/2.0", host: "www.ceerun.com"
2026/08/24 23:49:28 [error] 9851#0: *1275386 open() "/www/data/wwwroot/2025_12_26_01/logs/woocommerce_stripe_settings.tar.gz" failed (2: No such file or directory), client: 172.69.109.220, server: www.ceerun.com, request: "GET /logs/woocommerce_stripe_settings.tar.gz HTTP/2.0", host: "www.ceerun.com"
2026/08/24 23:49:28 [error] 9851#0: *1275386 open() "/www/data/wwwroot/2025_12_26_01/404.html" failed (2: No such file or directory), client: 172.69.109.220, server: www.ceerun.com, request: "GET /logs/woocommerce_stripe_settings.tar.gz HTTP/2.0", host: "www.ceerun.com"
2026/08/24 23:49:30 [error] 9853#0: *1274228 open() "/www/data/wwwroot/2025_12_26_01/logs/woocommerce_stripe_settings.log" failed (2: No such file or directory), client: 172.69.109.210, server: www.ceerun.com, request: "GET /logs/woocommerce_stripe_settings.log HTTP/2.0", host: "www.ceerun.com"
2026/08/24 23:49:30 [error] 9853#0: *1274228 open() "/www/data/wwwroot/2025_12_26_01/404.html" failed (2: No such file or directory), client: 172.69.109.210, server: www.ceerun.com, request: "GET /logs/woocommerce_stripe_settings.log HTTP/2.0", host: "www.ceerun.com"
2026/08/24 23:49:32 [error] 9853#0: *1274228 open() "/www/data/wwwroot/2025_12_26_01/logs/woocommerce_stripe_settings.txt" failed (2: No such file or directory), client: 172.69.109.210, server: www.ceerun.com, request: "GET /logs/woocommerce_stripe_settings.txt HTTP/2.0", host: "www.ceerun.com"
2026/08/24 23:49:32 [error] 9853#0: *1274228 open() "/www/data/wwwroot/2025_12_26_01/404.html" failed (2: No such file or directory), client: 172.69.109.210, server: www.ceerun.com, request: "GET /logs/woocommerce_stripe_settings.txt HTTP/2.0", host: "www.ceerun.com"
2026/08/24 23:49:35 [error] 9851#0: *1275394 open() "/www/data/wwwroot/2025_12_26_01/logs/woocommerce_stripe_settings.zip" failed (2: No such file or directory), client: 172.71.144.12, server: www.ceerun.com, request: "GET /logs/woocommerce_stripe_settings.zip HTTP/2.0", host: "www.ceerun.com"
2026/08/24 23:49:35 [error] 9851#0: *1275394 open() "/www/data/wwwroot/2025_12_26_01/404.html" failed (2: No such file or directory), client: 172.71.144.12, server: www.ceerun.com, request: "GET /logs/woocommerce_stripe_settings.zip HTTP/2.0", host: "www.ceerun.com"
2026/08/24 23:49:35 [error] 9850#0: *1275393 open() "/www/data/wwwroot/2025_12_26_01/backups/woocommerce_stripe_cc_settings.zip" failed (2: No such file or directory), client: 172.69.109.162, server: www.ceerun.com, request: "GET /backups/woocommerce_stripe_cc_settings.zip HTTP/2.0", host: "www.ceerun.com"
2026/08/24 23:49:35 [error] 9850#0: *1275393 open() "/www/data/wwwroot/2025_12_26_01/404.html" failed (2: No such file or directory), client: 172.69.109.162, server: www.ceerun.com, request: "GET /backups/woocommerce_stripe_cc_settings.zip HTTP/2.0", host: "www.ceerun.com"
2026/08/24 23:49:37 [error] 9851#0: *1275397 open() "/www/data/wwwroot/2025_12_26_01/logs/woocommerce_stripe_settings.csv" failed (2: No such file or directory), client: 172.69.109.31, server: www.ceerun.com, request: "GET /logs/woocommerce_stripe_settings.csv HTTP/2.0", host: "www.ceerun.com"
2026/08/24 23:49:37 [error] 9851#0: *1275397 open() "/www/data/wwwroot/2025_12_26_01/404.html" failed (2: No such file or directory), client: 172.69.109.31, server: www.ceerun.com, request: "GET /logs/woocommerce_stripe_settings.csv HTTP/2.0", host: "www.ceerun.com"
2026/08/24 23:49:37 [error] 9853#0: *1275111 open() "/www/data/wwwroot/2025_12_26_01/backups/woocommerce_stripe_cc_settings.sql" failed (2: No such file or directory), client: 104.23.172.111, server: www.ceerun.com, request: "GET /backups/woocommerce_stripe_cc_settings.sql HTTP/2.0", host: "www.ceerun.com"
2026/08/24 23:49:37 [error] 9853#0: *1275111 open() "/www/data/wwwroot/2025_12_26_01/404.html" failed (2: No such file or directory), client: 104.23.172.111, server: www.ceerun.com, request: "GET /backups/woocommerce_stripe_cc_settings.sql HTTP/2.0", host: "www.ceerun.com"
2026/08/24 23:49:37 [error] 9850#0: *1275112 open() "/www/data/wwwroot/2025_12_26_01/backups/woocommerce_stripe_cc_settings.log" failed (2: No such file or directory), client: 172.70.47.124, server: www.ceerun.com, request: "GET /backups/woocommerce_stripe_cc_settings.log HTTP/2.0", host: "www.ceerun.com"
2026/08/24 23:49:37 [error] 9850#0: *1275112 open() "/www/data/wwwroot/2025_12_26_01/404.html" failed (2: No such file or directory), client: 172.70.47.124, server: www.ceerun.com, request: "GET /backups/woocommerce_stripe_cc_settings.log HTTP/2.0", host: "www.ceerun.com"
2026/08/24 23:49:37 [error] 9853#0: *1274228 open() "/www/data/wwwroot/2025_12_26_01/backups/woocommerce_stripe_cc_settings" failed (2: No such file or directory), client: 172.69.109.210, server: www.ceerun.com, request: "GET /backups/woocommerce_stripe_cc_settings HTTP/2.0", host: "www.ceerun.com"
2026/08/24 23:49:37 [error] 9853#0: *1274228 open() "/www/data/wwwroot/2025_12_26_01/404.html" failed (2: No such file or directory), client: 172.69.109.210, server: www.ceerun.com, request: "GET /backups/woocommerce_stripe_cc_settings HTTP/2.0", host: "www.ceerun.com"
2026/08/24 23:49:37 [error] 9851#0: *1275101 open() "/www/data/wwwroot/2025_12_26_01/backups/woocommerce_stripe_cc_settings.txt" failed (2: No such file or directory), client: 172.69.151.10, server: www.ceerun.com, request: "GET /backups/woocommerce_stripe_cc_settings.txt HTTP/2.0", host: "www.ceerun.com"
2026/08/24 23:49:37 [error] 9851#0: *1275101 open() "/www/data/wwwroot/2025_12_26_01/404.html" failed (2: No such file or directory), client: 172.69.151.10, server: www.ceerun.com, request: "GET /backups/woocommerce_stripe_cc_settings.txt HTTP/2.0", host: "www.ceerun.com"
2026/08/24 23:49:40 [error] 9851#0: *1275408 open() "/www/data/wwwroot/2025_12_26_01/backups/woocommerce_stripe_cc_settings.tar.gz" failed (2: No such file or directory), client: 172.71.160.58, server: www.ceerun.com, request: "GET /backups/woocommerce_stripe_cc_settings.tar.gz HTTP/2.0", host: "www.ceerun.com"
2026/08/24 23:49:40 [error] 9851#0: *1275408 open() "/www/data/wwwroot/2025_12_26_01/404.html" failed (2: No such file or directory), client: 172.71.160.58, server: www.ceerun.com, request: "GET /backups/woocommerce_stripe_cc_settings.tar.gz HTTP/2.0", host: "www.ceerun.com"
2026/08/24 23:49:42 [error] 9853#0: *1275111 open() "/www/data/wwwroot/2025_12_26_01/wp-content/woocommerce_stripe_cc_settings" failed (2: No such file or directory), client: 104.23.172.111, server: www.ceerun.com, request: "GET /wp-content/woocommerce_stripe_cc_settings HTTP/2.0", host: "www.ceerun.com"
2026/08/24 23:49:42 [error] 9853#0: *1275111 open() "/www/data/wwwroot/2025_12_26_01/404.html" failed (2: No such file or directory), client: 104.23.172.111, server: www.ceerun.com, request: "GET /wp-content/woocommerce_stripe_cc_settings HTTP/2.0", host: "www.ceerun.com"
2026/08/24 23:49:42 [error] 9851#0: *1275101 open() "/www/data/wwwroot/2025_12_26_01/wp-content/woocommerce_stripe_cc_settings.log" failed (2: No such file or directory), client: 172.69.151.10, server: www.ceerun.com, request: "GET /wp-content/woocommerce_stripe_cc_settings.log HTTP/2.0", host: "www.ceerun.com"
2026/08/24 23:49:42 [error] 9851#0: *1275101 open() "/www/data/wwwroot/2025_12_26_01/404.html" failed (2: No such file or directory), client: 172.69.151.10, server: www.ceerun.com, request: "GET /wp-content/woocommerce_stripe_cc_settings.log HTTP/2.0", host: "www.ceerun.com"
2026/08/24 23:49:42 [error] 9850#0: *1275112 open() "/www/data/wwwroot/2025_12_26_01/wp-content/woocommerce_stripe_cc_settings.sql" failed (2: No such file or directory), client: 172.70.47.124, server: www.ceerun.com, request: "GET /wp-content/woocommerce_stripe_cc_settings.sql HTTP/2.0", host: "www.ceerun.com"
2026/08/24 23:49:42 [error] 9850#0: *1275112 open() "/www/data/wwwroot/2025_12_26_01/404.html" failed (2: No such file or directory), client: 172.70.47.124, server: www.ceerun.com, request: "GET /wp-content/woocommerce_stripe_cc_settings.sql HTTP/2.0", host: "www.ceerun.com"
2026/08/24 23:49:43 [error] 9851#0: *1275417 open() "/www/data/wwwroot/2025_12_26_01/backups/woocommerce_stripe_cc_settings.csv" failed (2: No such file or directory), client: 172.69.109.218, server: www.ceerun.com, request: "GET /backups/woocommerce_stripe_cc_settings.csv HTTP/2.0", host: "www.ceerun.com"
2026/08/24 23:49:43 [error] 9851#0: *1275417 open() "/www/data/wwwroot/2025_12_26_01/404.html" failed (2: No such file or directory), client: 172.69.109.218, server: www.ceerun.com, request: "GET /backups/woocommerce_stripe_cc_settings.csv HTTP/2.0", host: "www.ceerun.com"
2026/08/24 23:49:44 [error] 9853#0: *1274228 open() "/www/data/wwwroot/2025_12_26_01/wp-content/woocommerce_stripe_cc_settings.txt" failed (2: No such file or directory), client: 172.69.109.210, server: www.ceerun.com, request: "GET /wp-content/woocommerce_stripe_cc_settings.txt HTTP/2.0", host: "www.ceerun.com"
2026/08/24 23:49:44 [error] 9853#0: *1274228 open() "/www/data/wwwroot/2025_12_26_01/404.html" failed (2: No such file or directory), client: 172.69.109.210, server: www.ceerun.com, request: "GET /wp-content/woocommerce_stripe_cc_settings.txt HTTP/2.0", host: "www.ceerun.com"
2026/08/24 23:49:46 [error] 9851#0: *1275425 open() "/www/data/wwwroot/2025_12_26_01/wp-content/woocommerce_stripe_cc_settings.zip" failed (2: No such file or directory), client: 172.69.109.232, server: www.ceerun.com, request: "GET /wp-content/woocommerce_stripe_cc_settings.zip HTTP/2.0", host: "www.ceerun.com"
2026/08/24 23:49:46 [error] 9851#0: *1275425 open() "/www/data/wwwroot/2025_12_26_01/404.html" failed (2: No such file or directory), client: 172.69.109.232, server: www.ceerun.com, request: "GET /wp-content/woocommerce_stripe_cc_settings.zip HTTP/2.0", host: "www.ceerun.com"
2026/08/24 23:51:00 [error] 9851#0: *1275585 open() "/www/data/wwwroot/2025_12_26_01/wp-content/woocommerce_stripe_api_settings.tar.gz" failed (2: No such file or directory), client: 141.101.76.162, server: www.ceerun.com, request: "GET /wp-content/woocommerce_stripe_api_settings.tar.gz HTTP/2.0", host: "www.ceerun.com"
2026/08/24 23:51:00 [error] 9851#0: *1275585 open() "/www/data/wwwroot/2025_12_26_01/404.html" failed (2: No such file or directory), client: 141.101.76.162, server: www.ceerun.com, request: "GET /wp-content/woocommerce_stripe_api_settings.tar.gz HTTP/2.0", host: "www.ceerun.com"
2026/08/24 23:51:00 [error] 9850#0: *1275586 open() "/www/data/wwwroot/2025_12_26_01/wp-content/woocommerce_stripe_api_settings.txt" failed (2: No such file or directory), client: 172.71.164.123, server: www.ceerun.com, request: "GET /wp-content/woocommerce_stripe_api_settings.txt HTTP/2.0", host: "www.ceerun.com"
2026/08/24 23:51:00 [error] 9850#0: *1275586 open() "/www/data/wwwroot/2025_12_26_01/404.html" failed (2: No such file or directory), client: 172.71.164.123, server: www.ceerun.com, request: "GET /wp-content/woocommerce_stripe_api_settings.txt HTTP/2.0", host: "www.ceerun.com"
2026/08/24 23:51:01 [error] 9851#0: *1275593 open() "/www/data/wwwroot/2025_12_26_01/wp-content/woocommerce_stripe_api_settings.csv" failed (2: No such file or directory), client: 172.71.160.158, server: www.ceerun.com, request: "GET /wp-content/woocommerce_stripe_api_settings.csv HTTP/2.0", host: "www.ceerun.com"
2026/08/24 23:51:01 [error] 9851#0: *1275593 open() "/www/data/wwwroot/2025_12_26_01/404.html" failed (2: No such file or directory), client: 172.71.160.158, server: www.ceerun.com, request: "GET /wp-content/woocommerce_stripe_api_settings.csv HTTP/2.0", host: "www.ceerun.com"
2026/08/24 23:51:10 [error] 9850#0: *1275586 open() "/www/data/wwwroot/2025_12_26_01/logs/woocommerce_stripe_api_settings" failed (2: No such file or directory), client: 172.71.164.123, server: www.ceerun.com, request: "GET /logs/woocommerce_stripe_api_settings HTTP/2.0", host: "www.ceerun.com"
2026/08/24 23:51:10 [error] 9850#0: *1275586 open() "/www/data/wwwroot/2025_12_26_01/404.html" failed (2: No such file or directory), client: 172.71.164.123, server: www.ceerun.com, request: "GET /logs/woocommerce_stripe_api_settings HTTP/2.0", host: "www.ceerun.com"
2026/08/24 23:51:13 [error] 9853#0: *1275644 open() "/www/data/wwwroot/2025_12_26_01/logs/woocommerce_stripe_api_settings.tar.gz" failed (2: No such file or directory), client: 172.70.240.207, server: www.ceerun.com, request: "GET /logs/woocommerce_stripe_api_settings.tar.gz HTTP/2.0", host: "www.ceerun.com"
2026/08/24 23:51:13 [error] 9853#0: *1275644 open() "/www/data/wwwroot/2025_12_26_01/404.html" failed (2: No such file or directory), client: 172.70.240.207, server: www.ceerun.com, request: "GET /logs/woocommerce_stripe_api_settings.tar.gz HTTP/2.0", host: "www.ceerun.com"
2026/08/24 23:51:13 [error] 9851#0: *1275646 open() "/www/data/wwwroot/2025_12_26_01/backups/woocommerce_paypal_settings.sql" failed (2: No such file or directory), client: 172.71.172.34, server: www.ceerun.com, request: "GET /backups/woocommerce_paypal_settings.sql HTTP/2.0", host: "www.ceerun.com"
2026/08/24 23:51:13 [error] 9851#0: *1275646 open() "/www/data/wwwroot/2025_12_26_01/404.html" failed (2: No such file or directory), client: 172.71.172.34, server: www.ceerun.com, request: "GET /backups/woocommerce_paypal_settings.sql HTTP/2.0", host: "www.ceerun.com"
2026/08/24 23:51:14 [error] 9851#0: *1275648 open() "/www/data/wwwroot/2025_12_26_01/backups/woocommerce_paypal_settings" failed (2: No such file or directory), client: 172.69.109.210, server: www.ceerun.com, request: "GET /backups/woocommerce_paypal_settings HTTP/2.0", host: "www.ceerun.com"
2026/08/24 23:51:14 [error] 9851#0: *1275648 open() "/www/data/wwwroot/2025_12_26_01/404.html" failed (2: No such file or directory), client: 172.69.109.210, server: www.ceerun.com, request: "GET /backups/woocommerce_paypal_settings HTTP/2.0", host: "www.ceerun.com"
2026/08/24 23:51:15 [error] 9853#0: *1275653 open() "/www/data/wwwroot/2025_12_26_01/backups/woocommerce_paypal_settings.zip" failed (2: No such file or directory), client: 172.71.144.128, server: www.ceerun.com, request: "GET /backups/woocommerce_paypal_settings.zip HTTP/2.0", host: "www.ceerun.com"
2026/08/24 23:51:15 [error] 9853#0: *1275653 open() "/www/data/wwwroot/2025_12_26_01/404.html" failed (2: No such file or directory), client: 172.71.144.128, server: www.ceerun.com, request: "GET /backups/woocommerce_paypal_settings.zip HTTP/2.0", host: "www.ceerun.com"
2026/08/24 23:51:16 [error] 9851#0: *1275646 open() "/www/data/wwwroot/2025_12_26_01/backups/woocommerce_paypal_settings.txt" failed (2: No such file or directory), client: 172.71.172.34, server: www.ceerun.com, request: "GET /backups/woocommerce_paypal_settings.txt HTTP/2.0", host: "www.ceerun.com"
2026/08/24 23:51:16 [error] 9851#0: *1275646 open() "/www/data/wwwroot/2025_12_26_01/404.html" failed (2: No such file or directory), client: 172.71.172.34, server: www.ceerun.com, request: "GET /backups/woocommerce_paypal_settings.txt HTTP/2.0", host: "www.ceerun.com"
2026/08/24 23:51:16 [error] 9850#0: *1275657 open() "/www/data/wwwroot/2025_12_26_01/wp-content/woocommerce_paypal_settings" failed (2: No such file or directory), client: 162.159.113.120, server: www.ceerun.com, request: "GET /wp-content/woocommerce_paypal_settings HTTP/2.0", host: "www.ceerun.com"
2026/08/24 23:51:16 [error] 9850#0: *1275657 open() "/www/data/wwwroot/2025_12_26_01/404.html" failed (2: No such file or directory), client: 162.159.113.120, server: www.ceerun.com, request: "GET /wp-content/woocommerce_paypal_settings HTTP/2.0", host: "www.ceerun.com"
2026/08/24 23:51:16 [error] 9850#0: *1275658 open() "/www/data/wwwroot/2025_12_26_01/wp-content/woocommerce_paypal_settings.sql" failed (2: No such file or directory), client: 172.71.95.82, server: www.ceerun.com, request: "GET /wp-content/woocommerce_paypal_settings.sql HTTP/2.0", host: "www.ceerun.com"
2026/08/24 23:51:16 [error] 9850#0: *1275658 open() "/www/data/wwwroot/2025_12_26_01/404.html" failed (2: No such file or directory), client: 172.71.95.82, server: www.ceerun.com, request: "GET /wp-content/woocommerce_paypal_settings.sql HTTP/2.0", host: "www.ceerun.com"
2026/08/24 23:51:17 [error] 9852#0: *1275659 open() "/www/data/wwwroot/2025_12_26_01/backups/woocommerce_paypal_settings.csv" failed (2: No such file or directory), client: 104.23.170.31, server: www.ceerun.com, request: "GET /backups/woocommerce_paypal_settings.csv HTTP/2.0", host: "www.ceerun.com"
2026/08/24 23:51:17 [error] 9852#0: *1275659 open() "/www/data/wwwroot/2025_12_26_01/404.html" failed (2: No such file or directory), client: 104.23.170.31, server: www.ceerun.com, request: "GET /backups/woocommerce_paypal_settings.csv HTTP/2.0", host: "www.ceerun.com"
2026/08/24 23:51:17 [error] 9850#0: *1275660 open() "/www/data/wwwroot/2025_12_26_01/backups/woocommerce_paypal_settings.tar.gz" failed (2: No such file or directory), client: 172.69.109.244, server: www.ceerun.com, request: "GET /backups/woocommerce_paypal_settings.tar.gz HTTP/2.0", host: "www.ceerun.com"
2026/08/24 23:51:17 [error] 9850#0: *1275660 open() "/www/data/wwwroot/2025_12_26_01/404.html" failed (2: No such file or directory), client: 172.69.109.244, server: www.ceerun.com, request: "GET /backups/woocommerce_paypal_settings.tar.gz HTTP/2.0", host: "www.ceerun.com"
2026/08/24 23:51:19 [error] 9853#0: *1275666 open() "/www/data/wwwroot/2025_12_26_01/wp-content/woocommerce_paypal_settings.log" failed (2: No such file or directory), client: 172.71.148.160, server: www.ceerun.com, request: "GET /wp-content/woocommerce_paypal_settings.log HTTP/2.0", host: "www.ceerun.com"
2026/08/24 23:51:19 [error] 9853#0: *1275666 open() "/www/data/wwwroot/2025_12_26_01/404.html" failed (2: No such file or directory), client: 172.71.148.160, server: www.ceerun.com, request: "GET /wp-content/woocommerce_paypal_settings.log HTTP/2.0", host: "www.ceerun.com"
2026/08/24 23:51:19 [error] 9851#0: *1275648 open() "/www/data/wwwroot/2025_12_26_01/wp-content/woocommerce_paypal_settings.txt" failed (2: No such file or directory), client: 172.69.109.210, server: www.ceerun.com, request: "GET /wp-content/woocommerce_paypal_settings.txt HTTP/2.0", host: "www.ceerun.com"
2026/08/24 23:51:19 [error] 9851#0: *1275648 open() "/www/data/wwwroot/2025_12_26_01/404.html" failed (2: No such file or directory), client: 172.69.109.210, server: www.ceerun.com, request: "GET /wp-content/woocommerce_paypal_settings.txt HTTP/2.0", host: "www.ceerun.com"
2026/08/24 23:51:20 [error] 9851#0: *1275671 open() "/www/data/wwwroot/2025_12_26_01/wp-content/woocommerce_paypal_settings.zip" failed (2: No such file or directory), client: 172.71.172.115, server: www.ceerun.com, request: "GET /wp-content/woocommerce_paypal_settings.zip HTTP/2.0", host: "www.ceerun.com"
2026/08/24 23:51:20 [error] 9851#0: *1275671 open() "/www/data/wwwroot/2025_12_26_01/404.html" failed (2: No such file or directory), client: 172.71.172.115, server: www.ceerun.com, request: "GET /wp-content/woocommerce_paypal_settings.zip HTTP/2.0", host: "www.ceerun.com"
2026/08/24 23:51:20 [error] 9851#0: *1275672 open() "/www/data/wwwroot/2025_12_26_01/wp-content/woocommerce_paypal_settings.tar.gz" failed (2: No such file or directory), client: 172.71.160.139, server: www.ceerun.com, request: "GET /wp-content/woocommerce_paypal_settings.tar.gz HTTP/2.0", host: "www.ceerun.com"
2026/08/24 23:51:20 [error] 9851#0: *1275672 open() "/www/data/wwwroot/2025_12_26_01/404.html" failed (2: No such file or directory), client: 172.71.160.139, server: www.ceerun.com, request: "GET /wp-content/woocommerce_paypal_settings.tar.gz HTTP/2.0", host: "www.ceerun.com"
2026/08/24 23:51:20 [error] 9850#0: *1275658 open() "/www/data/wwwroot/2025_12_26_01/logs/woocommerce_paypal_settings.sql" failed (2: No such file or directory), client: 172.71.95.82, server: www.ceerun.com, request: "GET /logs/woocommerce_paypal_settings.sql HTTP/2.0", host: "www.ceerun.com"
2026/08/24 23:51:20 [error] 9850#0: *1275658 open() "/www/data/wwwroot/2025_12_26_01/404.html" failed (2: No such file or directory), client: 172.71.95.82, server: www.ceerun.com, request: "GET /logs/woocommerce_paypal_settings.sql HTTP/2.0", host: "www.ceerun.com"
2026/08/24 23:51:21 [error] 9851#0: *1275673 open() "/www/data/wwwroot/2025_12_26_01/logs/woocommerce_paypal_settings" failed (2: No such file or directory), client: 104.23.170.99, server: www.ceerun.com, request: "GET /logs/woocommerce_paypal_settings HTTP/2.0", host: "www.ceerun.com"
2026/08/24 23:51:21 [error] 9851#0: *1275673 open() "/www/data/wwwroot/2025_12_26_01/404.html" failed (2: No such file or directory), client: 104.23.170.99, server: www.ceerun.com, request: "GET /logs/woocommerce_paypal_settings HTTP/2.0", host: "www.ceerun.com"
2026/08/24 23:51:22 [error] 9850#0: *1275586 open() "/www/data/wwwroot/2025_12_26_01/logs/woocommerce_paypal_settings.log" failed (2: No such file or directory), client: 172.71.164.123, server: www.ceerun.com, request: "GET /logs/woocommerce_paypal_settings.log HTTP/2.0", host: "www.ceerun.com"
2026/08/24 23:51:22 [error] 9850#0: *1275586 open() "/www/data/wwwroot/2025_12_26_01/404.html" failed (2: No such file or directory), client: 172.71.164.123, server: www.ceerun.com, request: "GET /logs/woocommerce_paypal_settings.log HTTP/2.0", host: "www.ceerun.com"
2026/08/24 23:51:22 [error] 9853#0: *1275675 open() "/www/data/wwwroot/2025_12_26_01/logs/woocommerce_paypal_settings.txt" failed (2: No such file or directory), client: 172.70.240.95, server: www.ceerun.com, request: "GET /logs/woocommerce_paypal_settings.txt HTTP/2.0", host: "www.ceerun.com"
2026/08/24 23:51:22 [error] 9853#0: *1275675 open() "/www/data/wwwroot/2025_12_26_01/404.html" failed (2: No such file or directory), client: 172.70.240.95, server: www.ceerun.com, request: "GET /logs/woocommerce_paypal_settings.txt HTTP/2.0", host: "www.ceerun.com"
2026/08/24 23:51:23 [error] 9850#0: *1275657 open() "/www/data/wwwroot/2025_12_26_01/backups/woocommerce_ppec_paypal_settings.sql" failed (2: No such file or directory), client: 162.159.113.120, server: www.ceerun.com, request: "GET /backups/woocommerce_ppec_paypal_settings.sql HTTP/2.0", host: "www.ceerun.com"
2026/08/24 23:51:23 [error] 9850#0: *1275657 open() "/www/data/wwwroot/2025_12_26_01/404.html" failed (2: No such file or directory), client: 162.159.113.120, server: www.ceerun.com, request: "GET /backups/woocommerce_ppec_paypal_settings.sql HTTP/2.0", host: "www.ceerun.com"
2026/08/24 23:51:23 [error] 9850#0: *1275658 open() "/www/data/wwwroot/2025_12_26_01/backups/woocommerce_ppec_paypal_settings.log" failed (2: No such file or directory), client: 172.71.95.82, server: www.ceerun.com, request: "GET /backups/woocommerce_ppec_paypal_settings.log HTTP/2.0", host: "www.ceerun.com"
2026/08/24 23:51:23 [error] 9850#0: *1275658 open() "/www/data/wwwroot/2025_12_26_01/404.html" failed (2: No such file or directory), client: 172.71.95.82, server: www.ceerun.com, request: "GET /backups/woocommerce_ppec_paypal_settings.log HTTP/2.0", host: "www.ceerun.com"
2026/08/24 23:51:23 [error] 9850#0: *1275680 open() "/www/data/wwwroot/2025_12_26_01/backups/woocommerce_ppec_paypal_settings" failed (2: No such file or directory), client: 172.70.47.124, server: www.ceerun.com, request: "GET /backups/woocommerce_ppec_paypal_settings HTTP/2.0", host: "www.ceerun.com"
2026/08/24 23:51:23 [error] 9850#0: *1275680 open() "/www/data/wwwroot/2025_12_26_01/404.html" failed (2: No such file or directory), client: 172.70.47.124, server: www.ceerun.com, request: "GET /backups/woocommerce_ppec_paypal_settings HTTP/2.0", host: "www.ceerun.com"
2026/08/24 23:51:23 [error] 9853#0: *1275681 open() "/www/data/wwwroot/2025_12_26_01/logs/woocommerce_paypal_settings.zip" failed (2: No such file or directory), client: 172.71.160.66, server: www.ceerun.com, request: "GET /logs/woocommerce_paypal_settings.zip HTTP/2.0", host: "www.ceerun.com"
2026/08/24 23:51:23 [error] 9853#0: *1275681 open() "/www/data/wwwroot/2025_12_26_01/404.html" failed (2: No such file or directory), client: 172.71.160.66, server: www.ceerun.com, request: "GET /logs/woocommerce_paypal_settings.zip HTTP/2.0", host: "www.ceerun.com"
2026/08/24 23:51:24 [error] 9853#0: *1275685 open() "/www/data/wwwroot/2025_12_26_01/wp-content/woocommerce_paypal_settings.csv" failed (2: No such file or directory), client: 172.71.144.107, server: www.ceerun.com, request: "GET /wp-content/woocommerce_paypal_settings.csv HTTP/2.0", host: "www.ceerun.com"
2026/08/24 23:51:24 [error] 9853#0: *1275685 open() "/www/data/wwwroot/2025_12_26_01/404.html" failed (2: No such file or directory), client: 172.71.144.107, server: www.ceerun.com, request: "GET /wp-content/woocommerce_paypal_settings.csv HTTP/2.0", host: "www.ceerun.com"
2026/08/24 23:51:24 [error] 9853#0: *1275684 open() "/www/data/wwwroot/2025_12_26_01/logs/woocommerce_paypal_settings.csv" failed (2: No such file or directory), client: 172.69.109.172, server: www.ceerun.com, request: "GET /logs/woocommerce_paypal_settings.csv HTTP/2.0", host: "www.ceerun.com"
2026/08/24 23:51:24 [error] 9853#0: *1275684 open() "/www/data/wwwroot/2025_12_26_01/404.html" failed (2: No such file or directory), client: 172.69.109.172, server: www.ceerun.com, request: "GET /logs/woocommerce_paypal_settings.csv HTTP/2.0", host: "www.ceerun.com"
2026/08/24 23:51:24 [error] 9853#0: *1275666 open() "/www/data/wwwroot/2025_12_26_01/backups/woocommerce_ppec_paypal_settings.txt" failed (2: No such file or directory), client: 172.71.148.160, server: www.ceerun.com, request: "GET /backups/woocommerce_ppec_paypal_settings.txt HTTP/2.0", host: "www.ceerun.com"
2026/08/24 23:51:24 [error] 9853#0: *1275666 open() "/www/data/wwwroot/2025_12_26_01/404.html" failed (2: No such file or directory), client: 172.71.148.160, server: www.ceerun.com, request: "GET /backups/woocommerce_ppec_paypal_settings.txt HTTP/2.0", host: "www.ceerun.com"
2026/08/24 23:51:25 [error] 9851#0: *1275688 open() "/www/data/wwwroot/2025_12_26_01/logs/woocommerce_paypal_settings.tar.gz" failed (2: No such file or directory), client: 172.69.109.154, server: www.ceerun.com, request: "GET /logs/woocommerce_paypal_settings.tar.gz HTTP/2.0", host: "www.ceerun.com"
2026/08/24 23:51:25 [error] 9851#0: *1275688 open() "/www/data/wwwroot/2025_12_26_01/404.html" failed (2: No such file or directory), client: 172.69.109.154, server: www.ceerun.com, request: "GET /logs/woocommerce_paypal_settings.tar.gz HTTP/2.0", host: "www.ceerun.com"
2026/08/24 23:51:26 [error] 9853#0: *1275692 open() "/www/data/wwwroot/2025_12_26_01/backups/woocommerce_ppec_paypal_settings.zip" failed (2: No such file or directory), client: 104.23.166.70, server: www.ceerun.com, request: "GET /backups/woocommerce_ppec_paypal_settings.zip HTTP/2.0", host: "www.ceerun.com"
2026/08/24 23:51:26 [error] 9853#0: *1275692 open() "/www/data/wwwroot/2025_12_26_01/404.html" failed (2: No such file or directory), client: 104.23.166.70, server: www.ceerun.com, request: "GET /backups/woocommerce_ppec_paypal_settings.zip HTTP/2.0", host: "www.ceerun.com"
2026/08/24 23:51:26 [error] 9850#0: *1275693 open() "/www/data/wwwroot/2025_12_26_01/backups/woocommerce_ppec_paypal_settings.tar.gz" failed (2: No such file or directory), client: 141.101.76.56, server: www.ceerun.com, request: "GET /backups/woocommerce_ppec_paypal_settings.tar.gz HTTP/2.0", host: "www.ceerun.com"
2026/08/24 23:51:26 [error] 9850#0: *1275693 open() "/www/data/wwwroot/2025_12_26_01/404.html" failed (2: No such file or directory), client: 141.101.76.56, server: www.ceerun.com, request: "GET /backups/woocommerce_ppec_paypal_settings.tar.gz HTTP/2.0", host: "www.ceerun.com"
2026/08/24 23:51:27 [error] 9853#0: *1275696 open() "/www/data/wwwroot/2025_12_26_01/backups/woocommerce_ppec_paypal_settings.csv" failed (2: No such file or directory), client: 104.23.168.78, server: www.ceerun.com, request: "GET /backups/woocommerce_ppec_paypal_settings.csv HTTP/2.0", host: "www.ceerun.com"
2026/08/24 23:51:27 [error] 9853#0: *1275696 open() "/www/data/wwwroot/2025_12_26_01/404.html" failed (2: No such file or directory), client: 104.23.168.78, server: www.ceerun.com, request: "GET /backups/woocommerce_ppec_paypal_settings.csv HTTP/2.0", host: "www.ceerun.com"
2026/08/24 23:51:27 [error] 9853#0: *1275675 open() "/www/data/wwwroot/2025_12_26_01/wp-content/woocommerce_ppec_paypal_settings" failed (2: No such file or directory), client: 172.70.240.95, server: www.ceerun.com, request: "GET /wp-content/woocommerce_ppec_paypal_settings HTTP/2.0", host: "www.ceerun.com"
2026/08/24 23:51:27 [error] 9853#0: *1275675 open() "/www/data/wwwroot/2025_12_26_01/404.html" failed (2: No such file or directory), client: 172.70.240.95, server: www.ceerun.com, request: "GET /wp-content/woocommerce_ppec_paypal_settings HTTP/2.0", host: "www.ceerun.com"
2026/08/24 23:51:28 [error] 9850#0: *1275586 open() "/www/data/wwwroot/2025_12_26_01/wp-content/woocommerce_ppec_paypal_settings.sql" failed (2: No such file or directory), client: 172.71.164.123, server: www.ceerun.com, request: "GET /wp-content/woocommerce_ppec_paypal_settings.sql HTTP/2.0", host: "www.ceerun.com"
2026/08/24 23:51:28 [error] 9850#0: *1275586 open() "/www/data/wwwroot/2025_12_26_01/404.html" failed (2: No such file or directory), client: 172.71.164.123, server: www.ceerun.com, request: "GET /wp-content/woocommerce_ppec_paypal_settings.sql HTTP/2.0", host: "www.ceerun.com"
2026/08/24 23:51:29 [error] 9850#0: *1275680 open() "/www/data/wwwroot/2025_12_26_01/wp-content/woocommerce_ppec_paypal_settings.log" failed (2: No such file or directory), client: 172.70.47.124, server: www.ceerun.com, request: "GET /wp-content/woocommerce_ppec_paypal_settings.log HTTP/2.0", host: "www.ceerun.com"
2026/08/24 23:51:29 [error] 9850#0: *1275680 open() "/www/data/wwwroot/2025_12_26_01/404.html" failed (2: No such file or directory), client: 172.70.47.124, server: www.ceerun.com, request: "GET /wp-content/woocommerce_ppec_paypal_settings.log HTTP/2.0", host: "www.ceerun.com"
2026/08/24 23:51:29 [error] 9853#0: *1275700 open() "/www/data/wwwroot/2025_12_26_01/wp-content/woocommerce_ppec_paypal_settings.zip" failed (2: No such file or directory), client: 104.23.166.138, server: www.ceerun.com, request: "GET /wp-content/woocommerce_ppec_paypal_settings.zip HTTP/2.0", host: "www.ceerun.com"
2026/08/24 23:51:29 [error] 9853#0: *1275700 open() "/www/data/wwwroot/2025_12_26_01/404.html" failed (2: No such file or directory), client: 104.23.166.138, server: www.ceerun.com, request: "GET /wp-content/woocommerce_ppec_paypal_settings.zip HTTP/2.0", host: "www.ceerun.com"
2026/08/24 23:51:30 [error] 9853#0: *1275701 open() "/www/data/wwwroot/2025_12_26_01/wp-content/woocommerce_ppec_paypal_settings.txt" failed (2: No such file or directory), client: 172.69.151.9, server: www.ceerun.com, request: "GET /wp-content/woocommerce_ppec_paypal_settings.txt HTTP/2.0", host: "www.ceerun.com"
2026/08/24 23:51:30 [error] 9853#0: *1275701 open() "/www/data/wwwroot/2025_12_26_01/404.html" failed (2: No such file or directory), client: 172.69.151.9, server: www.ceerun.com, request: "GET /wp-content/woocommerce_ppec_paypal_settings.txt HTTP/2.0", host: "www.ceerun.com"
2026/08/24 23:51:41 [error] 9853#0: *1275742 open() "/www/data/wwwroot/2025_12_26_01/logs/woocommerce_ppec_paypal_settings.zip" failed (2: No such file or directory), client: 162.159.113.47, server: www.ceerun.com, request: "GET /logs/woocommerce_ppec_paypal_settings.zip HTTP/2.0", host: "www.ceerun.com"
2026/08/24 23:51:41 [error] 9853#0: *1275742 open() "/www/data/wwwroot/2025_12_26_01/404.html" failed (2: No such file or directory), client: 162.159.113.47, server: www.ceerun.com, request: "GET /logs/woocommerce_ppec_paypal_settings.zip HTTP/2.0", host: "www.ceerun.com"
2026/08/24 23:51:41 [error] 9853#0: *1275701 open() "/www/data/wwwroot/2025_12_26_01/logs/woocommerce_ppec_paypal_settings" failed (2: No such file or directory), client: 172.69.151.9, server: www.ceerun.com, request: "GET /logs/woocommerce_ppec_paypal_settings HTTP/2.0", host: "www.ceerun.com"
2026/08/24 23:51:41 [error] 9853#0: *1275701 open() "/www/data/wwwroot/2025_12_26_01/404.html" failed (2: No such file or directory), client: 172.69.151.9, server: www.ceerun.com, request: "GET /logs/woocommerce_ppec_paypal_settings HTTP/2.0", host: "www.ceerun.com"
2026/08/24 23:51:41 [error] 9851#0: *1275744 open() "/www/data/wwwroot/2025_12_26_01/logs/woocommerce_ppec_paypal_settings.tar.gz" failed (2: No such file or directory), client: 172.69.151.137, server: www.ceerun.com, request: "GET /logs/woocommerce_ppec_paypal_settings.tar.gz HTTP/2.0", host: "www.ceerun.com"
2026/08/24 23:51:41 [error] 9851#0: *1275744 open() "/www/data/wwwroot/2025_12_26_01/404.html" failed (2: No such file or directory), client: 172.69.151.137, server: www.ceerun.com, request: "GET /logs/woocommerce_ppec_paypal_settings.tar.gz HTTP/2.0", host: "www.ceerun.com"
2026/08/24 23:51:42 [error] 9851#0: *1275648 open() "/www/data/wwwroot/2025_12_26_01/backups/woocommerce_ppcp-gateway_settings" failed (2: No such file or directory), client: 172.69.109.210, server: www.ceerun.com, request: "GET /backups/woocommerce_ppcp-gateway_settings HTTP/2.0", host: "www.ceerun.com"
2026/08/24 23:51:42 [error] 9851#0: *1275648 open() "/www/data/wwwroot/2025_12_26_01/404.html" failed (2: No such file or directory), client: 172.69.109.210, server: www.ceerun.com, request: "GET /backups/woocommerce_ppcp-gateway_settings HTTP/2.0", host: "www.ceerun.com"
2026/08/24 23:51:42 [error] 9851#0: *1275750 open() "/www/data/wwwroot/2025_12_26_01/logs/woocommerce_ppec_paypal_settings.csv" failed (2: No such file or directory), client: 172.71.95.119, server: www.ceerun.com, request: "GET /logs/woocommerce_ppec_paypal_settings.csv HTTP/2.0", host: "www.ceerun.com"
2026/08/24 23:51:42 [error] 9851#0: *1275750 open() "/www/data/wwwroot/2025_12_26_01/404.html" failed (2: No such file or directory), client: 172.71.95.119, server: www.ceerun.com, request: "GET /logs/woocommerce_ppec_paypal_settings.csv HTTP/2.0", host: "www.ceerun.com"
2026/08/24 23:51:43 [error] 9853#0: *1275666 open() "/www/data/wwwroot/2025_12_26_01/backups/woocommerce_ppcp-gateway_settings.log" failed (2: No such file or directory), client: 172.71.148.160, server: www.ceerun.com, request: "GET /backups/woocommerce_ppcp-gateway_settings.log HTTP/2.0", host: "www.ceerun.com"
2026/08/24 23:51:43 [error] 9853#0: *1275666 open() "/www/data/wwwroot/2025_12_26_01/404.html" failed (2: No such file or directory), client: 172.71.148.160, server: www.ceerun.com, request: "GET /backups/woocommerce_ppcp-gateway_settings.log HTTP/2.0", host: "www.ceerun.com"
2026/08/24 23:51:43 [error] 9851#0: *1275648 open() "/www/data/wwwroot/2025_12_26_01/backups/woocommerce_ppcp-gateway_settings.txt" failed (2: No such file or directory), client: 172.69.109.210, server: www.ceerun.com, request: "GET /backups/woocommerce_ppcp-gateway_settings.txt HTTP/2.0", host: "www.ceerun.com"
2026/08/24 23:51:43 [error] 9851#0: *1275648 open() "/www/data/wwwroot/2025_12_26_01/404.html" failed (2: No such file or directory), client: 172.69.109.210, server: www.ceerun.com, request: "GET /backups/woocommerce_ppcp-gateway_settings.txt HTTP/2.0", host: "www.ceerun.com"
2026/08/24 23:51:43 [error] 9850#0: *1275658 open() "/www/data/wwwroot/2025_12_26_01/logs/woocommerce_ppec_paypal_settings.sql" failed (2: No such file or directory), client: 172.71.95.82, server: www.ceerun.com, request: "GET /logs/woocommerce_ppec_paypal_settings.sql HTTP/2.0", host: "www.ceerun.com"
2026/08/24 23:51:43 [error] 9850#0: *1275658 open() "/www/data/wwwroot/2025_12_26_01/404.html" failed (2: No such file or directory), client: 172.71.95.82, server: www.ceerun.com, request: "GET /logs/woocommerce_ppec_paypal_settings.sql HTTP/2.0", host: "www.ceerun.com"
2026/08/24 23:51:43 [error] 9850#0: *1275680 open() "/www/data/wwwroot/2025_12_26_01/logs/woocommerce_ppec_paypal_settings.txt" failed (2: No such file or directory), client: 172.70.47.124, server: www.ceerun.com, request: "GET /logs/woocommerce_ppec_paypal_settings.txt HTTP/2.0", host: "www.ceerun.com"
2026/08/24 23:51:43 [error] 9850#0: *1275680 open() "/www/data/wwwroot/2025_12_26_01/404.html" failed (2: No such file or directory), client: 172.70.47.124, server: www.ceerun.com, request: "GET /logs/woocommerce_ppec_paypal_settings.txt HTTP/2.0", host: "www.ceerun.com"
2026/08/24 23:51:43 [error] 9851#0: *1275752 open() "/www/data/wwwroot/2025_12_26_01/backups/woocommerce_ppcp-gateway_settings.sql" failed (2: No such file or directory), client: 172.71.160.42, server: www.ceerun.com, request: "GET /backups/woocommerce_ppcp-gateway_settings.sql HTTP/2.0", host: "www.ceerun.com"
2026/08/24 23:51:43 [error] 9851#0: *1275752 open() "/www/data/wwwroot/2025_12_26_01/404.html" failed (2: No such file or directory), client: 172.71.160.42, server: www.ceerun.com, request: "GET /backups/woocommerce_ppcp-gateway_settings.sql HTTP/2.0", host: "www.ceerun.com"
2026/08/24 23:51:43 [error] 9851#0: *1275754 open() "/www/data/wwwroot/2025_12_26_01/backups/woocommerce_ppcp-gateway_settings.zip" failed (2: No such file or directory), client: 104.23.239.97, server: www.ceerun.com, request: "GET /backups/woocommerce_ppcp-gateway_settings.zip HTTP/2.0", host: "www.ceerun.com"
2026/08/24 23:51:43 [error] 9851#0: *1275754 open() "/www/data/wwwroot/2025_12_26_01/404.html" failed (2: No such file or directory), client: 104.23.239.97, server: www.ceerun.com, request: "GET /backups/woocommerce_ppcp-gateway_settings.zip HTTP/2.0", host: "www.ceerun.com"
2026/08/24 23:51:44 [error] 9853#0: *1275757 open() "/www/data/wwwroot/2025_12_26_01/backups/woocommerce_ppcp-gateway_settings.tar.gz" failed (2: No such file or directory), client: 172.69.109.170, server: www.ceerun.com, request: "GET /backups/woocommerce_ppcp-gateway_settings.tar.gz HTTP/2.0", host: "www.ceerun.com"
2026/08/24 23:51:44 [error] 9853#0: *1275757 open() "/www/data/wwwroot/2025_12_26_01/404.html" failed (2: No such file or directory), client: 172.69.109.170, server: www.ceerun.com, request: "GET /backups/woocommerce_ppcp-gateway_settings.tar.gz HTTP/2.0", host: "www.ceerun.com"
2026/08/24 23:51:45 [error] 9853#0: *1275675 open() "/www/data/wwwroot/2025_12_26_01/logs/woocommerce_ppec_paypal_settings.log" failed (2: No such file or directory), client: 172.70.240.95, server: www.ceerun.com, request: "GET /logs/woocommerce_ppec_paypal_settings.log HTTP/2.0", host: "www.ceerun.com"
2026/08/24 23:51:45 [error] 9853#0: *1275675 open() "/www/data/wwwroot/2025_12_26_01/404.html" failed (2: No such file or directory), client: 172.70.240.95, server: www.ceerun.com, request: "GET /logs/woocommerce_ppec_paypal_settings.log HTTP/2.0", host: "www.ceerun.com"
2026/08/24 23:51:45 [error] 9851#0: *1275761 open() "/www/data/wwwroot/2025_12_26_01/wp-content/woocommerce_ppec_paypal_settings.tar.gz" failed (2: No such file or directory), client: 141.101.76.44, server: www.ceerun.com, request: "GET /wp-content/woocommerce_ppec_paypal_settings.tar.gz HTTP/2.0", host: "www.ceerun.com"
2026/08/24 23:51:45 [error] 9851#0: *1275761 open() "/www/data/wwwroot/2025_12_26_01/404.html" failed (2: No such file or directory), client: 141.101.76.44, server: www.ceerun.com, request: "GET /wp-content/woocommerce_ppec_paypal_settings.tar.gz HTTP/2.0", host: "www.ceerun.com"
2026/08/24 23:51:45 [error] 9853#0: *1275762 open() "/www/data/wwwroot/2025_12_26_01/wp-content/woocommerce_ppec_paypal_settings.csv" failed (2: No such file or directory), client: 172.71.95.65, server: www.ceerun.com, request: "GET /wp-content/woocommerce_ppec_paypal_settings.csv HTTP/2.0", host: "www.ceerun.com"
2026/08/24 23:51:45 [error] 9853#0: *1275762 open() "/www/data/wwwroot/2025_12_26_01/404.html" failed (2: No such file or directory), client: 172.71.95.65, server: www.ceerun.com, request: "GET /wp-content/woocommerce_ppec_paypal_settings.csv HTTP/2.0", host: "www.ceerun.com"
2026/08/24 23:51:50 [error] 9853#0: *1275768 open() "/www/data/wwwroot/2025_12_26_01/backups/woocommerce_ppcp-gateway_settings.csv" failed (2: No such file or directory), client: 172.69.109.31, server: www.ceerun.com, request: "GET /backups/woocommerce_ppcp-gateway_settings.csv HTTP/2.0", host: "www.ceerun.com"
2026/08/24 23:51:50 [error] 9853#0: *1275768 open() "/www/data/wwwroot/2025_12_26_01/404.html" failed (2: No such file or directory), client: 172.69.109.31, server: www.ceerun.com, request: "GET /backups/woocommerce_ppcp-gateway_settings.csv HTTP/2.0", host: "www.ceerun.com"
2026/08/24 23:51:50 [error] 9851#0: *1275673 open() "/www/data/wwwroot/2025_12_26_01/wp-content/woocommerce_ppcp-gateway_settings" failed (2: No such file or directory), client: 104.23.170.99, server: www.ceerun.com, request: "GET /wp-content/woocommerce_ppcp-gateway_settings HTTP/2.0", host: "www.ceerun.com"
2026/08/24 23:51:50 [error] 9851#0: *1275673 open() "/www/data/wwwroot/2025_12_26_01/404.html" failed (2: No such file or directory), client: 104.23.170.99, server: www.ceerun.com, request: "GET /wp-content/woocommerce_ppcp-gateway_settings HTTP/2.0", host: "www.ceerun.com"
2026/08/24 23:51:50 [error] 9853#0: *1275769 open() "/www/data/wwwroot/2025_12_26_01/wp-content/woocommerce_ppcp-gateway_settings.log" failed (2: No such file or directory), client: 172.71.102.157, server: www.ceerun.com, request: "GET /wp-content/woocommerce_ppcp-gateway_settings.log HTTP/2.0", host: "www.ceerun.com"
2026/08/24 23:51:50 [error] 9853#0: *1275769 open() "/www/data/wwwroot/2025_12_26_01/404.html" failed (2: No such file or directory), client: 172.71.102.157, server: www.ceerun.com, request: "GET /wp-content/woocommerce_ppcp-gateway_settings.log HTTP/2.0", host: "www.ceerun.com"
2026/08/24 23:51:50 [error] 9851#0: *1275752 open() "/www/data/wwwroot/2025_12_26_01/wp-content/woocommerce_ppcp-gateway_settings.txt" failed (2: No such file or directory), client: 172.71.160.42, server: www.ceerun.com, request: "GET /wp-content/woocommerce_ppcp-gateway_settings.txt HTTP/2.0", host: "www.ceerun.com"
2026/08/24 23:51:50 [error] 9851#0: *1275752 open() "/www/data/wwwroot/2025_12_26_01/404.html" failed (2: No such file or directory), client: 172.71.160.42, server: www.ceerun.com, request: "GET /wp-content/woocommerce_ppcp-gateway_settings.txt HTTP/2.0", host: "www.ceerun.com"
2026/08/24 23:51:51 [error] 9851#0: *1275773 open() "/www/data/wwwroot/2025_12_26_01/wp-content/woocommerce_ppcp-gateway_settings.zip" failed (2: No such file or directory), client: 172.70.246.233, server: www.ceerun.com, request: "GET /wp-content/woocommerce_ppcp-gateway_settings.zip HTTP/2.0", host: "www.ceerun.com"
2026/08/24 23:51:51 [error] 9851#0: *1275773 open() "/www/data/wwwroot/2025_12_26_01/404.html" failed (2: No such file or directory), client: 172.70.246.233, server: www.ceerun.com, request: "GET /wp-content/woocommerce_ppcp-gateway_settings.zip HTTP/2.0", host: "www.ceerun.com"
2026/08/24 23:51:52 [error] 9853#0: *1275775 open() "/www/data/wwwroot/2025_12_26_01/wp-content/woocommerce_ppcp-gateway_settings.tar.gz" failed (2: No such file or directory), client: 104.23.172.132, server: www.ceerun.com, request: "GET /wp-content/woocommerce_ppcp-gateway_settings.tar.gz HTTP/2.0", host: "www.ceerun.com"
2026/08/24 23:51:52 [error] 9853#0: *1275775 open() "/www/data/wwwroot/2025_12_26_01/404.html" failed (2: No such file or directory), client: 104.23.172.132, server: www.ceerun.com, request: "GET /wp-content/woocommerce_ppcp-gateway_settings.tar.gz HTTP/2.0", host: "www.ceerun.com"
2026/08/24 23:51:53 [error] 9853#0: *1275781 open() "/www/data/wwwroot/2025_12_26_01/wp-content/woocommerce_ppcp-gateway_settings.csv" failed (2: No such file or directory), client: 172.69.109.7, server: www.ceerun.com, request: "GET /wp-content/woocommerce_ppcp-gateway_settings.csv HTTP/2.0", host: "www.ceerun.com"
2026/08/24 23:51:53 [error] 9853#0: *1275781 open() "/www/data/wwwroot/2025_12_26_01/404.html" failed (2: No such file or directory), client: 172.69.109.7, server: www.ceerun.com, request: "GET /wp-content/woocommerce_ppcp-gateway_settings.csv HTTP/2.0", host: "www.ceerun.com"
2026/08/24 23:51:53 [error] 9850#0: *1275680 open() "/www/data/wwwroot/2025_12_26_01/wp-content/woocommerce_ppcp-gateway_settings.sql" failed (2: No such file or directory), client: 172.70.47.124, server: www.ceerun.com, request: "GET /wp-content/woocommerce_ppcp-gateway_settings.sql HTTP/2.0", host: "www.ceerun.com"
2026/08/24 23:51:53 [error] 9850#0: *1275680 open() "/www/data/wwwroot/2025_12_26_01/404.html" failed (2: No such file or directory), client: 172.70.47.124, server: www.ceerun.com, request: "GET /wp-content/woocommerce_ppcp-gateway_settings.sql HTTP/2.0", host: "www.ceerun.com"
2026/08/24 23:51:54 [error] 9853#0: *1275666 open() "/www/data/wwwroot/2025_12_26_01/logs/woocommerce_ppcp-gateway_settings" failed (2: No such file or directory), client: 172.71.148.160, server: www.ceerun.com, request: "GET /logs/woocommerce_ppcp-gateway_settings HTTP/2.0", host: "www.ceerun.com"
2026/08/24 23:51:54 [error] 9853#0: *1275666 open() "/www/data/wwwroot/2025_12_26_01/404.html" failed (2: No such file or directory), client: 172.71.148.160, server: www.ceerun.com, request: "GET /logs/woocommerce_ppcp-gateway_settings HTTP/2.0", host: "www.ceerun.com"
2026/08/24 23:51:55 [error] 9851#0: *1275648 open() "/www/data/wwwroot/2025_12_26_01/logs/woocommerce_ppcp-gateway_settings.sql" failed (2: No such file or directory), client: 172.69.109.210, server: www.ceerun.com, request: "GET /logs/woocommerce_ppcp-gateway_settings.sql HTTP/2.0", host: "www.ceerun.com"
2026/08/24 23:51:55 [error] 9851#0: *1275648 open() "/www/data/wwwroot/2025_12_26_01/404.html" failed (2: No such file or directory), client: 172.69.109.210, server: www.ceerun.com, request: "GET /logs/woocommerce_ppcp-gateway_settings.sql HTTP/2.0", host: "www.ceerun.com"
2026/08/24 23:51:55 [error] 9853#0: *1275769 open() "/www/data/wwwroot/2025_12_26_01/logs/woocommerce_ppcp-gateway_settings.txt" failed (2: No such file or directory), client: 172.71.102.157, server: www.ceerun.com, request: "GET /logs/woocommerce_ppcp-gateway_settings.txt HTTP/2.0", host: "www.ceerun.com"
2026/08/24 23:51:55 [error] 9853#0: *1275769 open() "/www/data/wwwroot/2025_12_26_01/404.html" failed (2: No such file or directory), client: 172.71.102.157, server: www.ceerun.com, request: "GET /logs/woocommerce_ppcp-gateway_settings.txt HTTP/2.0", host: "www.ceerun.com"
2026/08/24 23:51:56 [error] 9852#0: *1275785 open() "/www/data/wwwroot/2025_12_26_01/logs/woocommerce_ppcp-gateway_settings.tar.gz" failed (2: No such file or directory), client: 172.71.99.196, server: www.ceerun.com, request: "GET /logs/woocommerce_ppcp-gateway_settings.tar.gz HTTP/2.0", host: "www.ceerun.com"
2026/08/24 23:51:56 [error] 9852#0: *1275785 open() "/www/data/wwwroot/2025_12_26_01/404.html" failed (2: No such file or directory), client: 172.71.99.196, server: www.ceerun.com, request: "GET /logs/woocommerce_ppcp-gateway_settings.tar.gz HTTP/2.0", host: "www.ceerun.com"
2026/08/24 23:51:56 [error] 9850#0: *1275657 open() "/www/data/wwwroot/2025_12_26_01/logs/woocommerce_ppcp-gateway_settings.log" failed (2: No such file or directory), client: 162.159.113.120, server: www.ceerun.com, request: "GET /logs/woocommerce_ppcp-gateway_settings.log HTTP/2.0", host: "www.ceerun.com"
2026/08/24 23:51:56 [error] 9850#0: *1275657 open() "/www/data/wwwroot/2025_12_26_01/404.html" failed (2: No such file or directory), client: 162.159.113.120, server: www.ceerun.com, request: "GET /logs/woocommerce_ppcp-gateway_settings.log HTTP/2.0", host: "www.ceerun.com"
2026/08/24 23:51:56 [error] 9851#0: *1275648 open() "/www/data/wwwroot/2025_12_26_01/backups/woocommerce_ppcp_settings" failed (2: No such file or directory), client: 172.69.109.210, server: www.ceerun.com, request: "GET /backups/woocommerce_ppcp_settings HTTP/2.0", host: "www.ceerun.com"
2026/08/24 23:51:56 [error] 9851#0: *1275648 open() "/www/data/wwwroot/2025_12_26_01/404.html" failed (2: No such file or directory), client: 172.69.109.210, server: www.ceerun.com, request: "GET /backups/woocommerce_ppcp_settings HTTP/2.0", host: "www.ceerun.com"
2026/08/24 23:51:56 [error] 9850#0: *1275586 open() "/www/data/wwwroot/2025_12_26_01/backups/woocommerce_ppcp_settings.log" failed (2: No such file or directory), client: 172.71.164.123, server: www.ceerun.com, request: "GET /backups/woocommerce_ppcp_settings.log HTTP/2.0", host: "www.ceerun.com"
2026/08/24 23:51:56 [error] 9850#0: *1275586 open() "/www/data/wwwroot/2025_12_26_01/404.html" failed (2: No such file or directory), client: 172.71.164.123, server: www.ceerun.com, request: "GET /backups/woocommerce_ppcp_settings.log HTTP/2.0", host: "www.ceerun.com"
2026/08/24 23:51:56 [error] 9852#0: *1275786 open() "/www/data/wwwroot/2025_12_26_01/logs/woocommerce_ppcp-gateway_settings.csv" failed (2: No such file or directory), client: 172.71.99.152, server: www.ceerun.com, request: "GET /logs/woocommerce_ppcp-gateway_settings.csv HTTP/2.0", host: "www.ceerun.com"
2026/08/24 23:51:56 [error] 9852#0: *1275786 open() "/www/data/wwwroot/2025_12_26_01/404.html" failed (2: No such file or directory), client: 172.71.99.152, server: www.ceerun.com, request: "GET /logs/woocommerce_ppcp-gateway_settings.csv HTTP/2.0", host: "www.ceerun.com"
2026/08/24 23:51:56 [error] 9853#0: *1275701 open() "/www/data/wwwroot/2025_12_26_01/backups/woocommerce_ppcp_settings.txt" failed (2: No such file or directory), client: 172.69.151.9, server: www.ceerun.com, request: "GET /backups/woocommerce_ppcp_settings.txt HTTP/2.0", host: "www.ceerun.com"
