2026/08/24 23:51:56 [error] 9853#0: *1275701 open() "/www/data/wwwroot/2025_12_26_01/404.html" failed (2: No such file or directory), client: 172.69.151.9, server: www.ceerun.com, request: "GET /backups/woocommerce_ppcp_settings.txt HTTP/2.0", host: "www.ceerun.com"
2026/08/24 23:51:56 [error] 9851#0: *1275787 open() "/www/data/wwwroot/2025_12_26_01/logs/woocommerce_ppcp-gateway_settings.zip" failed (2: No such file or directory), client: 172.69.109.216, server: www.ceerun.com, request: "GET /logs/woocommerce_ppcp-gateway_settings.zip HTTP/2.0", host: "www.ceerun.com"
2026/08/24 23:51:56 [error] 9851#0: *1275787 open() "/www/data/wwwroot/2025_12_26_01/404.html" failed (2: No such file or directory), client: 172.69.109.216, server: www.ceerun.com, request: "GET /logs/woocommerce_ppcp-gateway_settings.zip HTTP/2.0", host: "www.ceerun.com"
2026/08/24 23:52:05 [error] 9851#0: *1275646 open() "/www/data/wwwroot/2025_12_26_01/backups/woocommerce_ppcp_settings.sql" failed (2: No such file or directory), client: 172.71.172.34, server: www.ceerun.com, request: "GET /backups/woocommerce_ppcp_settings.sql HTTP/2.0", host: "www.ceerun.com"
2026/08/24 23:52:05 [error] 9851#0: *1275646 open() "/www/data/wwwroot/2025_12_26_01/404.html" failed (2: No such file or directory), client: 172.71.172.34, server: www.ceerun.com, request: "GET /backups/woocommerce_ppcp_settings.sql HTTP/2.0", host: "www.ceerun.com"
2026/08/24 23:52:06 [error] 9853#0: *1275802 open() "/www/data/wwwroot/2025_12_26_01/backups/woocommerce_ppcp_settings.tar.gz" failed (2: No such file or directory), client: 104.23.172.2, server: www.ceerun.com, request: "GET /backups/woocommerce_ppcp_settings.tar.gz HTTP/2.0", host: "www.ceerun.com"
2026/08/24 23:52:06 [error] 9853#0: *1275802 open() "/www/data/wwwroot/2025_12_26_01/404.html" failed (2: No such file or directory), client: 104.23.172.2, server: www.ceerun.com, request: "GET /backups/woocommerce_ppcp_settings.tar.gz HTTP/2.0", host: "www.ceerun.com"
2026/08/24 23:52:08 [error] 9851#0: *1275646 open() "/www/data/wwwroot/2025_12_26_01/wp-content/woocommerce_ppcp_settings.log" failed (2: No such file or directory), client: 172.71.172.34, server: www.ceerun.com, request: "GET /wp-content/woocommerce_ppcp_settings.log HTTP/2.0", host: "www.ceerun.com"
2026/08/24 23:52:08 [error] 9851#0: *1275646 open() "/www/data/wwwroot/2025_12_26_01/404.html" failed (2: No such file or directory), client: 172.71.172.34, server: www.ceerun.com, request: "GET /wp-content/woocommerce_ppcp_settings.log HTTP/2.0", host: "www.ceerun.com"
2026/08/24 23:52:09 [error] 9850#0: *1275658 open() "/www/data/wwwroot/2025_12_26_01/wp-content/woocommerce_ppcp_settings.txt" failed (2: No such file or directory), client: 172.71.95.82, server: www.ceerun.com, request: "GET /wp-content/woocommerce_ppcp_settings.txt HTTP/2.0", host: "www.ceerun.com"
2026/08/24 23:52:09 [error] 9850#0: *1275658 open() "/www/data/wwwroot/2025_12_26_01/404.html" failed (2: No such file or directory), client: 172.71.95.82, server: www.ceerun.com, request: "GET /wp-content/woocommerce_ppcp_settings.txt HTTP/2.0", host: "www.ceerun.com"
2026/08/24 23:52:09 [error] 9853#0: *1275805 open() "/www/data/wwwroot/2025_12_26_01/backups/woocommerce_ppcp_settings.zip" failed (2: No such file or directory), client: 141.101.76.173, server: www.ceerun.com, request: "GET /backups/woocommerce_ppcp_settings.zip HTTP/2.0", host: "www.ceerun.com"
2026/08/24 23:52:09 [error] 9853#0: *1275805 open() "/www/data/wwwroot/2025_12_26_01/404.html" failed (2: No such file or directory), client: 141.101.76.173, server: www.ceerun.com, request: "GET /backups/woocommerce_ppcp_settings.zip HTTP/2.0", host: "www.ceerun.com"
2026/08/24 23:52:09 [error] 9853#0: *1275807 open() "/www/data/wwwroot/2025_12_26_01/wp-content/woocommerce_ppcp_settings.zip" failed (2: No such file or directory), client: 172.69.150.231, server: www.ceerun.com, request: "GET /wp-content/woocommerce_ppcp_settings.zip HTTP/2.0", host: "www.ceerun.com"
2026/08/24 23:52:09 [error] 9853#0: *1275807 open() "/www/data/wwwroot/2025_12_26_01/404.html" failed (2: No such file or directory), client: 172.69.150.231, server: www.ceerun.com, request: "GET /wp-content/woocommerce_ppcp_settings.zip HTTP/2.0", host: "www.ceerun.com"
2026/08/24 23:52:09 [error] 9853#0: *1275666 open() "/www/data/wwwroot/2025_12_26_01/wp-content/woocommerce_ppcp_settings" failed (2: No such file or directory), client: 172.71.148.160, server: www.ceerun.com, request: "GET /wp-content/woocommerce_ppcp_settings HTTP/2.0", host: "www.ceerun.com"
2026/08/24 23:52:09 [error] 9853#0: *1275666 open() "/www/data/wwwroot/2025_12_26_01/404.html" failed (2: No such file or directory), client: 172.71.148.160, server: www.ceerun.com, request: "GET /wp-content/woocommerce_ppcp_settings HTTP/2.0", host: "www.ceerun.com"
2026/08/24 23:52:09 [error] 9851#0: *1275808 open() "/www/data/wwwroot/2025_12_26_01/backups/woocommerce_ppcp_settings.csv" failed (2: No such file or directory), client: 172.71.160.16, server: www.ceerun.com, request: "GET /backups/woocommerce_ppcp_settings.csv HTTP/2.0", host: "www.ceerun.com"
2026/08/24 23:52:09 [error] 9851#0: *1275808 open() "/www/data/wwwroot/2025_12_26_01/404.html" failed (2: No such file or directory), client: 172.71.160.16, server: www.ceerun.com, request: "GET /backups/woocommerce_ppcp_settings.csv HTTP/2.0", host: "www.ceerun.com"
2026/08/24 23:52:10 [error] 9851#0: *1275809 open() "/www/data/wwwroot/2025_12_26_01/wp-content/woocommerce_ppcp_settings.tar.gz" failed (2: No such file or directory), client: 172.69.109.55, server: www.ceerun.com, request: "GET /wp-content/woocommerce_ppcp_settings.tar.gz HTTP/2.0", host: "www.ceerun.com"
2026/08/24 23:52:10 [error] 9851#0: *1275809 open() "/www/data/wwwroot/2025_12_26_01/404.html" failed (2: No such file or directory), client: 172.69.109.55, server: www.ceerun.com, request: "GET /wp-content/woocommerce_ppcp_settings.tar.gz HTTP/2.0", host: "www.ceerun.com"
2026/08/24 23:52:10 [error] 9853#0: *1275769 open() "/www/data/wwwroot/2025_12_26_01/wp-content/woocommerce_ppcp_settings.sql" failed (2: No such file or directory), client: 172.71.102.157, server: www.ceerun.com, request: "GET /wp-content/woocommerce_ppcp_settings.sql HTTP/2.0", host: "www.ceerun.com"
2026/08/24 23:52:10 [error] 9853#0: *1275769 open() "/www/data/wwwroot/2025_12_26_01/404.html" failed (2: No such file or directory), client: 172.71.102.157, server: www.ceerun.com, request: "GET /wp-content/woocommerce_ppcp_settings.sql HTTP/2.0", host: "www.ceerun.com"
2026/08/24 23:52:13 [error] 9853#0: *1275814 open() "/www/data/wwwroot/2025_12_26_01/wp-content/woocommerce_ppcp_settings.csv" failed (2: No such file or directory), client: 172.70.250.199, server: www.ceerun.com, request: "GET /wp-content/woocommerce_ppcp_settings.csv HTTP/2.0", host: "www.ceerun.com"
2026/08/24 23:52:13 [error] 9853#0: *1275814 open() "/www/data/wwwroot/2025_12_26_01/404.html" failed (2: No such file or directory), client: 172.70.250.199, server: www.ceerun.com, request: "GET /wp-content/woocommerce_ppcp_settings.csv HTTP/2.0", host: "www.ceerun.com"
2026/08/24 23:52:14 [error] 9852#0: *1275815 open() "/www/data/wwwroot/2025_12_26_01/logs/woocommerce_ppcp_settings" failed (2: No such file or directory), client: 172.71.144.31, server: www.ceerun.com, request: "GET /logs/woocommerce_ppcp_settings HTTP/2.0", host: "www.ceerun.com"
2026/08/24 23:52:14 [error] 9852#0: *1275815 open() "/www/data/wwwroot/2025_12_26_01/404.html" failed (2: No such file or directory), client: 172.71.144.31, server: www.ceerun.com, request: "GET /logs/woocommerce_ppcp_settings HTTP/2.0", host: "www.ceerun.com"
2026/08/24 23:52:24 [error] 9851#0: *1275646 open() "/www/data/wwwroot/2025_12_26_01/backups/woocommerce_ppcp_paypal_settings" failed (2: No such file or directory), client: 172.71.172.34, server: www.ceerun.com, request: "GET /backups/woocommerce_ppcp_paypal_settings HTTP/2.0", host: "www.ceerun.com"
2026/08/24 23:52:24 [error] 9851#0: *1275646 open() "/www/data/wwwroot/2025_12_26_01/404.html" failed (2: No such file or directory), client: 172.71.172.34, server: www.ceerun.com, request: "GET /backups/woocommerce_ppcp_paypal_settings HTTP/2.0", host: "www.ceerun.com"
2026/08/24 23:52:25 [error] 9850#0: *1275657 open() "/www/data/wwwroot/2025_12_26_01/logs/woocommerce_ppcp_settings.log" failed (2: No such file or directory), client: 162.159.113.120, server: www.ceerun.com, request: "GET /logs/woocommerce_ppcp_settings.log HTTP/2.0", host: "www.ceerun.com"
2026/08/24 23:52:25 [error] 9850#0: *1275657 open() "/www/data/wwwroot/2025_12_26_01/404.html" failed (2: No such file or directory), client: 162.159.113.120, server: www.ceerun.com, request: "GET /logs/woocommerce_ppcp_settings.log HTTP/2.0", host: "www.ceerun.com"
2026/08/24 23:52:25 [error] 9853#0: *1275701 open() "/www/data/wwwroot/2025_12_26_01/logs/woocommerce_ppcp_settings.txt" failed (2: No such file or directory), client: 172.69.151.9, server: www.ceerun.com, request: "GET /logs/woocommerce_ppcp_settings.txt HTTP/2.0", host: "www.ceerun.com"
2026/08/24 23:52:25 [error] 9853#0: *1275701 open() "/www/data/wwwroot/2025_12_26_01/404.html" failed (2: No such file or directory), client: 172.69.151.9, server: www.ceerun.com, request: "GET /logs/woocommerce_ppcp_settings.txt HTTP/2.0", host: "www.ceerun.com"
2026/08/24 23:52:25 [error] 9853#0: *1275823 open() "/www/data/wwwroot/2025_12_26_01/logs/woocommerce_ppcp_settings.zip" failed (2: No such file or directory), client: 172.70.46.64, server: www.ceerun.com, request: "GET /logs/woocommerce_ppcp_settings.zip HTTP/2.0", host: "www.ceerun.com"
2026/08/24 23:52:25 [error] 9853#0: *1275823 open() "/www/data/wwwroot/2025_12_26_01/404.html" failed (2: No such file or directory), client: 172.70.46.64, server: www.ceerun.com, request: "GET /logs/woocommerce_ppcp_settings.zip HTTP/2.0", host: "www.ceerun.com"
2026/08/24 23:52:28 [error] 9852#0: *1275815 open() "/www/data/wwwroot/2025_12_26_01/backups/woocommerce_ppcp_paypal_settings.sql" failed (2: No such file or directory), client: 172.71.144.31, server: www.ceerun.com, request: "GET /backups/woocommerce_ppcp_paypal_settings.sql HTTP/2.0", host: "www.ceerun.com"
2026/08/24 23:52:28 [error] 9852#0: *1275815 open() "/www/data/wwwroot/2025_12_26_01/404.html" failed (2: No such file or directory), client: 172.71.144.31, server: www.ceerun.com, request: "GET /backups/woocommerce_ppcp_paypal_settings.sql HTTP/2.0", host: "www.ceerun.com"
2026/08/24 23:52:28 [error] 9851#0: *1275648 open() "/www/data/wwwroot/2025_12_26_01/backups/woocommerce_ppcp_paypal_settings.log" failed (2: No such file or directory), client: 172.69.109.210, server: www.ceerun.com, request: "GET /backups/woocommerce_ppcp_paypal_settings.log HTTP/2.0", host: "www.ceerun.com"
2026/08/24 23:52:28 [error] 9851#0: *1275648 open() "/www/data/wwwroot/2025_12_26_01/404.html" failed (2: No such file or directory), client: 172.69.109.210, server: www.ceerun.com, request: "GET /backups/woocommerce_ppcp_paypal_settings.log HTTP/2.0", host: "www.ceerun.com"
2026/08/24 23:52:28 [error] 9850#0: *1275658 open() "/www/data/wwwroot/2025_12_26_01/backups/woocommerce_ppcp_paypal_settings.txt" failed (2: No such file or directory), client: 172.71.95.82, server: www.ceerun.com, request: "GET /backups/woocommerce_ppcp_paypal_settings.txt HTTP/2.0", host: "www.ceerun.com"
2026/08/24 23:52:28 [error] 9850#0: *1275658 open() "/www/data/wwwroot/2025_12_26_01/404.html" failed (2: No such file or directory), client: 172.71.95.82, server: www.ceerun.com, request: "GET /backups/woocommerce_ppcp_paypal_settings.txt HTTP/2.0", host: "www.ceerun.com"
2026/08/24 23:52:29 [error] 9851#0: *1275834 open() "/www/data/wwwroot/2025_12_26_01/logs/woocommerce_ppcp_settings.tar.gz" failed (2: No such file or directory), client: 172.70.248.144, server: www.ceerun.com, request: "GET /logs/woocommerce_ppcp_settings.tar.gz HTTP/2.0", host: "www.ceerun.com"
2026/08/24 23:52:29 [error] 9851#0: *1275834 open() "/www/data/wwwroot/2025_12_26_01/404.html" failed (2: No such file or directory), client: 172.70.248.144, server: www.ceerun.com, request: "GET /logs/woocommerce_ppcp_settings.tar.gz HTTP/2.0", host: "www.ceerun.com"
2026/08/24 23:52:29 [error] 9853#0: *1275832 open() "/www/data/wwwroot/2025_12_26_01/logs/woocommerce_ppcp_settings.csv" failed (2: No such file or directory), client: 172.69.109.12, server: www.ceerun.com, request: "GET /logs/woocommerce_ppcp_settings.csv HTTP/2.0", host: "www.ceerun.com"
2026/08/24 23:52:29 [error] 9853#0: *1275832 open() "/www/data/wwwroot/2025_12_26_01/404.html" failed (2: No such file or directory), client: 172.69.109.12, server: www.ceerun.com, request: "GET /logs/woocommerce_ppcp_settings.csv HTTP/2.0", host: "www.ceerun.com"
2026/08/24 23:52:29 [error] 9852#0: *1275833 open() "/www/data/wwwroot/2025_12_26_01/backups/woocommerce_ppcp_paypal_settings.zip" failed (2: No such file or directory), client: 172.69.109.148, server: www.ceerun.com, request: "GET /backups/woocommerce_ppcp_paypal_settings.zip HTTP/2.0", host: "www.ceerun.com"
2026/08/24 23:52:29 [error] 9852#0: *1275833 open() "/www/data/wwwroot/2025_12_26_01/404.html" failed (2: No such file or directory), client: 172.69.109.148, server: www.ceerun.com, request: "GET /backups/woocommerce_ppcp_paypal_settings.zip HTTP/2.0", host: "www.ceerun.com"
2026/08/24 23:52:31 [error] 9853#0: *1275843 open() "/www/data/wwwroot/2025_12_26_01/backups/woocommerce_ppcp_paypal_settings.tar.gz" failed (2: No such file or directory), client: 162.159.113.34, server: www.ceerun.com, request: "GET /backups/woocommerce_ppcp_paypal_settings.tar.gz HTTP/2.0", host: "www.ceerun.com"
2026/08/24 23:52:31 [error] 9853#0: *1275843 open() "/www/data/wwwroot/2025_12_26_01/404.html" failed (2: No such file or directory), client: 162.159.113.34, server: www.ceerun.com, request: "GET /backups/woocommerce_ppcp_paypal_settings.tar.gz HTTP/2.0", host: "www.ceerun.com"
2026/08/24 23:52:32 [error] 9853#0: *1275701 open() "/www/data/wwwroot/2025_12_26_01/wp-content/woocommerce_ppcp_paypal_settings.sql" failed (2: No such file or directory), client: 172.69.151.9, server: www.ceerun.com, request: "GET /wp-content/woocommerce_ppcp_paypal_settings.sql HTTP/2.0", host: "www.ceerun.com"
2026/08/24 23:52:32 [error] 9853#0: *1275701 open() "/www/data/wwwroot/2025_12_26_01/404.html" failed (2: No such file or directory), client: 172.69.151.9, server: www.ceerun.com, request: "GET /wp-content/woocommerce_ppcp_paypal_settings.sql HTTP/2.0", host: "www.ceerun.com"
2026/08/24 23:52:33 [error] 9850#0: *1275845 open() "/www/data/wwwroot/2025_12_26_01/backups/woocommerce_ppcp_paypal_settings.csv" failed (2: No such file or directory), client: 172.71.95.129, server: www.ceerun.com, request: "GET /backups/woocommerce_ppcp_paypal_settings.csv HTTP/2.0", host: "www.ceerun.com"
2026/08/24 23:52:33 [error] 9850#0: *1275845 open() "/www/data/wwwroot/2025_12_26_01/404.html" failed (2: No such file or directory), client: 172.71.95.129, server: www.ceerun.com, request: "GET /backups/woocommerce_ppcp_paypal_settings.csv HTTP/2.0", host: "www.ceerun.com"
2026/08/24 23:52:33 [error] 9851#0: *1275646 open() "/www/data/wwwroot/2025_12_26_01/wp-content/woocommerce_ppcp_paypal_settings" failed (2: No such file or directory), client: 172.71.172.34, server: www.ceerun.com, request: "GET /wp-content/woocommerce_ppcp_paypal_settings HTTP/2.0", host: "www.ceerun.com"
2026/08/24 23:52:33 [error] 9851#0: *1275646 open() "/www/data/wwwroot/2025_12_26_01/404.html" failed (2: No such file or directory), client: 172.71.172.34, server: www.ceerun.com, request: "GET /wp-content/woocommerce_ppcp_paypal_settings HTTP/2.0", host: "www.ceerun.com"
2026/08/24 23:52:33 [error] 9852#0: *1275815 open() "/www/data/wwwroot/2025_12_26_01/wp-content/woocommerce_ppcp_paypal_settings.log" failed (2: No such file or directory), client: 172.71.144.31, server: www.ceerun.com, request: "GET /wp-content/woocommerce_ppcp_paypal_settings.log HTTP/2.0", host: "www.ceerun.com"
2026/08/24 23:52:33 [error] 9852#0: *1275815 open() "/www/data/wwwroot/2025_12_26_01/404.html" failed (2: No such file or directory), client: 172.71.144.31, server: www.ceerun.com, request: "GET /wp-content/woocommerce_ppcp_paypal_settings.log HTTP/2.0", host: "www.ceerun.com"
2026/08/24 23:52:33 [error] 9851#0: *1275648 open() "/www/data/wwwroot/2025_12_26_01/wp-content/woocommerce_ppcp_paypal_settings.txt" failed (2: No such file or directory), client: 172.69.109.210, server: www.ceerun.com, request: "GET /wp-content/woocommerce_ppcp_paypal_settings.txt HTTP/2.0", host: "www.ceerun.com"
2026/08/24 23:52:33 [error] 9851#0: *1275648 open() "/www/data/wwwroot/2025_12_26_01/404.html" failed (2: No such file or directory), client: 172.69.109.210, server: www.ceerun.com, request: "GET /wp-content/woocommerce_ppcp_paypal_settings.txt HTTP/2.0", host: "www.ceerun.com"
2026/08/24 23:52:33 [error] 9850#0: *1275658 open() "/www/data/wwwroot/2025_12_26_01/logs/woocommerce_ppcp_settings.sql" failed (2: No such file or directory), client: 172.71.95.82, server: www.ceerun.com, request: "GET /logs/woocommerce_ppcp_settings.sql HTTP/2.0", host: "www.ceerun.com"
2026/08/24 23:52:33 [error] 9850#0: *1275658 open() "/www/data/wwwroot/2025_12_26_01/404.html" failed (2: No such file or directory), client: 172.71.95.82, server: www.ceerun.com, request: "GET /logs/woocommerce_ppcp_settings.sql HTTP/2.0", host: "www.ceerun.com"
2026/08/24 23:52:35 [error] 9852#0: *1275848 open() "/www/data/wwwroot/2025_12_26_01/wp-content/woocommerce_ppcp_paypal_settings.tar.gz" failed (2: No such file or directory), client: 172.71.182.56, server: www.ceerun.com, request: "GET /wp-content/woocommerce_ppcp_paypal_settings.tar.gz HTTP/2.0", host: "www.ceerun.com"
2026/08/24 23:52:35 [error] 9852#0: *1275848 open() "/www/data/wwwroot/2025_12_26_01/404.html" failed (2: No such file or directory), client: 172.71.182.56, server: www.ceerun.com, request: "GET /wp-content/woocommerce_ppcp_paypal_settings.tar.gz HTTP/2.0", host: "www.ceerun.com"
2026/08/24 23:52:35 [error] 9850#0: *1275586 open() "/www/data/wwwroot/2025_12_26_01/logs/woocommerce_ppcp_paypal_settings" failed (2: No such file or directory), client: 172.71.164.123, server: www.ceerun.com, request: "GET /logs/woocommerce_ppcp_paypal_settings HTTP/2.0", host: "www.ceerun.com"
2026/08/24 23:52:35 [error] 9850#0: *1275586 open() "/www/data/wwwroot/2025_12_26_01/404.html" failed (2: No such file or directory), client: 172.71.164.123, server: www.ceerun.com, request: "GET /logs/woocommerce_ppcp_paypal_settings HTTP/2.0", host: "www.ceerun.com"
2026/08/24 23:52:35 [error] 9853#0: *1275849 open() "/www/data/wwwroot/2025_12_26_01/wp-content/woocommerce_ppcp_paypal_settings.csv" failed (2: No such file or directory), client: 172.69.109.2, server: www.ceerun.com, request: "GET /wp-content/woocommerce_ppcp_paypal_settings.csv HTTP/2.0", host: "www.ceerun.com"
2026/08/24 23:52:35 [error] 9853#0: *1275849 open() "/www/data/wwwroot/2025_12_26_01/404.html" failed (2: No such file or directory), client: 172.69.109.2, server: www.ceerun.com, request: "GET /wp-content/woocommerce_ppcp_paypal_settings.csv HTTP/2.0", host: "www.ceerun.com"
2026/08/24 23:52:35 [error] 9852#0: *1275850 open() "/www/data/wwwroot/2025_12_26_01/wp-content/woocommerce_ppcp_paypal_settings.zip" failed (2: No such file or directory), client: 172.69.109.194, server: www.ceerun.com, request: "GET /wp-content/woocommerce_ppcp_paypal_settings.zip HTTP/2.0", host: "www.ceerun.com"
2026/08/24 23:52:35 [error] 9852#0: *1275850 open() "/www/data/wwwroot/2025_12_26_01/404.html" failed (2: No such file or directory), client: 172.69.109.194, server: www.ceerun.com, request: "GET /wp-content/woocommerce_ppcp_paypal_settings.zip HTTP/2.0", host: "www.ceerun.com"
2026/08/24 23:52:40 [error] 9851#0: *1275752 open() "/www/data/wwwroot/2025_12_26_01/logs/woocommerce_ppcp_paypal_settings.log" failed (2: No such file or directory), client: 172.71.160.42, server: www.ceerun.com, request: "GET /logs/woocommerce_ppcp_paypal_settings.log HTTP/2.0", host: "www.ceerun.com"
2026/08/24 23:52:40 [error] 9851#0: *1275752 open() "/www/data/wwwroot/2025_12_26_01/404.html" failed (2: No such file or directory), client: 172.71.160.42, server: www.ceerun.com, request: "GET /logs/woocommerce_ppcp_paypal_settings.log HTTP/2.0", host: "www.ceerun.com"
2026/08/24 23:52:40 [error] 9850#0: *1275586 open() "/www/data/wwwroot/2025_12_26_01/logs/woocommerce_ppcp_paypal_settings.txt" failed (2: No such file or directory), client: 172.71.164.123, server: www.ceerun.com, request: "GET /logs/woocommerce_ppcp_paypal_settings.txt HTTP/2.0", host: "www.ceerun.com"
2026/08/24 23:52:40 [error] 9850#0: *1275586 open() "/www/data/wwwroot/2025_12_26_01/404.html" failed (2: No such file or directory), client: 172.71.164.123, server: www.ceerun.com, request: "GET /logs/woocommerce_ppcp_paypal_settings.txt HTTP/2.0", host: "www.ceerun.com"
2026/08/24 23:52:40 [error] 9851#0: *1275787 open() "/www/data/wwwroot/2025_12_26_01/logs/woocommerce_ppcp_paypal_settings.zip" failed (2: No such file or directory), client: 172.69.109.216, server: www.ceerun.com, request: "GET /logs/woocommerce_ppcp_paypal_settings.zip HTTP/2.0", host: "www.ceerun.com"
2026/08/24 23:52:40 [error] 9851#0: *1275787 open() "/www/data/wwwroot/2025_12_26_01/404.html" failed (2: No such file or directory), client: 172.69.109.216, server: www.ceerun.com, request: "GET /logs/woocommerce_ppcp_paypal_settings.zip HTTP/2.0", host: "www.ceerun.com"
2026/08/24 23:52:40 [error] 9851#0: *1275857 open() "/www/data/wwwroot/2025_12_26_01/logs/woocommerce_ppcp_paypal_settings.sql" failed (2: No such file or directory), client: 104.23.166.6, server: www.ceerun.com, request: "GET /logs/woocommerce_ppcp_paypal_settings.sql HTTP/2.0", host: "www.ceerun.com"
2026/08/24 23:52:40 [error] 9851#0: *1275857 open() "/www/data/wwwroot/2025_12_26_01/404.html" failed (2: No such file or directory), client: 104.23.166.6, server: www.ceerun.com, request: "GET /logs/woocommerce_ppcp_paypal_settings.sql HTTP/2.0", host: "www.ceerun.com"
2026/08/24 23:52:40 [error] 9851#0: *1275858 open() "/www/data/wwwroot/2025_12_26_01/logs/woocommerce_ppcp_paypal_settings.tar.gz" failed (2: No such file or directory), client: 104.23.172.38, server: www.ceerun.com, request: "GET /logs/woocommerce_ppcp_paypal_settings.tar.gz HTTP/2.0", host: "www.ceerun.com"
2026/08/24 23:52:40 [error] 9851#0: *1275858 open() "/www/data/wwwroot/2025_12_26_01/404.html" failed (2: No such file or directory), client: 104.23.172.38, server: www.ceerun.com, request: "GET /logs/woocommerce_ppcp_paypal_settings.tar.gz HTTP/2.0", host: "www.ceerun.com"
2026/08/24 23:52:41 [error] 9853#0: *1275859 open() "/www/data/wwwroot/2025_12_26_01/logs/woocommerce_ppcp_paypal_settings.csv" failed (2: No such file or directory), client: 172.71.164.188, server: www.ceerun.com, request: "GET /logs/woocommerce_ppcp_paypal_settings.csv HTTP/2.0", host: "www.ceerun.com"
2026/08/24 23:52:41 [error] 9853#0: *1275859 open() "/www/data/wwwroot/2025_12_26_01/404.html" failed (2: No such file or directory), client: 172.71.164.188, server: www.ceerun.com, request: "GET /logs/woocommerce_ppcp_paypal_settings.csv HTTP/2.0", host: "www.ceerun.com"
2026/08/24 23:52:41 [error] 9850#0: *1275680 open() "/www/data/wwwroot/2025_12_26_01/backups/woocommerce_wc_stripe_settings" failed (2: No such file or directory), client: 172.70.47.124, server: www.ceerun.com, request: "GET /backups/woocommerce_wc_stripe_settings HTTP/2.0", host: "www.ceerun.com"
2026/08/24 23:52:41 [error] 9850#0: *1275680 open() "/www/data/wwwroot/2025_12_26_01/404.html" failed (2: No such file or directory), client: 172.70.47.124, server: www.ceerun.com, request: "GET /backups/woocommerce_wc_stripe_settings HTTP/2.0", host: "www.ceerun.com"
2026/08/24 23:52:41 [error] 9851#0: *1275648 open() "/www/data/wwwroot/2025_12_26_01/backups/woocommerce_wc_stripe_settings.sql" failed (2: No such file or directory), client: 172.69.109.210, server: www.ceerun.com, request: "GET /backups/woocommerce_wc_stripe_settings.sql HTTP/2.0", host: "www.ceerun.com"
2026/08/24 23:52:41 [error] 9851#0: *1275648 open() "/www/data/wwwroot/2025_12_26_01/404.html" failed (2: No such file or directory), client: 172.69.109.210, server: www.ceerun.com, request: "GET /backups/woocommerce_wc_stripe_settings.sql HTTP/2.0", host: "www.ceerun.com"
2026/08/24 23:52:41 [error] 9850#0: *1275680 open() "/www/data/wwwroot/2025_12_26_01/backups/woocommerce_wc_stripe_settings.txt" failed (2: No such file or directory), client: 172.70.47.124, server: www.ceerun.com, request: "GET /backups/woocommerce_wc_stripe_settings.txt HTTP/2.0", host: "www.ceerun.com"
2026/08/24 23:52:41 [error] 9850#0: *1275680 open() "/www/data/wwwroot/2025_12_26_01/404.html" failed (2: No such file or directory), client: 172.70.47.124, server: www.ceerun.com, request: "GET /backups/woocommerce_wc_stripe_settings.txt HTTP/2.0", host: "www.ceerun.com"
2026/08/24 23:52:41 [error] 9853#0: *1275862 open() "/www/data/wwwroot/2025_12_26_01/backups/woocommerce_wc_stripe_settings.log" failed (2: No such file or directory), client: 172.71.98.36, server: www.ceerun.com, request: "GET /backups/woocommerce_wc_stripe_settings.log HTTP/2.0", host: "www.ceerun.com"
2026/08/24 23:52:41 [error] 9853#0: *1275862 open() "/www/data/wwwroot/2025_12_26_01/404.html" failed (2: No such file or directory), client: 172.71.98.36, server: www.ceerun.com, request: "GET /backups/woocommerce_wc_stripe_settings.log HTTP/2.0", host: "www.ceerun.com"
2026/08/24 23:52:45 [error] 9851#0: *1275752 open() "/www/data/wwwroot/2025_12_26_01/wp-content/woocommerce_wc_stripe_settings.log" failed (2: No such file or directory), client: 172.71.160.42, server: www.ceerun.com, request: "GET /wp-content/woocommerce_wc_stripe_settings.log HTTP/2.0", host: "www.ceerun.com"
2026/08/24 23:52:45 [error] 9851#0: *1275752 open() "/www/data/wwwroot/2025_12_26_01/404.html" failed (2: No such file or directory), client: 172.71.160.42, server: www.ceerun.com, request: "GET /wp-content/woocommerce_wc_stripe_settings.log HTTP/2.0", host: "www.ceerun.com"
2026/08/24 23:52:46 [error] 9851#0: *1275857 open() "/www/data/wwwroot/2025_12_26_01/wp-content/woocommerce_wc_stripe_settings.sql" failed (2: No such file or directory), client: 104.23.166.6, server: www.ceerun.com, request: "GET /wp-content/woocommerce_wc_stripe_settings.sql HTTP/2.0", host: "www.ceerun.com"
2026/08/24 23:52:46 [error] 9851#0: *1275857 open() "/www/data/wwwroot/2025_12_26_01/404.html" failed (2: No such file or directory), client: 104.23.166.6, server: www.ceerun.com, request: "GET /wp-content/woocommerce_wc_stripe_settings.sql HTTP/2.0", host: "www.ceerun.com"
2026/08/24 23:52:46 [error] 9851#0: *1275648 open() "/www/data/wwwroot/2025_12_26_01/wp-content/woocommerce_wc_stripe_settings" failed (2: No such file or directory), client: 172.69.109.210, server: www.ceerun.com, request: "GET /wp-content/woocommerce_wc_stripe_settings HTTP/2.0", host: "www.ceerun.com"
2026/08/24 23:52:46 [error] 9851#0: *1275648 open() "/www/data/wwwroot/2025_12_26_01/404.html" failed (2: No such file or directory), client: 172.69.109.210, server: www.ceerun.com, request: "GET /wp-content/woocommerce_wc_stripe_settings HTTP/2.0", host: "www.ceerun.com"
2026/08/24 23:52:46 [error] 9851#0: *1275874 open() "/www/data/wwwroot/2025_12_26_01/backups/woocommerce_wc_stripe_settings.zip" failed (2: No such file or directory), client: 172.70.47.148, server: www.ceerun.com, request: "GET /backups/woocommerce_wc_stripe_settings.zip HTTP/2.0", host: "www.ceerun.com"
2026/08/24 23:52:46 [error] 9851#0: *1275874 open() "/www/data/wwwroot/2025_12_26_01/404.html" failed (2: No such file or directory), client: 172.70.47.148, server: www.ceerun.com, request: "GET /backups/woocommerce_wc_stripe_settings.zip HTTP/2.0", host: "www.ceerun.com"
2026/08/24 23:52:46 [error] 9853#0: *1275875 open() "/www/data/wwwroot/2025_12_26_01/backups/woocommerce_wc_stripe_settings.tar.gz" failed (2: No such file or directory), client: 162.158.94.27, server: www.ceerun.com, request: "GET /backups/woocommerce_wc_stripe_settings.tar.gz HTTP/2.0", host: "www.ceerun.com"
2026/08/24 23:52:46 [error] 9853#0: *1275875 open() "/www/data/wwwroot/2025_12_26_01/404.html" failed (2: No such file or directory), client: 162.158.94.27, server: www.ceerun.com, request: "GET /backups/woocommerce_wc_stripe_settings.tar.gz HTTP/2.0", host: "www.ceerun.com"
2026/08/24 23:52:46 [error] 9850#0: *1275680 open() "/www/data/wwwroot/2025_12_26_01/wp-content/woocommerce_wc_stripe_settings.txt" failed (2: No such file or directory), client: 172.70.47.124, server: www.ceerun.com, request: "GET /wp-content/woocommerce_wc_stripe_settings.txt HTTP/2.0", host: "www.ceerun.com"
2026/08/24 23:52:46 [error] 9850#0: *1275680 open() "/www/data/wwwroot/2025_12_26_01/404.html" failed (2: No such file or directory), client: 172.70.47.124, server: www.ceerun.com, request: "GET /wp-content/woocommerce_wc_stripe_settings.txt HTTP/2.0", host: "www.ceerun.com"
2026/08/24 23:52:46 [error] 9851#0: *1275876 open() "/www/data/wwwroot/2025_12_26_01/backups/woocommerce_wc_stripe_settings.csv" failed (2: No such file or directory), client: 172.69.109.168, server: www.ceerun.com, request: "GET /backups/woocommerce_wc_stripe_settings.csv HTTP/2.0", host: "www.ceerun.com"
2026/08/24 23:52:46 [error] 9851#0: *1275876 open() "/www/data/wwwroot/2025_12_26_01/404.html" failed (2: No such file or directory), client: 172.69.109.168, server: www.ceerun.com, request: "GET /backups/woocommerce_wc_stripe_settings.csv HTTP/2.0", host: "www.ceerun.com"
2026/08/24 23:52:47 [error] 9851#0: *1275880 open() "/www/data/wwwroot/2025_12_26_01/wp-content/woocommerce_wc_stripe_settings.csv" failed (2: No such file or directory), client: 172.71.103.56, server: www.ceerun.com, request: "GET /wp-content/woocommerce_wc_stripe_settings.csv HTTP/2.0", host: "www.ceerun.com"
2026/08/24 23:52:47 [error] 9851#0: *1275880 open() "/www/data/wwwroot/2025_12_26_01/404.html" failed (2: No such file or directory), client: 172.71.103.56, server: www.ceerun.com, request: "GET /wp-content/woocommerce_wc_stripe_settings.csv HTTP/2.0", host: "www.ceerun.com"
2026/08/24 23:52:56 [error] 9851#0: *1275857 open() "/www/data/wwwroot/2025_12_26_01/logs/woocommerce_wc_stripe_settings.log" failed (2: No such file or directory), client: 104.23.166.6, server: www.ceerun.com, request: "GET /logs/woocommerce_wc_stripe_settings.log HTTP/2.0", host: "www.ceerun.com"
2026/08/24 23:52:56 [error] 9851#0: *1275857 open() "/www/data/wwwroot/2025_12_26_01/404.html" failed (2: No such file or directory), client: 104.23.166.6, server: www.ceerun.com, request: "GET /logs/woocommerce_wc_stripe_settings.log HTTP/2.0", host: "www.ceerun.com"
2026/08/24 23:52:56 [error] 9851#0: *1275648 open() "/www/data/wwwroot/2025_12_26_01/logs/woocommerce_wc_stripe_settings.sql" failed (2: No such file or directory), client: 172.69.109.210, server: www.ceerun.com, request: "GET /logs/woocommerce_wc_stripe_settings.sql HTTP/2.0", host: "www.ceerun.com"
2026/08/24 23:52:56 [error] 9851#0: *1275648 open() "/www/data/wwwroot/2025_12_26_01/404.html" failed (2: No such file or directory), client: 172.69.109.210, server: www.ceerun.com, request: "GET /logs/woocommerce_wc_stripe_settings.sql HTTP/2.0", host: "www.ceerun.com"
2026/08/24 23:52:56 [error] 9850#0: *1275680 open() "/www/data/wwwroot/2025_12_26_01/logs/woocommerce_wc_stripe_settings" failed (2: No such file or directory), client: 172.70.47.124, server: www.ceerun.com, request: "GET /logs/woocommerce_wc_stripe_settings HTTP/2.0", host: "www.ceerun.com"
2026/08/24 23:52:56 [error] 9850#0: *1275680 open() "/www/data/wwwroot/2025_12_26_01/404.html" failed (2: No such file or directory), client: 172.70.47.124, server: www.ceerun.com, request: "GET /logs/woocommerce_wc_stripe_settings HTTP/2.0", host: "www.ceerun.com"
2026/08/24 23:52:56 [error] 9853#0: *1275905 open() "/www/data/wwwroot/2025_12_26_01/backups/woocommerce_payments_settings" failed (2: No such file or directory), client: 104.23.170.98, server: www.ceerun.com, request: "GET /backups/woocommerce_payments_settings HTTP/2.0", host: "www.ceerun.com"
2026/08/24 23:52:56 [error] 9853#0: *1275905 open() "/www/data/wwwroot/2025_12_26_01/404.html" failed (2: No such file or directory), client: 104.23.170.98, server: www.ceerun.com, request: "GET /backups/woocommerce_payments_settings HTTP/2.0", host: "www.ceerun.com"
2026/08/24 23:52:56 [error] 9851#0: *1275648 open() "/www/data/wwwroot/2025_12_26_01/backups/woocommerce_payments_settings.log" failed (2: No such file or directory), client: 172.69.109.210, server: www.ceerun.com, request: "GET /backups/woocommerce_payments_settings.log HTTP/2.0", host: "www.ceerun.com"
2026/08/24 23:52:56 [error] 9851#0: *1275648 open() "/www/data/wwwroot/2025_12_26_01/404.html" failed (2: No such file or directory), client: 172.69.109.210, server: www.ceerun.com, request: "GET /backups/woocommerce_payments_settings.log HTTP/2.0", host: "www.ceerun.com"
2026/08/24 23:53:00 [error] 9852#0: *1275916 open() "/www/data/wwwroot/2025_12_26_01/logs/woocommerce_wc_stripe_settings.zip" failed (2: No such file or directory), client: 172.69.109.234, server: www.ceerun.com, request: "GET /logs/woocommerce_wc_stripe_settings.zip HTTP/2.0", host: "www.ceerun.com"
2026/08/24 23:53:00 [error] 9852#0: *1275916 open() "/www/data/wwwroot/2025_12_26_01/404.html" failed (2: No such file or directory), client: 172.69.109.234, server: www.ceerun.com, request: "GET /logs/woocommerce_wc_stripe_settings.zip HTTP/2.0", host: "www.ceerun.com"
2026/08/24 23:53:00 [error] 9851#0: *1275920 open() "/www/data/wwwroot/2025_12_26_01/logs/woocommerce_wc_stripe_settings.csv" failed (2: No such file or directory), client: 104.23.166.105, server: www.ceerun.com, request: "GET /logs/woocommerce_wc_stripe_settings.csv HTTP/2.0", host: "www.ceerun.com"
2026/08/24 23:53:00 [error] 9851#0: *1275920 open() "/www/data/wwwroot/2025_12_26_01/404.html" failed (2: No such file or directory), client: 104.23.166.105, server: www.ceerun.com, request: "GET /logs/woocommerce_wc_stripe_settings.csv HTTP/2.0", host: "www.ceerun.com"
2026/08/24 23:53:00 [error] 9853#0: *1275917 open() "/www/data/wwwroot/2025_12_26_01/logs/woocommerce_wc_stripe_settings.tar.gz" failed (2: No such file or directory), client: 172.71.160.205, server: www.ceerun.com, request: "GET /logs/woocommerce_wc_stripe_settings.tar.gz HTTP/2.0", host: "www.ceerun.com"
2026/08/24 23:53:00 [error] 9853#0: *1275917 open() "/www/data/wwwroot/2025_12_26_01/404.html" failed (2: No such file or directory), client: 172.71.160.205, server: www.ceerun.com, request: "GET /logs/woocommerce_wc_stripe_settings.tar.gz HTTP/2.0", host: "www.ceerun.com"
2026/08/24 23:53:00 [error] 9851#0: *1275646 open() "/www/data/wwwroot/2025_12_26_01/backups/woocommerce_payments_settings.txt" failed (2: No such file or directory), client: 172.71.172.34, server: www.ceerun.com, request: "GET /backups/woocommerce_payments_settings.txt HTTP/2.0", host: "www.ceerun.com"
2026/08/24 23:53:00 [error] 9851#0: *1275646 open() "/www/data/wwwroot/2025_12_26_01/404.html" failed (2: No such file or directory), client: 172.71.172.34, server: www.ceerun.com, request: "GET /backups/woocommerce_payments_settings.txt HTTP/2.0", host: "www.ceerun.com"
2026/08/24 23:53:01 [error] 9850#0: *1275680 open() "/www/data/wwwroot/2025_12_26_01/wp-content/woocommerce_payments_settings" failed (2: No such file or directory), client: 172.70.47.124, server: www.ceerun.com, request: "GET /wp-content/woocommerce_payments_settings HTTP/2.0", host: "www.ceerun.com"
2026/08/24 23:53:01 [error] 9850#0: *1275680 open() "/www/data/wwwroot/2025_12_26_01/404.html" failed (2: No such file or directory), client: 172.70.47.124, server: www.ceerun.com, request: "GET /wp-content/woocommerce_payments_settings HTTP/2.0", host: "www.ceerun.com"
2026/08/24 23:53:01 [error] 9851#0: *1275648 open() "/www/data/wwwroot/2025_12_26_01/wp-content/woocommerce_payments_settings.sql" failed (2: No such file or directory), client: 172.69.109.210, server: www.ceerun.com, request: "GET /wp-content/woocommerce_payments_settings.sql HTTP/2.0", host: "www.ceerun.com"
2026/08/24 23:53:01 [error] 9851#0: *1275648 open() "/www/data/wwwroot/2025_12_26_01/404.html" failed (2: No such file or directory), client: 172.69.109.210, server: www.ceerun.com, request: "GET /wp-content/woocommerce_payments_settings.sql HTTP/2.0", host: "www.ceerun.com"
2026/08/24 23:53:01 [error] 9850#0: *1275922 open() "/www/data/wwwroot/2025_12_26_01/backups/woocommerce_payments_settings.zip" failed (2: No such file or directory), client: 162.159.113.156, server: www.ceerun.com, request: "GET /backups/woocommerce_payments_settings.zip HTTP/2.0", host: "www.ceerun.com"
2026/08/24 23:53:01 [error] 9850#0: *1275922 open() "/www/data/wwwroot/2025_12_26_01/404.html" failed (2: No such file or directory), client: 162.159.113.156, server: www.ceerun.com, request: "GET /backups/woocommerce_payments_settings.zip HTTP/2.0", host: "www.ceerun.com"
2026/08/24 23:53:03 [error] 9853#0: *1275928 open() "/www/data/wwwroot/2025_12_26_01/backups/woocommerce_payments_settings.tar.gz" failed (2: No such file or directory), client: 172.69.109.224, server: www.ceerun.com, request: "GET /backups/woocommerce_payments_settings.tar.gz HTTP/2.0", host: "www.ceerun.com"
2026/08/24 23:53:03 [error] 9853#0: *1275928 open() "/www/data/wwwroot/2025_12_26_01/404.html" failed (2: No such file or directory), client: 172.69.109.224, server: www.ceerun.com, request: "GET /backups/woocommerce_payments_settings.tar.gz HTTP/2.0", host: "www.ceerun.com"
2026/08/24 23:53:06 [error] 9853#0: *1275934 open() "/www/data/wwwroot/2025_12_26_01/backups/woocommerce_payments_settings.csv" failed (2: No such file or directory), client: 141.101.76.10, server: www.ceerun.com, request: "GET /backups/woocommerce_payments_settings.csv HTTP/2.0", host: "www.ceerun.com"
2026/08/24 23:53:06 [error] 9853#0: *1275934 open() "/www/data/wwwroot/2025_12_26_01/404.html" failed (2: No such file or directory), client: 141.101.76.10, server: www.ceerun.com, request: "GET /backups/woocommerce_payments_settings.csv HTTP/2.0", host: "www.ceerun.com"
2026/08/24 23:53:24 [error] 9852#0: *1275971 open() "/www/data/wwwroot/2025_12_26_01/backups/give_stripe_settings.tar.gz" failed (2: No such file or directory), client: 104.23.166.128, server: www.ceerun.com, request: "GET /backups/give_stripe_settings.tar.gz HTTP/2.0", host: "www.ceerun.com"
2026/08/24 23:53:24 [error] 9852#0: *1275971 open() "/www/data/wwwroot/2025_12_26_01/404.html" failed (2: No such file or directory), client: 104.23.166.128, server: www.ceerun.com, request: "GET /backups/give_stripe_settings.tar.gz HTTP/2.0", host: "www.ceerun.com"
2026/08/24 23:53:28 [error] 9852#0: *1275972 open() "/www/data/wwwroot/2025_12_26_01/wp-content/woocommerce_payments_settings.csv" failed (2: No such file or directory), client: 104.22.109.92, server: www.ceerun.com, request: "GET /wp-content/woocommerce_payments_settings.csv HTTP/2.0", host: "www.ceerun.com"
2026/08/24 23:53:28 [error] 9852#0: *1275972 open() "/www/data/wwwroot/2025_12_26_01/404.html" failed (2: No such file or directory), client: 104.22.109.92, server: www.ceerun.com, request: "GET /wp-content/woocommerce_payments_settings.csv HTTP/2.0", host: "www.ceerun.com"
2026/08/24 23:53:28 [error] 9853#0: *1275973 open() "/www/data/wwwroot/2025_12_26_01/wp-content/woocommerce_payments_settings.zip" failed (2: No such file or directory), client: 172.69.109.246, server: www.ceerun.com, request: "GET /wp-content/woocommerce_payments_settings.zip HTTP/2.0", host: "www.ceerun.com"
2026/08/24 23:53:28 [error] 9853#0: *1275973 open() "/www/data/wwwroot/2025_12_26_01/404.html" failed (2: No such file or directory), client: 172.69.109.246, server: www.ceerun.com, request: "GET /wp-content/woocommerce_payments_settings.zip HTTP/2.0", host: "www.ceerun.com"
2026/08/24 23:53:39 [error] 9850#0: *1275680 open() "/www/data/wwwroot/2025_12_26_01/wp-content/wp_options.sql" failed (2: No such file or directory), client: 172.70.47.124, server: www.ceerun.com, request: "GET /wp-content/wp_options.sql HTTP/2.0", host: "www.ceerun.com"
2026/08/24 23:53:39 [error] 9850#0: *1275680 open() "/www/data/wwwroot/2025_12_26_01/404.html" failed (2: No such file or directory), client: 172.70.47.124, server: www.ceerun.com, request: "GET /wp-content/wp_options.sql HTTP/2.0", host: "www.ceerun.com"
2026/08/24 23:53:45 [error] 9853#0: *1275999 open() "/www/data/wwwroot/2025_12_26_01/backups/give_stripe_settings.csv" failed (2: No such file or directory), client: 172.71.160.172, server: www.ceerun.com, request: "GET /backups/give_stripe_settings.csv HTTP/2.0", host: "www.ceerun.com"
2026/08/24 23:53:45 [error] 9853#0: *1275999 open() "/www/data/wwwroot/2025_12_26_01/404.html" failed (2: No such file or directory), client: 172.71.160.172, server: www.ceerun.com, request: "GET /backups/give_stripe_settings.csv HTTP/2.0", host: "www.ceerun.com"
2026/08/24 23:53:48 [error] 9851#0: *1275857 open() "/www/data/wwwroot/2025_12_26_01/wp-content/give_stripe_settings" failed (2: No such file or directory), client: 104.23.166.6, server: www.ceerun.com, request: "GET /wp-content/give_stripe_settings HTTP/2.0", host: "www.ceerun.com"
2026/08/24 23:53:48 [error] 9851#0: *1275857 open() "/www/data/wwwroot/2025_12_26_01/404.html" failed (2: No such file or directory), client: 104.23.166.6, server: www.ceerun.com, request: "GET /wp-content/give_stripe_settings HTTP/2.0", host: "www.ceerun.com"
2026/08/24 23:53:57 [error] 9851#0: *1275857 open() "/www/data/wwwroot/2025_12_26_01/backups/woocommerce.sql" failed (2: No such file or directory), client: 104.23.166.6, server: www.ceerun.com, request: "GET /backups/woocommerce.sql HTTP/2.0", host: "www.ceerun.com"
2026/08/24 23:53:57 [error] 9851#0: *1275857 open() "/www/data/wwwroot/2025_12_26_01/404.html" failed (2: No such file or directory), client: 104.23.166.6, server: www.ceerun.com, request: "GET /backups/woocommerce.sql HTTP/2.0", host: "www.ceerun.com"
2026/08/24 23:54:00 [error] 9853#0: *1276013 open() "/www/data/wwwroot/2025_12_26_01/sql/woocommerce.sql" failed (2: No such file or directory), client: 172.71.95.81, server: www.ceerun.com, request: "GET /sql/woocommerce.sql HTTP/2.0", host: "www.ceerun.com"
2026/08/24 23:54:00 [error] 9853#0: *1276013 open() "/www/data/wwwroot/2025_12_26_01/404.html" failed (2: No such file or directory), client: 172.71.95.81, server: www.ceerun.com, request: "GET /sql/woocommerce.sql HTTP/2.0", host: "www.ceerun.com"
2026/08/25 03:56:40 [error] 9850#0: *1296585 "/www/data/wwwroot/2025_12_26_01/administrator/index.php" is not found (2: No such file or directory), client: 172.71.150.74, server: www.ceerun.com, request: "GET /administrator/ HTTP/2.0", host: "ceerun.com"
2026/08/25 03:56:40 [error] 9850#0: *1296585 open() "/www/data/wwwroot/2025_12_26_01/404.html" failed (2: No such file or directory), client: 172.71.150.74, server: www.ceerun.com, request: "GET /administrator/ HTTP/2.0", host: "ceerun.com"
2026/08/25 03:56:40 [error] 9853#0: *1296579 open() "/www/data/wwwroot/2025_12_26_01/administrator/manifests/files/joomla.xml" failed (2: No such file or directory), client: 172.71.150.229, server: www.ceerun.com, request: "GET /administrator/manifests/files/joomla.xml HTTP/2.0", host: "ceerun.com"
2026/08/25 03:56:40 [error] 9853#0: *1296579 open() "/www/data/wwwroot/2025_12_26_01/404.html" failed (2: No such file or directory), client: 172.71.150.229, server: www.ceerun.com, request: "GET /administrator/manifests/files/joomla.xml HTTP/2.0", host: "ceerun.com"
2026/08/25 03:56:40 [error] 9850#0: *1296585 open() "/www/data/wwwroot/2025_12_26_01/language/en-GB/en-GB.xml" failed (2: No such file or directory), client: 172.71.150.74, server: www.ceerun.com, request: "GET /language/en-GB/en-GB.xml HTTP/2.0", host: "ceerun.com"
2026/08/25 03:56:40 [error] 9850#0: *1296585 open() "/www/data/wwwroot/2025_12_26_01/404.html" failed (2: No such file or directory), client: 172.71.150.74, server: www.ceerun.com, request: "GET /language/en-GB/en-GB.xml HTTP/2.0", host: "ceerun.com"
2026/08/25 03:56:40 [error] 9851#0: *1296588 open() "/www/data/wwwroot/2025_12_26_01/404.html" failed (2: No such file or directory), client: 172.71.150.26, server: www.ceerun.com, request: "GET /media/system/js/core.js HTTP/2.0", host: "ceerun.com"
2026/08/25 03:56:40 [error] 9853#0: *1296579 "/www/data/wwwroot/2025_12_26_01/zzx9q7_not_exist_8123x/index.php" is not found (2: No such file or directory), client: 172.71.150.229, server: www.ceerun.com, request: "HEAD /zzx9q7_not_exist_8123x/ HTTP/2.0", host: "ceerun.com"
2026/08/25 03:56:40 [error] 9853#0: *1296579 open() "/www/data/wwwroot/2025_12_26_01/404.html" failed (2: No such file or directory), client: 172.71.150.229, server: www.ceerun.com, request: "HEAD /zzx9q7_not_exist_8123x/ HTTP/2.0", host: "ceerun.com"
2026/08/25 03:56:41 [error] 9850#0: *1296585 open() "/www/data/wwwroot/2025_12_26_01/404.html" failed (2: No such file or directory), client: 172.71.150.74, server: www.ceerun.com, request: "HEAD /wp-login.php HTTP/2.0", host: "ceerun.com"
2026/08/25 03:56:41 [error] 9853#0: *1296579 "/www/data/wwwroot/2025_12_26_01/wp-admin/index.php" is not found (2: No such file or directory), client: 172.71.150.229, server: www.ceerun.com, request: "HEAD /wp-admin/ HTTP/2.0", host: "ceerun.com"
2026/08/25 03:56:41 [error] 9853#0: *1296579 open() "/www/data/wwwroot/2025_12_26_01/404.html" failed (2: No such file or directory), client: 172.71.150.229, server: www.ceerun.com, request: "HEAD /wp-admin/ HTTP/2.0", host: "ceerun.com"
2026/08/25 03:56:41 [error] 9853#0: *1296589 open() "/www/data/wwwroot/2025_12_26_01/404.html" failed (2: No such file or directory), client: 104.22.72.69, server: www.ceerun.com, request: "GET /wp-includes/js/wp-emoji.js HTTP/2.0", host: "ceerun.com"
2026/08/25 03:56:41 [error] 9850#0: *1296585 open() "/www/data/wwwroot/2025_12_26_01/_ignition/health-check" failed (2: No such file or directory), client: 172.71.150.74, server: www.ceerun.com, request: "HEAD /_ignition/health-check HTTP/2.0", host: "ceerun.com"
2026/08/25 03:56:41 [error] 9850#0: *1296585 open() "/www/data/wwwroot/2025_12_26_01/404.html" failed (2: No such file or directory), client: 172.71.150.74, server: www.ceerun.com, request: "HEAD /_ignition/health-check HTTP/2.0", host: "ceerun.com"
2026/08/25 03:56:42 [error] 9853#0: *1296579 "/www/data/wwwroot/2025_12_26_01/_next/static/index.php" is not found (2: No such file or directory), client: 172.71.150.229, server: www.ceerun.com, request: "HEAD /_next/static/ HTTP/2.0", host: "ceerun.com"
2026/08/25 03:56:42 [error] 9853#0: *1296579 open() "/www/data/wwwroot/2025_12_26_01/404.html" failed (2: No such file or directory), client: 172.71.150.229, server: www.ceerun.com, request: "HEAD /_next/static/ HTTP/2.0", host: "ceerun.com"
2026/08/25 03:56:42 [error] 9850#0: *1296585 open() "/www/data/wwwroot/2025_12_26_01/_next/webpack-hmr" failed (2: No such file or directory), client: 172.71.150.74, server: www.ceerun.com, request: "HEAD /_next/webpack-hmr HTTP/2.0", host: "ceerun.com"
2026/08/25 03:56:42 [error] 9850#0: *1296585 open() "/www/data/wwwroot/2025_12_26_01/404.html" failed (2: No such file or directory), client: 172.71.150.74, server: www.ceerun.com, request: "HEAD /_next/webpack-hmr HTTP/2.0", host: "ceerun.com"
2026/08/25 04:17:58 [error] 9851#0: *1298021 open() "/www/data/wwwroot/2025_12_26_01/404.html" failed (2: No such file or directory), client: 172.64.198.52, server: www.ceerun.com, request: "GET /.env HTTP/2.0", host: "ceerun.com"
2026/08/25 04:17:58 [error] 9853#0: *1298031 open() "/www/data/wwwroot/2025_12_26_01/api/.env" failed (2: No such file or directory), client: 172.64.198.39, server: www.ceerun.com, request: "GET /api/.env HTTP/2.0", host: "ceerun.com"
2026/08/25 04:17:58 [error] 9853#0: *1298031 open() "/www/data/wwwroot/2025_12_26_01/404.html" failed (2: No such file or directory), client: 172.64.198.39, server: www.ceerun.com, request: "GET /api/.env HTTP/2.0", host: "ceerun.com"
2026/08/25 04:17:59 [error] 9851#0: *1298021 open() "/www/data/wwwroot/2025_12_26_01/backend/.env" failed (2: No such file or directory), client: 172.64.198.52, server: www.ceerun.com, request: "GET /backend/.env HTTP/2.0", host: "ceerun.com"
2026/08/25 04:17:59 [error] 9851#0: *1298021 open() "/www/data/wwwroot/2025_12_26_01/404.html" failed (2: No such file or directory), client: 172.64.198.52, server: www.ceerun.com, request: "GET /backend/.env HTTP/2.0", host: "ceerun.com"
2026/08/25 04:17:59 [error] 9851#0: *1298021 open() "/www/data/wwwroot/2025_12_26_01/404.html" failed (2: No such file or directory), client: 172.64.198.52, server: www.ceerun.com, request: "GET /phpinfo.php HTTP/2.0", host: "ceerun.com"
2026/08/25 04:17:59 [error] 9853#0: *1298031 open() "/www/data/wwwroot/2025_12_26_01/admin/.env" failed (2: No such file or directory), client: 172.64.198.39, server: www.ceerun.com, request: "GET /admin/.env HTTP/2.0", host: "ceerun.com"
2026/08/25 04:17:59 [error] 9853#0: *1298031 open() "/www/data/wwwroot/2025_12_26_01/404.html" failed (2: No such file or directory), client: 172.64.198.39, server: www.ceerun.com, request: "GET /admin/.env HTTP/2.0", host: "ceerun.com"
2026/08/25 04:18:00 [error] 9851#0: *1298021 "/www/data/wwwroot/2025_12_26_01/phpinfo/index.php" is not found (2: No such file or directory), client: 172.64.198.52, server: www.ceerun.com, request: "GET /phpinfo/ HTTP/2.0", host: "ceerun.com"
2026/08/25 04:18:00 [error] 9851#0: *1298021 open() "/www/data/wwwroot/2025_12_26_01/404.html" failed (2: No such file or directory), client: 172.64.198.52, server: www.ceerun.com, request: "GET /phpinfo/ HTTP/2.0", host: "ceerun.com"
