2026/08/24 23:41:18 [error] 9851#0: *1274245 open() "/www/data/wwwroot/2025_12_26_01/woocommerce_ppec_paypal_settings.log" failed (2: No such file or directory), client: 172.71.102.156, server: www.ceerun.com, request: "GET /woocommerce_ppec_paypal_settings.log HTTP/2.0", host: "www.ceerun.com"
2026/08/24 23:41:18 [error] 9851#0: *1274245 open() "/www/data/wwwroot/2025_12_26_01/404.html" failed (2: No such file or directory), client: 172.71.102.156, server: www.ceerun.com, request: "GET /woocommerce_ppec_paypal_settings.log HTTP/2.0", host: "www.ceerun.com"
2026/08/24 23:41:19 [error] 9850#0: *1274348 open() "/www/data/wwwroot/2025_12_26_01/wp-content/uploads/woocommerce_angelleye_ppcp_settings.sql" failed (2: No such file or directory), client: 104.23.170.13, server: www.ceerun.com, request: "GET /wp-content/uploads/woocommerce_angelleye_ppcp_settings.sql HTTP/2.0", host: "ceerun.com"
2026/08/24 23:41:19 [error] 9850#0: *1274348 open() "/www/data/wwwroot/2025_12_26_01/404.html" failed (2: No such file or directory), client: 104.23.170.13, server: www.ceerun.com, request: "GET /wp-content/uploads/woocommerce_angelleye_ppcp_settings.sql HTTP/2.0", host: "ceerun.com"
2026/08/24 23:41:20 [error] 9853#0: *1274326 open() "/www/data/wwwroot/2025_12_26_01/woocommerce_ppec_paypal_settings.txt" failed (2: No such file or directory), client: 104.23.168.6, server: www.ceerun.com, request: "GET /woocommerce_ppec_paypal_settings.txt HTTP/2.0", host: "www.ceerun.com"
2026/08/24 23:41:20 [error] 9853#0: *1274326 open() "/www/data/wwwroot/2025_12_26_01/404.html" failed (2: No such file or directory), client: 104.23.168.6, server: www.ceerun.com, request: "GET /woocommerce_ppec_paypal_settings.txt HTTP/2.0", host: "www.ceerun.com"
2026/08/24 23:41:21 [error] 9853#0: *1274365 open() "/www/data/wwwroot/2025_12_26_01/woocommerce_ppec_paypal_settings.zip" failed (2: No such file or directory), client: 104.23.170.74, server: www.ceerun.com, request: "GET /woocommerce_ppec_paypal_settings.zip HTTP/2.0", host: "www.ceerun.com"
2026/08/24 23:41:21 [error] 9853#0: *1274365 open() "/www/data/wwwroot/2025_12_26_01/404.html" failed (2: No such file or directory), client: 104.23.170.74, server: www.ceerun.com, request: "GET /woocommerce_ppec_paypal_settings.zip HTTP/2.0", host: "www.ceerun.com"
2026/08/24 23:41:21 [error] 9852#0: *1273965 open() "/www/data/wwwroot/2025_12_26_01/wp-content/uploads/_give_stripe_get_all_accounts" failed (2: No such file or directory), client: 172.71.95.155, server: www.ceerun.com, request: "GET /wp-content/uploads/_give_stripe_get_all_accounts HTTP/2.0", host: "ceerun.com"
2026/08/24 23:41:21 [error] 9852#0: *1273965 open() "/www/data/wwwroot/2025_12_26_01/404.html" failed (2: No such file or directory), client: 172.71.95.155, server: www.ceerun.com, request: "GET /wp-content/uploads/_give_stripe_get_all_accounts HTTP/2.0", host: "ceerun.com"
2026/08/24 23:41:21 [error] 9852#0: *1274366 open() "/www/data/wwwroot/2025_12_26_01/woocommerce_ppec_paypal_settings.tar.gz" failed (2: No such file or directory), client: 172.69.109.13, server: www.ceerun.com, request: "GET /woocommerce_ppec_paypal_settings.tar.gz HTTP/2.0", host: "www.ceerun.com"
2026/08/24 23:41:21 [error] 9852#0: *1274366 open() "/www/data/wwwroot/2025_12_26_01/404.html" failed (2: No such file or directory), client: 172.69.109.13, server: www.ceerun.com, request: "GET /woocommerce_ppec_paypal_settings.tar.gz HTTP/2.0", host: "www.ceerun.com"
2026/08/24 23:41:22 [error] 9850#0: *1274367 open() "/www/data/wwwroot/2025_12_26_01/woocommerce_ppec_paypal_settings.csv" failed (2: No such file or directory), client: 172.70.240.109, server: www.ceerun.com, request: "GET /woocommerce_ppec_paypal_settings.csv HTTP/2.0", host: "www.ceerun.com"
2026/08/24 23:41:22 [error] 9850#0: *1274367 open() "/www/data/wwwroot/2025_12_26_01/404.html" failed (2: No such file or directory), client: 172.70.240.109, server: www.ceerun.com, request: "GET /woocommerce_ppec_paypal_settings.csv HTTP/2.0", host: "www.ceerun.com"
2026/08/24 23:41:22 [error] 9853#0: *1274368 open() "/www/data/wwwroot/2025_12_26_01/woocommerce_ppcp-gateway_settings.log" failed (2: No such file or directory), client: 104.22.109.105, server: www.ceerun.com, request: "GET /woocommerce_ppcp-gateway_settings.log HTTP/2.0", host: "www.ceerun.com"
2026/08/24 23:41:22 [error] 9853#0: *1274368 open() "/www/data/wwwroot/2025_12_26_01/404.html" failed (2: No such file or directory), client: 104.22.109.105, server: www.ceerun.com, request: "GET /woocommerce_ppcp-gateway_settings.log HTTP/2.0", host: "www.ceerun.com"
2026/08/24 23:41:23 [error] 9853#0: *1274226 open() "/www/data/wwwroot/2025_12_26_01/woocommerce_ppcp-gateway_settings.txt" failed (2: No such file or directory), client: 172.69.109.210, server: www.ceerun.com, request: "GET /woocommerce_ppcp-gateway_settings.txt HTTP/2.0", host: "www.ceerun.com"
2026/08/24 23:41:23 [error] 9853#0: *1274226 open() "/www/data/wwwroot/2025_12_26_01/404.html" failed (2: No such file or directory), client: 172.69.109.210, server: www.ceerun.com, request: "GET /woocommerce_ppcp-gateway_settings.txt HTTP/2.0", host: "www.ceerun.com"
2026/08/24 23:41:23 [error] 9850#0: *1274348 open() "/www/data/wwwroot/2025_12_26_01/wp-content/uploads/_give_stripe_get_all_accounts.txt" failed (2: No such file or directory), client: 104.23.170.13, server: www.ceerun.com, request: "GET /wp-content/uploads/_give_stripe_get_all_accounts.txt HTTP/2.0", host: "ceerun.com"
2026/08/24 23:41:23 [error] 9850#0: *1274348 open() "/www/data/wwwroot/2025_12_26_01/404.html" failed (2: No such file or directory), client: 104.23.170.13, server: www.ceerun.com, request: "GET /wp-content/uploads/_give_stripe_get_all_accounts.txt HTTP/2.0", host: "ceerun.com"
2026/08/24 23:41:23 [error] 9850#0: *1274348 open() "/www/data/wwwroot/2025_12_26_01/wp-content/uploads/_give_stripe_get_all_accounts.sql" failed (2: No such file or directory), client: 104.23.170.13, server: www.ceerun.com, request: "GET /wp-content/uploads/_give_stripe_get_all_accounts.sql HTTP/2.0", host: "ceerun.com"
2026/08/24 23:41:23 [error] 9850#0: *1274348 open() "/www/data/wwwroot/2025_12_26_01/404.html" failed (2: No such file or directory), client: 104.23.170.13, server: www.ceerun.com, request: "GET /wp-content/uploads/_give_stripe_get_all_accounts.sql HTTP/2.0", host: "ceerun.com"
2026/08/24 23:41:23 [error] 9850#0: *1274353 open() "/www/data/wwwroot/2025_12_26_01/woocommerce_ppcp-gateway_settings.zip" failed (2: No such file or directory), client: 104.23.166.101, server: www.ceerun.com, request: "GET /woocommerce_ppcp-gateway_settings.zip HTTP/2.0", host: "www.ceerun.com"
2026/08/24 23:41:23 [error] 9850#0: *1274353 open() "/www/data/wwwroot/2025_12_26_01/404.html" failed (2: No such file or directory), client: 104.23.166.101, server: www.ceerun.com, request: "GET /woocommerce_ppcp-gateway_settings.zip HTTP/2.0", host: "www.ceerun.com"
2026/08/24 23:41:23 [error] 9853#0: *1274369 open() "/www/data/wwwroot/2025_12_26_01/wp-content/uploads/_give_stripe_get_all_accounts.log" failed (2: No such file or directory), client: 172.69.150.79, server: www.ceerun.com, request: "GET /wp-content/uploads/_give_stripe_get_all_accounts.log HTTP/2.0", host: "ceerun.com"
2026/08/24 23:41:23 [error] 9853#0: *1274369 open() "/www/data/wwwroot/2025_12_26_01/404.html" failed (2: No such file or directory), client: 172.69.150.79, server: www.ceerun.com, request: "GET /wp-content/uploads/_give_stripe_get_all_accounts.log HTTP/2.0", host: "ceerun.com"
2026/08/24 23:41:24 [error] 9853#0: *1274370 open() "/www/data/wwwroot/2025_12_26_01/woocommerce_ppcp-gateway_settings.tar.gz" failed (2: No such file or directory), client: 104.23.172.92, server: www.ceerun.com, request: "GET /woocommerce_ppcp-gateway_settings.tar.gz HTTP/2.0", host: "www.ceerun.com"
2026/08/24 23:41:24 [error] 9853#0: *1274370 open() "/www/data/wwwroot/2025_12_26_01/404.html" failed (2: No such file or directory), client: 104.23.172.92, server: www.ceerun.com, request: "GET /woocommerce_ppcp-gateway_settings.tar.gz HTTP/2.0", host: "www.ceerun.com"
2026/08/24 23:41:24 [error] 9853#0: *1274197 open() "/www/data/wwwroot/2025_12_26_01/backups/woocommerce_stripe_settings" failed (2: No such file or directory), client: 104.23.166.21, server: www.ceerun.com, request: "GET /backups/woocommerce_stripe_settings HTTP/2.0", host: "ceerun.com"
2026/08/24 23:41:24 [error] 9853#0: *1274197 open() "/www/data/wwwroot/2025_12_26_01/404.html" failed (2: No such file or directory), client: 104.23.166.21, server: www.ceerun.com, request: "GET /backups/woocommerce_stripe_settings HTTP/2.0", host: "ceerun.com"
2026/08/24 23:41:24 [error] 9853#0: *1274371 open() "/www/data/wwwroot/2025_12_26_01/woocommerce_ppcp-gateway_settings.csv" failed (2: No such file or directory), client: 172.71.160.128, server: www.ceerun.com, request: "GET /woocommerce_ppcp-gateway_settings.csv HTTP/2.0", host: "www.ceerun.com"
2026/08/24 23:41:24 [error] 9853#0: *1274371 open() "/www/data/wwwroot/2025_12_26_01/404.html" failed (2: No such file or directory), client: 172.71.160.128, server: www.ceerun.com, request: "GET /woocommerce_ppcp-gateway_settings.csv HTTP/2.0", host: "www.ceerun.com"
2026/08/24 23:41:24 [error] 9853#0: *1274372 open() "/www/data/wwwroot/2025_12_26_01/wp-content/uploads/wp_options.sql" failed (2: No such file or directory), client: 172.70.247.6, server: www.ceerun.com, request: "GET /wp-content/uploads/wp_options.sql HTTP/2.0", host: "ceerun.com"
2026/08/24 23:41:24 [error] 9853#0: *1274372 open() "/www/data/wwwroot/2025_12_26_01/404.html" failed (2: No such file or directory), client: 172.70.247.6, server: www.ceerun.com, request: "GET /wp-content/uploads/wp_options.sql HTTP/2.0", host: "ceerun.com"
2026/08/24 23:41:24 [error] 9853#0: *1274373 open() "/www/data/wwwroot/2025_12_26_01/wp-content/uploads/woocommerce.sql" failed (2: No such file or directory), client: 172.70.248.186, server: www.ceerun.com, request: "GET /wp-content/uploads/woocommerce.sql HTTP/2.0", host: "ceerun.com"
2026/08/24 23:41:24 [error] 9853#0: *1274373 open() "/www/data/wwwroot/2025_12_26_01/404.html" failed (2: No such file or directory), client: 172.70.248.186, server: www.ceerun.com, request: "GET /wp-content/uploads/woocommerce.sql HTTP/2.0", host: "ceerun.com"
2026/08/24 23:41:24 [error] 9853#0: *1274375 "/www/data/wwwroot/2025_12_26_01/wp-content/uploads/woocommerce_uploads/index.php" is not found (2: No such file or directory), client: 172.71.172.81, server: www.ceerun.com, request: "GET /wp-content/uploads/woocommerce_uploads/ HTTP/2.0", host: "ceerun.com"
2026/08/24 23:41:24 [error] 9853#0: *1274375 open() "/www/data/wwwroot/2025_12_26_01/404.html" failed (2: No such file or directory), client: 172.71.172.81, server: www.ceerun.com, request: "GET /wp-content/uploads/woocommerce_uploads/ HTTP/2.0", host: "ceerun.com"
2026/08/24 23:41:24 [error] 9850#0: *1274376 open() "/www/data/wwwroot/2025_12_26_01/backup/woocommerce.sql" failed (2: No such file or directory), client: 141.101.76.7, server: www.ceerun.com, request: "GET /backup/woocommerce.sql HTTP/2.0", host: "ceerun.com"
2026/08/24 23:41:24 [error] 9850#0: *1274376 open() "/www/data/wwwroot/2025_12_26_01/404.html" failed (2: No such file or directory), client: 141.101.76.7, server: www.ceerun.com, request: "GET /backup/woocommerce.sql HTTP/2.0", host: "ceerun.com"
2026/08/24 23:41:25 [error] 9852#0: *1273965 open() "/www/data/wwwroot/2025_12_26_01/wp-content/uploads/wc-logs/stripe-" failed (2: No such file or directory), client: 172.71.95.155, server: www.ceerun.com, request: "GET /wp-content/uploads/wc-logs/stripe- HTTP/2.0", host: "ceerun.com"
2026/08/24 23:41:25 [error] 9852#0: *1273965 open() "/www/data/wwwroot/2025_12_26_01/404.html" failed (2: No such file or directory), client: 172.71.95.155, server: www.ceerun.com, request: "GET /wp-content/uploads/wc-logs/stripe- HTTP/2.0", host: "ceerun.com"
2026/08/24 23:41:27 [error] 9850#0: *1274348 open() "/www/data/wwwroot/2025_12_26_01/backups/woocommerce_stripe_settings.sql" failed (2: No such file or directory), client: 104.23.170.13, server: www.ceerun.com, request: "GET /backups/woocommerce_stripe_settings.sql HTTP/2.0", host: "ceerun.com"
2026/08/24 23:41:27 [error] 9850#0: *1274348 open() "/www/data/wwwroot/2025_12_26_01/404.html" failed (2: No such file or directory), client: 104.23.170.13, server: www.ceerun.com, request: "GET /backups/woocommerce_stripe_settings.sql HTTP/2.0", host: "ceerun.com"
2026/08/24 23:41:28 [error] 9850#0: *1274348 open() "/www/data/wwwroot/2025_12_26_01/backups/woocommerce_stripe_settings.log" failed (2: No such file or directory), client: 104.23.170.13, server: www.ceerun.com, request: "GET /backups/woocommerce_stripe_settings.log HTTP/2.0", host: "ceerun.com"
2026/08/24 23:41:28 [error] 9850#0: *1274348 open() "/www/data/wwwroot/2025_12_26_01/404.html" failed (2: No such file or directory), client: 104.23.170.13, server: www.ceerun.com, request: "GET /backups/woocommerce_stripe_settings.log HTTP/2.0", host: "ceerun.com"
2026/08/24 23:41:28 [error] 9853#0: *1274369 open() "/www/data/wwwroot/2025_12_26_01/backups/woocommerce_stripe_settings.txt" failed (2: No such file or directory), client: 172.69.150.79, server: www.ceerun.com, request: "GET /backups/woocommerce_stripe_settings.txt HTTP/2.0", host: "ceerun.com"
2026/08/24 23:41:28 [error] 9853#0: *1274369 open() "/www/data/wwwroot/2025_12_26_01/404.html" failed (2: No such file or directory), client: 172.69.150.79, server: www.ceerun.com, request: "GET /backups/woocommerce_stripe_settings.txt HTTP/2.0", host: "ceerun.com"
2026/08/24 23:41:28 [error] 9853#0: *1274375 open() "/www/data/wwwroot/2025_12_26_01/wp-content/woocommerce_stripe_settings" failed (2: No such file or directory), client: 172.71.172.81, server: www.ceerun.com, request: "GET /wp-content/woocommerce_stripe_settings HTTP/2.0", host: "ceerun.com"
2026/08/24 23:41:28 [error] 9853#0: *1274375 open() "/www/data/wwwroot/2025_12_26_01/404.html" failed (2: No such file or directory), client: 172.71.172.81, server: www.ceerun.com, request: "GET /wp-content/woocommerce_stripe_settings HTTP/2.0", host: "ceerun.com"
2026/08/24 23:41:29 [error] 9853#0: *1274372 open() "/www/data/wwwroot/2025_12_26_01/wp-content/woocommerce_stripe_settings.log" failed (2: No such file or directory), client: 172.70.247.6, server: www.ceerun.com, request: "GET /wp-content/woocommerce_stripe_settings.log HTTP/2.0", host: "ceerun.com"
2026/08/24 23:41:29 [error] 9853#0: *1274372 open() "/www/data/wwwroot/2025_12_26_01/404.html" failed (2: No such file or directory), client: 172.70.247.6, server: www.ceerun.com, request: "GET /wp-content/woocommerce_stripe_settings.log HTTP/2.0", host: "ceerun.com"
2026/08/24 23:41:29 [error] 9850#0: *1274382 open() "/www/data/wwwroot/2025_12_26_01/backups/woocommerce_stripe_settings.csv" failed (2: No such file or directory), client: 141.101.76.41, server: www.ceerun.com, request: "GET /backups/woocommerce_stripe_settings.csv HTTP/2.0", host: "ceerun.com"
2026/08/24 23:41:29 [error] 9850#0: *1274382 open() "/www/data/wwwroot/2025_12_26_01/404.html" failed (2: No such file or directory), client: 141.101.76.41, server: www.ceerun.com, request: "GET /backups/woocommerce_stripe_settings.csv HTTP/2.0", host: "ceerun.com"
2026/08/24 23:41:29 [error] 9850#0: *1274383 open() "/www/data/wwwroot/2025_12_26_01/backups/woocommerce_stripe_settings.zip" failed (2: No such file or directory), client: 104.23.166.44, server: www.ceerun.com, request: "GET /backups/woocommerce_stripe_settings.zip HTTP/2.0", host: "ceerun.com"
2026/08/24 23:41:29 [error] 9850#0: *1274383 open() "/www/data/wwwroot/2025_12_26_01/404.html" failed (2: No such file or directory), client: 104.23.166.44, server: www.ceerun.com, request: "GET /backups/woocommerce_stripe_settings.zip HTTP/2.0", host: "ceerun.com"
2026/08/24 23:41:29 [error] 9852#0: *1274384 open() "/www/data/wwwroot/2025_12_26_01/backups/woocommerce_stripe_settings.tar.gz" failed (2: No such file or directory), client: 162.158.110.133, server: www.ceerun.com, request: "GET /backups/woocommerce_stripe_settings.tar.gz HTTP/2.0", host: "ceerun.com"
2026/08/24 23:41:29 [error] 9852#0: *1274384 open() "/www/data/wwwroot/2025_12_26_01/404.html" failed (2: No such file or directory), client: 162.158.110.133, server: www.ceerun.com, request: "GET /backups/woocommerce_stripe_settings.tar.gz HTTP/2.0", host: "ceerun.com"
2026/08/24 23:41:34 [error] 9853#0: *1274388 open() "/www/data/wwwroot/2025_12_26_01/wp-content/woocommerce_stripe_settings.sql" failed (2: No such file or directory), client: 172.71.103.173, server: www.ceerun.com, request: "GET /wp-content/woocommerce_stripe_settings.sql HTTP/2.0", host: "ceerun.com"
2026/08/24 23:41:34 [error] 9853#0: *1274388 open() "/www/data/wwwroot/2025_12_26_01/404.html" failed (2: No such file or directory), client: 172.71.103.173, server: www.ceerun.com, request: "GET /wp-content/woocommerce_stripe_settings.sql HTTP/2.0", host: "ceerun.com"
2026/08/24 23:41:43 [error] 9852#0: *1274403 open() "/www/data/wwwroot/2025_12_26_01/wp-content/woocommerce_stripe_settings.tar.gz" failed (2: No such file or directory), client: 172.71.182.14, server: www.ceerun.com, request: "GET /wp-content/woocommerce_stripe_settings.tar.gz HTTP/2.0", host: "ceerun.com"
2026/08/24 23:41:43 [error] 9852#0: *1274403 open() "/www/data/wwwroot/2025_12_26_01/404.html" failed (2: No such file or directory), client: 172.71.182.14, server: www.ceerun.com, request: "GET /wp-content/woocommerce_stripe_settings.tar.gz HTTP/2.0", host: "ceerun.com"
2026/08/24 23:41:45 [error] 9850#0: *1274348 open() "/www/data/wwwroot/2025_12_26_01/logs/woocommerce_stripe_settings.sql" failed (2: No such file or directory), client: 104.23.170.13, server: www.ceerun.com, request: "GET /logs/woocommerce_stripe_settings.sql HTTP/2.0", host: "ceerun.com"
2026/08/24 23:41:45 [error] 9850#0: *1274348 open() "/www/data/wwwroot/2025_12_26_01/404.html" failed (2: No such file or directory), client: 104.23.170.13, server: www.ceerun.com, request: "GET /logs/woocommerce_stripe_settings.sql HTTP/2.0", host: "ceerun.com"
2026/08/24 23:41:46 [error] 9853#0: *1274373 open() "/www/data/wwwroot/2025_12_26_01/logs/woocommerce_stripe_settings" failed (2: No such file or directory), client: 172.70.248.186, server: www.ceerun.com, request: "GET /logs/woocommerce_stripe_settings HTTP/2.0", host: "ceerun.com"
2026/08/24 23:41:46 [error] 9853#0: *1274373 open() "/www/data/wwwroot/2025_12_26_01/404.html" failed (2: No such file or directory), client: 172.70.248.186, server: www.ceerun.com, request: "GET /logs/woocommerce_stripe_settings HTTP/2.0", host: "ceerun.com"
2026/08/24 23:41:49 [error] 9851#0: *1274244 open() "/www/data/wwwroot/2025_12_26_01/woocommerce_ppcp_settings.log" failed (2: No such file or directory), client: 104.23.170.98, server: www.ceerun.com, request: "GET /woocommerce_ppcp_settings.log HTTP/2.0", host: "www.ceerun.com"
2026/08/24 23:41:49 [error] 9851#0: *1274244 open() "/www/data/wwwroot/2025_12_26_01/404.html" failed (2: No such file or directory), client: 104.23.170.98, server: www.ceerun.com, request: "GET /woocommerce_ppcp_settings.log HTTP/2.0", host: "www.ceerun.com"
2026/08/24 23:41:49 [error] 9853#0: *1274226 open() "/www/data/wwwroot/2025_12_26_01/woocommerce_ppcp_settings.txt" failed (2: No such file or directory), client: 172.69.109.210, server: www.ceerun.com, request: "GET /woocommerce_ppcp_settings.txt HTTP/2.0", host: "www.ceerun.com"
2026/08/24 23:41:49 [error] 9853#0: *1274226 open() "/www/data/wwwroot/2025_12_26_01/404.html" failed (2: No such file or directory), client: 172.69.109.210, server: www.ceerun.com, request: "GET /woocommerce_ppcp_settings.txt HTTP/2.0", host: "www.ceerun.com"
2026/08/24 23:41:50 [error] 9851#0: *1274429 open() "/www/data/wwwroot/2025_12_26_01/logs/woocommerce_stripe_settings.log" failed (2: No such file or directory), client: 172.71.148.79, server: www.ceerun.com, request: "GET /logs/woocommerce_stripe_settings.log HTTP/2.0", host: "ceerun.com"
2026/08/24 23:41:50 [error] 9851#0: *1274429 open() "/www/data/wwwroot/2025_12_26_01/404.html" failed (2: No such file or directory), client: 172.71.148.79, server: www.ceerun.com, request: "GET /logs/woocommerce_stripe_settings.log HTTP/2.0", host: "ceerun.com"
2026/08/24 23:41:50 [error] 9853#0: *1274372 open() "/www/data/wwwroot/2025_12_26_01/backups/woocommerce_stripe_cc_settings.sql" failed (2: No such file or directory), client: 172.70.247.6, server: www.ceerun.com, request: "GET /backups/woocommerce_stripe_cc_settings.sql HTTP/2.0", host: "ceerun.com"
2026/08/24 23:41:50 [error] 9853#0: *1274372 open() "/www/data/wwwroot/2025_12_26_01/404.html" failed (2: No such file or directory), client: 172.70.247.6, server: www.ceerun.com, request: "GET /backups/woocommerce_stripe_cc_settings.sql HTTP/2.0", host: "ceerun.com"
2026/08/24 23:41:51 [error] 9851#0: *1274431 open() "/www/data/wwwroot/2025_12_26_01/logs/woocommerce_stripe_settings.tar.gz" failed (2: No such file or directory), client: 172.71.182.220, server: www.ceerun.com, request: "GET /logs/woocommerce_stripe_settings.tar.gz HTTP/2.0", host: "ceerun.com"
2026/08/24 23:41:51 [error] 9851#0: *1274431 open() "/www/data/wwwroot/2025_12_26_01/404.html" failed (2: No such file or directory), client: 172.71.182.220, server: www.ceerun.com, request: "GET /logs/woocommerce_stripe_settings.tar.gz HTTP/2.0", host: "ceerun.com"
2026/08/24 23:41:51 [error] 9851#0: *1274432 open() "/www/data/wwwroot/2025_12_26_01/logs/woocommerce_stripe_settings.csv" failed (2: No such file or directory), client: 104.23.172.39, server: www.ceerun.com, request: "GET /logs/woocommerce_stripe_settings.csv HTTP/2.0", host: "ceerun.com"
2026/08/24 23:41:51 [error] 9851#0: *1274432 open() "/www/data/wwwroot/2025_12_26_01/404.html" failed (2: No such file or directory), client: 104.23.172.39, server: www.ceerun.com, request: "GET /logs/woocommerce_stripe_settings.csv HTTP/2.0", host: "ceerun.com"
2026/08/24 23:41:53 [error] 9850#0: *1274325 open() "/www/data/wwwroot/2025_12_26_01/woocommerce_ppcp_paypal_settings.txt" failed (2: No such file or directory), client: 104.23.239.144, server: www.ceerun.com, request: "GET /woocommerce_ppcp_paypal_settings.txt HTTP/2.0", host: "www.ceerun.com"
2026/08/24 23:41:53 [error] 9850#0: *1274325 open() "/www/data/wwwroot/2025_12_26_01/404.html" failed (2: No such file or directory), client: 104.23.239.144, server: www.ceerun.com, request: "GET /woocommerce_ppcp_paypal_settings.txt HTTP/2.0", host: "www.ceerun.com"
2026/08/24 23:41:53 [error] 9853#0: *1274228 open() "/www/data/wwwroot/2025_12_26_01/woocommerce_ppcp_paypal_settings.log" failed (2: No such file or directory), client: 172.69.109.210, server: www.ceerun.com, request: "GET /woocommerce_ppcp_paypal_settings.log HTTP/2.0", host: "www.ceerun.com"
2026/08/24 23:41:53 [error] 9853#0: *1274228 open() "/www/data/wwwroot/2025_12_26_01/404.html" failed (2: No such file or directory), client: 172.69.109.210, server: www.ceerun.com, request: "GET /woocommerce_ppcp_paypal_settings.log HTTP/2.0", host: "www.ceerun.com"
2026/08/24 23:41:53 [error] 9853#0: *1274434 open() "/www/data/wwwroot/2025_12_26_01/woocommerce_ppcp_settings.tar.gz" failed (2: No such file or directory), client: 104.23.170.80, server: www.ceerun.com, request: "GET /woocommerce_ppcp_settings.tar.gz HTTP/2.0", host: "www.ceerun.com"
2026/08/24 23:41:53 [error] 9853#0: *1274434 open() "/www/data/wwwroot/2025_12_26_01/404.html" failed (2: No such file or directory), client: 104.23.170.80, server: www.ceerun.com, request: "GET /woocommerce_ppcp_settings.tar.gz HTTP/2.0", host: "www.ceerun.com"
2026/08/24 23:41:53 [error] 9851#0: *1274435 open() "/www/data/wwwroot/2025_12_26_01/woocommerce_ppcp_settings.zip" failed (2: No such file or directory), client: 104.23.166.13, server: www.ceerun.com, request: "GET /woocommerce_ppcp_settings.zip HTTP/2.0", host: "www.ceerun.com"
2026/08/24 23:41:53 [error] 9851#0: *1274435 open() "/www/data/wwwroot/2025_12_26_01/404.html" failed (2: No such file or directory), client: 104.23.166.13, server: www.ceerun.com, request: "GET /woocommerce_ppcp_settings.zip HTTP/2.0", host: "www.ceerun.com"
2026/08/24 23:41:53 [error] 9851#0: *1274335 open() "/www/data/wwwroot/2025_12_26_01/woocommerce_wc_stripe_settings.txt" failed (2: No such file or directory), client: 162.159.113.121, server: www.ceerun.com, request: "GET /woocommerce_wc_stripe_settings.txt HTTP/2.0", host: "www.ceerun.com"
2026/08/24 23:41:53 [error] 9851#0: *1274335 open() "/www/data/wwwroot/2025_12_26_01/404.html" failed (2: No such file or directory), client: 162.159.113.121, server: www.ceerun.com, request: "GET /woocommerce_wc_stripe_settings.txt HTTP/2.0", host: "www.ceerun.com"
2026/08/24 23:41:53 [error] 9853#0: *1274226 open() "/www/data/wwwroot/2025_12_26_01/woocommerce_wc_stripe_settings.log" failed (2: No such file or directory), client: 172.69.109.210, server: www.ceerun.com, request: "GET /woocommerce_wc_stripe_settings.log HTTP/2.0", host: "www.ceerun.com"
2026/08/24 23:41:53 [error] 9853#0: *1274226 open() "/www/data/wwwroot/2025_12_26_01/404.html" failed (2: No such file or directory), client: 172.69.109.210, server: www.ceerun.com, request: "GET /woocommerce_wc_stripe_settings.log HTTP/2.0", host: "www.ceerun.com"
2026/08/24 23:41:53 [error] 9851#0: *1274437 open() "/www/data/wwwroot/2025_12_26_01/woocommerce_ppcp_paypal_settings.tar.gz" failed (2: No such file or directory), client: 104.23.170.175, server: www.ceerun.com, request: "GET /woocommerce_ppcp_paypal_settings.tar.gz HTTP/2.0", host: "www.ceerun.com"
2026/08/24 23:41:53 [error] 9851#0: *1274437 open() "/www/data/wwwroot/2025_12_26_01/404.html" failed (2: No such file or directory), client: 104.23.170.175, server: www.ceerun.com, request: "GET /woocommerce_ppcp_paypal_settings.tar.gz HTTP/2.0", host: "www.ceerun.com"
2026/08/24 23:41:53 [error] 9853#0: *1274436 open() "/www/data/wwwroot/2025_12_26_01/woocommerce_ppcp_settings.csv" failed (2: No such file or directory), client: 172.69.109.100, server: www.ceerun.com, request: "GET /woocommerce_ppcp_settings.csv HTTP/2.0", host: "www.ceerun.com"
2026/08/24 23:41:53 [error] 9853#0: *1274436 open() "/www/data/wwwroot/2025_12_26_01/404.html" failed (2: No such file or directory), client: 172.69.109.100, server: www.ceerun.com, request: "GET /woocommerce_ppcp_settings.csv HTTP/2.0", host: "www.ceerun.com"
2026/08/24 23:41:53 [error] 9851#0: *1274438 open() "/www/data/wwwroot/2025_12_26_01/woocommerce_ppcp_paypal_settings.csv" failed (2: No such file or directory), client: 104.23.172.134, server: www.ceerun.com, request: "GET /woocommerce_ppcp_paypal_settings.csv HTTP/2.0", host: "www.ceerun.com"
2026/08/24 23:41:53 [error] 9851#0: *1274438 open() "/www/data/wwwroot/2025_12_26_01/404.html" failed (2: No such file or directory), client: 104.23.172.134, server: www.ceerun.com, request: "GET /woocommerce_ppcp_paypal_settings.csv HTTP/2.0", host: "www.ceerun.com"
2026/08/24 23:41:54 [error] 9853#0: *1274191 open() "/www/data/wwwroot/2025_12_26_01/woocommerce_payments_settings.txt" failed (2: No such file or directory), client: 172.71.160.42, server: www.ceerun.com, request: "GET /woocommerce_payments_settings.txt HTTP/2.0", host: "www.ceerun.com"
2026/08/24 23:41:54 [error] 9853#0: *1274191 open() "/www/data/wwwroot/2025_12_26_01/404.html" failed (2: No such file or directory), client: 172.71.160.42, server: www.ceerun.com, request: "GET /woocommerce_payments_settings.txt HTTP/2.0", host: "www.ceerun.com"
2026/08/24 23:41:55 [error] 9850#0: *1274444 open() "/www/data/wwwroot/2025_12_26_01/woocommerce_wc_stripe_settings.tar.gz" failed (2: No such file or directory), client: 172.69.109.49, server: www.ceerun.com, request: "GET /woocommerce_wc_stripe_settings.tar.gz HTTP/2.0", host: "www.ceerun.com"
2026/08/24 23:41:55 [error] 9850#0: *1274444 open() "/www/data/wwwroot/2025_12_26_01/404.html" failed (2: No such file or directory), client: 172.69.109.49, server: www.ceerun.com, request: "GET /woocommerce_wc_stripe_settings.tar.gz HTTP/2.0", host: "www.ceerun.com"
2026/08/24 23:41:55 [error] 9853#0: *1274445 open() "/www/data/wwwroot/2025_12_26_01/woocommerce_wc_stripe_settings.csv" failed (2: No such file or directory), client: 172.69.109.15, server: www.ceerun.com, request: "GET /woocommerce_wc_stripe_settings.csv HTTP/2.0", host: "www.ceerun.com"
2026/08/24 23:41:55 [error] 9853#0: *1274445 open() "/www/data/wwwroot/2025_12_26_01/404.html" failed (2: No such file or directory), client: 172.69.109.15, server: www.ceerun.com, request: "GET /woocommerce_wc_stripe_settings.csv HTTP/2.0", host: "www.ceerun.com"
2026/08/24 23:41:56 [error] 9850#0: *1274325 open() "/www/data/wwwroot/2025_12_26_01/woocommerce_payments_settings.log" failed (2: No such file or directory), client: 104.23.239.144, server: www.ceerun.com, request: "GET /woocommerce_payments_settings.log HTTP/2.0", host: "www.ceerun.com"
2026/08/24 23:41:56 [error] 9850#0: *1274325 open() "/www/data/wwwroot/2025_12_26_01/404.html" failed (2: No such file or directory), client: 104.23.239.144, server: www.ceerun.com, request: "GET /woocommerce_payments_settings.log HTTP/2.0", host: "www.ceerun.com"
2026/08/24 23:41:57 [error] 9853#0: *1274446 open() "/www/data/wwwroot/2025_12_26_01/woocommerce_payments_settings.csv" failed (2: No such file or directory), client: 172.71.103.163, server: www.ceerun.com, request: "GET /woocommerce_payments_settings.csv HTTP/2.0", host: "www.ceerun.com"
2026/08/24 23:41:57 [error] 9853#0: *1274446 open() "/www/data/wwwroot/2025_12_26_01/404.html" failed (2: No such file or directory), client: 172.71.103.163, server: www.ceerun.com, request: "GET /woocommerce_payments_settings.csv HTTP/2.0", host: "www.ceerun.com"
2026/08/24 23:41:57 [error] 9853#0: *1274368 open() "/www/data/wwwroot/2025_12_26_01/give_stripe_settings.log" failed (2: No such file or directory), client: 104.22.109.105, server: www.ceerun.com, request: "GET /give_stripe_settings.log HTTP/2.0", host: "www.ceerun.com"
2026/08/24 23:41:57 [error] 9853#0: *1274368 open() "/www/data/wwwroot/2025_12_26_01/404.html" failed (2: No such file or directory), client: 104.22.109.105, server: www.ceerun.com, request: "GET /give_stripe_settings.log HTTP/2.0", host: "www.ceerun.com"
2026/08/24 23:41:58 [error] 9853#0: *1274228 open() "/www/data/wwwroot/2025_12_26_01/give_stripe_settings.txt" failed (2: No such file or directory), client: 172.69.109.210, server: www.ceerun.com, request: "GET /give_stripe_settings.txt HTTP/2.0", host: "www.ceerun.com"
2026/08/24 23:41:58 [error] 9853#0: *1274228 open() "/www/data/wwwroot/2025_12_26_01/404.html" failed (2: No such file or directory), client: 172.69.109.210, server: www.ceerun.com, request: "GET /give_stripe_settings.txt HTTP/2.0", host: "www.ceerun.com"
2026/08/24 23:41:58 [error] 9852#0: *1274448 open() "/www/data/wwwroot/2025_12_26_01/give_stripe_settings.zip" failed (2: No such file or directory), client: 172.71.103.43, server: www.ceerun.com, request: "GET /give_stripe_settings.zip HTTP/2.0", host: "www.ceerun.com"
2026/08/24 23:41:58 [error] 9852#0: *1274448 open() "/www/data/wwwroot/2025_12_26_01/404.html" failed (2: No such file or directory), client: 172.71.103.43, server: www.ceerun.com, request: "GET /give_stripe_settings.zip HTTP/2.0", host: "www.ceerun.com"
2026/08/24 23:41:58 [error] 9853#0: *1274449 open() "/www/data/wwwroot/2025_12_26_01/give_stripe_settings.tar.gz" failed (2: No such file or directory), client: 162.159.113.44, server: www.ceerun.com, request: "GET /give_stripe_settings.tar.gz HTTP/2.0", host: "www.ceerun.com"
2026/08/24 23:41:58 [error] 9853#0: *1274449 open() "/www/data/wwwroot/2025_12_26_01/404.html" failed (2: No such file or directory), client: 162.159.113.44, server: www.ceerun.com, request: "GET /give_stripe_settings.tar.gz HTTP/2.0", host: "www.ceerun.com"
2026/08/24 23:41:58 [error] 9853#0: *1274375 open() "/www/data/wwwroot/2025_12_26_01/backups/woocommerce_stripe_cc_settings.log" failed (2: No such file or directory), client: 172.71.172.81, server: www.ceerun.com, request: "GET /backups/woocommerce_stripe_cc_settings.log HTTP/2.0", host: "ceerun.com"
2026/08/24 23:41:58 [error] 9853#0: *1274375 open() "/www/data/wwwroot/2025_12_26_01/404.html" failed (2: No such file or directory), client: 172.71.172.81, server: www.ceerun.com, request: "GET /backups/woocommerce_stripe_cc_settings.log HTTP/2.0", host: "ceerun.com"
2026/08/24 23:41:59 [error] 9853#0: *1274369 open() "/www/data/wwwroot/2025_12_26_01/backups/woocommerce_stripe_cc_settings.txt" failed (2: No such file or directory), client: 172.69.150.79, server: www.ceerun.com, request: "GET /backups/woocommerce_stripe_cc_settings.txt HTTP/2.0", host: "ceerun.com"
2026/08/24 23:41:59 [error] 9853#0: *1274369 open() "/www/data/wwwroot/2025_12_26_01/404.html" failed (2: No such file or directory), client: 172.69.150.79, server: www.ceerun.com, request: "GET /backups/woocommerce_stripe_cc_settings.txt HTTP/2.0", host: "ceerun.com"
2026/08/24 23:41:59 [error] 9850#0: *1274451 open() "/www/data/wwwroot/2025_12_26_01/woocommerce_payments_settings.tar.gz" failed (2: No such file or directory), client: 172.71.102.198, server: www.ceerun.com, request: "GET /woocommerce_payments_settings.tar.gz HTTP/2.0", host: "www.ceerun.com"
2026/08/24 23:41:59 [error] 9850#0: *1274451 open() "/www/data/wwwroot/2025_12_26_01/404.html" failed (2: No such file or directory), client: 172.71.102.198, server: www.ceerun.com, request: "GET /woocommerce_payments_settings.tar.gz HTTP/2.0", host: "www.ceerun.com"
2026/08/24 23:41:59 [error] 9850#0: *1274453 open() "/www/data/wwwroot/2025_12_26_01/backups/woocommerce_stripe_cc_settings.csv" failed (2: No such file or directory), client: 172.70.47.10, server: www.ceerun.com, request: "GET /backups/woocommerce_stripe_cc_settings.csv HTTP/2.0", host: "ceerun.com"
2026/08/24 23:41:59 [error] 9850#0: *1274453 open() "/www/data/wwwroot/2025_12_26_01/404.html" failed (2: No such file or directory), client: 172.70.47.10, server: www.ceerun.com, request: "GET /backups/woocommerce_stripe_cc_settings.csv HTTP/2.0", host: "ceerun.com"
2026/08/24 23:41:59 [error] 9851#0: *1274452 open() "/www/data/wwwroot/2025_12_26_01/woocommerce_payments_settings.zip" failed (2: No such file or directory), client: 172.71.160.138, server: www.ceerun.com, request: "GET /woocommerce_payments_settings.zip HTTP/2.0", host: "www.ceerun.com"
2026/08/24 23:41:59 [error] 9851#0: *1274452 open() "/www/data/wwwroot/2025_12_26_01/404.html" failed (2: No such file or directory), client: 172.71.160.138, server: www.ceerun.com, request: "GET /woocommerce_payments_settings.zip HTTP/2.0", host: "www.ceerun.com"
2026/08/24 23:42:00 [error] 9851#0: *1274454 open() "/www/data/wwwroot/2025_12_26_01/give_stripe_settings.csv" failed (2: No such file or directory), client: 172.71.172.158, server: www.ceerun.com, request: "GET /give_stripe_settings.csv HTTP/2.0", host: "www.ceerun.com"
2026/08/24 23:42:00 [error] 9851#0: *1274454 open() "/www/data/wwwroot/2025_12_26_01/404.html" failed (2: No such file or directory), client: 172.71.172.158, server: www.ceerun.com, request: "GET /give_stripe_settings.csv HTTP/2.0", host: "www.ceerun.com"
2026/08/24 23:42:00 [error] 9853#0: *1274456 open() "/www/data/wwwroot/2025_12_26_01/backups/woocommerce_stripe_cc_settings.zip" failed (2: No such file or directory), client: 172.68.194.198, server: www.ceerun.com, request: "GET /backups/woocommerce_stripe_cc_settings.zip HTTP/2.0", host: "ceerun.com"
2026/08/24 23:42:00 [error] 9853#0: *1274456 open() "/www/data/wwwroot/2025_12_26_01/404.html" failed (2: No such file or directory), client: 172.68.194.198, server: www.ceerun.com, request: "GET /backups/woocommerce_stripe_cc_settings.zip HTTP/2.0", host: "ceerun.com"
2026/08/24 23:42:01 [error] 9850#0: *1274223 open() "/www/data/wwwroot/2025_12_26_01/woocommerce_stripe_sepa_settings" failed (2: No such file or directory), client: 104.23.166.7, server: www.ceerun.com, request: "GET /woocommerce_stripe_sepa_settings HTTP/2.0", host: "www.ceerun.com"
2026/08/24 23:42:01 [error] 9850#0: *1274223 open() "/www/data/wwwroot/2025_12_26_01/404.html" failed (2: No such file or directory), client: 104.23.166.7, server: www.ceerun.com, request: "GET /woocommerce_stripe_sepa_settings HTTP/2.0", host: "www.ceerun.com"
2026/08/24 23:42:02 [error] 9853#0: *1274226 open() "/www/data/wwwroot/2025_12_26_01/woocommerce_stripe_sepa_settings.log" failed (2: No such file or directory), client: 172.69.109.210, server: www.ceerun.com, request: "GET /woocommerce_stripe_sepa_settings.log HTTP/2.0", host: "www.ceerun.com"
2026/08/24 23:42:02 [error] 9853#0: *1274226 open() "/www/data/wwwroot/2025_12_26_01/404.html" failed (2: No such file or directory), client: 172.69.109.210, server: www.ceerun.com, request: "GET /woocommerce_stripe_sepa_settings.log HTTP/2.0", host: "www.ceerun.com"
2026/08/24 23:42:02 [error] 9853#0: *1274368 open() "/www/data/wwwroot/2025_12_26_01/woocommerce_stripe_sepa_settings.txt" failed (2: No such file or directory), client: 104.22.109.105, server: www.ceerun.com, request: "GET /woocommerce_stripe_sepa_settings.txt HTTP/2.0", host: "www.ceerun.com"
2026/08/24 23:42:02 [error] 9853#0: *1274368 open() "/www/data/wwwroot/2025_12_26_01/404.html" failed (2: No such file or directory), client: 104.22.109.105, server: www.ceerun.com, request: "GET /woocommerce_stripe_sepa_settings.txt HTTP/2.0", host: "www.ceerun.com"
2026/08/24 23:42:02 [error] 9851#0: *1274244 open() "/www/data/wwwroot/2025_12_26_01/woocommerce_stripe_sepa_settings.sql" failed (2: No such file or directory), client: 104.23.170.98, server: www.ceerun.com, request: "GET /woocommerce_stripe_sepa_settings.sql HTTP/2.0", host: "www.ceerun.com"
2026/08/24 23:42:02 [error] 9851#0: *1274244 open() "/www/data/wwwroot/2025_12_26_01/404.html" failed (2: No such file or directory), client: 104.23.170.98, server: www.ceerun.com, request: "GET /woocommerce_stripe_sepa_settings.sql HTTP/2.0", host: "www.ceerun.com"
2026/08/24 23:42:03 [error] 9853#0: *1274458 open() "/www/data/wwwroot/2025_12_26_01/backups/woocommerce_stripe_cc_settings.tar.gz" failed (2: No such file or directory), client: 104.23.170.189, server: www.ceerun.com, request: "GET /backups/woocommerce_stripe_cc_settings.tar.gz HTTP/2.0", host: "ceerun.com"
2026/08/24 23:42:03 [error] 9853#0: *1274458 open() "/www/data/wwwroot/2025_12_26_01/404.html" failed (2: No such file or directory), client: 104.23.170.189, server: www.ceerun.com, request: "GET /backups/woocommerce_stripe_cc_settings.tar.gz HTTP/2.0", host: "ceerun.com"
2026/08/24 23:42:03 [error] 9851#0: *1274335 open() "/www/data/wwwroot/2025_12_26_01/woocommerce_stripe_klarna_settings.log" failed (2: No such file or directory), client: 162.159.113.121, server: www.ceerun.com, request: "GET /woocommerce_stripe_klarna_settings.log HTTP/2.0", host: "www.ceerun.com"
2026/08/24 23:42:03 [error] 9851#0: *1274335 open() "/www/data/wwwroot/2025_12_26_01/404.html" failed (2: No such file or directory), client: 162.159.113.121, server: www.ceerun.com, request: "GET /woocommerce_stripe_klarna_settings.log HTTP/2.0", host: "www.ceerun.com"
2026/08/24 23:42:03 [error] 9853#0: *1274368 open() "/www/data/wwwroot/2025_12_26_01/woocommerce_stripe_klarna_settings" failed (2: No such file or directory), client: 104.22.109.105, server: www.ceerun.com, request: "GET /woocommerce_stripe_klarna_settings HTTP/2.0", host: "www.ceerun.com"
2026/08/24 23:42:03 [error] 9853#0: *1274368 open() "/www/data/wwwroot/2025_12_26_01/404.html" failed (2: No such file or directory), client: 104.22.109.105, server: www.ceerun.com, request: "GET /woocommerce_stripe_klarna_settings HTTP/2.0", host: "www.ceerun.com"
2026/08/24 23:42:04 [error] 9850#0: *1274348 open() "/www/data/wwwroot/2025_12_26_01/wp-content/woocommerce_stripe_cc_settings.sql" failed (2: No such file or directory), client: 104.23.170.13, server: www.ceerun.com, request: "GET /wp-content/woocommerce_stripe_cc_settings.sql HTTP/2.0", host: "ceerun.com"
2026/08/24 23:42:04 [error] 9850#0: *1274348 open() "/www/data/wwwroot/2025_12_26_01/404.html" failed (2: No such file or directory), client: 104.23.170.13, server: www.ceerun.com, request: "GET /wp-content/woocommerce_stripe_cc_settings.sql HTTP/2.0", host: "ceerun.com"
2026/08/24 23:42:04 [error] 9853#0: *1274191 open() "/www/data/wwwroot/2025_12_26_01/woocommerce_stripe_klarna_settings.sql" failed (2: No such file or directory), client: 172.71.160.42, server: www.ceerun.com, request: "GET /woocommerce_stripe_klarna_settings.sql HTTP/2.0", host: "www.ceerun.com"
2026/08/24 23:42:04 [error] 9853#0: *1274191 open() "/www/data/wwwroot/2025_12_26_01/404.html" failed (2: No such file or directory), client: 172.71.160.42, server: www.ceerun.com, request: "GET /woocommerce_stripe_klarna_settings.sql HTTP/2.0", host: "www.ceerun.com"
2026/08/24 23:42:04 [error] 9851#0: *1274244 open() "/www/data/wwwroot/2025_12_26_01/woocommerce_stripe_klarna_settings.txt" failed (2: No such file or directory), client: 104.23.170.98, server: www.ceerun.com, request: "GET /woocommerce_stripe_klarna_settings.txt HTTP/2.0", host: "www.ceerun.com"
2026/08/24 23:42:04 [error] 9851#0: *1274244 open() "/www/data/wwwroot/2025_12_26_01/404.html" failed (2: No such file or directory), client: 104.23.170.98, server: www.ceerun.com, request: "GET /woocommerce_stripe_klarna_settings.txt HTTP/2.0", host: "www.ceerun.com"
2026/08/24 23:42:04 [error] 9853#0: *1274200 open() "/www/data/wwwroot/2025_12_26_01/woocommerce_stripe_bancontact_settings.log" failed (2: No such file or directory), client: 172.71.95.81, server: www.ceerun.com, request: "GET /woocommerce_stripe_bancontact_settings.log HTTP/2.0", host: "www.ceerun.com"
2026/08/24 23:42:04 [error] 9853#0: *1274200 open() "/www/data/wwwroot/2025_12_26_01/404.html" failed (2: No such file or directory), client: 172.71.95.81, server: www.ceerun.com, request: "GET /woocommerce_stripe_bancontact_settings.log HTTP/2.0", host: "www.ceerun.com"
2026/08/24 23:42:04 [error] 9853#0: *1274228 open() "/www/data/wwwroot/2025_12_26_01/woocommerce_stripe_bancontact_settings.txt" failed (2: No such file or directory), client: 172.69.109.210, server: www.ceerun.com, request: "GET /woocommerce_stripe_bancontact_settings.txt HTTP/2.0", host: "www.ceerun.com"
2026/08/24 23:42:04 [error] 9853#0: *1274228 open() "/www/data/wwwroot/2025_12_26_01/404.html" failed (2: No such file or directory), client: 172.69.109.210, server: www.ceerun.com, request: "GET /woocommerce_stripe_bancontact_settings.txt HTTP/2.0", host: "www.ceerun.com"
2026/08/24 23:42:05 [error] 9853#0: *1274461 open() "/www/data/wwwroot/2025_12_26_01/woocommerce_stripe_bancontact_settings" failed (2: No such file or directory), client: 172.70.247.214, server: www.ceerun.com, request: "GET /woocommerce_stripe_bancontact_settings HTTP/2.0", host: "www.ceerun.com"
2026/08/24 23:42:05 [error] 9853#0: *1274461 open() "/www/data/wwwroot/2025_12_26_01/404.html" failed (2: No such file or directory), client: 172.70.247.214, server: www.ceerun.com, request: "GET /woocommerce_stripe_bancontact_settings HTTP/2.0", host: "www.ceerun.com"
2026/08/24 23:42:05 [error] 9853#0: *1274462 open() "/www/data/wwwroot/2025_12_26_01/woocommerce_stripe_bancontact_settings.sql" failed (2: No such file or directory), client: 104.23.172.110, server: www.ceerun.com, request: "GET /woocommerce_stripe_bancontact_settings.sql HTTP/2.0", host: "www.ceerun.com"
2026/08/24 23:42:05 [error] 9853#0: *1274462 open() "/www/data/wwwroot/2025_12_26_01/404.html" failed (2: No such file or directory), client: 104.23.172.110, server: www.ceerun.com, request: "GET /woocommerce_stripe_bancontact_settings.sql HTTP/2.0", host: "www.ceerun.com"
2026/08/24 23:42:05 [error] 9850#0: *1274325 open() "/www/data/wwwroot/2025_12_26_01/woocommerce_stripe_ideal_settings" failed (2: No such file or directory), client: 104.23.239.144, server: www.ceerun.com, request: "GET /woocommerce_stripe_ideal_settings HTTP/2.0", host: "www.ceerun.com"
2026/08/24 23:42:05 [error] 9850#0: *1274325 open() "/www/data/wwwroot/2025_12_26_01/404.html" failed (2: No such file or directory), client: 104.23.239.144, server: www.ceerun.com, request: "GET /woocommerce_stripe_ideal_settings HTTP/2.0", host: "www.ceerun.com"
2026/08/24 23:42:05 [error] 9853#0: *1274369 open() "/www/data/wwwroot/2025_12_26_01/wp-content/woocommerce_stripe_cc_settings.txt" failed (2: No such file or directory), client: 172.69.150.79, server: www.ceerun.com, request: "GET /wp-content/woocommerce_stripe_cc_settings.txt HTTP/2.0", host: "ceerun.com"
2026/08/24 23:42:05 [error] 9853#0: *1274369 open() "/www/data/wwwroot/2025_12_26_01/404.html" failed (2: No such file or directory), client: 172.69.150.79, server: www.ceerun.com, request: "GET /wp-content/woocommerce_stripe_cc_settings.txt HTTP/2.0", host: "ceerun.com"
2026/08/24 23:42:05 [error] 9851#0: *1274429 open() "/www/data/wwwroot/2025_12_26_01/logs/woocommerce_stripe_cc_settings.log" failed (2: No such file or directory), client: 172.71.148.79, server: www.ceerun.com, request: "GET /logs/woocommerce_stripe_cc_settings.log HTTP/2.0", host: "ceerun.com"
2026/08/24 23:42:05 [error] 9851#0: *1274429 open() "/www/data/wwwroot/2025_12_26_01/404.html" failed (2: No such file or directory), client: 172.71.148.79, server: www.ceerun.com, request: "GET /logs/woocommerce_stripe_cc_settings.log HTTP/2.0", host: "ceerun.com"
2026/08/24 23:42:06 [error] 9853#0: *1274204 open() "/www/data/wwwroot/2025_12_26_01/wp-content/woocommerce_stripe_cc_settings.log" failed (2: No such file or directory), client: 172.71.160.178, server: www.ceerun.com, request: "GET /wp-content/woocommerce_stripe_cc_settings.log HTTP/2.0", host: "ceerun.com"
2026/08/24 23:42:06 [error] 9853#0: *1274204 open() "/www/data/wwwroot/2025_12_26_01/404.html" failed (2: No such file or directory), client: 172.71.160.178, server: www.ceerun.com, request: "GET /wp-content/woocommerce_stripe_cc_settings.log HTTP/2.0", host: "ceerun.com"
2026/08/24 23:42:06 [error] 9853#0: *1274226 open() "/www/data/wwwroot/2025_12_26_01/woocommerce_stripe_ideal_settings.txt" failed (2: No such file or directory), client: 172.69.109.210, server: www.ceerun.com, request: "GET /woocommerce_stripe_ideal_settings.txt HTTP/2.0", host: "www.ceerun.com"
2026/08/24 23:42:06 [error] 9853#0: *1274226 open() "/www/data/wwwroot/2025_12_26_01/404.html" failed (2: No such file or directory), client: 172.69.109.210, server: www.ceerun.com, request: "GET /woocommerce_stripe_ideal_settings.txt HTTP/2.0", host: "www.ceerun.com"
2026/08/24 23:42:06 [error] 9850#0: *1274223 open() "/www/data/wwwroot/2025_12_26_01/woocommerce_stripe_ideal_settings.sql" failed (2: No such file or directory), client: 104.23.166.7, server: www.ceerun.com, request: "GET /woocommerce_stripe_ideal_settings.sql HTTP/2.0", host: "www.ceerun.com"
2026/08/24 23:42:06 [error] 9850#0: *1274223 open() "/www/data/wwwroot/2025_12_26_01/404.html" failed (2: No such file or directory), client: 104.23.166.7, server: www.ceerun.com, request: "GET /woocommerce_stripe_ideal_settings.sql HTTP/2.0", host: "www.ceerun.com"
2026/08/24 23:42:06 [error] 9853#0: *1274228 open() "/www/data/wwwroot/2025_12_26_01/woocommerce_stripe_ideal_settings.log" failed (2: No such file or directory), client: 172.69.109.210, server: www.ceerun.com, request: "GET /woocommerce_stripe_ideal_settings.log HTTP/2.0", host: "www.ceerun.com"
2026/08/24 23:42:06 [error] 9853#0: *1274228 open() "/www/data/wwwroot/2025_12_26_01/404.html" failed (2: No such file or directory), client: 172.69.109.210, server: www.ceerun.com, request: "GET /woocommerce_stripe_ideal_settings.log HTTP/2.0", host: "www.ceerun.com"
2026/08/24 23:42:06 [error] 9850#0: *1274348 open() "/www/data/wwwroot/2025_12_26_01/wp-content/woocommerce_stripe_cc_settings" failed (2: No such file or directory), client: 104.23.170.13, server: www.ceerun.com, request: "GET /wp-content/woocommerce_stripe_cc_settings HTTP/2.0", host: "ceerun.com"
2026/08/24 23:42:06 [error] 9850#0: *1274348 open() "/www/data/wwwroot/2025_12_26_01/404.html" failed (2: No such file or directory), client: 104.23.170.13, server: www.ceerun.com, request: "GET /wp-content/woocommerce_stripe_cc_settings HTTP/2.0", host: "ceerun.com"
2026/08/24 23:42:07 [error] 9853#0: *1274226 open() "/www/data/wwwroot/2025_12_26_01/woocommerce_stripe_p24_settings" failed (2: No such file or directory), client: 172.69.109.210, server: www.ceerun.com, request: "GET /woocommerce_stripe_p24_settings HTTP/2.0", host: "www.ceerun.com"
2026/08/24 23:42:07 [error] 9853#0: *1274226 open() "/www/data/wwwroot/2025_12_26_01/404.html" failed (2: No such file or directory), client: 172.69.109.210, server: www.ceerun.com, request: "GET /woocommerce_stripe_p24_settings HTTP/2.0", host: "www.ceerun.com"
2026/08/24 23:42:08 [error] 9851#0: *1274244 open() "/www/data/wwwroot/2025_12_26_01/woocommerce_stripe_p24_settings.log" failed (2: No such file or directory), client: 104.23.170.98, server: www.ceerun.com, request: "GET /woocommerce_stripe_p24_settings.log HTTP/2.0", host: "www.ceerun.com"
2026/08/24 23:42:08 [error] 9851#0: *1274244 open() "/www/data/wwwroot/2025_12_26_01/404.html" failed (2: No such file or directory), client: 104.23.170.98, server: www.ceerun.com, request: "GET /woocommerce_stripe_p24_settings.log HTTP/2.0", host: "www.ceerun.com"
2026/08/24 23:42:08 [error] 9850#0: *1274348 open() "/www/data/wwwroot/2025_12_26_01/logs/woocommerce_stripe_cc_settings" failed (2: No such file or directory), client: 104.23.170.13, server: www.ceerun.com, request: "GET /logs/woocommerce_stripe_cc_settings HTTP/2.0", host: "ceerun.com"
