2026/08/26 09:26:50 [error] 9853#0: *1447400 open() "/www/data/wwwroot/2025_12_26_01/404.html" failed (2: No such file or directory), client: 162.158.111.252, server: www.ceerun.com, request: "GET /wp-json/wc/v3/payment_gateways/woocommerce_payments_affirm HTTP/2.0", host: "www.ceerun.com"
2026/08/26 09:26:50 [error] 9853#0: *1447401 open() "/www/data/wwwroot/2025_12_26_01/tmp/opt_woocommerce_stripe_api_settings" failed (2: No such file or directory), client: 172.71.172.35, server: www.ceerun.com, request: "GET /tmp/opt_woocommerce_stripe_api_settings HTTP/2.0", host: "www.ceerun.com"
2026/08/26 09:26:50 [error] 9853#0: *1447401 open() "/www/data/wwwroot/2025_12_26_01/404.html" failed (2: No such file or directory), client: 172.71.172.35, server: www.ceerun.com, request: "GET /tmp/opt_woocommerce_stripe_api_settings HTTP/2.0", host: "www.ceerun.com"
2026/08/26 09:26:50 [error] 9853#0: *1447402 open() "/www/data/wwwroot/2025_12_26_01/tmp/wp2shell_opt_woocommerce_stripe_cc_settings" failed (2: No such file or directory), client: 172.71.172.35, server: www.ceerun.com, request: "GET /tmp/wp2shell_opt_woocommerce_stripe_cc_settings HTTP/2.0", host: "www.ceerun.com"
2026/08/26 09:26:50 [error] 9853#0: *1447402 open() "/www/data/wwwroot/2025_12_26_01/404.html" failed (2: No such file or directory), client: 172.71.172.35, server: www.ceerun.com, request: "GET /tmp/wp2shell_opt_woocommerce_stripe_cc_settings HTTP/2.0", host: "www.ceerun.com"
2026/08/26 09:26:50 [error] 9853#0: *1447403 open() "/www/data/wwwroot/2025_12_26_01/tmp/opt_woocommerce_stripe_cc_settings" failed (2: No such file or directory), client: 172.70.240.94, server: www.ceerun.com, request: "GET /tmp/opt_woocommerce_stripe_cc_settings HTTP/2.0", host: "www.ceerun.com"
2026/08/26 09:26:50 [error] 9853#0: *1447403 open() "/www/data/wwwroot/2025_12_26_01/404.html" failed (2: No such file or directory), client: 172.70.240.94, server: www.ceerun.com, request: "GET /tmp/opt_woocommerce_stripe_cc_settings HTTP/2.0", host: "www.ceerun.com"
2026/08/26 09:26:50 [error] 9853#0: *1447404 open() "/www/data/wwwroot/2025_12_26_01/logs/wp2shell_opt_woocommerce_stripe_api_settings" failed (2: No such file or directory), client: 172.70.248.101, server: www.ceerun.com, request: "GET /logs/wp2shell_opt_woocommerce_stripe_api_settings HTTP/2.0", host: "www.ceerun.com"
2026/08/26 09:26:50 [error] 9853#0: *1447404 open() "/www/data/wwwroot/2025_12_26_01/404.html" failed (2: No such file or directory), client: 172.70.248.101, server: www.ceerun.com, request: "GET /logs/wp2shell_opt_woocommerce_stripe_api_settings HTTP/2.0", host: "www.ceerun.com"
2026/08/26 09:26:50 [error] 9853#0: *1447406 open() "/www/data/wwwroot/2025_12_26_01/tmp/wp2shell_opt_woocommerce_stripe_api_settings" failed (2: No such file or directory), client: 172.70.240.94, server: www.ceerun.com, request: "GET /tmp/wp2shell_opt_woocommerce_stripe_api_settings HTTP/2.0", host: "www.ceerun.com"
2026/08/26 09:26:50 [error] 9853#0: *1447406 open() "/www/data/wwwroot/2025_12_26_01/404.html" failed (2: No such file or directory), client: 172.70.240.94, server: www.ceerun.com, request: "GET /tmp/wp2shell_opt_woocommerce_stripe_api_settings HTTP/2.0", host: "www.ceerun.com"
2026/08/26 09:26:50 [error] 9853#0: *1447407 open() "/www/data/wwwroot/2025_12_26_01/logs/opt_woocommerce_wc_stripe_settings" failed (2: No such file or directory), client: 104.22.123.24, server: www.ceerun.com, request: "GET /logs/opt_woocommerce_wc_stripe_settings HTTP/2.0", host: "www.ceerun.com"
2026/08/26 09:26:50 [error] 9853#0: *1447407 open() "/www/data/wwwroot/2025_12_26_01/404.html" failed (2: No such file or directory), client: 104.22.123.24, server: www.ceerun.com, request: "GET /logs/opt_woocommerce_wc_stripe_settings HTTP/2.0", host: "www.ceerun.com"
2026/08/26 09:26:51 [error] 9853#0: *1447408 open() "/www/data/wwwroot/2025_12_26_01/logs/opt_woocommerce_stripe_cc_settings" failed (2: No such file or directory), client: 162.158.95.221, server: www.ceerun.com, request: "GET /logs/opt_woocommerce_stripe_cc_settings HTTP/2.0", host: "www.ceerun.com"
2026/08/26 09:26:51 [error] 9853#0: *1447408 open() "/www/data/wwwroot/2025_12_26_01/404.html" failed (2: No such file or directory), client: 162.158.95.221, server: www.ceerun.com, request: "GET /logs/opt_woocommerce_stripe_cc_settings HTTP/2.0", host: "www.ceerun.com"
2026/08/26 09:26:51 [error] 9850#0: *1447412 open() "/www/data/wwwroot/2025_12_26_01/logs/opt_woocommerce_stripe_api_settings" failed (2: No such file or directory), client: 172.71.160.147, server: www.ceerun.com, request: "GET /logs/opt_woocommerce_stripe_api_settings HTTP/2.0", host: "www.ceerun.com"
2026/08/26 09:26:51 [error] 9850#0: *1447412 open() "/www/data/wwwroot/2025_12_26_01/404.html" failed (2: No such file or directory), client: 172.71.160.147, server: www.ceerun.com, request: "GET /logs/opt_woocommerce_stripe_api_settings HTTP/2.0", host: "www.ceerun.com"
2026/08/26 09:27:08 [error] 9853#0: *1447400 open() "/www/data/wwwroot/2025_12_26_01/tmp/wp2shell_opt_woocommerce_wc_stripe_settings" failed (2: No such file or directory), client: 162.158.111.252, server: www.ceerun.com, request: "GET /tmp/wp2shell_opt_woocommerce_wc_stripe_settings HTTP/2.0", host: "www.ceerun.com"
2026/08/26 09:27:08 [error] 9853#0: *1447400 open() "/www/data/wwwroot/2025_12_26_01/404.html" failed (2: No such file or directory), client: 162.158.111.252, server: www.ceerun.com, request: "GET /tmp/wp2shell_opt_woocommerce_wc_stripe_settings HTTP/2.0", host: "www.ceerun.com"
2026/08/26 09:27:08 [error] 9853#0: *1447403 open() "/www/data/wwwroot/2025_12_26_01/logs/wp2shell_opt_give_stripe_settings" failed (2: No such file or directory), client: 172.70.240.94, server: www.ceerun.com, request: "GET /logs/wp2shell_opt_give_stripe_settings HTTP/2.0", host: "www.ceerun.com"
2026/08/26 09:27:08 [error] 9853#0: *1447403 open() "/www/data/wwwroot/2025_12_26_01/404.html" failed (2: No such file or directory), client: 172.70.240.94, server: www.ceerun.com, request: "GET /logs/wp2shell_opt_give_stripe_settings HTTP/2.0", host: "www.ceerun.com"
2026/08/26 09:27:08 [error] 9850#0: *1447398 open() "/www/data/wwwroot/2025_12_26_01/tmp/wp2shell_opt_give_stripe_settings" failed (2: No such file or directory), client: 172.71.182.234, server: www.ceerun.com, request: "GET /tmp/wp2shell_opt_give_stripe_settings HTTP/2.0", host: "www.ceerun.com"
2026/08/26 09:27:08 [error] 9850#0: *1447398 open() "/www/data/wwwroot/2025_12_26_01/404.html" failed (2: No such file or directory), client: 172.71.182.234, server: www.ceerun.com, request: "GET /tmp/wp2shell_opt_give_stripe_settings HTTP/2.0", host: "www.ceerun.com"
2026/08/26 09:27:08 [error] 9850#0: *1447412 open() "/www/data/wwwroot/2025_12_26_01/tmp/opt_woocommerce_wc_stripe_settings" failed (2: No such file or directory), client: 172.71.160.147, server: www.ceerun.com, request: "GET /tmp/opt_woocommerce_wc_stripe_settings HTTP/2.0", host: "www.ceerun.com"
2026/08/26 09:27:08 [error] 9850#0: *1447412 open() "/www/data/wwwroot/2025_12_26_01/404.html" failed (2: No such file or directory), client: 172.71.160.147, server: www.ceerun.com, request: "GET /tmp/opt_woocommerce_wc_stripe_settings HTTP/2.0", host: "www.ceerun.com"
2026/08/26 09:27:09 [error] 9850#0: *1447396 open() "/www/data/wwwroot/2025_12_26_01/logs/wp2shell_opt_woocommerce_wc_stripe_settings" failed (2: No such file or directory), client: 172.69.109.214, server: www.ceerun.com, request: "GET /logs/wp2shell_opt_woocommerce_wc_stripe_settings HTTP/2.0", host: "www.ceerun.com"
2026/08/26 09:27:09 [error] 9850#0: *1447396 open() "/www/data/wwwroot/2025_12_26_01/404.html" failed (2: No such file or directory), client: 172.69.109.214, server: www.ceerun.com, request: "GET /logs/wp2shell_opt_woocommerce_wc_stripe_settings HTTP/2.0", host: "www.ceerun.com"
2026/08/26 09:27:17 [error] 9851#0: *1447456 open() "/www/data/wwwroot/2025_12_26_01/logs/opt_give_stripe_settings" failed (2: No such file or directory), client: 172.71.95.82, server: www.ceerun.com, request: "GET /logs/opt_give_stripe_settings HTTP/2.0", host: "www.ceerun.com"
2026/08/26 09:27:17 [error] 9851#0: *1447456 open() "/www/data/wwwroot/2025_12_26_01/404.html" failed (2: No such file or directory), client: 172.71.95.82, server: www.ceerun.com, request: "GET /logs/opt_give_stripe_settings HTTP/2.0", host: "www.ceerun.com"
2026/08/26 09:27:17 [error] 9851#0: *1447459 open() "/www/data/wwwroot/2025_12_26_01/tmp/opt_woocommerce_paypal_settings" failed (2: No such file or directory), client: 104.23.168.6, server: www.ceerun.com, request: "GET /tmp/opt_woocommerce_paypal_settings HTTP/2.0", host: "www.ceerun.com"
2026/08/26 09:27:17 [error] 9851#0: *1447459 open() "/www/data/wwwroot/2025_12_26_01/404.html" failed (2: No such file or directory), client: 104.23.168.6, server: www.ceerun.com, request: "GET /tmp/opt_woocommerce_paypal_settings HTTP/2.0", host: "www.ceerun.com"
2026/08/26 09:27:17 [error] 9853#0: *1447403 open() "/www/data/wwwroot/2025_12_26_01/logs/wp2shell_opt_woocommerce_ppec_paypal_settings" failed (2: No such file or directory), client: 172.70.240.94, server: www.ceerun.com, request: "GET /logs/wp2shell_opt_woocommerce_ppec_paypal_settings HTTP/2.0", host: "www.ceerun.com"
2026/08/26 09:27:17 [error] 9853#0: *1447403 open() "/www/data/wwwroot/2025_12_26_01/404.html" failed (2: No such file or directory), client: 172.70.240.94, server: www.ceerun.com, request: "GET /logs/wp2shell_opt_woocommerce_ppec_paypal_settings HTTP/2.0", host: "www.ceerun.com"
2026/08/26 09:27:17 [error] 9853#0: *1447401 open() "/www/data/wwwroot/2025_12_26_01/tmp/wp2shell_opt_woocommerce_paypal_settings" failed (2: No such file or directory), client: 172.71.172.35, server: www.ceerun.com, request: "GET /tmp/wp2shell_opt_woocommerce_paypal_settings HTTP/2.0", host: "www.ceerun.com"
2026/08/26 09:27:17 [error] 9853#0: *1447401 open() "/www/data/wwwroot/2025_12_26_01/404.html" failed (2: No such file or directory), client: 172.71.172.35, server: www.ceerun.com, request: "GET /tmp/wp2shell_opt_woocommerce_paypal_settings HTTP/2.0", host: "www.ceerun.com"
2026/08/26 09:27:17 [error] 9851#0: *1447465 open() "/www/data/wwwroot/2025_12_26_01/logs/opt_woocommerce_ppec_paypal_settings" failed (2: No such file or directory), client: 172.71.148.161, server: www.ceerun.com, request: "GET /logs/opt_woocommerce_ppec_paypal_settings HTTP/2.0", host: "www.ceerun.com"
2026/08/26 09:27:17 [error] 9851#0: *1447465 open() "/www/data/wwwroot/2025_12_26_01/404.html" failed (2: No such file or directory), client: 172.71.148.161, server: www.ceerun.com, request: "GET /logs/opt_woocommerce_ppec_paypal_settings HTTP/2.0", host: "www.ceerun.com"
2026/08/26 09:27:17 [error] 9852#0: *1447466 open() "/www/data/wwwroot/2025_12_26_01/logs/wp2shell_opt_woocommerce_paypal_settings" failed (2: No such file or directory), client: 162.159.113.121, server: www.ceerun.com, request: "GET /logs/wp2shell_opt_woocommerce_paypal_settings HTTP/2.0", host: "www.ceerun.com"
2026/08/26 09:27:17 [error] 9852#0: *1447466 open() "/www/data/wwwroot/2025_12_26_01/404.html" failed (2: No such file or directory), client: 162.159.113.121, server: www.ceerun.com, request: "GET /logs/wp2shell_opt_woocommerce_paypal_settings HTTP/2.0", host: "www.ceerun.com"
2026/08/26 09:27:17 [error] 9851#0: *1447467 open() "/www/data/wwwroot/2025_12_26_01/wp-json/wc-admin/options" failed (2: No such file or directory), client: 172.71.98.37, server: www.ceerun.com, request: "GET /wp-json/wc-admin/options?options=woocommerce_stripe_cc_settings,woocommerce_ppcp_settings HTTP/2.0", host: "www.ceerun.com"
2026/08/26 09:27:17 [error] 9851#0: *1447467 open() "/www/data/wwwroot/2025_12_26_01/404.html" failed (2: No such file or directory), client: 172.71.98.37, server: www.ceerun.com, request: "GET /wp-json/wc-admin/options?options=woocommerce_stripe_cc_settings,woocommerce_ppcp_settings HTTP/2.0", host: "www.ceerun.com"
2026/08/26 09:27:17 [error] 9851#0: *1447468 open() "/www/data/wwwroot/2025_12_26_01/tmp/opt_give_stripe_settings" failed (2: No such file or directory), client: 104.23.170.99, server: www.ceerun.com, request: "GET /tmp/opt_give_stripe_settings HTTP/2.0", host: "www.ceerun.com"
2026/08/26 09:27:17 [error] 9851#0: *1447468 open() "/www/data/wwwroot/2025_12_26_01/404.html" failed (2: No such file or directory), client: 104.23.170.99, server: www.ceerun.com, request: "GET /tmp/opt_give_stripe_settings HTTP/2.0", host: "www.ceerun.com"
2026/08/26 09:27:18 [error] 9851#0: *1447470 open() "/www/data/wwwroot/2025_12_26_01/logs/opt_woocommerce_paypal_settings" failed (2: No such file or directory), client: 172.70.243.226, server: www.ceerun.com, request: "GET /logs/opt_woocommerce_paypal_settings HTTP/2.0", host: "www.ceerun.com"
2026/08/26 09:27:18 [error] 9851#0: *1447470 open() "/www/data/wwwroot/2025_12_26_01/404.html" failed (2: No such file or directory), client: 172.70.243.226, server: www.ceerun.com, request: "GET /logs/opt_woocommerce_paypal_settings HTTP/2.0", host: "www.ceerun.com"
2026/08/26 09:27:24 [error] 9851#0: *1447456 open() "/www/data/wwwroot/2025_12_26_01/tmp/opt_woocommerce_ppec_paypal_settings" failed (2: No such file or directory), client: 172.71.95.82, server: www.ceerun.com, request: "GET /tmp/opt_woocommerce_ppec_paypal_settings HTTP/2.0", host: "www.ceerun.com"
2026/08/26 09:27:24 [error] 9851#0: *1447456 open() "/www/data/wwwroot/2025_12_26_01/404.html" failed (2: No such file or directory), client: 172.71.95.82, server: www.ceerun.com, request: "GET /tmp/opt_woocommerce_ppec_paypal_settings HTTP/2.0", host: "www.ceerun.com"
2026/08/26 09:28:00 [error] 9851#0: *1447468 open() "/www/data/wwwroot/2025_12_26_01/logs/opt_woocommerce_ppcp_paypal_settings" failed (2: No such file or directory), client: 104.23.170.99, server: www.ceerun.com, request: "GET /logs/opt_woocommerce_ppcp_paypal_settings HTTP/2.0", host: "www.ceerun.com"
2026/08/26 09:28:00 [error] 9851#0: *1447468 open() "/www/data/wwwroot/2025_12_26_01/404.html" failed (2: No such file or directory), client: 104.23.170.99, server: www.ceerun.com, request: "GET /logs/opt_woocommerce_ppcp_paypal_settings HTTP/2.0", host: "www.ceerun.com"
2026/08/26 09:28:00 [error] 9852#0: *1447466 open() "/www/data/wwwroot/2025_12_26_01/logs/wp2shell_opt_woocommerce_ppcp_paypal_settings" failed (2: No such file or directory), client: 162.159.113.121, server: www.ceerun.com, request: "GET /logs/wp2shell_opt_woocommerce_ppcp_paypal_settings HTTP/2.0", host: "www.ceerun.com"
2026/08/26 09:28:00 [error] 9852#0: *1447466 open() "/www/data/wwwroot/2025_12_26_01/404.html" failed (2: No such file or directory), client: 162.159.113.121, server: www.ceerun.com, request: "GET /logs/wp2shell_opt_woocommerce_ppcp_paypal_settings HTTP/2.0", host: "www.ceerun.com"
2026/08/26 09:28:02 [error] 9851#0: *1447465 open() "/www/data/wwwroot/2025_12_26_01/tmp/wp2shell_opt_woocommerce_ppcp_paypal_settings" failed (2: No such file or directory), client: 172.71.148.161, server: www.ceerun.com, request: "GET /tmp/wp2shell_opt_woocommerce_ppcp_paypal_settings HTTP/2.0", host: "www.ceerun.com"
2026/08/26 09:28:02 [error] 9851#0: *1447465 open() "/www/data/wwwroot/2025_12_26_01/404.html" failed (2: No such file or directory), client: 172.71.148.161, server: www.ceerun.com, request: "GET /tmp/wp2shell_opt_woocommerce_ppcp_paypal_settings HTTP/2.0", host: "www.ceerun.com"
2026/08/26 09:28:02 [error] 9853#0: *1447401 open() "/www/data/wwwroot/2025_12_26_01/tmp/wp2shell_opt_woocommerce_payments_settings" failed (2: No such file or directory), client: 172.71.172.35, server: www.ceerun.com, request: "GET /tmp/wp2shell_opt_woocommerce_payments_settings HTTP/2.0", host: "www.ceerun.com"
2026/08/26 09:28:02 [error] 9853#0: *1447401 open() "/www/data/wwwroot/2025_12_26_01/404.html" failed (2: No such file or directory), client: 172.71.172.35, server: www.ceerun.com, request: "GET /tmp/wp2shell_opt_woocommerce_payments_settings HTTP/2.0", host: "www.ceerun.com"
2026/08/26 09:28:02 [error] 9851#0: *1447459 open() "/www/data/wwwroot/2025_12_26_01/logs/wp2shell_opt_woocommerce_payments_settings" failed (2: No such file or directory), client: 104.23.168.6, server: www.ceerun.com, request: "GET /logs/wp2shell_opt_woocommerce_payments_settings HTTP/2.0", host: "www.ceerun.com"
2026/08/26 09:28:02 [error] 9851#0: *1447459 open() "/www/data/wwwroot/2025_12_26_01/404.html" failed (2: No such file or directory), client: 104.23.168.6, server: www.ceerun.com, request: "GET /logs/wp2shell_opt_woocommerce_payments_settings HTTP/2.0", host: "www.ceerun.com"
2026/08/26 09:28:02 [error] 9853#0: *1447406 open() "/www/data/wwwroot/2025_12_26_01/logs/wp2shell_opt_woocommerce_ppcp-gateway_settings" failed (2: No such file or directory), client: 172.70.240.94, server: www.ceerun.com, request: "GET /logs/wp2shell_opt_woocommerce_ppcp-gateway_settings HTTP/2.0", host: "www.ceerun.com"
2026/08/26 09:28:02 [error] 9853#0: *1447406 open() "/www/data/wwwroot/2025_12_26_01/404.html" failed (2: No such file or directory), client: 172.70.240.94, server: www.ceerun.com, request: "GET /logs/wp2shell_opt_woocommerce_ppcp-gateway_settings HTTP/2.0", host: "www.ceerun.com"
2026/08/26 09:28:03 [error] 9850#0: *1447396 open() "/www/data/wwwroot/2025_12_26_01/tmp/opt_woocommerce_ppcp_settings" failed (2: No such file or directory), client: 172.69.109.214, server: www.ceerun.com, request: "GET /tmp/opt_woocommerce_ppcp_settings HTTP/2.0", host: "www.ceerun.com"
2026/08/26 09:28:03 [error] 9850#0: *1447396 open() "/www/data/wwwroot/2025_12_26_01/404.html" failed (2: No such file or directory), client: 172.69.109.214, server: www.ceerun.com, request: "GET /tmp/opt_woocommerce_ppcp_settings HTTP/2.0", host: "www.ceerun.com"
2026/08/26 09:28:04 [error] 9851#0: *1447470 open() "/www/data/wwwroot/2025_12_26_01/tmp/wp2shell_opt_woocommerce_ppcp_settings" failed (2: No such file or directory), client: 172.70.243.226, server: www.ceerun.com, request: "GET /tmp/wp2shell_opt_woocommerce_ppcp_settings HTTP/2.0", host: "www.ceerun.com"
2026/08/26 09:28:04 [error] 9851#0: *1447470 open() "/www/data/wwwroot/2025_12_26_01/404.html" failed (2: No such file or directory), client: 172.70.243.226, server: www.ceerun.com, request: "GET /tmp/wp2shell_opt_woocommerce_ppcp_settings HTTP/2.0", host: "www.ceerun.com"
2026/08/26 09:28:04 [error] 9853#0: *1447400 open() "/www/data/wwwroot/2025_12_26_01/woocommerce_stripe_settings.log" failed (2: No such file or directory), client: 162.158.111.252, server: www.ceerun.com, request: "GET /woocommerce_stripe_settings.log HTTP/2.0", host: "www.ceerun.com"
2026/08/26 09:28:04 [error] 9853#0: *1447400 open() "/www/data/wwwroot/2025_12_26_01/404.html" failed (2: No such file or directory), client: 162.158.111.252, server: www.ceerun.com, request: "GET /woocommerce_stripe_settings.log HTTP/2.0", host: "www.ceerun.com"
2026/08/26 09:28:04 [error] 9851#0: *1447468 open() "/www/data/wwwroot/2025_12_26_01/logs/opt_woocommerce_payments_settings" failed (2: No such file or directory), client: 104.23.170.99, server: www.ceerun.com, request: "GET /logs/opt_woocommerce_payments_settings HTTP/2.0", host: "www.ceerun.com"
2026/08/26 09:28:04 [error] 9851#0: *1447468 open() "/www/data/wwwroot/2025_12_26_01/404.html" failed (2: No such file or directory), client: 104.23.170.99, server: www.ceerun.com, request: "GET /logs/opt_woocommerce_payments_settings HTTP/2.0", host: "www.ceerun.com"
2026/08/26 09:28:04 [error] 9852#0: *1447466 open() "/www/data/wwwroot/2025_12_26_01/tmp/opt_woocommerce_ppcp_paypal_settings" failed (2: No such file or directory), client: 162.159.113.121, server: www.ceerun.com, request: "GET /tmp/opt_woocommerce_ppcp_paypal_settings HTTP/2.0", host: "www.ceerun.com"
2026/08/26 09:28:04 [error] 9852#0: *1447466 open() "/www/data/wwwroot/2025_12_26_01/404.html" failed (2: No such file or directory), client: 162.159.113.121, server: www.ceerun.com, request: "GET /tmp/opt_woocommerce_ppcp_paypal_settings HTTP/2.0", host: "www.ceerun.com"
2026/08/26 09:28:05 [error] 9851#0: *1447459 open() "/www/data/wwwroot/2025_12_26_01/tmp/opt_woocommerce_payments_settings" failed (2: No such file or directory), client: 104.23.168.6, server: www.ceerun.com, request: "GET /tmp/opt_woocommerce_payments_settings HTTP/2.0", host: "www.ceerun.com"
2026/08/26 09:28:05 [error] 9851#0: *1447459 open() "/www/data/wwwroot/2025_12_26_01/404.html" failed (2: No such file or directory), client: 104.23.168.6, server: www.ceerun.com, request: "GET /tmp/opt_woocommerce_payments_settings HTTP/2.0", host: "www.ceerun.com"
2026/08/26 09:28:05 [error] 9851#0: *1447465 open() "/www/data/wwwroot/2025_12_26_01/logs/wp2shell_opt_woocommerce_ppcp_settings" failed (2: No such file or directory), client: 172.71.148.161, server: www.ceerun.com, request: "GET /logs/wp2shell_opt_woocommerce_ppcp_settings HTTP/2.0", host: "www.ceerun.com"
2026/08/26 09:28:05 [error] 9851#0: *1447465 open() "/www/data/wwwroot/2025_12_26_01/404.html" failed (2: No such file or directory), client: 172.71.148.161, server: www.ceerun.com, request: "GET /logs/wp2shell_opt_woocommerce_ppcp_settings HTTP/2.0", host: "www.ceerun.com"
2026/08/26 09:28:06 [error] 9851#0: *1447459 open() "/www/data/wwwroot/2025_12_26_01/woocommerce_stripe_settings.txt" failed (2: No such file or directory), client: 104.23.168.6, server: www.ceerun.com, request: "GET /woocommerce_stripe_settings.txt HTTP/2.0", host: "www.ceerun.com"
2026/08/26 09:28:06 [error] 9851#0: *1447459 open() "/www/data/wwwroot/2025_12_26_01/404.html" failed (2: No such file or directory), client: 104.23.168.6, server: www.ceerun.com, request: "GET /woocommerce_stripe_settings.txt HTTP/2.0", host: "www.ceerun.com"
2026/08/26 09:28:06 [error] 9852#0: *1447627 open() "/www/data/wwwroot/2025_12_26_01/woocommerce_stripe_settings.zip" failed (2: No such file or directory), client: 172.71.172.132, server: www.ceerun.com, request: "GET /woocommerce_stripe_settings.zip HTTP/2.0", host: "www.ceerun.com"
2026/08/26 09:28:06 [error] 9852#0: *1447627 open() "/www/data/wwwroot/2025_12_26_01/404.html" failed (2: No such file or directory), client: 172.71.172.132, server: www.ceerun.com, request: "GET /woocommerce_stripe_settings.zip HTTP/2.0", host: "www.ceerun.com"
2026/08/26 09:28:19 [error] 9851#0: *1447470 open() "/www/data/wwwroot/2025_12_26_01/woocommerce_stripe_cc_settings.log" failed (2: No such file or directory), client: 172.70.243.226, server: www.ceerun.com, request: "GET /woocommerce_stripe_cc_settings.log HTTP/2.0", host: "www.ceerun.com"
2026/08/26 09:28:19 [error] 9851#0: *1447470 open() "/www/data/wwwroot/2025_12_26_01/404.html" failed (2: No such file or directory), client: 172.70.243.226, server: www.ceerun.com, request: "GET /woocommerce_stripe_cc_settings.log HTTP/2.0", host: "www.ceerun.com"
2026/08/26 09:28:21 [error] 9851#0: *1447470 open() "/www/data/wwwroot/2025_12_26_01/woocommerce_stripe_api_settings.txt" failed (2: No such file or directory), client: 172.70.243.226, server: www.ceerun.com, request: "GET /woocommerce_stripe_api_settings.txt HTTP/2.0", host: "www.ceerun.com"
2026/08/26 09:28:21 [error] 9851#0: *1447470 open() "/www/data/wwwroot/2025_12_26_01/404.html" failed (2: No such file or directory), client: 172.70.243.226, server: www.ceerun.com, request: "GET /woocommerce_stripe_api_settings.txt HTTP/2.0", host: "www.ceerun.com"
2026/08/26 09:28:21 [error] 9853#0: *1447400 open() "/www/data/wwwroot/2025_12_26_01/woocommerce_stripe_cc_settings.txt" failed (2: No such file or directory), client: 162.158.111.252, server: www.ceerun.com, request: "GET /woocommerce_stripe_cc_settings.txt HTTP/2.0", host: "www.ceerun.com"
2026/08/26 09:28:21 [error] 9853#0: *1447400 open() "/www/data/wwwroot/2025_12_26_01/404.html" failed (2: No such file or directory), client: 162.158.111.252, server: www.ceerun.com, request: "GET /woocommerce_stripe_cc_settings.txt HTTP/2.0", host: "www.ceerun.com"
2026/08/26 09:28:22 [error] 9853#0: *1447652 open() "/www/data/wwwroot/2025_12_26_01/woocommerce_stripe_api_settings.tar.gz" failed (2: No such file or directory), client: 172.71.99.194, server: www.ceerun.com, request: "GET /woocommerce_stripe_api_settings.tar.gz HTTP/2.0", host: "www.ceerun.com"
2026/08/26 09:28:22 [error] 9853#0: *1447652 open() "/www/data/wwwroot/2025_12_26_01/404.html" failed (2: No such file or directory), client: 172.71.99.194, server: www.ceerun.com, request: "GET /woocommerce_stripe_api_settings.tar.gz HTTP/2.0", host: "www.ceerun.com"
2026/08/26 09:28:24 [error] 9851#0: *1447655 open() "/www/data/wwwroot/2025_12_26_01/woocommerce_stripe_settings.tar.gz" failed (2: No such file or directory), client: 172.71.148.49, server: www.ceerun.com, request: "GET /woocommerce_stripe_settings.tar.gz HTTP/2.0", host: "www.ceerun.com"
2026/08/26 09:28:24 [error] 9851#0: *1447655 open() "/www/data/wwwroot/2025_12_26_01/404.html" failed (2: No such file or directory), client: 172.71.148.49, server: www.ceerun.com, request: "GET /woocommerce_stripe_settings.tar.gz HTTP/2.0", host: "www.ceerun.com"
2026/08/26 09:28:24 [error] 9853#0: *1447657 open() "/www/data/wwwroot/2025_12_26_01/woocommerce_stripe_settings.csv" failed (2: No such file or directory), client: 172.68.195.230, server: www.ceerun.com, request: "GET /woocommerce_stripe_settings.csv HTTP/2.0", host: "www.ceerun.com"
2026/08/26 09:28:24 [error] 9853#0: *1447657 open() "/www/data/wwwroot/2025_12_26_01/404.html" failed (2: No such file or directory), client: 172.68.195.230, server: www.ceerun.com, request: "GET /woocommerce_stripe_settings.csv HTTP/2.0", host: "www.ceerun.com"
2026/08/26 09:28:24 [error] 9851#0: *1447658 open() "/www/data/wwwroot/2025_12_26_01/woocommerce_stripe_cc_settings.tar.gz" failed (2: No such file or directory), client: 141.101.76.81, server: www.ceerun.com, request: "GET /woocommerce_stripe_cc_settings.tar.gz HTTP/2.0", host: "www.ceerun.com"
2026/08/26 09:28:24 [error] 9851#0: *1447658 open() "/www/data/wwwroot/2025_12_26_01/404.html" failed (2: No such file or directory), client: 141.101.76.81, server: www.ceerun.com, request: "GET /woocommerce_stripe_cc_settings.tar.gz HTTP/2.0", host: "www.ceerun.com"
2026/08/26 09:28:24 [error] 9851#0: *1447659 open() "/www/data/wwwroot/2025_12_26_01/woocommerce_stripe_cc_settings.csv" failed (2: No such file or directory), client: 172.69.109.17, server: www.ceerun.com, request: "GET /woocommerce_stripe_cc_settings.csv HTTP/2.0", host: "www.ceerun.com"
2026/08/26 09:28:24 [error] 9851#0: *1447659 open() "/www/data/wwwroot/2025_12_26_01/404.html" failed (2: No such file or directory), client: 172.69.109.17, server: www.ceerun.com, request: "GET /woocommerce_stripe_cc_settings.csv HTTP/2.0", host: "www.ceerun.com"
2026/08/26 09:29:01 [error] 9851#0: *1447728 open() "/www/data/wwwroot/2025_12_26_01/woocommerce_ppec_paypal_settings.csv" failed (2: No such file or directory), client: 104.23.168.102, server: www.ceerun.com, request: "GET /woocommerce_ppec_paypal_settings.csv HTTP/2.0", host: "www.ceerun.com"
2026/08/26 09:29:01 [error] 9851#0: *1447728 open() "/www/data/wwwroot/2025_12_26_01/404.html" failed (2: No such file or directory), client: 104.23.168.102, server: www.ceerun.com, request: "GET /woocommerce_ppec_paypal_settings.csv HTTP/2.0", host: "www.ceerun.com"
2026/08/26 09:29:02 [error] 9851#0: *1447465 open() "/www/data/wwwroot/2025_12_26_01/woocommerce_ppcp-gateway_settings.log" failed (2: No such file or directory), client: 172.71.148.161, server: www.ceerun.com, request: "GET /woocommerce_ppcp-gateway_settings.log HTTP/2.0", host: "www.ceerun.com"
2026/08/26 09:29:02 [error] 9851#0: *1447465 open() "/www/data/wwwroot/2025_12_26_01/404.html" failed (2: No such file or directory), client: 172.71.148.161, server: www.ceerun.com, request: "GET /woocommerce_ppcp-gateway_settings.log HTTP/2.0", host: "www.ceerun.com"
2026/08/26 09:29:03 [error] 9852#0: *1447466 open() "/www/data/wwwroot/2025_12_26_01/woocommerce_paypal_settings.log" failed (2: No such file or directory), client: 162.159.113.121, server: www.ceerun.com, request: "GET /woocommerce_paypal_settings.log HTTP/2.0", host: "www.ceerun.com"
2026/08/26 09:29:03 [error] 9852#0: *1447466 open() "/www/data/wwwroot/2025_12_26_01/404.html" failed (2: No such file or directory), client: 162.159.113.121, server: www.ceerun.com, request: "GET /woocommerce_paypal_settings.log HTTP/2.0", host: "www.ceerun.com"
2026/08/26 09:29:03 [error] 9853#0: *1447400 open() "/www/data/wwwroot/2025_12_26_01/woocommerce_ppec_paypal_settings.log" failed (2: No such file or directory), client: 162.158.111.252, server: www.ceerun.com, request: "GET /woocommerce_ppec_paypal_settings.log HTTP/2.0", host: "www.ceerun.com"
2026/08/26 09:29:03 [error] 9853#0: *1447400 open() "/www/data/wwwroot/2025_12_26_01/404.html" failed (2: No such file or directory), client: 162.158.111.252, server: www.ceerun.com, request: "GET /woocommerce_ppec_paypal_settings.log HTTP/2.0", host: "www.ceerun.com"
2026/08/26 09:29:03 [error] 9851#0: *1447733 open() "/www/data/wwwroot/2025_12_26_01/woocommerce_paypal_settings.zip" failed (2: No such file or directory), client: 172.71.148.167, server: www.ceerun.com, request: "GET /woocommerce_paypal_settings.zip HTTP/2.0", host: "www.ceerun.com"
2026/08/26 09:29:03 [error] 9851#0: *1447733 open() "/www/data/wwwroot/2025_12_26_01/404.html" failed (2: No such file or directory), client: 172.71.148.167, server: www.ceerun.com, request: "GET /woocommerce_paypal_settings.zip HTTP/2.0", host: "www.ceerun.com"
2026/08/26 09:29:03 [error] 9852#0: *1447732 open() "/www/data/wwwroot/2025_12_26_01/woocommerce_stripe_api_settings.csv" failed (2: No such file or directory), client: 172.69.109.216, server: www.ceerun.com, request: "GET /woocommerce_stripe_api_settings.csv HTTP/2.0", host: "www.ceerun.com"
2026/08/26 09:29:03 [error] 9852#0: *1447732 open() "/www/data/wwwroot/2025_12_26_01/404.html" failed (2: No such file or directory), client: 172.69.109.216, server: www.ceerun.com, request: "GET /woocommerce_stripe_api_settings.csv HTTP/2.0", host: "www.ceerun.com"
2026/08/26 09:29:03 [error] 9851#0: *1447734 open() "/www/data/wwwroot/2025_12_26_01/woocommerce_paypal_settings.tar.gz" failed (2: No such file or directory), client: 172.70.242.252, server: www.ceerun.com, request: "GET /woocommerce_paypal_settings.tar.gz HTTP/2.0", host: "www.ceerun.com"
2026/08/26 09:29:03 [error] 9851#0: *1447734 open() "/www/data/wwwroot/2025_12_26_01/404.html" failed (2: No such file or directory), client: 172.70.242.252, server: www.ceerun.com, request: "GET /woocommerce_paypal_settings.tar.gz HTTP/2.0", host: "www.ceerun.com"
2026/08/26 09:29:04 [error] 9850#0: *1447735 open() "/www/data/wwwroot/2025_12_26_01/woocommerce_paypal_settings.txt" failed (2: No such file or directory), client: 172.71.172.34, server: www.ceerun.com, request: "GET /woocommerce_paypal_settings.txt HTTP/2.0", host: "www.ceerun.com"
2026/08/26 09:29:04 [error] 9850#0: *1447735 open() "/www/data/wwwroot/2025_12_26_01/404.html" failed (2: No such file or directory), client: 172.71.172.34, server: www.ceerun.com, request: "GET /woocommerce_paypal_settings.txt HTTP/2.0", host: "www.ceerun.com"
2026/08/26 09:29:07 [error] 9850#0: *1447737 open() "/www/data/wwwroot/2025_12_26_01/woocommerce_paypal_settings.csv" failed (2: No such file or directory), client: 104.23.166.66, server: www.ceerun.com, request: "GET /woocommerce_paypal_settings.csv HTTP/2.0", host: "www.ceerun.com"
2026/08/26 09:29:07 [error] 9850#0: *1447737 open() "/www/data/wwwroot/2025_12_26_01/404.html" failed (2: No such file or directory), client: 104.23.166.66, server: www.ceerun.com, request: "GET /woocommerce_paypal_settings.csv HTTP/2.0", host: "www.ceerun.com"
2026/08/26 09:29:08 [error] 9853#0: *1447738 open() "/www/data/wwwroot/2025_12_26_01/woocommerce_ppec_paypal_settings.txt" failed (2: No such file or directory), client: 172.69.109.214, server: www.ceerun.com, request: "GET /woocommerce_ppec_paypal_settings.txt HTTP/2.0", host: "www.ceerun.com"
2026/08/26 09:29:08 [error] 9853#0: *1447738 open() "/www/data/wwwroot/2025_12_26_01/404.html" failed (2: No such file or directory), client: 172.69.109.214, server: www.ceerun.com, request: "GET /woocommerce_ppec_paypal_settings.txt HTTP/2.0", host: "www.ceerun.com"
2026/08/26 09:29:09 [error] 9850#0: *1447739 open() "/www/data/wwwroot/2025_12_26_01/woocommerce_ppec_paypal_settings.zip" failed (2: No such file or directory), client: 104.23.170.74, server: www.ceerun.com, request: "GET /woocommerce_ppec_paypal_settings.zip HTTP/2.0", host: "www.ceerun.com"
2026/08/26 09:29:09 [error] 9850#0: *1447739 open() "/www/data/wwwroot/2025_12_26_01/404.html" failed (2: No such file or directory), client: 104.23.170.74, server: www.ceerun.com, request: "GET /woocommerce_ppec_paypal_settings.zip HTTP/2.0", host: "www.ceerun.com"
2026/08/26 09:29:10 [error] 9851#0: *1447465 open() "/www/data/wwwroot/2025_12_26_01/woocommerce_ppcp-gateway_settings.txt" failed (2: No such file or directory), client: 172.71.148.161, server: www.ceerun.com, request: "GET /woocommerce_ppcp-gateway_settings.txt HTTP/2.0", host: "www.ceerun.com"
2026/08/26 09:29:10 [error] 9851#0: *1447465 open() "/www/data/wwwroot/2025_12_26_01/404.html" failed (2: No such file or directory), client: 172.71.148.161, server: www.ceerun.com, request: "GET /woocommerce_ppcp-gateway_settings.txt HTTP/2.0", host: "www.ceerun.com"
2026/08/26 09:29:11 [error] 9853#0: *1447740 open() "/www/data/wwwroot/2025_12_26_01/woocommerce_ppec_paypal_settings.tar.gz" failed (2: No such file or directory), client: 172.69.109.176, server: www.ceerun.com, request: "GET /woocommerce_ppec_paypal_settings.tar.gz HTTP/2.0", host: "www.ceerun.com"
2026/08/26 09:29:11 [error] 9853#0: *1447740 open() "/www/data/wwwroot/2025_12_26_01/404.html" failed (2: No such file or directory), client: 172.69.109.176, server: www.ceerun.com, request: "GET /woocommerce_ppec_paypal_settings.tar.gz HTTP/2.0", host: "www.ceerun.com"
2026/08/26 09:29:35 [error] 9850#0: *1447735 open() "/www/data/wwwroot/2025_12_26_01/woocommerce_ppcp_settings.txt" failed (2: No such file or directory), client: 172.71.172.34, server: www.ceerun.com, request: "GET /woocommerce_ppcp_settings.txt HTTP/2.0", host: "www.ceerun.com"
2026/08/26 09:29:35 [error] 9850#0: *1447735 open() "/www/data/wwwroot/2025_12_26_01/404.html" failed (2: No such file or directory), client: 172.71.172.34, server: www.ceerun.com, request: "GET /woocommerce_ppcp_settings.txt HTTP/2.0", host: "www.ceerun.com"
2026/08/26 09:29:35 [error] 9851#0: *1447782 open() "/www/data/wwwroot/2025_12_26_01/woocommerce_ppcp-gateway_settings.tar.gz" failed (2: No such file or directory), client: 104.23.172.93, server: www.ceerun.com, request: "GET /woocommerce_ppcp-gateway_settings.tar.gz HTTP/2.0", host: "www.ceerun.com"
2026/08/26 09:29:35 [error] 9851#0: *1447782 open() "/www/data/wwwroot/2025_12_26_01/404.html" failed (2: No such file or directory), client: 104.23.172.93, server: www.ceerun.com, request: "GET /woocommerce_ppcp-gateway_settings.tar.gz HTTP/2.0", host: "www.ceerun.com"
2026/08/26 09:29:35 [error] 9851#0: *1447783 open() "/www/data/wwwroot/2025_12_26_01/woocommerce_ppcp-gateway_settings.csv" failed (2: No such file or directory), client: 104.23.172.92, server: www.ceerun.com, request: "GET /woocommerce_ppcp-gateway_settings.csv HTTP/2.0", host: "www.ceerun.com"
2026/08/26 09:29:35 [error] 9851#0: *1447783 open() "/www/data/wwwroot/2025_12_26_01/404.html" failed (2: No such file or directory), client: 104.23.172.92, server: www.ceerun.com, request: "GET /woocommerce_ppcp-gateway_settings.csv HTTP/2.0", host: "www.ceerun.com"
2026/08/26 09:29:41 [error] 9851#0: *1447786 open() "/www/data/wwwroot/2025_12_26_01/woocommerce_ppcp_settings.log" failed (2: No such file or directory), client: 172.70.243.225, server: www.ceerun.com, request: "GET /woocommerce_ppcp_settings.log HTTP/2.0", host: "www.ceerun.com"
2026/08/26 09:29:41 [error] 9851#0: *1447786 open() "/www/data/wwwroot/2025_12_26_01/404.html" failed (2: No such file or directory), client: 172.70.243.225, server: www.ceerun.com, request: "GET /woocommerce_ppcp_settings.log HTTP/2.0", host: "www.ceerun.com"
2026/08/26 09:30:15 [error] 9851#0: *1447786 open() "/www/data/wwwroot/2025_12_26_01/woocommerce_wc_stripe_settings.log" failed (2: No such file or directory), client: 172.70.243.225, server: www.ceerun.com, request: "GET /woocommerce_wc_stripe_settings.log HTTP/2.0", host: "www.ceerun.com"
2026/08/26 09:30:15 [error] 9851#0: *1447786 open() "/www/data/wwwroot/2025_12_26_01/404.html" failed (2: No such file or directory), client: 172.70.243.225, server: www.ceerun.com, request: "GET /woocommerce_wc_stripe_settings.log HTTP/2.0", host: "www.ceerun.com"
2026/08/26 09:30:15 [error] 9851#0: *1447818 open() "/www/data/wwwroot/2025_12_26_01/woocommerce_ppcp_settings.zip" failed (2: No such file or directory), client: 104.23.166.13, server: www.ceerun.com, request: "GET /woocommerce_ppcp_settings.zip HTTP/2.0", host: "www.ceerun.com"
2026/08/26 09:30:15 [error] 9851#0: *1447818 open() "/www/data/wwwroot/2025_12_26_01/404.html" failed (2: No such file or directory), client: 104.23.166.13, server: www.ceerun.com, request: "GET /woocommerce_ppcp_settings.zip HTTP/2.0", host: "www.ceerun.com"
2026/08/26 09:30:18 [error] 9853#0: *1447820 open() "/www/data/wwwroot/2025_12_26_01/woocommerce_ppcp_settings.tar.gz" failed (2: No such file or directory), client: 104.23.170.80, server: www.ceerun.com, request: "GET /woocommerce_ppcp_settings.tar.gz HTTP/2.0", host: "www.ceerun.com"
2026/08/26 09:30:18 [error] 9853#0: *1447820 open() "/www/data/wwwroot/2025_12_26_01/404.html" failed (2: No such file or directory), client: 104.23.170.80, server: www.ceerun.com, request: "GET /woocommerce_ppcp_settings.tar.gz HTTP/2.0", host: "www.ceerun.com"
2026/08/26 09:30:18 [error] 9851#0: *1447821 open() "/www/data/wwwroot/2025_12_26_01/woocommerce_ppcp_settings.csv" failed (2: No such file or directory), client: 172.71.247.206, server: www.ceerun.com, request: "GET /woocommerce_ppcp_settings.csv HTTP/2.0", host: "www.ceerun.com"
2026/08/26 09:30:18 [error] 9851#0: *1447821 open() "/www/data/wwwroot/2025_12_26_01/404.html" failed (2: No such file or directory), client: 172.71.247.206, server: www.ceerun.com, request: "GET /woocommerce_ppcp_settings.csv HTTP/2.0", host: "www.ceerun.com"
2026/08/26 09:30:18 [error] 9852#0: *1447822 open() "/www/data/wwwroot/2025_12_26_01/woocommerce_ppcp_paypal_settings.log" failed (2: No such file or directory), client: 172.71.182.234, server: www.ceerun.com, request: "GET /woocommerce_ppcp_paypal_settings.log HTTP/2.0", host: "www.ceerun.com"
2026/08/26 09:30:18 [error] 9852#0: *1447822 open() "/www/data/wwwroot/2025_12_26_01/404.html" failed (2: No such file or directory), client: 172.71.182.234, server: www.ceerun.com, request: "GET /woocommerce_ppcp_paypal_settings.log HTTP/2.0", host: "www.ceerun.com"
2026/08/26 09:30:18 [error] 9850#0: *1447823 open() "/www/data/wwwroot/2025_12_26_01/woocommerce_ppcp_paypal_settings.zip" failed (2: No such file or directory), client: 162.158.86.143, server: www.ceerun.com, request: "GET /woocommerce_ppcp_paypal_settings.zip HTTP/2.0", host: "www.ceerun.com"
2026/08/26 09:30:18 [error] 9850#0: *1447823 open() "/www/data/wwwroot/2025_12_26_01/404.html" failed (2: No such file or directory), client: 162.158.86.143, server: www.ceerun.com, request: "GET /woocommerce_ppcp_paypal_settings.zip HTTP/2.0", host: "www.ceerun.com"
2026/08/26 09:30:18 [error] 9851#0: *1447824 open() "/www/data/wwwroot/2025_12_26_01/woocommerce_wc_stripe_settings.zip" failed (2: No such file or directory), client: 162.158.87.123, server: www.ceerun.com, request: "GET /woocommerce_wc_stripe_settings.zip HTTP/2.0", host: "www.ceerun.com"
2026/08/26 09:30:18 [error] 9851#0: *1447824 open() "/www/data/wwwroot/2025_12_26_01/404.html" failed (2: No such file or directory), client: 162.158.87.123, server: www.ceerun.com, request: "GET /woocommerce_wc_stripe_settings.zip HTTP/2.0", host: "www.ceerun.com"
2026/08/26 09:30:18 [error] 9851#0: *1447825 open() "/www/data/wwwroot/2025_12_26_01/woocommerce_ppcp_paypal_settings.tar.gz" failed (2: No such file or directory), client: 104.23.170.175, server: www.ceerun.com, request: "GET /woocommerce_ppcp_paypal_settings.tar.gz HTTP/2.0", host: "www.ceerun.com"
2026/08/26 09:30:18 [error] 9851#0: *1447825 open() "/www/data/wwwroot/2025_12_26_01/404.html" failed (2: No such file or directory), client: 104.23.170.175, server: www.ceerun.com, request: "GET /woocommerce_ppcp_paypal_settings.tar.gz HTTP/2.0", host: "www.ceerun.com"
2026/08/26 09:30:18 [error] 9850#0: *1447735 open() "/www/data/wwwroot/2025_12_26_01/woocommerce_wc_stripe_settings.txt" failed (2: No such file or directory), client: 172.71.172.34, server: www.ceerun.com, request: "GET /woocommerce_wc_stripe_settings.txt HTTP/2.0", host: "www.ceerun.com"
2026/08/26 09:30:18 [error] 9850#0: *1447735 open() "/www/data/wwwroot/2025_12_26_01/404.html" failed (2: No such file or directory), client: 172.71.172.34, server: www.ceerun.com, request: "GET /woocommerce_wc_stripe_settings.txt HTTP/2.0", host: "www.ceerun.com"
2026/08/26 09:30:19 [error] 9852#0: *1447826 open() "/www/data/wwwroot/2025_12_26_01/woocommerce_ppcp_paypal_settings.txt" failed (2: No such file or directory), client: 172.69.109.214, server: www.ceerun.com, request: "GET /woocommerce_ppcp_paypal_settings.txt HTTP/2.0", host: "www.ceerun.com"
2026/08/26 09:30:19 [error] 9852#0: *1447826 open() "/www/data/wwwroot/2025_12_26_01/404.html" failed (2: No such file or directory), client: 172.69.109.214, server: www.ceerun.com, request: "GET /woocommerce_ppcp_paypal_settings.txt HTTP/2.0", host: "www.ceerun.com"
2026/08/26 09:30:20 [error] 9853#0: *1447827 open() "/www/data/wwwroot/2025_12_26_01/woocommerce_wc_stripe_settings.tar.gz" failed (2: No such file or directory), client: 172.70.46.35, server: www.ceerun.com, request: "GET /woocommerce_wc_stripe_settings.tar.gz HTTP/2.0", host: "www.ceerun.com"
2026/08/26 09:30:20 [error] 9853#0: *1447827 open() "/www/data/wwwroot/2025_12_26_01/404.html" failed (2: No such file or directory), client: 172.70.46.35, server: www.ceerun.com, request: "GET /woocommerce_wc_stripe_settings.tar.gz HTTP/2.0", host: "www.ceerun.com"
2026/08/26 09:30:20 [error] 9850#0: *1447829 open() "/www/data/wwwroot/2025_12_26_01/woocommerce_ppcp_paypal_settings.csv" failed (2: No such file or directory), client: 104.23.172.134, server: www.ceerun.com, request: "GET /woocommerce_ppcp_paypal_settings.csv HTTP/2.0", host: "www.ceerun.com"
2026/08/26 09:30:20 [error] 9850#0: *1447829 open() "/www/data/wwwroot/2025_12_26_01/404.html" failed (2: No such file or directory), client: 104.23.172.134, server: www.ceerun.com, request: "GET /woocommerce_ppcp_paypal_settings.csv HTTP/2.0", host: "www.ceerun.com"
2026/08/26 09:30:52 [error] 9851#0: *1447786 open() "/www/data/wwwroot/2025_12_26_01/give_stripe_settings.log" failed (2: No such file or directory), client: 172.70.243.225, server: www.ceerun.com, request: "GET /give_stripe_settings.log HTTP/2.0", host: "www.ceerun.com"
2026/08/26 09:30:52 [error] 9851#0: *1447786 open() "/www/data/wwwroot/2025_12_26_01/404.html" failed (2: No such file or directory), client: 172.70.243.225, server: www.ceerun.com, request: "GET /give_stripe_settings.log HTTP/2.0", host: "www.ceerun.com"
2026/08/26 09:30:52 [error] 9850#0: *1447856 open() "/www/data/wwwroot/2025_12_26_01/woocommerce_wc_stripe_settings.csv" failed (2: No such file or directory), client: 104.23.170.172, server: www.ceerun.com, request: "GET /woocommerce_wc_stripe_settings.csv HTTP/2.0", host: "www.ceerun.com"
2026/08/26 09:30:52 [error] 9850#0: *1447856 open() "/www/data/wwwroot/2025_12_26_01/404.html" failed (2: No such file or directory), client: 104.23.170.172, server: www.ceerun.com, request: "GET /woocommerce_wc_stripe_settings.csv HTTP/2.0", host: "www.ceerun.com"
2026/08/26 09:30:52 [error] 9853#0: *1447859 open() "/www/data/wwwroot/2025_12_26_01/woocommerce_payments_settings.zip" failed (2: No such file or directory), client: 172.68.194.165, server: www.ceerun.com, request: "GET /woocommerce_payments_settings.zip HTTP/2.0", host: "www.ceerun.com"
2026/08/26 09:30:52 [error] 9853#0: *1447859 open() "/www/data/wwwroot/2025_12_26_01/404.html" failed (2: No such file or directory), client: 172.68.194.165, server: www.ceerun.com, request: "GET /woocommerce_payments_settings.zip HTTP/2.0", host: "www.ceerun.com"
2026/08/26 09:30:52 [error] 9851#0: *1447857 open() "/www/data/wwwroot/2025_12_26_01/woocommerce_payments_settings.log" failed (2: No such file or directory), client: 162.159.113.120, server: www.ceerun.com, request: "GET /woocommerce_payments_settings.log HTTP/2.0", host: "www.ceerun.com"
2026/08/26 09:30:52 [error] 9851#0: *1447857 open() "/www/data/wwwroot/2025_12_26_01/404.html" failed (2: No such file or directory), client: 162.159.113.120, server: www.ceerun.com, request: "GET /woocommerce_payments_settings.log HTTP/2.0", host: "www.ceerun.com"
2026/08/26 09:30:52 [error] 9851#0: *1447858 open() "/www/data/wwwroot/2025_12_26_01/woocommerce_payments_settings.txt" failed (2: No such file or directory), client: 104.23.168.6, server: www.ceerun.com, request: "GET /woocommerce_payments_settings.txt HTTP/2.0", host: "www.ceerun.com"
2026/08/26 09:30:52 [error] 9851#0: *1447858 open() "/www/data/wwwroot/2025_12_26_01/404.html" failed (2: No such file or directory), client: 104.23.168.6, server: www.ceerun.com, request: "GET /woocommerce_payments_settings.txt HTTP/2.0", host: "www.ceerun.com"
2026/08/26 09:30:52 [error] 9851#0: *1447860 open() "/www/data/wwwroot/2025_12_26_01/woocommerce_payments_settings.tar.gz" failed (2: No such file or directory), client: 172.71.144.97, server: www.ceerun.com, request: "GET /woocommerce_payments_settings.tar.gz HTTP/2.0", host: "www.ceerun.com"
2026/08/26 09:30:52 [error] 9851#0: *1447860 open() "/www/data/wwwroot/2025_12_26_01/404.html" failed (2: No such file or directory), client: 172.71.144.97, server: www.ceerun.com, request: "GET /woocommerce_payments_settings.tar.gz HTTP/2.0", host: "www.ceerun.com"
2026/08/26 09:30:52 [error] 9851#0: *1447861 open() "/www/data/wwwroot/2025_12_26_01/give_stripe_settings.txt" failed (2: No such file or directory), client: 162.158.111.251, server: www.ceerun.com, request: "GET /give_stripe_settings.txt HTTP/2.0", host: "www.ceerun.com"
2026/08/26 09:30:52 [error] 9851#0: *1447861 open() "/www/data/wwwroot/2025_12_26_01/404.html" failed (2: No such file or directory), client: 162.158.111.251, server: www.ceerun.com, request: "GET /give_stripe_settings.txt HTTP/2.0", host: "www.ceerun.com"
2026/08/26 09:30:52 [error] 9851#0: *1447862 open() "/www/data/wwwroot/2025_12_26_01/give_stripe_settings.csv" failed (2: No such file or directory), client: 172.69.109.160, server: www.ceerun.com, request: "GET /give_stripe_settings.csv HTTP/2.0", host: "www.ceerun.com"
2026/08/26 09:30:52 [error] 9851#0: *1447862 open() "/www/data/wwwroot/2025_12_26_01/404.html" failed (2: No such file or directory), client: 172.69.109.160, server: www.ceerun.com, request: "GET /give_stripe_settings.csv HTTP/2.0", host: "www.ceerun.com"
2026/08/26 09:30:54 [error] 9853#0: *1447863 open() "/www/data/wwwroot/2025_12_26_01/woocommerce_payments_settings.csv" failed (2: No such file or directory), client: 172.71.247.128, server: www.ceerun.com, request: "GET /woocommerce_payments_settings.csv HTTP/2.0", host: "www.ceerun.com"
2026/08/26 09:30:54 [error] 9853#0: *1447863 open() "/www/data/wwwroot/2025_12_26_01/404.html" failed (2: No such file or directory), client: 172.71.247.128, server: www.ceerun.com, request: "GET /woocommerce_payments_settings.csv HTTP/2.0", host: "www.ceerun.com"
2026/08/26 09:30:54 [error] 9851#0: *1447864 open() "/www/data/wwwroot/2025_12_26_01/give_stripe_settings.tar.gz" failed (2: No such file or directory), client: 162.159.113.44, server: www.ceerun.com, request: "GET /give_stripe_settings.tar.gz HTTP/2.0", host: "www.ceerun.com"
2026/08/26 09:30:54 [error] 9851#0: *1447864 open() "/www/data/wwwroot/2025_12_26_01/404.html" failed (2: No such file or directory), client: 162.159.113.44, server: www.ceerun.com, request: "GET /give_stripe_settings.tar.gz HTTP/2.0", host: "www.ceerun.com"
2026/08/26 09:31:07 [error] 9851#0: *1447786 open() "/www/data/wwwroot/2025_12_26_01/woocommerce_stripe_klarna_settings.log" failed (2: No such file or directory), client: 172.70.243.225, server: www.ceerun.com, request: "GET /woocommerce_stripe_klarna_settings.log HTTP/2.0", host: "www.ceerun.com"
2026/08/26 09:31:07 [error] 9851#0: *1447786 open() "/www/data/wwwroot/2025_12_26_01/404.html" failed (2: No such file or directory), client: 172.70.243.225, server: www.ceerun.com, request: "GET /woocommerce_stripe_klarna_settings.log HTTP/2.0", host: "www.ceerun.com"
2026/08/26 09:31:08 [error] 9851#0: *1447858 open() "/www/data/wwwroot/2025_12_26_01/woocommerce_stripe_sepa_settings" failed (2: No such file or directory), client: 104.23.168.6, server: www.ceerun.com, request: "GET /woocommerce_stripe_sepa_settings HTTP/2.0", host: "www.ceerun.com"
2026/08/26 09:31:08 [error] 9851#0: *1447858 open() "/www/data/wwwroot/2025_12_26_01/404.html" failed (2: No such file or directory), client: 104.23.168.6, server: www.ceerun.com, request: "GET /woocommerce_stripe_sepa_settings HTTP/2.0", host: "www.ceerun.com"
2026/08/26 09:31:08 [error] 9853#0: *1447874 open() "/www/data/wwwroot/2025_12_26_01/woocommerce_stripe_sepa_settings.log" failed (2: No such file or directory), client: 104.22.123.25, server: www.ceerun.com, request: "GET /woocommerce_stripe_sepa_settings.log HTTP/2.0", host: "www.ceerun.com"
