2026/08/24 23:33:28 [error] 9850#0: *1273540 open() "/www/data/wwwroot/2025_12_26_01/woocommerce_ppcp-gateway_settings.zip" failed (2: No such file or directory), client: 104.23.170.64, server: www.ceerun.com, request: "GET /woocommerce_ppcp-gateway_settings.zip HTTP/2.0", host: "ceerun.com"
2026/08/24 23:33:28 [error] 9850#0: *1273540 open() "/www/data/wwwroot/2025_12_26_01/404.html" failed (2: No such file or directory), client: 104.23.170.64, server: www.ceerun.com, request: "GET /woocommerce_ppcp-gateway_settings.zip HTTP/2.0", host: "ceerun.com"
2026/08/24 23:33:29 [error] 9853#0: *1273541 open() "/www/data/wwwroot/2025_12_26_01/woocommerce_ppcp-gateway_settings.tar.gz" failed (2: No such file or directory), client: 104.23.172.123, server: www.ceerun.com, request: "GET /woocommerce_ppcp-gateway_settings.tar.gz HTTP/2.0", host: "ceerun.com"
2026/08/24 23:33:29 [error] 9853#0: *1273541 open() "/www/data/wwwroot/2025_12_26_01/404.html" failed (2: No such file or directory), client: 104.23.172.123, server: www.ceerun.com, request: "GET /woocommerce_ppcp-gateway_settings.tar.gz HTTP/2.0", host: "ceerun.com"
2026/08/24 23:33:29 [error] 9851#0: *1273536 open() "/www/data/wwwroot/2025_12_26_01/woocommerce_ppcp_settings.txt" failed (2: No such file or directory), client: 172.71.160.178, server: www.ceerun.com, request: "GET /woocommerce_ppcp_settings.txt HTTP/2.0", host: "ceerun.com"
2026/08/24 23:33:29 [error] 9851#0: *1273536 open() "/www/data/wwwroot/2025_12_26_01/404.html" failed (2: No such file or directory), client: 172.71.160.178, server: www.ceerun.com, request: "GET /woocommerce_ppcp_settings.txt HTTP/2.0", host: "ceerun.com"
2026/08/24 23:33:29 [error] 9851#0: *1273543 open() "/www/data/wwwroot/2025_12_26_01/woocommerce_ppcp_settings.log" failed (2: No such file or directory), client: 172.71.148.78, server: www.ceerun.com, request: "GET /woocommerce_ppcp_settings.log HTTP/2.0", host: "ceerun.com"
2026/08/24 23:33:29 [error] 9851#0: *1273543 open() "/www/data/wwwroot/2025_12_26_01/404.html" failed (2: No such file or directory), client: 172.71.148.78, server: www.ceerun.com, request: "GET /woocommerce_ppcp_settings.log HTTP/2.0", host: "ceerun.com"
2026/08/24 23:33:29 [error] 9850#0: *1273542 open() "/www/data/wwwroot/2025_12_26_01/woocommerce_ppcp-gateway_settings.csv" failed (2: No such file or directory), client: 172.71.160.110, server: www.ceerun.com, request: "GET /woocommerce_ppcp-gateway_settings.csv HTTP/2.0", host: "ceerun.com"
2026/08/24 23:33:29 [error] 9850#0: *1273542 open() "/www/data/wwwroot/2025_12_26_01/404.html" failed (2: No such file or directory), client: 172.71.160.110, server: www.ceerun.com, request: "GET /woocommerce_ppcp-gateway_settings.csv HTTP/2.0", host: "ceerun.com"
2026/08/24 23:33:30 [error] 9852#0: *1273544 open() "/www/data/wwwroot/2025_12_26_01/woocommerce_ppcp_settings.tar.gz" failed (2: No such file or directory), client: 172.70.248.89, server: www.ceerun.com, request: "GET /woocommerce_ppcp_settings.tar.gz HTTP/2.0", host: "ceerun.com"
2026/08/24 23:33:30 [error] 9852#0: *1273544 open() "/www/data/wwwroot/2025_12_26_01/404.html" failed (2: No such file or directory), client: 172.70.248.89, server: www.ceerun.com, request: "GET /woocommerce_ppcp_settings.tar.gz HTTP/2.0", host: "ceerun.com"
2026/08/24 23:33:30 [error] 9851#0: *1273545 open() "/www/data/wwwroot/2025_12_26_01/woocommerce_ppcp_settings.zip" failed (2: No such file or directory), client: 172.71.144.42, server: www.ceerun.com, request: "GET /woocommerce_ppcp_settings.zip HTTP/2.0", host: "ceerun.com"
2026/08/24 23:33:30 [error] 9851#0: *1273545 open() "/www/data/wwwroot/2025_12_26_01/404.html" failed (2: No such file or directory), client: 172.71.144.42, server: www.ceerun.com, request: "GET /woocommerce_ppcp_settings.zip HTTP/2.0", host: "ceerun.com"
2026/08/24 23:33:31 [error] 9853#0: *1273547 open() "/www/data/wwwroot/2025_12_26_01/woocommerce_ppcp_settings.csv" failed (2: No such file or directory), client: 172.69.151.221, server: www.ceerun.com, request: "GET /woocommerce_ppcp_settings.csv HTTP/2.0", host: "ceerun.com"
2026/08/24 23:33:31 [error] 9853#0: *1273547 open() "/www/data/wwwroot/2025_12_26_01/404.html" failed (2: No such file or directory), client: 172.69.151.221, server: www.ceerun.com, request: "GET /woocommerce_ppcp_settings.csv HTTP/2.0", host: "ceerun.com"
2026/08/24 23:33:31 [error] 9851#0: *1273550 open() "/www/data/wwwroot/2025_12_26_01/woocommerce_ppcp_paypal_settings.log" failed (2: No such file or directory), client: 172.69.109.110, server: www.ceerun.com, request: "GET /woocommerce_ppcp_paypal_settings.log HTTP/2.0", host: "ceerun.com"
2026/08/24 23:33:31 [error] 9851#0: *1273550 open() "/www/data/wwwroot/2025_12_26_01/404.html" failed (2: No such file or directory), client: 172.69.109.110, server: www.ceerun.com, request: "GET /woocommerce_ppcp_paypal_settings.log HTTP/2.0", host: "ceerun.com"
2026/08/24 23:33:31 [error] 9851#0: *1273551 open() "/www/data/wwwroot/2025_12_26_01/woocommerce_ppcp_paypal_settings.zip" failed (2: No such file or directory), client: 162.159.113.64, server: www.ceerun.com, request: "GET /woocommerce_ppcp_paypal_settings.zip HTTP/2.0", host: "ceerun.com"
2026/08/24 23:33:31 [error] 9851#0: *1273551 open() "/www/data/wwwroot/2025_12_26_01/404.html" failed (2: No such file or directory), client: 162.159.113.64, server: www.ceerun.com, request: "GET /woocommerce_ppcp_paypal_settings.zip HTTP/2.0", host: "ceerun.com"
2026/08/24 23:33:31 [error] 9851#0: *1273552 open() "/www/data/wwwroot/2025_12_26_01/woocommerce_ppcp_paypal_settings.txt" failed (2: No such file or directory), client: 172.71.95.141, server: www.ceerun.com, request: "GET /woocommerce_ppcp_paypal_settings.txt HTTP/2.0", host: "ceerun.com"
2026/08/24 23:33:31 [error] 9851#0: *1273552 open() "/www/data/wwwroot/2025_12_26_01/404.html" failed (2: No such file or directory), client: 172.71.95.141, server: www.ceerun.com, request: "GET /woocommerce_ppcp_paypal_settings.txt HTTP/2.0", host: "ceerun.com"
2026/08/24 23:33:34 [error] 9850#0: *1273555 open() "/www/data/wwwroot/2025_12_26_01/woocommerce_payments_settings.txt" failed (2: No such file or directory), client: 104.23.239.12, server: www.ceerun.com, request: "GET /woocommerce_payments_settings.txt HTTP/2.0", host: "ceerun.com"
2026/08/24 23:33:34 [error] 9850#0: *1273555 open() "/www/data/wwwroot/2025_12_26_01/404.html" failed (2: No such file or directory), client: 104.23.239.12, server: www.ceerun.com, request: "GET /woocommerce_payments_settings.txt HTTP/2.0", host: "ceerun.com"
2026/08/24 23:33:34 [error] 9852#0: *1273554 open() "/www/data/wwwroot/2025_12_26_01/woocommerce_ppcp_paypal_settings.tar.gz" failed (2: No such file or directory), client: 104.23.166.70, server: www.ceerun.com, request: "GET /woocommerce_ppcp_paypal_settings.tar.gz HTTP/2.0", host: "ceerun.com"
2026/08/24 23:33:34 [error] 9852#0: *1273554 open() "/www/data/wwwroot/2025_12_26_01/404.html" failed (2: No such file or directory), client: 104.23.166.70, server: www.ceerun.com, request: "GET /woocommerce_ppcp_paypal_settings.tar.gz HTTP/2.0", host: "ceerun.com"
2026/08/24 23:33:34 [error] 9853#0: *1273556 open() "/www/data/wwwroot/2025_12_26_01/woocommerce_ppcp_paypal_settings.csv" failed (2: No such file or directory), client: 172.71.144.118, server: www.ceerun.com, request: "GET /woocommerce_ppcp_paypal_settings.csv HTTP/2.0", host: "ceerun.com"
2026/08/24 23:33:34 [error] 9853#0: *1273556 open() "/www/data/wwwroot/2025_12_26_01/404.html" failed (2: No such file or directory), client: 172.71.144.118, server: www.ceerun.com, request: "GET /woocommerce_ppcp_paypal_settings.csv HTTP/2.0", host: "ceerun.com"
2026/08/24 23:33:52 [error] 9852#0: *1273566 open() "/www/data/wwwroot/2025_12_26_01/woocommerce_payments_settings.tar.gz" failed (2: No such file or directory), client: 172.69.109.208, server: www.ceerun.com, request: "GET /woocommerce_payments_settings.tar.gz HTTP/2.0", host: "ceerun.com"
2026/08/24 23:33:52 [error] 9852#0: *1273566 open() "/www/data/wwwroot/2025_12_26_01/404.html" failed (2: No such file or directory), client: 172.69.109.208, server: www.ceerun.com, request: "GET /woocommerce_payments_settings.tar.gz HTTP/2.0", host: "ceerun.com"
2026/08/24 23:33:52 [error] 9853#0: *1273567 open() "/www/data/wwwroot/2025_12_26_01/woocommerce_payments_settings.zip" failed (2: No such file or directory), client: 172.70.248.15, server: www.ceerun.com, request: "GET /woocommerce_payments_settings.zip HTTP/2.0", host: "ceerun.com"
2026/08/24 23:33:52 [error] 9853#0: *1273567 open() "/www/data/wwwroot/2025_12_26_01/404.html" failed (2: No such file or directory), client: 172.70.248.15, server: www.ceerun.com, request: "GET /woocommerce_payments_settings.zip HTTP/2.0", host: "ceerun.com"
2026/08/24 23:33:53 [error] 9851#0: *1273543 open() "/www/data/wwwroot/2025_12_26_01/give_stripe_settings.log" failed (2: No such file or directory), client: 172.71.148.78, server: www.ceerun.com, request: "GET /give_stripe_settings.log HTTP/2.0", host: "ceerun.com"
2026/08/24 23:33:53 [error] 9851#0: *1273543 open() "/www/data/wwwroot/2025_12_26_01/404.html" failed (2: No such file or directory), client: 172.71.148.78, server: www.ceerun.com, request: "GET /give_stripe_settings.log HTTP/2.0", host: "ceerun.com"
2026/08/24 23:33:53 [error] 9851#0: *1273536 open() "/www/data/wwwroot/2025_12_26_01/give_stripe_settings.txt" failed (2: No such file or directory), client: 172.71.160.178, server: www.ceerun.com, request: "GET /give_stripe_settings.txt HTTP/2.0", host: "ceerun.com"
2026/08/24 23:33:53 [error] 9851#0: *1273536 open() "/www/data/wwwroot/2025_12_26_01/404.html" failed (2: No such file or directory), client: 172.71.160.178, server: www.ceerun.com, request: "GET /give_stripe_settings.txt HTTP/2.0", host: "ceerun.com"
2026/08/24 23:33:54 [error] 9853#0: *1273570 open() "/www/data/wwwroot/2025_12_26_01/woocommerce_payments_settings.csv" failed (2: No such file or directory), client: 141.101.76.58, server: www.ceerun.com, request: "GET /woocommerce_payments_settings.csv HTTP/2.0", host: "ceerun.com"
2026/08/24 23:33:54 [error] 9853#0: *1273570 open() "/www/data/wwwroot/2025_12_26_01/404.html" failed (2: No such file or directory), client: 141.101.76.58, server: www.ceerun.com, request: "GET /woocommerce_payments_settings.csv HTTP/2.0", host: "ceerun.com"
2026/08/24 23:33:55 [error] 9850#0: *1273572 open() "/www/data/wwwroot/2025_12_26_01/give_stripe_settings.zip" failed (2: No such file or directory), client: 172.69.109.216, server: www.ceerun.com, request: "GET /give_stripe_settings.zip HTTP/2.0", host: "ceerun.com"
2026/08/24 23:33:55 [error] 9850#0: *1273572 open() "/www/data/wwwroot/2025_12_26_01/404.html" failed (2: No such file or directory), client: 172.69.109.216, server: www.ceerun.com, request: "GET /give_stripe_settings.zip HTTP/2.0", host: "ceerun.com"
2026/08/24 23:33:56 [error] 9853#0: *1273573 open() "/www/data/wwwroot/2025_12_26_01/give_stripe_settings.csv" failed (2: No such file or directory), client: 172.71.164.61, server: www.ceerun.com, request: "GET /give_stripe_settings.csv HTTP/2.0", host: "ceerun.com"
2026/08/24 23:33:56 [error] 9853#0: *1273573 open() "/www/data/wwwroot/2025_12_26_01/404.html" failed (2: No such file or directory), client: 172.71.164.61, server: www.ceerun.com, request: "GET /give_stripe_settings.csv HTTP/2.0", host: "ceerun.com"
2026/08/24 23:33:56 [error] 9853#0: *1273574 open() "/www/data/wwwroot/2025_12_26_01/woocommerce_stripe_sepa_settings" failed (2: No such file or directory), client: 172.70.247.6, server: www.ceerun.com, request: "GET /woocommerce_stripe_sepa_settings HTTP/2.0", host: "ceerun.com"
2026/08/24 23:33:56 [error] 9853#0: *1273574 open() "/www/data/wwwroot/2025_12_26_01/404.html" failed (2: No such file or directory), client: 172.70.247.6, server: www.ceerun.com, request: "GET /woocommerce_stripe_sepa_settings HTTP/2.0", host: "ceerun.com"
2026/08/24 23:33:56 [error] 9851#0: *1273536 open() "/www/data/wwwroot/2025_12_26_01/woocommerce_stripe_sepa_settings.log" failed (2: No such file or directory), client: 172.71.160.178, server: www.ceerun.com, request: "GET /woocommerce_stripe_sepa_settings.log HTTP/2.0", host: "ceerun.com"
2026/08/24 23:33:56 [error] 9851#0: *1273536 open() "/www/data/wwwroot/2025_12_26_01/404.html" failed (2: No such file or directory), client: 172.71.160.178, server: www.ceerun.com, request: "GET /woocommerce_stripe_sepa_settings.log HTTP/2.0", host: "ceerun.com"
2026/08/24 23:33:56 [error] 9853#0: *1273575 open() "/www/data/wwwroot/2025_12_26_01/give_stripe_settings.tar.gz" failed (2: No such file or directory), client: 172.69.151.191, server: www.ceerun.com, request: "GET /give_stripe_settings.tar.gz HTTP/2.0", host: "ceerun.com"
2026/08/24 23:33:56 [error] 9853#0: *1273575 open() "/www/data/wwwroot/2025_12_26_01/404.html" failed (2: No such file or directory), client: 172.69.151.191, server: www.ceerun.com, request: "GET /give_stripe_settings.tar.gz HTTP/2.0", host: "ceerun.com"
2026/08/24 23:33:56 [error] 9851#0: *1273543 open() "/www/data/wwwroot/2025_12_26_01/woocommerce_stripe_sepa_settings.txt" failed (2: No such file or directory), client: 172.71.148.78, server: www.ceerun.com, request: "GET /woocommerce_stripe_sepa_settings.txt HTTP/2.0", host: "ceerun.com"
2026/08/24 23:33:56 [error] 9851#0: *1273543 open() "/www/data/wwwroot/2025_12_26_01/404.html" failed (2: No such file or directory), client: 172.71.148.78, server: www.ceerun.com, request: "GET /woocommerce_stripe_sepa_settings.txt HTTP/2.0", host: "ceerun.com"
2026/08/24 23:33:57 [error] 9853#0: *1273578 open() "/www/data/wwwroot/2025_12_26_01/woocommerce_stripe_sepa_settings.sql" failed (2: No such file or directory), client: 104.22.109.12, server: www.ceerun.com, request: "GET /woocommerce_stripe_sepa_settings.sql HTTP/2.0", host: "ceerun.com"
2026/08/24 23:33:57 [error] 9853#0: *1273578 open() "/www/data/wwwroot/2025_12_26_01/404.html" failed (2: No such file or directory), client: 104.22.109.12, server: www.ceerun.com, request: "GET /woocommerce_stripe_sepa_settings.sql HTTP/2.0", host: "ceerun.com"
2026/08/24 23:33:59 [error] 9851#0: *1273550 open() "/www/data/wwwroot/2025_12_26_01/woocommerce_stripe_klarna_settings" failed (2: No such file or directory), client: 172.69.109.110, server: www.ceerun.com, request: "GET /woocommerce_stripe_klarna_settings HTTP/2.0", host: "ceerun.com"
2026/08/24 23:33:59 [error] 9851#0: *1273550 open() "/www/data/wwwroot/2025_12_26_01/404.html" failed (2: No such file or directory), client: 172.69.109.110, server: www.ceerun.com, request: "GET /woocommerce_stripe_klarna_settings HTTP/2.0", host: "ceerun.com"
2026/08/24 23:33:59 [error] 9853#0: *1273574 open() "/www/data/wwwroot/2025_12_26_01/woocommerce_stripe_klarna_settings.txt" failed (2: No such file or directory), client: 172.70.247.6, server: www.ceerun.com, request: "GET /woocommerce_stripe_klarna_settings.txt HTTP/2.0", host: "ceerun.com"
2026/08/24 23:33:59 [error] 9853#0: *1273574 open() "/www/data/wwwroot/2025_12_26_01/404.html" failed (2: No such file or directory), client: 172.70.247.6, server: www.ceerun.com, request: "GET /woocommerce_stripe_klarna_settings.txt HTTP/2.0", host: "ceerun.com"
2026/08/24 23:33:59 [error] 9850#0: *1273555 open() "/www/data/wwwroot/2025_12_26_01/woocommerce_stripe_klarna_settings.sql" failed (2: No such file or directory), client: 104.23.239.12, server: www.ceerun.com, request: "GET /woocommerce_stripe_klarna_settings.sql HTTP/2.0", host: "ceerun.com"
2026/08/24 23:33:59 [error] 9850#0: *1273555 open() "/www/data/wwwroot/2025_12_26_01/404.html" failed (2: No such file or directory), client: 104.23.239.12, server: www.ceerun.com, request: "GET /woocommerce_stripe_klarna_settings.sql HTTP/2.0", host: "ceerun.com"
2026/08/24 23:33:59 [error] 9851#0: *1273583 open() "/www/data/wwwroot/2025_12_26_01/woocommerce_stripe_klarna_settings.log" failed (2: No such file or directory), client: 172.69.150.79, server: www.ceerun.com, request: "GET /woocommerce_stripe_klarna_settings.log HTTP/2.0", host: "ceerun.com"
2026/08/24 23:33:59 [error] 9851#0: *1273583 open() "/www/data/wwwroot/2025_12_26_01/404.html" failed (2: No such file or directory), client: 172.69.150.79, server: www.ceerun.com, request: "GET /woocommerce_stripe_klarna_settings.log HTTP/2.0", host: "ceerun.com"
2026/08/24 23:33:59 [error] 9851#0: *1273536 open() "/www/data/wwwroot/2025_12_26_01/woocommerce_stripe_bancontact_settings.log" failed (2: No such file or directory), client: 172.71.160.178, server: www.ceerun.com, request: "GET /woocommerce_stripe_bancontact_settings.log HTTP/2.0", host: "ceerun.com"
2026/08/24 23:33:59 [error] 9851#0: *1273536 open() "/www/data/wwwroot/2025_12_26_01/404.html" failed (2: No such file or directory), client: 172.71.160.178, server: www.ceerun.com, request: "GET /woocommerce_stripe_bancontact_settings.log HTTP/2.0", host: "ceerun.com"
2026/08/24 23:34:00 [error] 9851#0: *1273543 open() "/www/data/wwwroot/2025_12_26_01/woocommerce_stripe_bancontact_settings" failed (2: No such file or directory), client: 172.71.148.78, server: www.ceerun.com, request: "GET /woocommerce_stripe_bancontact_settings HTTP/2.0", host: "ceerun.com"
2026/08/24 23:34:00 [error] 9851#0: *1273543 open() "/www/data/wwwroot/2025_12_26_01/404.html" failed (2: No such file or directory), client: 172.71.148.78, server: www.ceerun.com, request: "GET /woocommerce_stripe_bancontact_settings HTTP/2.0", host: "ceerun.com"
2026/08/24 23:34:00 [error] 9853#0: *1273578 open() "/www/data/wwwroot/2025_12_26_01/woocommerce_stripe_bancontact_settings.sql" failed (2: No such file or directory), client: 104.22.109.12, server: www.ceerun.com, request: "GET /woocommerce_stripe_bancontact_settings.sql HTTP/2.0", host: "ceerun.com"
2026/08/24 23:34:00 [error] 9853#0: *1273578 open() "/www/data/wwwroot/2025_12_26_01/404.html" failed (2: No such file or directory), client: 104.22.109.12, server: www.ceerun.com, request: "GET /woocommerce_stripe_bancontact_settings.sql HTTP/2.0", host: "ceerun.com"
2026/08/24 23:34:02 [error] 9850#0: *1273586 open() "/www/data/wwwroot/2025_12_26_01/woocommerce_stripe_ideal_settings" failed (2: No such file or directory), client: 172.70.46.36, server: www.ceerun.com, request: "GET /woocommerce_stripe_ideal_settings HTTP/2.0", host: "ceerun.com"
2026/08/24 23:34:02 [error] 9850#0: *1273586 open() "/www/data/wwwroot/2025_12_26_01/404.html" failed (2: No such file or directory), client: 172.70.46.36, server: www.ceerun.com, request: "GET /woocommerce_stripe_ideal_settings HTTP/2.0", host: "ceerun.com"
2026/08/24 23:34:02 [error] 9851#0: *1273550 open() "/www/data/wwwroot/2025_12_26_01/woocommerce_stripe_ideal_settings.sql" failed (2: No such file or directory), client: 172.69.109.110, server: www.ceerun.com, request: "GET /woocommerce_stripe_ideal_settings.sql HTTP/2.0", host: "ceerun.com"
2026/08/24 23:34:02 [error] 9851#0: *1273550 open() "/www/data/wwwroot/2025_12_26_01/404.html" failed (2: No such file or directory), client: 172.69.109.110, server: www.ceerun.com, request: "GET /woocommerce_stripe_ideal_settings.sql HTTP/2.0", host: "ceerun.com"
2026/08/24 23:34:03 [error] 9853#0: *1273574 open() "/www/data/wwwroot/2025_12_26_01/woocommerce_stripe_ideal_settings.log" failed (2: No such file or directory), client: 172.70.247.6, server: www.ceerun.com, request: "GET /woocommerce_stripe_ideal_settings.log HTTP/2.0", host: "ceerun.com"
2026/08/24 23:34:03 [error] 9853#0: *1273574 open() "/www/data/wwwroot/2025_12_26_01/404.html" failed (2: No such file or directory), client: 172.70.247.6, server: www.ceerun.com, request: "GET /woocommerce_stripe_ideal_settings.log HTTP/2.0", host: "ceerun.com"
2026/08/24 23:34:03 [error] 9850#0: *1273555 open() "/www/data/wwwroot/2025_12_26_01/woocommerce_stripe_bancontact_settings.txt" failed (2: No such file or directory), client: 104.23.239.12, server: www.ceerun.com, request: "GET /woocommerce_stripe_bancontact_settings.txt HTTP/2.0", host: "ceerun.com"
2026/08/24 23:34:03 [error] 9850#0: *1273555 open() "/www/data/wwwroot/2025_12_26_01/404.html" failed (2: No such file or directory), client: 104.23.239.12, server: www.ceerun.com, request: "GET /woocommerce_stripe_bancontact_settings.txt HTTP/2.0", host: "ceerun.com"
2026/08/24 23:34:03 [error] 9851#0: *1273583 open() "/www/data/wwwroot/2025_12_26_01/woocommerce_stripe_ideal_settings.txt" failed (2: No such file or directory), client: 172.69.150.79, server: www.ceerun.com, request: "GET /woocommerce_stripe_ideal_settings.txt HTTP/2.0", host: "ceerun.com"
2026/08/24 23:34:03 [error] 9851#0: *1273583 open() "/www/data/wwwroot/2025_12_26_01/404.html" failed (2: No such file or directory), client: 172.69.150.79, server: www.ceerun.com, request: "GET /woocommerce_stripe_ideal_settings.txt HTTP/2.0", host: "ceerun.com"
2026/08/24 23:34:03 [error] 9851#0: *1273543 open() "/www/data/wwwroot/2025_12_26_01/woocommerce_stripe_p24_settings.txt" failed (2: No such file or directory), client: 172.71.148.78, server: www.ceerun.com, request: "GET /woocommerce_stripe_p24_settings.txt HTTP/2.0", host: "ceerun.com"
2026/08/24 23:34:03 [error] 9851#0: *1273543 open() "/www/data/wwwroot/2025_12_26_01/404.html" failed (2: No such file or directory), client: 172.71.148.78, server: www.ceerun.com, request: "GET /woocommerce_stripe_p24_settings.txt HTTP/2.0", host: "ceerun.com"
2026/08/24 23:34:03 [error] 9851#0: *1273550 open() "/www/data/wwwroot/2025_12_26_01/woocommerce_stripe_p24_settings" failed (2: No such file or directory), client: 172.69.109.110, server: www.ceerun.com, request: "GET /woocommerce_stripe_p24_settings HTTP/2.0", host: "ceerun.com"
2026/08/24 23:34:03 [error] 9851#0: *1273550 open() "/www/data/wwwroot/2025_12_26_01/404.html" failed (2: No such file or directory), client: 172.69.109.110, server: www.ceerun.com, request: "GET /woocommerce_stripe_p24_settings HTTP/2.0", host: "ceerun.com"
2026/08/24 23:34:04 [error] 9851#0: *1273550 open() "/www/data/wwwroot/2025_12_26_01/woocommerce_stripe_p24_settings.log" failed (2: No such file or directory), client: 172.69.109.110, server: www.ceerun.com, request: "GET /woocommerce_stripe_p24_settings.log HTTP/2.0", host: "ceerun.com"
2026/08/24 23:34:04 [error] 9851#0: *1273550 open() "/www/data/wwwroot/2025_12_26_01/404.html" failed (2: No such file or directory), client: 172.69.109.110, server: www.ceerun.com, request: "GET /woocommerce_stripe_p24_settings.log HTTP/2.0", host: "ceerun.com"
2026/08/24 23:34:16 [error] 9851#0: *1273550 open() "/www/data/wwwroot/2025_12_26_01/woocommerce_stripe_p24_settings.sql" failed (2: No such file or directory), client: 172.69.109.110, server: www.ceerun.com, request: "GET /woocommerce_stripe_p24_settings.sql HTTP/2.0", host: "ceerun.com"
2026/08/24 23:34:16 [error] 9851#0: *1273550 open() "/www/data/wwwroot/2025_12_26_01/404.html" failed (2: No such file or directory), client: 172.69.109.110, server: www.ceerun.com, request: "GET /woocommerce_stripe_p24_settings.sql HTTP/2.0", host: "ceerun.com"
2026/08/24 23:34:16 [error] 9853#0: *1273574 open() "/www/data/wwwroot/2025_12_26_01/woocommerce_stripe_alipay_settings.txt" failed (2: No such file or directory), client: 172.70.247.6, server: www.ceerun.com, request: "GET /woocommerce_stripe_alipay_settings.txt HTTP/2.0", host: "ceerun.com"
2026/08/24 23:34:16 [error] 9853#0: *1273574 open() "/www/data/wwwroot/2025_12_26_01/404.html" failed (2: No such file or directory), client: 172.70.247.6, server: www.ceerun.com, request: "GET /woocommerce_stripe_alipay_settings.txt HTTP/2.0", host: "ceerun.com"
2026/08/24 23:34:16 [error] 9851#0: *1273543 open() "/www/data/wwwroot/2025_12_26_01/woocommerce_stripe_alipay_settings.sql" failed (2: No such file or directory), client: 172.71.148.78, server: www.ceerun.com, request: "GET /woocommerce_stripe_alipay_settings.sql HTTP/2.0", host: "ceerun.com"
2026/08/24 23:34:16 [error] 9851#0: *1273543 open() "/www/data/wwwroot/2025_12_26_01/404.html" failed (2: No such file or directory), client: 172.71.148.78, server: www.ceerun.com, request: "GET /woocommerce_stripe_alipay_settings.sql HTTP/2.0", host: "ceerun.com"
2026/08/24 23:34:17 [error] 9851#0: *1273583 open() "/www/data/wwwroot/2025_12_26_01/woocommerce_stripe_affirm_settings.txt" failed (2: No such file or directory), client: 172.69.150.79, server: www.ceerun.com, request: "GET /woocommerce_stripe_affirm_settings.txt HTTP/2.0", host: "ceerun.com"
2026/08/24 23:34:17 [error] 9851#0: *1273583 open() "/www/data/wwwroot/2025_12_26_01/404.html" failed (2: No such file or directory), client: 172.69.150.79, server: www.ceerun.com, request: "GET /woocommerce_stripe_affirm_settings.txt HTTP/2.0", host: "ceerun.com"
2026/08/24 23:34:17 [error] 9853#0: *1273578 open() "/www/data/wwwroot/2025_12_26_01/woocommerce_stripe_affirm_settings.sql" failed (2: No such file or directory), client: 104.22.109.12, server: www.ceerun.com, request: "GET /woocommerce_stripe_affirm_settings.sql HTTP/2.0", host: "ceerun.com"
2026/08/24 23:34:17 [error] 9853#0: *1273578 open() "/www/data/wwwroot/2025_12_26_01/404.html" failed (2: No such file or directory), client: 104.22.109.12, server: www.ceerun.com, request: "GET /woocommerce_stripe_affirm_settings.sql HTTP/2.0", host: "ceerun.com"
2026/08/24 23:34:17 [error] 9851#0: *1273536 open() "/www/data/wwwroot/2025_12_26_01/woocommerce_stripe_link_settings.log" failed (2: No such file or directory), client: 172.71.160.178, server: www.ceerun.com, request: "GET /woocommerce_stripe_link_settings.log HTTP/2.0", host: "ceerun.com"
2026/08/24 23:34:17 [error] 9851#0: *1273536 open() "/www/data/wwwroot/2025_12_26_01/404.html" failed (2: No such file or directory), client: 172.71.160.178, server: www.ceerun.com, request: "GET /woocommerce_stripe_link_settings.log HTTP/2.0", host: "ceerun.com"
2026/08/24 23:34:18 [error] 9851#0: *1273550 open() "/www/data/wwwroot/2025_12_26_01/woocommerce_stripe_link_settings" failed (2: No such file or directory), client: 172.69.109.110, server: www.ceerun.com, request: "GET /woocommerce_stripe_link_settings HTTP/2.0", host: "ceerun.com"
2026/08/24 23:34:18 [error] 9851#0: *1273550 open() "/www/data/wwwroot/2025_12_26_01/404.html" failed (2: No such file or directory), client: 172.69.109.110, server: www.ceerun.com, request: "GET /woocommerce_stripe_link_settings HTTP/2.0", host: "ceerun.com"
2026/08/24 23:34:20 [error] 9851#0: *1273550 open() "/www/data/wwwroot/2025_12_26_01/woocommerce_stripe_affirm_settings" failed (2: No such file or directory), client: 172.69.109.110, server: www.ceerun.com, request: "GET /woocommerce_stripe_affirm_settings HTTP/2.0", host: "ceerun.com"
2026/08/24 23:34:20 [error] 9851#0: *1273550 open() "/www/data/wwwroot/2025_12_26_01/404.html" failed (2: No such file or directory), client: 172.69.109.110, server: www.ceerun.com, request: "GET /woocommerce_stripe_affirm_settings HTTP/2.0", host: "ceerun.com"
2026/08/24 23:34:20 [error] 9851#0: *1273543 open() "/www/data/wwwroot/2025_12_26_01/woocommerce_stripe_afterpay_clearpay_settings" failed (2: No such file or directory), client: 172.71.148.78, server: www.ceerun.com, request: "GET /woocommerce_stripe_afterpay_clearpay_settings HTTP/2.0", host: "ceerun.com"
2026/08/24 23:34:20 [error] 9851#0: *1273543 open() "/www/data/wwwroot/2025_12_26_01/404.html" failed (2: No such file or directory), client: 172.71.148.78, server: www.ceerun.com, request: "GET /woocommerce_stripe_afterpay_clearpay_settings HTTP/2.0", host: "ceerun.com"
2026/08/24 23:34:20 [error] 9853#0: *1273574 open() "/www/data/wwwroot/2025_12_26_01/woocommerce_stripe_afterpay_clearpay_settings.log" failed (2: No such file or directory), client: 172.70.247.6, server: www.ceerun.com, request: "GET /woocommerce_stripe_afterpay_clearpay_settings.log HTTP/2.0", host: "ceerun.com"
2026/08/24 23:34:20 [error] 9853#0: *1273574 open() "/www/data/wwwroot/2025_12_26_01/404.html" failed (2: No such file or directory), client: 172.70.247.6, server: www.ceerun.com, request: "GET /woocommerce_stripe_afterpay_clearpay_settings.log HTTP/2.0", host: "ceerun.com"
2026/08/24 23:34:21 [error] 9853#0: *1273578 open() "/www/data/wwwroot/2025_12_26_01/woocommerce_stripe_afterpay_clearpay_settings.sql" failed (2: No such file or directory), client: 104.22.109.12, server: www.ceerun.com, request: "GET /woocommerce_stripe_afterpay_clearpay_settings.sql HTTP/2.0", host: "ceerun.com"
2026/08/24 23:34:21 [error] 9853#0: *1273578 open() "/www/data/wwwroot/2025_12_26_01/404.html" failed (2: No such file or directory), client: 104.22.109.12, server: www.ceerun.com, request: "GET /woocommerce_stripe_afterpay_clearpay_settings.sql HTTP/2.0", host: "ceerun.com"
2026/08/24 23:34:21 [error] 9851#0: *1273583 open() "/www/data/wwwroot/2025_12_26_01/woocommerce_stripe_afterpay_clearpay_settings.txt" failed (2: No such file or directory), client: 172.69.150.79, server: www.ceerun.com, request: "GET /woocommerce_stripe_afterpay_clearpay_settings.txt HTTP/2.0", host: "ceerun.com"
2026/08/24 23:34:21 [error] 9851#0: *1273583 open() "/www/data/wwwroot/2025_12_26_01/404.html" failed (2: No such file or directory), client: 172.69.150.79, server: www.ceerun.com, request: "GET /woocommerce_stripe_afterpay_clearpay_settings.txt HTTP/2.0", host: "ceerun.com"
2026/08/24 23:34:22 [error] 9851#0: *1273536 open() "/www/data/wwwroot/2025_12_26_01/woocommerce_stripe_affirm_settings.log" failed (2: No such file or directory), client: 172.71.160.178, server: www.ceerun.com, request: "GET /woocommerce_stripe_affirm_settings.log HTTP/2.0", host: "ceerun.com"
2026/08/24 23:34:22 [error] 9851#0: *1273536 open() "/www/data/wwwroot/2025_12_26_01/404.html" failed (2: No such file or directory), client: 172.71.160.178, server: www.ceerun.com, request: "GET /woocommerce_stripe_affirm_settings.log HTTP/2.0", host: "ceerun.com"
2026/08/24 23:34:22 [error] 9851#0: *1273550 open() "/www/data/wwwroot/2025_12_26_01/woocommerce_stripe_link_settings.txt" failed (2: No such file or directory), client: 172.69.109.110, server: www.ceerun.com, request: "GET /woocommerce_stripe_link_settings.txt HTTP/2.0", host: "ceerun.com"
2026/08/24 23:34:22 [error] 9851#0: *1273550 open() "/www/data/wwwroot/2025_12_26_01/404.html" failed (2: No such file or directory), client: 172.69.109.110, server: www.ceerun.com, request: "GET /woocommerce_stripe_link_settings.txt HTTP/2.0", host: "ceerun.com"
2026/08/24 23:34:24 [error] 9851#0: *1273550 open() "/www/data/wwwroot/2025_12_26_01/woocommerce_stripe_alipay_settings.log" failed (2: No such file or directory), client: 172.69.109.110, server: www.ceerun.com, request: "GET /woocommerce_stripe_alipay_settings.log HTTP/2.0", host: "ceerun.com"
2026/08/24 23:34:24 [error] 9851#0: *1273550 open() "/www/data/wwwroot/2025_12_26_01/404.html" failed (2: No such file or directory), client: 172.69.109.110, server: www.ceerun.com, request: "GET /woocommerce_stripe_alipay_settings.log HTTP/2.0", host: "ceerun.com"
2026/08/24 23:34:24 [error] 9851#0: *1273543 open() "/www/data/wwwroot/2025_12_26_01/woocommerce_stripe_alipay_settings" failed (2: No such file or directory), client: 172.71.148.78, server: www.ceerun.com, request: "GET /woocommerce_stripe_alipay_settings HTTP/2.0", host: "ceerun.com"
2026/08/24 23:34:24 [error] 9851#0: *1273543 open() "/www/data/wwwroot/2025_12_26_01/404.html" failed (2: No such file or directory), client: 172.71.148.78, server: www.ceerun.com, request: "GET /woocommerce_stripe_alipay_settings HTTP/2.0", host: "ceerun.com"
2026/08/24 23:34:25 [error] 9853#0: *1273574 open() "/www/data/wwwroot/2025_12_26_01/woocommerce_stripe_us_bank_account_settings.sql" failed (2: No such file or directory), client: 172.70.247.6, server: www.ceerun.com, request: "GET /woocommerce_stripe_us_bank_account_settings.sql HTTP/2.0", host: "ceerun.com"
2026/08/24 23:34:25 [error] 9853#0: *1273574 open() "/www/data/wwwroot/2025_12_26_01/404.html" failed (2: No such file or directory), client: 172.70.247.6, server: www.ceerun.com, request: "GET /woocommerce_stripe_us_bank_account_settings.sql HTTP/2.0", host: "ceerun.com"
2026/08/24 23:34:25 [error] 9851#0: *1273536 open() "/www/data/wwwroot/2025_12_26_01/woocommerce_stripe_us_bank_account_settings" failed (2: No such file or directory), client: 172.71.160.178, server: www.ceerun.com, request: "GET /woocommerce_stripe_us_bank_account_settings HTTP/2.0", host: "ceerun.com"
2026/08/24 23:34:25 [error] 9851#0: *1273536 open() "/www/data/wwwroot/2025_12_26_01/404.html" failed (2: No such file or directory), client: 172.71.160.178, server: www.ceerun.com, request: "GET /woocommerce_stripe_us_bank_account_settings HTTP/2.0", host: "ceerun.com"
2026/08/24 23:34:25 [error] 9851#0: *1273550 open() "/www/data/wwwroot/2025_12_26_01/woocommerce_stripe_us_bank_account_settings.log" failed (2: No such file or directory), client: 172.69.109.110, server: www.ceerun.com, request: "GET /woocommerce_stripe_us_bank_account_settings.log HTTP/2.0", host: "ceerun.com"
2026/08/24 23:34:25 [error] 9851#0: *1273550 open() "/www/data/wwwroot/2025_12_26_01/404.html" failed (2: No such file or directory), client: 172.69.109.110, server: www.ceerun.com, request: "GET /woocommerce_stripe_us_bank_account_settings.log HTTP/2.0", host: "ceerun.com"
2026/08/24 23:34:25 [error] 9851#0: *1273608 open() "/www/data/wwwroot/2025_12_26_01/woocommerce_stripe_link_settings.sql" failed (2: No such file or directory), client: 172.70.242.225, server: www.ceerun.com, request: "GET /woocommerce_stripe_link_settings.sql HTTP/2.0", host: "ceerun.com"
2026/08/24 23:34:25 [error] 9851#0: *1273608 open() "/www/data/wwwroot/2025_12_26_01/404.html" failed (2: No such file or directory), client: 172.70.242.225, server: www.ceerun.com, request: "GET /woocommerce_stripe_link_settings.sql HTTP/2.0", host: "ceerun.com"
2026/08/24 23:34:25 [error] 9851#0: *1273536 open() "/www/data/wwwroot/2025_12_26_01/woocommerce_stripe_cashapp_settings.log" failed (2: No such file or directory), client: 172.71.160.178, server: www.ceerun.com, request: "GET /woocommerce_stripe_cashapp_settings.log HTTP/2.0", host: "ceerun.com"
2026/08/24 23:34:25 [error] 9851#0: *1273536 open() "/www/data/wwwroot/2025_12_26_01/404.html" failed (2: No such file or directory), client: 172.71.160.178, server: www.ceerun.com, request: "GET /woocommerce_stripe_cashapp_settings.log HTTP/2.0", host: "ceerun.com"
2026/08/24 23:34:25 [error] 9853#0: *1273609 open() "/www/data/wwwroot/2025_12_26_01/woocommerce_stripe_us_bank_account_settings.txt" failed (2: No such file or directory), client: 172.70.242.225, server: www.ceerun.com, request: "GET /woocommerce_stripe_us_bank_account_settings.txt HTTP/2.0", host: "ceerun.com"
2026/08/24 23:34:25 [error] 9853#0: *1273609 open() "/www/data/wwwroot/2025_12_26_01/404.html" failed (2: No such file or directory), client: 172.70.242.225, server: www.ceerun.com, request: "GET /woocommerce_stripe_us_bank_account_settings.txt HTTP/2.0", host: "ceerun.com"
2026/08/24 23:34:25 [error] 9853#0: *1273578 open() "/www/data/wwwroot/2025_12_26_01/woocommerce_stripe_cashapp_settings.txt" failed (2: No such file or directory), client: 104.22.109.12, server: www.ceerun.com, request: "GET /woocommerce_stripe_cashapp_settings.txt HTTP/2.0", host: "ceerun.com"
2026/08/24 23:34:25 [error] 9853#0: *1273578 open() "/www/data/wwwroot/2025_12_26_01/404.html" failed (2: No such file or directory), client: 104.22.109.12, server: www.ceerun.com, request: "GET /woocommerce_stripe_cashapp_settings.txt HTTP/2.0", host: "ceerun.com"
2026/08/24 23:34:25 [error] 9851#0: *1273583 open() "/www/data/wwwroot/2025_12_26_01/woocommerce_stripe_cashapp_settings" failed (2: No such file or directory), client: 172.69.150.79, server: www.ceerun.com, request: "GET /woocommerce_stripe_cashapp_settings HTTP/2.0", host: "ceerun.com"
2026/08/24 23:34:25 [error] 9851#0: *1273583 open() "/www/data/wwwroot/2025_12_26_01/404.html" failed (2: No such file or directory), client: 172.69.150.79, server: www.ceerun.com, request: "GET /woocommerce_stripe_cashapp_settings HTTP/2.0", host: "ceerun.com"
2026/08/24 23:34:28 [error] 9851#0: *1273550 open() "/www/data/wwwroot/2025_12_26_01/woocommerce_stripe_cashapp_settings.sql" failed (2: No such file or directory), client: 172.69.109.110, server: www.ceerun.com, request: "GET /woocommerce_stripe_cashapp_settings.sql HTTP/2.0", host: "ceerun.com"
2026/08/24 23:34:28 [error] 9851#0: *1273550 open() "/www/data/wwwroot/2025_12_26_01/404.html" failed (2: No such file or directory), client: 172.69.109.110, server: www.ceerun.com, request: "GET /woocommerce_stripe_cashapp_settings.sql HTTP/2.0", host: "ceerun.com"
2026/08/24 23:34:29 [error] 9851#0: *1273616 open() "/www/data/wwwroot/2025_12_26_01/woocommerce_stripe_upe_settings" failed (2: No such file or directory), client: 172.71.172.80, server: www.ceerun.com, request: "GET /woocommerce_stripe_upe_settings HTTP/2.0", host: "ceerun.com"
2026/08/24 23:34:29 [error] 9851#0: *1273616 open() "/www/data/wwwroot/2025_12_26_01/404.html" failed (2: No such file or directory), client: 172.71.172.80, server: www.ceerun.com, request: "GET /woocommerce_stripe_upe_settings HTTP/2.0", host: "ceerun.com"
2026/08/24 23:34:35 [error] 9853#0: *1273622 open() "/www/data/wwwroot/2025_12_26_01/404.html" failed (2: No such file or directory), client: 172.69.109.57, server: www.ceerun.com, request: "GET /main.js HTTP/2.0", host: "www.ceerun.com"
2026/08/24 23:34:36 [error] 9853#0: *1273623 open() "/www/data/wwwroot/2025_12_26_01/config.json" failed (2: No such file or directory), client: 162.158.95.221, server: www.ceerun.com, request: "GET /config.json HTTP/2.0", host: "www.ceerun.com"
2026/08/24 23:34:36 [error] 9853#0: *1273623 open() "/www/data/wwwroot/2025_12_26_01/404.html" failed (2: No such file or directory), client: 162.158.95.221, server: www.ceerun.com, request: "GET /config.json HTTP/2.0", host: "www.ceerun.com"
2026/08/24 23:34:36 [error] 9853#0: *1273627 open() "/www/data/wwwroot/2025_12_26_01/404.html" failed (2: No such file or directory), client: 172.69.109.39, server: www.ceerun.com, request: "GET /runtime-config.js HTTP/2.0", host: "www.ceerun.com"
2026/08/24 23:34:37 [error] 9850#0: *1273629 open() "/www/data/wwwroot/2025_12_26_01/wp-json/wc/v3/payment_gateways" failed (2: No such file or directory), client: 162.159.113.120, server: www.ceerun.com, request: "GET /wp-json/wc/v3/payment_gateways HTTP/2.0", host: "www.ceerun.com"
2026/08/24 23:34:37 [error] 9850#0: *1273629 open() "/www/data/wwwroot/2025_12_26_01/404.html" failed (2: No such file or directory), client: 162.159.113.120, server: www.ceerun.com, request: "GET /wp-json/wc/v3/payment_gateways HTTP/2.0", host: "www.ceerun.com"
2026/08/24 23:34:37 [error] 9853#0: *1273630 open() "/www/data/wwwroot/2025_12_26_01/404.html" failed (2: No such file or directory), client: 172.69.151.196, server: www.ceerun.com, request: "GET /env.js HTTP/2.0", host: "www.ceerun.com"
2026/08/24 23:34:37 [error] 9853#0: *1273633 open() "/www/data/wwwroot/2025_12_26_01/404.html" failed (2: No such file or directory), client: 172.71.98.87, server: www.ceerun.com, request: "GET /static/js/config.js HTTP/2.0", host: "www.ceerun.com"
2026/08/24 23:34:37 [error] 9850#0: *1273631 open() "/www/data/wwwroot/2025_12_26_01/404.html" failed (2: No such file or directory), client: 172.69.109.17, server: www.ceerun.com, request: "GET /static/config.js HTTP/2.0", host: "www.ceerun.com"
2026/08/24 23:34:37 [error] 9853#0: *1273632 open() "/www/data/wwwroot/2025_12_26_01/404.html" failed (2: No such file or directory), client: 172.69.109.51, server: www.ceerun.com, request: "GET /env.production.js HTTP/2.0", host: "www.ceerun.com"
2026/08/24 23:34:37 [error] 9851#0: *1273634 open() "/www/data/wwwroot/2025_12_26_01/wp-json/wc/v1/payment_gateways" failed (2: No such file or directory), client: 172.69.109.210, server: www.ceerun.com, request: "GET /wp-json/wc/v1/payment_gateways HTTP/2.0", host: "www.ceerun.com"
2026/08/24 23:34:37 [error] 9851#0: *1273634 open() "/www/data/wwwroot/2025_12_26_01/404.html" failed (2: No such file or directory), client: 172.69.109.210, server: www.ceerun.com, request: "GET /wp-json/wc/v1/payment_gateways HTTP/2.0", host: "www.ceerun.com"
2026/08/24 23:34:37 [error] 9853#0: *1273635 open() "/www/data/wwwroot/2025_12_26_01/404.html" failed (2: No such file or directory), client: 172.71.160.184, server: www.ceerun.com, request: "GET /js/config.js HTTP/2.0", host: "www.ceerun.com"
2026/08/24 23:34:46 [error] 9851#0: *1273550 open() "/www/data/wwwroot/2025_12_26_01/woocommerce_stripe_upe_settings.log" failed (2: No such file or directory), client: 172.69.109.110, server: www.ceerun.com, request: "GET /woocommerce_stripe_upe_settings.log HTTP/2.0", host: "ceerun.com"
2026/08/24 23:34:46 [error] 9851#0: *1273550 open() "/www/data/wwwroot/2025_12_26_01/404.html" failed (2: No such file or directory), client: 172.69.109.110, server: www.ceerun.com, request: "GET /woocommerce_stripe_upe_settings.log HTTP/2.0", host: "ceerun.com"
2026/08/24 23:34:49 [error] 9851#0: *1273616 open() "/www/data/wwwroot/2025_12_26_01/woocommerce_stripe_upe_settings.txt" failed (2: No such file or directory), client: 172.71.172.80, server: www.ceerun.com, request: "GET /woocommerce_stripe_upe_settings.txt HTTP/2.0", host: "ceerun.com"
2026/08/24 23:34:49 [error] 9851#0: *1273616 open() "/www/data/wwwroot/2025_12_26_01/404.html" failed (2: No such file or directory), client: 172.71.172.80, server: www.ceerun.com, request: "GET /woocommerce_stripe_upe_settings.txt HTTP/2.0", host: "ceerun.com"
2026/08/24 23:34:49 [error] 9851#0: *1273583 open() "/www/data/wwwroot/2025_12_26_01/woocommerce_stripe_upe_settings.sql" failed (2: No such file or directory), client: 172.69.150.79, server: www.ceerun.com, request: "GET /woocommerce_stripe_upe_settings.sql HTTP/2.0", host: "ceerun.com"
2026/08/24 23:34:49 [error] 9851#0: *1273583 open() "/www/data/wwwroot/2025_12_26_01/404.html" failed (2: No such file or directory), client: 172.69.150.79, server: www.ceerun.com, request: "GET /woocommerce_stripe_upe_settings.sql HTTP/2.0", host: "ceerun.com"
2026/08/24 23:34:49 [error] 9851#0: *1273608 open() "/www/data/wwwroot/2025_12_26_01/woocommerce_stripe_applepay_settings" failed (2: No such file or directory), client: 172.70.242.225, server: www.ceerun.com, request: "GET /woocommerce_stripe_applepay_settings HTTP/2.0", host: "ceerun.com"
2026/08/24 23:34:49 [error] 9851#0: *1273608 open() "/www/data/wwwroot/2025_12_26_01/404.html" failed (2: No such file or directory), client: 172.70.242.225, server: www.ceerun.com, request: "GET /woocommerce_stripe_applepay_settings HTTP/2.0", host: "ceerun.com"
2026/08/24 23:34:51 [error] 9852#0: *1273665 open() "/www/data/wwwroot/2025_12_26_01/wp-json/wc/v3/payment_gateways/stripe" failed (2: No such file or directory), client: 172.71.160.42, server: www.ceerun.com, request: "GET /wp-json/wc/v3/payment_gateways/stripe HTTP/2.0", host: "www.ceerun.com"
2026/08/24 23:34:51 [error] 9852#0: *1273665 open() "/www/data/wwwroot/2025_12_26_01/404.html" failed (2: No such file or directory), client: 172.71.160.42, server: www.ceerun.com, request: "GET /wp-json/wc/v3/payment_gateways/stripe HTTP/2.0", host: "www.ceerun.com"
2026/08/24 23:34:51 [error] 9851#0: *1273666 open() "/www/data/wwwroot/2025_12_26_01/wp-json/wc/v3/payment_gateways/stripe_cc" failed (2: No such file or directory), client: 104.23.172.111, server: www.ceerun.com, request: "GET /wp-json/wc/v3/payment_gateways/stripe_cc HTTP/2.0", host: "www.ceerun.com"
2026/08/24 23:34:51 [error] 9851#0: *1273666 open() "/www/data/wwwroot/2025_12_26_01/404.html" failed (2: No such file or directory), client: 104.23.172.111, server: www.ceerun.com, request: "GET /wp-json/wc/v3/payment_gateways/stripe_cc HTTP/2.0", host: "www.ceerun.com"
2026/08/24 23:34:52 [error] 9852#0: *1273665 open() "/www/data/wwwroot/2025_12_26_01/wp-json/wc/v3/payment_gateways/ppec_paypal" failed (2: No such file or directory), client: 172.71.160.42, server: www.ceerun.com, request: "GET /wp-json/wc/v3/payment_gateways/ppec_paypal HTTP/2.0", host: "www.ceerun.com"
2026/08/24 23:34:52 [error] 9852#0: *1273665 open() "/www/data/wwwroot/2025_12_26_01/404.html" failed (2: No such file or directory), client: 172.71.160.42, server: www.ceerun.com, request: "GET /wp-json/wc/v3/payment_gateways/ppec_paypal HTTP/2.0", host: "www.ceerun.com"
2026/08/24 23:34:52 [error] 9851#0: *1273536 open() "/www/data/wwwroot/2025_12_26_01/woocommerce_stripe_googlepay_settings" failed (2: No such file or directory), client: 172.71.160.178, server: www.ceerun.com, request: "GET /woocommerce_stripe_googlepay_settings HTTP/2.0", host: "ceerun.com"
2026/08/24 23:34:52 [error] 9851#0: *1273536 open() "/www/data/wwwroot/2025_12_26_01/404.html" failed (2: No such file or directory), client: 172.71.160.178, server: www.ceerun.com, request: "GET /woocommerce_stripe_googlepay_settings HTTP/2.0", host: "ceerun.com"
2026/08/24 23:34:54 [error] 9853#0: *1273670 open() "/www/data/wwwroot/2025_12_26_01/404.html" failed (2: No such file or directory), client: 172.71.164.111, server: www.ceerun.com, request: "GET /error_docs/uat.js HTTP/2.0", host: "www.ceerun.com"
2026/08/24 23:34:56 [error] 9851#0: *1273676 open() "/www/data/wwwroot/2025_12_26_01/404.html" failed (2: No such file or directory), client: 172.71.182.103, server: www.ceerun.com, request: "GET /js/sendgrid.js HTTP/2.0", host: "www.ceerun.com"
2026/08/24 23:34:56 [error] 9853#0: *1273677 open() "/www/data/wwwroot/2025_12_26_01/404.html" failed (2: No such file or directory), client: 172.71.95.124, server: www.ceerun.com, request: "GET /vizportal.js HTTP/2.0", host: "www.ceerun.com"
2026/08/24 23:34:57 [error] 9852#0: *1273678 open() "/www/data/wwwroot/2025_12_26_01/404.html" failed (2: No such file or directory), client: 172.69.109.106, server: www.ceerun.com, request: "GET /bundle.js HTTP/2.0", host: "www.ceerun.com"
2026/08/24 23:34:57 [error] 9851#0: *1273666 open() "/www/data/wwwroot/2025_12_26_01/wp-json/wc-admin/options" failed (2: No such file or directory), client: 104.23.172.111, server: www.ceerun.com, request: "GET /wp-json/wc-admin/options?options=woocommerce_paypal_settings HTTP/2.0", host: "www.ceerun.com"
2026/08/24 23:34:57 [error] 9851#0: *1273666 open() "/www/data/wwwroot/2025_12_26_01/404.html" failed (2: No such file or directory), client: 104.23.172.111, server: www.ceerun.com, request: "GET /wp-json/wc-admin/options?options=woocommerce_paypal_settings HTTP/2.0", host: "www.ceerun.com"
2026/08/24 23:34:57 [error] 9851#0: *1273680 open() "/www/data/wwwroot/2025_12_26_01/404.html" failed (2: No such file or directory), client: 172.70.248.163, server: www.ceerun.com, request: "GET /static/js/main.js HTTP/2.0", host: "www.ceerun.com"
2026/08/24 23:34:57 [error] 9853#0: *1273681 open() "/www/data/wwwroot/2025_12_26_01/404.html" failed (2: No such file or directory), client: 172.71.148.43, server: www.ceerun.com, request: "GET /sendgrid.js HTTP/2.0", host: "www.ceerun.com"
2026/08/24 23:34:57 [error] 9853#0: *1273682 open() "/www/data/wwwroot/2025_12_26_01/wp-json/wc/v3/payment_gateways/paypal" failed (2: No such file or directory), client: 104.22.109.105, server: www.ceerun.com, request: "GET /wp-json/wc/v3/payment_gateways/paypal HTTP/2.0", host: "www.ceerun.com"
2026/08/24 23:34:57 [error] 9853#0: *1273682 open() "/www/data/wwwroot/2025_12_26_01/404.html" failed (2: No such file or directory), client: 104.22.109.105, server: www.ceerun.com, request: "GET /wp-json/wc/v3/payment_gateways/paypal HTTP/2.0", host: "www.ceerun.com"
2026/08/24 23:34:57 [error] 9850#0: *1273683 open() "/www/data/wwwroot/2025_12_26_01/wp-json/wc/v3/payment_gateways/ppcp-gateway" failed (2: No such file or directory), client: 104.22.123.25, server: www.ceerun.com, request: "GET /wp-json/wc/v3/payment_gateways/ppcp-gateway HTTP/2.0", host: "www.ceerun.com"
2026/08/24 23:34:57 [error] 9850#0: *1273683 open() "/www/data/wwwroot/2025_12_26_01/404.html" failed (2: No such file or directory), client: 104.22.123.25, server: www.ceerun.com, request: "GET /wp-json/wc/v3/payment_gateways/ppcp-gateway HTTP/2.0", host: "www.ceerun.com"
2026/08/24 23:34:57 [error] 9852#0: *1273686 open() "/www/data/wwwroot/2025_12_26_01/wp-json/wc-admin/options" failed (2: No such file or directory), client: 172.71.102.156, server: www.ceerun.com, request: "GET /wp-json/wc-admin/options?options=woocommerce_stripe_settings HTTP/2.0", host: "www.ceerun.com"
2026/08/24 23:34:57 [error] 9852#0: *1273686 open() "/www/data/wwwroot/2025_12_26_01/404.html" failed (2: No such file or directory), client: 172.71.102.156, server: www.ceerun.com, request: "GET /wp-json/wc-admin/options?options=woocommerce_stripe_settings HTTP/2.0", host: "www.ceerun.com"
2026/08/24 23:35:06 [error] 9851#0: *1273550 open() "/www/data/wwwroot/2025_12_26_01/woocommerce_woocommerce_payments_settings.txt" failed (2: No such file or directory), client: 172.69.109.110, server: www.ceerun.com, request: "GET /woocommerce_woocommerce_payments_settings.txt HTTP/2.0", host: "ceerun.com"
2026/08/24 23:35:06 [error] 9851#0: *1273550 open() "/www/data/wwwroot/2025_12_26_01/404.html" failed (2: No such file or directory), client: 172.69.109.110, server: www.ceerun.com, request: "GET /woocommerce_woocommerce_payments_settings.txt HTTP/2.0", host: "ceerun.com"
2026/08/24 23:35:08 [error] 9850#0: *1273700 open() "/www/data/wwwroot/2025_12_26_01/wp-options.sql" failed (2: No such file or directory), client: 141.101.76.6, server: www.ceerun.com, request: "GET /wp-options.sql HTTP/2.0", host: "ceerun.com"
2026/08/24 23:35:08 [error] 9850#0: *1273700 open() "/www/data/wwwroot/2025_12_26_01/404.html" failed (2: No such file or directory), client: 141.101.76.6, server: www.ceerun.com, request: "GET /wp-options.sql HTTP/2.0", host: "ceerun.com"
