2026/08/24 23:26:20 [error] 9850#0: *1272538 open() "/www/data/wwwroot/2025_12_26_01/backups/opt_woocommerce_wc_stripe_settings" failed (2: No such file or directory), client: 172.69.109.110, server: www.ceerun.com, request: "GET /backups/opt_woocommerce_wc_stripe_settings HTTP/2.0", host: "ceerun.com"
2026/08/24 23:26:20 [error] 9850#0: *1272538 open() "/www/data/wwwroot/2025_12_26_01/404.html" failed (2: No such file or directory), client: 172.69.109.110, server: www.ceerun.com, request: "GET /backups/opt_woocommerce_wc_stripe_settings HTTP/2.0", host: "ceerun.com"
2026/08/24 23:26:20 [error] 9851#0: *1272669 open() "/www/data/wwwroot/2025_12_26_01/backups/wp2shell_opt_woocommerce_wc_stripe_settings" failed (2: No such file or directory), client: 162.158.94.54, server: www.ceerun.com, request: "GET /backups/wp2shell_opt_woocommerce_wc_stripe_settings HTTP/2.0", host: "ceerun.com"
2026/08/24 23:26:20 [error] 9851#0: *1272669 open() "/www/data/wwwroot/2025_12_26_01/404.html" failed (2: No such file or directory), client: 162.158.94.54, server: www.ceerun.com, request: "GET /backups/wp2shell_opt_woocommerce_wc_stripe_settings HTTP/2.0", host: "ceerun.com"
2026/08/24 23:26:22 [error] 9850#0: *1272538 open() "/www/data/wwwroot/2025_12_26_01/wp-content/opt_woocommerce_wc_stripe_settings" failed (2: No such file or directory), client: 172.69.109.110, server: www.ceerun.com, request: "GET /wp-content/opt_woocommerce_wc_stripe_settings HTTP/2.0", host: "ceerun.com"
2026/08/24 23:26:22 [error] 9850#0: *1272538 open() "/www/data/wwwroot/2025_12_26_01/404.html" failed (2: No such file or directory), client: 172.69.109.110, server: www.ceerun.com, request: "GET /wp-content/opt_woocommerce_wc_stripe_settings HTTP/2.0", host: "ceerun.com"
2026/08/24 23:26:22 [error] 9850#0: *1272538 open() "/www/data/wwwroot/2025_12_26_01/wp-content/wp2shell_opt_woocommerce_wc_stripe_settings" failed (2: No such file or directory), client: 172.69.109.110, server: www.ceerun.com, request: "GET /wp-content/wp2shell_opt_woocommerce_wc_stripe_settings HTTP/2.0", host: "ceerun.com"
2026/08/24 23:26:22 [error] 9850#0: *1272538 open() "/www/data/wwwroot/2025_12_26_01/404.html" failed (2: No such file or directory), client: 172.69.109.110, server: www.ceerun.com, request: "GET /wp-content/wp2shell_opt_woocommerce_wc_stripe_settings HTTP/2.0", host: "ceerun.com"
2026/08/24 23:26:22 [error] 9850#0: *1272538 open() "/www/data/wwwroot/2025_12_26_01/wp-content/uploads/wp2shell_opt_woocommerce_wc_stripe_settings" failed (2: No such file or directory), client: 172.69.109.110, server: www.ceerun.com, request: "GET /wp-content/uploads/wp2shell_opt_woocommerce_wc_stripe_settings HTTP/2.0", host: "ceerun.com"
2026/08/24 23:26:22 [error] 9850#0: *1272538 open() "/www/data/wwwroot/2025_12_26_01/404.html" failed (2: No such file or directory), client: 172.69.109.110, server: www.ceerun.com, request: "GET /wp-content/uploads/wp2shell_opt_woocommerce_wc_stripe_settings HTTP/2.0", host: "ceerun.com"
2026/08/24 23:26:22 [error] 9852#0: *1272668 open() "/www/data/wwwroot/2025_12_26_01/wp2shell_opt_give_stripe_settings" failed (2: No such file or directory), client: 172.69.150.78, server: www.ceerun.com, request: "GET /wp2shell_opt_give_stripe_settings HTTP/2.0", host: "ceerun.com"
2026/08/24 23:26:22 [error] 9852#0: *1272668 open() "/www/data/wwwroot/2025_12_26_01/404.html" failed (2: No such file or directory), client: 172.69.150.78, server: www.ceerun.com, request: "GET /wp2shell_opt_give_stripe_settings HTTP/2.0", host: "ceerun.com"
2026/08/24 23:26:22 [error] 9850#0: *1272538 open() "/www/data/wwwroot/2025_12_26_01/backup/wp2shell_opt_give_stripe_settings" failed (2: No such file or directory), client: 172.69.109.110, server: www.ceerun.com, request: "GET /backup/wp2shell_opt_give_stripe_settings HTTP/2.0", host: "ceerun.com"
2026/08/24 23:26:22 [error] 9850#0: *1272538 open() "/www/data/wwwroot/2025_12_26_01/404.html" failed (2: No such file or directory), client: 172.69.109.110, server: www.ceerun.com, request: "GET /backup/wp2shell_opt_give_stripe_settings HTTP/2.0", host: "ceerun.com"
2026/08/24 23:26:22 [error] 9851#0: *1272669 open() "/www/data/wwwroot/2025_12_26_01/opt_give_stripe_settings" failed (2: No such file or directory), client: 162.158.94.54, server: www.ceerun.com, request: "GET /opt_give_stripe_settings HTTP/2.0", host: "ceerun.com"
2026/08/24 23:26:22 [error] 9851#0: *1272669 open() "/www/data/wwwroot/2025_12_26_01/404.html" failed (2: No such file or directory), client: 162.158.94.54, server: www.ceerun.com, request: "GET /opt_give_stripe_settings HTTP/2.0", host: "ceerun.com"
2026/08/24 23:26:23 [error] 9850#0: *1272688 open() "/www/data/wwwroot/2025_12_26_01/wp-content/uploads/opt_woocommerce_wc_stripe_settings" failed (2: No such file or directory), client: 104.23.172.52, server: www.ceerun.com, request: "GET /wp-content/uploads/opt_woocommerce_wc_stripe_settings HTTP/2.0", host: "ceerun.com"
2026/08/24 23:26:23 [error] 9850#0: *1272688 open() "/www/data/wwwroot/2025_12_26_01/404.html" failed (2: No such file or directory), client: 104.23.172.52, server: www.ceerun.com, request: "GET /wp-content/uploads/opt_woocommerce_wc_stripe_settings HTTP/2.0", host: "ceerun.com"
2026/08/24 23:26:23 [error] 9851#0: *1272689 open() "/www/data/wwwroot/2025_12_26_01/backup/opt_give_stripe_settings" failed (2: No such file or directory), client: 141.101.76.6, server: www.ceerun.com, request: "GET /backup/opt_give_stripe_settings HTTP/2.0", host: "ceerun.com"
2026/08/24 23:26:23 [error] 9851#0: *1272689 open() "/www/data/wwwroot/2025_12_26_01/404.html" failed (2: No such file or directory), client: 141.101.76.6, server: www.ceerun.com, request: "GET /backup/opt_give_stripe_settings HTTP/2.0", host: "ceerun.com"
2026/08/24 23:26:54 [error] 9851#0: *1272689 open() "/www/data/wwwroot/2025_12_26_01/backups/opt_give_stripe_settings" failed (2: No such file or directory), client: 141.101.76.6, server: www.ceerun.com, request: "GET /backups/opt_give_stripe_settings HTTP/2.0", host: "ceerun.com"
2026/08/24 23:26:54 [error] 9851#0: *1272689 open() "/www/data/wwwroot/2025_12_26_01/404.html" failed (2: No such file or directory), client: 141.101.76.6, server: www.ceerun.com, request: "GET /backups/opt_give_stripe_settings HTTP/2.0", host: "ceerun.com"
2026/08/24 23:26:55 [error] 9850#0: *1272688 open() "/www/data/wwwroot/2025_12_26_01/backups/wp2shell_opt_give_stripe_settings" failed (2: No such file or directory), client: 104.23.172.52, server: www.ceerun.com, request: "GET /backups/wp2shell_opt_give_stripe_settings HTTP/2.0", host: "ceerun.com"
2026/08/24 23:26:55 [error] 9850#0: *1272688 open() "/www/data/wwwroot/2025_12_26_01/404.html" failed (2: No such file or directory), client: 104.23.172.52, server: www.ceerun.com, request: "GET /backups/wp2shell_opt_give_stripe_settings HTTP/2.0", host: "ceerun.com"
2026/08/24 23:26:56 [error] 9851#0: *1272689 open() "/www/data/wwwroot/2025_12_26_01/wp-content/wp2shell_opt_give_stripe_settings" failed (2: No such file or directory), client: 141.101.76.6, server: www.ceerun.com, request: "GET /wp-content/wp2shell_opt_give_stripe_settings HTTP/2.0", host: "ceerun.com"
2026/08/24 23:26:56 [error] 9851#0: *1272689 open() "/www/data/wwwroot/2025_12_26_01/404.html" failed (2: No such file or directory), client: 141.101.76.6, server: www.ceerun.com, request: "GET /wp-content/wp2shell_opt_give_stripe_settings HTTP/2.0", host: "ceerun.com"
2026/08/24 23:26:56 [error] 9851#0: *1272665 open() "/www/data/wwwroot/2025_12_26_01/wp-content/uploads/wp2shell_opt_give_stripe_settings" failed (2: No such file or directory), client: 162.158.94.168, server: www.ceerun.com, request: "GET /wp-content/uploads/wp2shell_opt_give_stripe_settings HTTP/2.0", host: "ceerun.com"
2026/08/24 23:26:56 [error] 9851#0: *1272665 open() "/www/data/wwwroot/2025_12_26_01/404.html" failed (2: No such file or directory), client: 162.158.94.168, server: www.ceerun.com, request: "GET /wp-content/uploads/wp2shell_opt_give_stripe_settings HTTP/2.0", host: "ceerun.com"
2026/08/24 23:26:57 [error] 9850#0: *1272688 open() "/www/data/wwwroot/2025_12_26_01/wp-content/opt_give_stripe_settings" failed (2: No such file or directory), client: 104.23.172.52, server: www.ceerun.com, request: "GET /wp-content/opt_give_stripe_settings HTTP/2.0", host: "ceerun.com"
2026/08/24 23:26:57 [error] 9850#0: *1272688 open() "/www/data/wwwroot/2025_12_26_01/404.html" failed (2: No such file or directory), client: 104.23.172.52, server: www.ceerun.com, request: "GET /wp-content/opt_give_stripe_settings HTTP/2.0", host: "ceerun.com"
2026/08/24 23:26:57 [error] 9853#0: *1272757 open() "/www/data/wwwroot/2025_12_26_01/wp-content/uploads/opt_give_stripe_settings" failed (2: No such file or directory), client: 104.23.170.13, server: www.ceerun.com, request: "GET /wp-content/uploads/opt_give_stripe_settings HTTP/2.0", host: "ceerun.com"
2026/08/24 23:26:57 [error] 9853#0: *1272757 open() "/www/data/wwwroot/2025_12_26_01/404.html" failed (2: No such file or directory), client: 104.23.170.13, server: www.ceerun.com, request: "GET /wp-content/uploads/opt_give_stripe_settings HTTP/2.0", host: "ceerun.com"
2026/08/24 23:26:58 [error] 9851#0: *1272665 open() "/www/data/wwwroot/2025_12_26_01/wp-config.bak" failed (2: No such file or directory), client: 162.158.94.168, server: www.ceerun.com, request: "GET /wp-config.bak HTTP/2.0", host: "ceerun.com"
2026/08/24 23:26:58 [error] 9851#0: *1272665 open() "/www/data/wwwroot/2025_12_26_01/404.html" failed (2: No such file or directory), client: 162.158.94.168, server: www.ceerun.com, request: "GET /wp-config.bak HTTP/2.0", host: "ceerun.com"
2026/08/24 23:26:58 [error] 9851#0: *1272665 open() "/www/data/wwwroot/2025_12_26_01/wp2shell_opt_woocommerce_paypal_settings" failed (2: No such file or directory), client: 162.158.94.168, server: www.ceerun.com, request: "GET /wp2shell_opt_woocommerce_paypal_settings HTTP/2.0", host: "ceerun.com"
2026/08/24 23:26:58 [error] 9851#0: *1272665 open() "/www/data/wwwroot/2025_12_26_01/404.html" failed (2: No such file or directory), client: 162.158.94.168, server: www.ceerun.com, request: "GET /wp2shell_opt_woocommerce_paypal_settings HTTP/2.0", host: "ceerun.com"
2026/08/24 23:26:58 [error] 9850#0: *1272532 open() "/www/data/wwwroot/2025_12_26_01/backup/opt_woocommerce_paypal_settings" failed (2: No such file or directory), client: 172.71.103.174, server: www.ceerun.com, request: "GET /backup/opt_woocommerce_paypal_settings HTTP/2.0", host: "ceerun.com"
2026/08/24 23:26:58 [error] 9850#0: *1272532 open() "/www/data/wwwroot/2025_12_26_01/404.html" failed (2: No such file or directory), client: 172.71.103.174, server: www.ceerun.com, request: "GET /backup/opt_woocommerce_paypal_settings HTTP/2.0", host: "ceerun.com"
2026/08/24 23:26:58 [error] 9850#0: *1272538 open() "/www/data/wwwroot/2025_12_26_01/backup/wp2shell_opt_woocommerce_paypal_settings" failed (2: No such file or directory), client: 172.69.109.110, server: www.ceerun.com, request: "GET /backup/wp2shell_opt_woocommerce_paypal_settings HTTP/2.0", host: "ceerun.com"
2026/08/24 23:26:58 [error] 9850#0: *1272538 open() "/www/data/wwwroot/2025_12_26_01/404.html" failed (2: No such file or directory), client: 172.69.109.110, server: www.ceerun.com, request: "GET /backup/wp2shell_opt_woocommerce_paypal_settings HTTP/2.0", host: "ceerun.com"
2026/08/24 23:26:58 [error] 9851#0: *1272689 open() "/www/data/wwwroot/2025_12_26_01/opt_woocommerce_paypal_settings" failed (2: No such file or directory), client: 141.101.76.6, server: www.ceerun.com, request: "GET /opt_woocommerce_paypal_settings HTTP/2.0", host: "ceerun.com"
2026/08/24 23:26:58 [error] 9851#0: *1272689 open() "/www/data/wwwroot/2025_12_26_01/404.html" failed (2: No such file or directory), client: 141.101.76.6, server: www.ceerun.com, request: "GET /opt_woocommerce_paypal_settings HTTP/2.0", host: "ceerun.com"
2026/08/24 23:27:15 [error] 9851#0: *1272665 open() "/www/data/wwwroot/2025_12_26_01/backups/wp2shell_opt_woocommerce_paypal_settings" failed (2: No such file or directory), client: 162.158.94.168, server: www.ceerun.com, request: "GET /backups/wp2shell_opt_woocommerce_paypal_settings HTTP/2.0", host: "ceerun.com"
2026/08/24 23:27:15 [error] 9851#0: *1272665 open() "/www/data/wwwroot/2025_12_26_01/404.html" failed (2: No such file or directory), client: 162.158.94.168, server: www.ceerun.com, request: "GET /backups/wp2shell_opt_woocommerce_paypal_settings HTTP/2.0", host: "ceerun.com"
2026/08/24 23:27:15 [error] 9852#0: *1272668 open() "/www/data/wwwroot/2025_12_26_01/wp-content/opt_woocommerce_paypal_settings" failed (2: No such file or directory), client: 172.69.150.78, server: www.ceerun.com, request: "GET /wp-content/opt_woocommerce_paypal_settings HTTP/2.0", host: "ceerun.com"
2026/08/24 23:27:15 [error] 9852#0: *1272668 open() "/www/data/wwwroot/2025_12_26_01/404.html" failed (2: No such file or directory), client: 172.69.150.78, server: www.ceerun.com, request: "GET /wp-content/opt_woocommerce_paypal_settings HTTP/2.0", host: "ceerun.com"
2026/08/24 23:27:16 [error] 9851#0: *1272665 open() "/www/data/wwwroot/2025_12_26_01/wp-content/wp2shell_opt_woocommerce_paypal_settings" failed (2: No such file or directory), client: 162.158.94.168, server: www.ceerun.com, request: "GET /wp-content/wp2shell_opt_woocommerce_paypal_settings HTTP/2.0", host: "ceerun.com"
2026/08/24 23:27:16 [error] 9851#0: *1272665 open() "/www/data/wwwroot/2025_12_26_01/404.html" failed (2: No such file or directory), client: 162.158.94.168, server: www.ceerun.com, request: "GET /wp-content/wp2shell_opt_woocommerce_paypal_settings HTTP/2.0", host: "ceerun.com"
2026/08/24 23:27:17 [error] 9852#0: *1272668 open() "/www/data/wwwroot/2025_12_26_01/wp-content/uploads/opt_woocommerce_paypal_settings" failed (2: No such file or directory), client: 172.69.150.78, server: www.ceerun.com, request: "GET /wp-content/uploads/opt_woocommerce_paypal_settings HTTP/2.0", host: "ceerun.com"
2026/08/24 23:27:17 [error] 9852#0: *1272668 open() "/www/data/wwwroot/2025_12_26_01/404.html" failed (2: No such file or directory), client: 172.69.150.78, server: www.ceerun.com, request: "GET /wp-content/uploads/opt_woocommerce_paypal_settings HTTP/2.0", host: "ceerun.com"
2026/08/24 23:27:17 [error] 9851#0: *1272665 open() "/www/data/wwwroot/2025_12_26_01/wp-content/uploads/wp2shell_opt_woocommerce_paypal_settings" failed (2: No such file or directory), client: 162.158.94.168, server: www.ceerun.com, request: "GET /wp-content/uploads/wp2shell_opt_woocommerce_paypal_settings HTTP/2.0", host: "ceerun.com"
2026/08/24 23:27:17 [error] 9851#0: *1272665 open() "/www/data/wwwroot/2025_12_26_01/404.html" failed (2: No such file or directory), client: 162.158.94.168, server: www.ceerun.com, request: "GET /wp-content/uploads/wp2shell_opt_woocommerce_paypal_settings HTTP/2.0", host: "ceerun.com"
2026/08/24 23:27:18 [error] 9850#0: *1272538 open() "/www/data/wwwroot/2025_12_26_01/opt_woocommerce_ppec_paypal_settings" failed (2: No such file or directory), client: 172.69.109.110, server: www.ceerun.com, request: "GET /opt_woocommerce_ppec_paypal_settings HTTP/2.0", host: "ceerun.com"
2026/08/24 23:27:18 [error] 9850#0: *1272538 open() "/www/data/wwwroot/2025_12_26_01/404.html" failed (2: No such file or directory), client: 172.69.109.110, server: www.ceerun.com, request: "GET /opt_woocommerce_ppec_paypal_settings HTTP/2.0", host: "ceerun.com"
2026/08/24 23:27:19 [error] 9853#0: *1272796 open() "/www/data/wwwroot/2025_12_26_01/backup/opt_woocommerce_ppec_paypal_settings" failed (2: No such file or directory), client: 172.71.160.178, server: www.ceerun.com, request: "GET /backup/opt_woocommerce_ppec_paypal_settings HTTP/2.0", host: "ceerun.com"
2026/08/24 23:27:19 [error] 9853#0: *1272796 open() "/www/data/wwwroot/2025_12_26_01/404.html" failed (2: No such file or directory), client: 172.71.160.178, server: www.ceerun.com, request: "GET /backup/opt_woocommerce_ppec_paypal_settings HTTP/2.0", host: "ceerun.com"
2026/08/24 23:27:19 [error] 9850#0: *1272797 open() "/www/data/wwwroot/2025_12_26_01/wp2shell_opt_woocommerce_ppec_paypal_settings" failed (2: No such file or directory), client: 104.22.109.12, server: www.ceerun.com, request: "GET /wp2shell_opt_woocommerce_ppec_paypal_settings HTTP/2.0", host: "ceerun.com"
2026/08/24 23:27:19 [error] 9850#0: *1272797 open() "/www/data/wwwroot/2025_12_26_01/404.html" failed (2: No such file or directory), client: 104.22.109.12, server: www.ceerun.com, request: "GET /wp2shell_opt_woocommerce_ppec_paypal_settings HTTP/2.0", host: "ceerun.com"
2026/08/24 23:27:20 [error] 9852#0: *1272668 open() "/www/data/wwwroot/2025_12_26_01/backups/opt_woocommerce_ppec_paypal_settings" failed (2: No such file or directory), client: 172.69.150.78, server: www.ceerun.com, request: "GET /backups/opt_woocommerce_ppec_paypal_settings HTTP/2.0", host: "ceerun.com"
2026/08/24 23:27:20 [error] 9852#0: *1272668 open() "/www/data/wwwroot/2025_12_26_01/404.html" failed (2: No such file or directory), client: 172.69.150.78, server: www.ceerun.com, request: "GET /backups/opt_woocommerce_ppec_paypal_settings HTTP/2.0", host: "ceerun.com"
2026/08/24 23:27:20 [error] 9852#0: *1272800 open() "/www/data/wwwroot/2025_12_26_01/backup/wp2shell_opt_woocommerce_ppec_paypal_settings" failed (2: No such file or directory), client: 104.23.239.12, server: www.ceerun.com, request: "GET /backup/wp2shell_opt_woocommerce_ppec_paypal_settings HTTP/2.0", host: "ceerun.com"
2026/08/24 23:27:20 [error] 9852#0: *1272800 open() "/www/data/wwwroot/2025_12_26_01/404.html" failed (2: No such file or directory), client: 104.23.239.12, server: www.ceerun.com, request: "GET /backup/wp2shell_opt_woocommerce_ppec_paypal_settings HTTP/2.0", host: "ceerun.com"
2026/08/24 23:27:21 [error] 9851#0: *1272665 open() "/www/data/wwwroot/2025_12_26_01/wp-content/opt_woocommerce_ppec_paypal_settings" failed (2: No such file or directory), client: 162.158.94.168, server: www.ceerun.com, request: "GET /wp-content/opt_woocommerce_ppec_paypal_settings HTTP/2.0", host: "ceerun.com"
2026/08/24 23:27:21 [error] 9851#0: *1272665 open() "/www/data/wwwroot/2025_12_26_01/404.html" failed (2: No such file or directory), client: 162.158.94.168, server: www.ceerun.com, request: "GET /wp-content/opt_woocommerce_ppec_paypal_settings HTTP/2.0", host: "ceerun.com"
2026/08/24 23:27:21 [error] 9851#0: *1272801 open() "/www/data/wwwroot/2025_12_26_01/backups/wp2shell_opt_woocommerce_ppec_paypal_settings" failed (2: No such file or directory), client: 172.71.98.85, server: www.ceerun.com, request: "GET /backups/wp2shell_opt_woocommerce_ppec_paypal_settings HTTP/2.0", host: "ceerun.com"
2026/08/24 23:27:21 [error] 9851#0: *1272801 open() "/www/data/wwwroot/2025_12_26_01/404.html" failed (2: No such file or directory), client: 172.71.98.85, server: www.ceerun.com, request: "GET /backups/wp2shell_opt_woocommerce_ppec_paypal_settings HTTP/2.0", host: "ceerun.com"
2026/08/24 23:27:21 [error] 9851#0: *1272802 open() "/www/data/wwwroot/2025_12_26_01/wp-content/wp2shell_opt_woocommerce_ppec_paypal_settings" failed (2: No such file or directory), client: 172.71.98.84, server: www.ceerun.com, request: "GET /wp-content/wp2shell_opt_woocommerce_ppec_paypal_settings HTTP/2.0", host: "ceerun.com"
2026/08/24 23:27:21 [error] 9851#0: *1272802 open() "/www/data/wwwroot/2025_12_26_01/404.html" failed (2: No such file or directory), client: 172.71.98.84, server: www.ceerun.com, request: "GET /wp-content/wp2shell_opt_woocommerce_ppec_paypal_settings HTTP/2.0", host: "ceerun.com"
2026/08/24 23:27:40 [error] 9853#0: *1272796 open() "/www/data/wwwroot/2025_12_26_01/backup/wp2shell_opt_woocommerce_ppcp-gateway_settings" failed (2: No such file or directory), client: 172.71.160.178, server: www.ceerun.com, request: "GET /backup/wp2shell_opt_woocommerce_ppcp-gateway_settings HTTP/2.0", host: "ceerun.com"
2026/08/24 23:27:40 [error] 9853#0: *1272796 open() "/www/data/wwwroot/2025_12_26_01/404.html" failed (2: No such file or directory), client: 172.71.160.178, server: www.ceerun.com, request: "GET /backup/wp2shell_opt_woocommerce_ppcp-gateway_settings HTTP/2.0", host: "ceerun.com"
2026/08/24 23:27:41 [error] 9851#0: *1272801 open() "/www/data/wwwroot/2025_12_26_01/wp-content/uploads/opt_woocommerce_ppec_paypal_settings" failed (2: No such file or directory), client: 172.71.98.85, server: www.ceerun.com, request: "GET /wp-content/uploads/opt_woocommerce_ppec_paypal_settings HTTP/2.0", host: "ceerun.com"
2026/08/24 23:27:41 [error] 9851#0: *1272801 open() "/www/data/wwwroot/2025_12_26_01/404.html" failed (2: No such file or directory), client: 172.71.98.85, server: www.ceerun.com, request: "GET /wp-content/uploads/opt_woocommerce_ppec_paypal_settings HTTP/2.0", host: "ceerun.com"
2026/08/24 23:27:42 [error] 9850#0: *1272834 open() "/www/data/wwwroot/2025_12_26_01/wp-content/uploads/wp2shell_opt_woocommerce_ppec_paypal_settings" failed (2: No such file or directory), client: 162.159.113.37, server: www.ceerun.com, request: "GET /wp-content/uploads/wp2shell_opt_woocommerce_ppec_paypal_settings HTTP/2.0", host: "ceerun.com"
2026/08/24 23:27:42 [error] 9850#0: *1272834 open() "/www/data/wwwroot/2025_12_26_01/404.html" failed (2: No such file or directory), client: 162.159.113.37, server: www.ceerun.com, request: "GET /wp-content/uploads/wp2shell_opt_woocommerce_ppec_paypal_settings HTTP/2.0", host: "ceerun.com"
2026/08/24 23:27:43 [error] 9853#0: *1272796 open() "/www/data/wwwroot/2025_12_26_01/opt_woocommerce_ppcp-gateway_settings" failed (2: No such file or directory), client: 172.71.160.178, server: www.ceerun.com, request: "GET /opt_woocommerce_ppcp-gateway_settings HTTP/2.0", host: "ceerun.com"
2026/08/24 23:27:43 [error] 9853#0: *1272796 open() "/www/data/wwwroot/2025_12_26_01/404.html" failed (2: No such file or directory), client: 172.71.160.178, server: www.ceerun.com, request: "GET /opt_woocommerce_ppcp-gateway_settings HTTP/2.0", host: "ceerun.com"
2026/08/24 23:27:43 [error] 9851#0: *1272802 open() "/www/data/wwwroot/2025_12_26_01/wp2shell_opt_woocommerce_ppcp-gateway_settings" failed (2: No such file or directory), client: 172.71.98.84, server: www.ceerun.com, request: "GET /wp2shell_opt_woocommerce_ppcp-gateway_settings HTTP/2.0", host: "ceerun.com"
2026/08/24 23:27:43 [error] 9851#0: *1272802 open() "/www/data/wwwroot/2025_12_26_01/404.html" failed (2: No such file or directory), client: 172.71.98.84, server: www.ceerun.com, request: "GET /wp2shell_opt_woocommerce_ppcp-gateway_settings HTTP/2.0", host: "ceerun.com"
2026/08/24 23:27:45 [error] 9850#0: *1272538 open() "/www/data/wwwroot/2025_12_26_01/backups/opt_woocommerce_ppcp-gateway_settings" failed (2: No such file or directory), client: 172.69.109.110, server: www.ceerun.com, request: "GET /backups/opt_woocommerce_ppcp-gateway_settings HTTP/2.0", host: "ceerun.com"
2026/08/24 23:27:45 [error] 9850#0: *1272538 open() "/www/data/wwwroot/2025_12_26_01/404.html" failed (2: No such file or directory), client: 172.69.109.110, server: www.ceerun.com, request: "GET /backups/opt_woocommerce_ppcp-gateway_settings HTTP/2.0", host: "ceerun.com"
2026/08/24 23:27:45 [error] 9850#0: *1272538 open() "/www/data/wwwroot/2025_12_26_01/wp-content/opt_woocommerce_ppcp-gateway_settings" failed (2: No such file or directory), client: 172.69.109.110, server: www.ceerun.com, request: "GET /wp-content/opt_woocommerce_ppcp-gateway_settings HTTP/2.0", host: "ceerun.com"
2026/08/24 23:27:45 [error] 9850#0: *1272538 open() "/www/data/wwwroot/2025_12_26_01/404.html" failed (2: No such file or directory), client: 172.69.109.110, server: www.ceerun.com, request: "GET /wp-content/opt_woocommerce_ppcp-gateway_settings HTTP/2.0", host: "ceerun.com"
2026/08/24 23:27:46 [error] 9852#0: *1272839 open() "/www/data/wwwroot/2025_12_26_01/backups/wp2shell_opt_woocommerce_ppcp-gateway_settings" failed (2: No such file or directory), client: 172.71.182.165, server: www.ceerun.com, request: "GET /backups/wp2shell_opt_woocommerce_ppcp-gateway_settings HTTP/2.0", host: "ceerun.com"
2026/08/24 23:27:46 [error] 9852#0: *1272839 open() "/www/data/wwwroot/2025_12_26_01/404.html" failed (2: No such file or directory), client: 172.71.182.165, server: www.ceerun.com, request: "GET /backups/wp2shell_opt_woocommerce_ppcp-gateway_settings HTTP/2.0", host: "ceerun.com"
2026/08/24 23:27:46 [error] 9850#0: *1272688 open() "/www/data/wwwroot/2025_12_26_01/wp-content/wp2shell_opt_woocommerce_ppcp-gateway_settings" failed (2: No such file or directory), client: 104.23.172.52, server: www.ceerun.com, request: "GET /wp-content/wp2shell_opt_woocommerce_ppcp-gateway_settings HTTP/2.0", host: "ceerun.com"
2026/08/24 23:27:46 [error] 9850#0: *1272688 open() "/www/data/wwwroot/2025_12_26_01/404.html" failed (2: No such file or directory), client: 104.23.172.52, server: www.ceerun.com, request: "GET /wp-content/wp2shell_opt_woocommerce_ppcp-gateway_settings HTTP/2.0", host: "ceerun.com"
2026/08/24 23:27:46 [error] 9853#0: *1272796 open() "/www/data/wwwroot/2025_12_26_01/wp-content/uploads/opt_woocommerce_ppcp-gateway_settings" failed (2: No such file or directory), client: 172.71.160.178, server: www.ceerun.com, request: "GET /wp-content/uploads/opt_woocommerce_ppcp-gateway_settings HTTP/2.0", host: "ceerun.com"
2026/08/24 23:27:46 [error] 9853#0: *1272796 open() "/www/data/wwwroot/2025_12_26_01/404.html" failed (2: No such file or directory), client: 172.71.160.178, server: www.ceerun.com, request: "GET /wp-content/uploads/opt_woocommerce_ppcp-gateway_settings HTTP/2.0", host: "ceerun.com"
2026/08/24 23:27:48 [error] 9850#0: *1272688 open() "/www/data/wwwroot/2025_12_26_01/wp-content/uploads/wp2shell_opt_woocommerce_ppcp-gateway_settings" failed (2: No such file or directory), client: 104.23.172.52, server: www.ceerun.com, request: "GET /wp-content/uploads/wp2shell_opt_woocommerce_ppcp-gateway_settings HTTP/2.0", host: "ceerun.com"
2026/08/24 23:27:48 [error] 9850#0: *1272688 open() "/www/data/wwwroot/2025_12_26_01/404.html" failed (2: No such file or directory), client: 104.23.172.52, server: www.ceerun.com, request: "GET /wp-content/uploads/wp2shell_opt_woocommerce_ppcp-gateway_settings HTTP/2.0", host: "ceerun.com"
2026/08/24 23:27:48 [error] 9850#0: *1272538 open() "/www/data/wwwroot/2025_12_26_01/opt_woocommerce_ppcp_settings" failed (2: No such file or directory), client: 172.69.109.110, server: www.ceerun.com, request: "GET /opt_woocommerce_ppcp_settings HTTP/2.0", host: "ceerun.com"
2026/08/24 23:27:48 [error] 9850#0: *1272538 open() "/www/data/wwwroot/2025_12_26_01/404.html" failed (2: No such file or directory), client: 172.69.109.110, server: www.ceerun.com, request: "GET /opt_woocommerce_ppcp_settings HTTP/2.0", host: "ceerun.com"
2026/08/24 23:27:49 [error] 9853#0: *1272844 open() "/www/data/wwwroot/2025_12_26_01/wp2shell_opt_woocommerce_ppcp_settings" failed (2: No such file or directory), client: 172.70.240.200, server: www.ceerun.com, request: "GET /wp2shell_opt_woocommerce_ppcp_settings HTTP/2.0", host: "ceerun.com"
2026/08/24 23:27:49 [error] 9853#0: *1272844 open() "/www/data/wwwroot/2025_12_26_01/404.html" failed (2: No such file or directory), client: 172.70.240.200, server: www.ceerun.com, request: "GET /wp2shell_opt_woocommerce_ppcp_settings HTTP/2.0", host: "ceerun.com"
2026/08/24 23:27:50 [error] 9850#0: *1272688 open() "/www/data/wwwroot/2025_12_26_01/backup/opt_woocommerce_ppcp_settings" failed (2: No such file or directory), client: 104.23.172.52, server: www.ceerun.com, request: "GET /backup/opt_woocommerce_ppcp_settings HTTP/2.0", host: "ceerun.com"
2026/08/24 23:27:50 [error] 9850#0: *1272688 open() "/www/data/wwwroot/2025_12_26_01/404.html" failed (2: No such file or directory), client: 104.23.172.52, server: www.ceerun.com, request: "GET /backup/opt_woocommerce_ppcp_settings HTTP/2.0", host: "ceerun.com"
2026/08/24 23:27:50 [error] 9852#0: *1272839 open() "/www/data/wwwroot/2025_12_26_01/backup/wp2shell_opt_woocommerce_ppcp_settings" failed (2: No such file or directory), client: 172.71.182.165, server: www.ceerun.com, request: "GET /backup/wp2shell_opt_woocommerce_ppcp_settings HTTP/2.0", host: "ceerun.com"
2026/08/24 23:27:50 [error] 9852#0: *1272839 open() "/www/data/wwwroot/2025_12_26_01/404.html" failed (2: No such file or directory), client: 172.71.182.165, server: www.ceerun.com, request: "GET /backup/wp2shell_opt_woocommerce_ppcp_settings HTTP/2.0", host: "ceerun.com"
2026/08/24 23:27:57 [error] 9853#0: *1272796 open() "/www/data/wwwroot/2025_12_26_01/wp-content/wp2shell_opt_woocommerce_ppcp_settings" failed (2: No such file or directory), client: 172.71.160.178, server: www.ceerun.com, request: "GET /wp-content/wp2shell_opt_woocommerce_ppcp_settings HTTP/2.0", host: "ceerun.com"
2026/08/24 23:27:57 [error] 9853#0: *1272796 open() "/www/data/wwwroot/2025_12_26_01/404.html" failed (2: No such file or directory), client: 172.71.160.178, server: www.ceerun.com, request: "GET /wp-content/wp2shell_opt_woocommerce_ppcp_settings HTTP/2.0", host: "ceerun.com"
2026/08/24 23:27:57 [error] 9853#0: *1272859 open() "/www/data/wwwroot/2025_12_26_01/wp-content/opt_woocommerce_ppcp_settings" failed (2: No such file or directory), client: 172.71.172.81, server: www.ceerun.com, request: "GET /wp-content/opt_woocommerce_ppcp_settings HTTP/2.0", host: "ceerun.com"
2026/08/24 23:27:57 [error] 9853#0: *1272859 open() "/www/data/wwwroot/2025_12_26_01/404.html" failed (2: No such file or directory), client: 172.71.172.81, server: www.ceerun.com, request: "GET /wp-content/opt_woocommerce_ppcp_settings HTTP/2.0", host: "ceerun.com"
2026/08/24 23:27:58 [error] 9850#0: *1272688 open() "/www/data/wwwroot/2025_12_26_01/wp-content/uploads/opt_woocommerce_ppcp_settings" failed (2: No such file or directory), client: 104.23.172.52, server: www.ceerun.com, request: "GET /wp-content/uploads/opt_woocommerce_ppcp_settings HTTP/2.0", host: "ceerun.com"
2026/08/24 23:27:58 [error] 9850#0: *1272688 open() "/www/data/wwwroot/2025_12_26_01/404.html" failed (2: No such file or directory), client: 104.23.172.52, server: www.ceerun.com, request: "GET /wp-content/uploads/opt_woocommerce_ppcp_settings HTTP/2.0", host: "ceerun.com"
2026/08/24 23:27:58 [error] 9850#0: *1272688 open() "/www/data/wwwroot/2025_12_26_01/backups/opt_woocommerce_ppcp_settings" failed (2: No such file or directory), client: 104.23.172.52, server: www.ceerun.com, request: "GET /backups/opt_woocommerce_ppcp_settings HTTP/2.0", host: "ceerun.com"
2026/08/24 23:27:58 [error] 9850#0: *1272688 open() "/www/data/wwwroot/2025_12_26_01/404.html" failed (2: No such file or directory), client: 104.23.172.52, server: www.ceerun.com, request: "GET /backups/opt_woocommerce_ppcp_settings HTTP/2.0", host: "ceerun.com"
2026/08/24 23:28:03 [error] 9852#0: *1272839 open() "/www/data/wwwroot/2025_12_26_01/wp-content/uploads/wp2shell_opt_woocommerce_ppcp_settings" failed (2: No such file or directory), client: 172.71.182.165, server: www.ceerun.com, request: "GET /wp-content/uploads/wp2shell_opt_woocommerce_ppcp_settings HTTP/2.0", host: "ceerun.com"
2026/08/24 23:28:03 [error] 9852#0: *1272839 open() "/www/data/wwwroot/2025_12_26_01/404.html" failed (2: No such file or directory), client: 172.71.182.165, server: www.ceerun.com, request: "GET /wp-content/uploads/wp2shell_opt_woocommerce_ppcp_settings HTTP/2.0", host: "ceerun.com"
2026/08/24 23:28:04 [error] 9850#0: *1272538 open() "/www/data/wwwroot/2025_12_26_01/backups/wp2shell_opt_woocommerce_ppcp_settings" failed (2: No such file or directory), client: 172.69.109.110, server: www.ceerun.com, request: "GET /backups/wp2shell_opt_woocommerce_ppcp_settings HTTP/2.0", host: "ceerun.com"
2026/08/24 23:28:04 [error] 9850#0: *1272538 open() "/www/data/wwwroot/2025_12_26_01/404.html" failed (2: No such file or directory), client: 172.69.109.110, server: www.ceerun.com, request: "GET /backups/wp2shell_opt_woocommerce_ppcp_settings HTTP/2.0", host: "ceerun.com"
2026/08/24 23:28:07 [error] 9853#0: *1272859 open() "/www/data/wwwroot/2025_12_26_01/backup/opt_woocommerce_ppcp_paypal_settings" failed (2: No such file or directory), client: 172.71.172.81, server: www.ceerun.com, request: "GET /backup/opt_woocommerce_ppcp_paypal_settings HTTP/2.0", host: "ceerun.com"
2026/08/24 23:28:07 [error] 9853#0: *1272859 open() "/www/data/wwwroot/2025_12_26_01/404.html" failed (2: No such file or directory), client: 172.71.172.81, server: www.ceerun.com, request: "GET /backup/opt_woocommerce_ppcp_paypal_settings HTTP/2.0", host: "ceerun.com"
2026/08/24 23:28:07 [error] 9853#0: *1272844 open() "/www/data/wwwroot/2025_12_26_01/backup/wp2shell_opt_woocommerce_ppcp_paypal_settings" failed (2: No such file or directory), client: 172.70.240.200, server: www.ceerun.com, request: "GET /backup/wp2shell_opt_woocommerce_ppcp_paypal_settings HTTP/2.0", host: "ceerun.com"
2026/08/24 23:28:07 [error] 9853#0: *1272844 open() "/www/data/wwwroot/2025_12_26_01/404.html" failed (2: No such file or directory), client: 172.70.240.200, server: www.ceerun.com, request: "GET /backup/wp2shell_opt_woocommerce_ppcp_paypal_settings HTTP/2.0", host: "ceerun.com"
2026/08/24 23:28:07 [error] 9850#0: *1272688 open() "/www/data/wwwroot/2025_12_26_01/backups/opt_woocommerce_ppcp_paypal_settings" failed (2: No such file or directory), client: 104.23.172.52, server: www.ceerun.com, request: "GET /backups/opt_woocommerce_ppcp_paypal_settings HTTP/2.0", host: "ceerun.com"
2026/08/24 23:28:07 [error] 9850#0: *1272688 open() "/www/data/wwwroot/2025_12_26_01/404.html" failed (2: No such file or directory), client: 104.23.172.52, server: www.ceerun.com, request: "GET /backups/opt_woocommerce_ppcp_paypal_settings HTTP/2.0", host: "ceerun.com"
2026/08/24 23:28:23 [error] 9853#0: *1272844 open() "/www/data/wwwroot/2025_12_26_01/opt_woocommerce_payments_settings" failed (2: No such file or directory), client: 172.70.240.200, server: www.ceerun.com, request: "GET /opt_woocommerce_payments_settings HTTP/2.0", host: "ceerun.com"
2026/08/24 23:28:23 [error] 9853#0: *1272844 open() "/www/data/wwwroot/2025_12_26_01/404.html" failed (2: No such file or directory), client: 172.70.240.200, server: www.ceerun.com, request: "GET /opt_woocommerce_payments_settings HTTP/2.0", host: "ceerun.com"
2026/08/24 23:28:23 [error] 9853#0: *1272796 open() "/www/data/wwwroot/2025_12_26_01/wp-content/uploads/wp2shell_opt_woocommerce_ppcp_paypal_settings" failed (2: No such file or directory), client: 172.71.160.178, server: www.ceerun.com, request: "GET /wp-content/uploads/wp2shell_opt_woocommerce_ppcp_paypal_settings HTTP/2.0", host: "ceerun.com"
2026/08/24 23:28:23 [error] 9853#0: *1272796 open() "/www/data/wwwroot/2025_12_26_01/404.html" failed (2: No such file or directory), client: 172.71.160.178, server: www.ceerun.com, request: "GET /wp-content/uploads/wp2shell_opt_woocommerce_ppcp_paypal_settings HTTP/2.0", host: "ceerun.com"
2026/08/24 23:28:23 [error] 9852#0: *1272839 open() "/www/data/wwwroot/2025_12_26_01/wp-content/wp2shell_opt_woocommerce_ppcp_paypal_settings" failed (2: No such file or directory), client: 172.71.182.165, server: www.ceerun.com, request: "GET /wp-content/wp2shell_opt_woocommerce_ppcp_paypal_settings HTTP/2.0", host: "ceerun.com"
2026/08/24 23:28:23 [error] 9852#0: *1272839 open() "/www/data/wwwroot/2025_12_26_01/404.html" failed (2: No such file or directory), client: 172.71.182.165, server: www.ceerun.com, request: "GET /wp-content/wp2shell_opt_woocommerce_ppcp_paypal_settings HTTP/2.0", host: "ceerun.com"
2026/08/24 23:28:24 [error] 9850#0: *1272688 open() "/www/data/wwwroot/2025_12_26_01/backups/wp2shell_opt_woocommerce_ppcp_paypal_settings" failed (2: No such file or directory), client: 104.23.172.52, server: www.ceerun.com, request: "GET /backups/wp2shell_opt_woocommerce_ppcp_paypal_settings HTTP/2.0", host: "ceerun.com"
2026/08/24 23:28:24 [error] 9850#0: *1272688 open() "/www/data/wwwroot/2025_12_26_01/404.html" failed (2: No such file or directory), client: 104.23.172.52, server: www.ceerun.com, request: "GET /backups/wp2shell_opt_woocommerce_ppcp_paypal_settings HTTP/2.0", host: "ceerun.com"
2026/08/24 23:28:25 [error] 9853#0: *1272859 open() "/www/data/wwwroot/2025_12_26_01/wp-content/opt_woocommerce_ppcp_paypal_settings" failed (2: No such file or directory), client: 172.71.172.81, server: www.ceerun.com, request: "GET /wp-content/opt_woocommerce_ppcp_paypal_settings HTTP/2.0", host: "ceerun.com"
2026/08/24 23:28:25 [error] 9853#0: *1272859 open() "/www/data/wwwroot/2025_12_26_01/404.html" failed (2: No such file or directory), client: 172.71.172.81, server: www.ceerun.com, request: "GET /wp-content/opt_woocommerce_ppcp_paypal_settings HTTP/2.0", host: "ceerun.com"
2026/08/24 23:28:25 [error] 9853#0: *1272844 open() "/www/data/wwwroot/2025_12_26_01/backup/opt_woocommerce_payments_settings" failed (2: No such file or directory), client: 172.70.240.200, server: www.ceerun.com, request: "GET /backup/opt_woocommerce_payments_settings HTTP/2.0", host: "ceerun.com"
2026/08/24 23:28:25 [error] 9853#0: *1272844 open() "/www/data/wwwroot/2025_12_26_01/404.html" failed (2: No such file or directory), client: 172.70.240.200, server: www.ceerun.com, request: "GET /backup/opt_woocommerce_payments_settings HTTP/2.0", host: "ceerun.com"
2026/08/24 23:28:26 [error] 9853#0: *1272796 open() "/www/data/wwwroot/2025_12_26_01/backup/wp2shell_opt_woocommerce_payments_settings" failed (2: No such file or directory), client: 172.71.160.178, server: www.ceerun.com, request: "GET /backup/wp2shell_opt_woocommerce_payments_settings HTTP/2.0", host: "ceerun.com"
2026/08/24 23:28:26 [error] 9853#0: *1272796 open() "/www/data/wwwroot/2025_12_26_01/404.html" failed (2: No such file or directory), client: 172.71.160.178, server: www.ceerun.com, request: "GET /backup/wp2shell_opt_woocommerce_payments_settings HTTP/2.0", host: "ceerun.com"
2026/08/24 23:28:26 [error] 9850#0: *1272538 open() "/www/data/wwwroot/2025_12_26_01/wp-content/uploads/opt_woocommerce_ppcp_paypal_settings" failed (2: No such file or directory), client: 172.69.109.110, server: www.ceerun.com, request: "GET /wp-content/uploads/opt_woocommerce_ppcp_paypal_settings HTTP/2.0", host: "ceerun.com"
2026/08/24 23:28:26 [error] 9850#0: *1272538 open() "/www/data/wwwroot/2025_12_26_01/404.html" failed (2: No such file or directory), client: 172.69.109.110, server: www.ceerun.com, request: "GET /wp-content/uploads/opt_woocommerce_ppcp_paypal_settings HTTP/2.0", host: "ceerun.com"
2026/08/24 23:28:26 [error] 9852#0: *1272839 open() "/www/data/wwwroot/2025_12_26_01/wp2shell_opt_woocommerce_payments_settings" failed (2: No such file or directory), client: 172.71.182.165, server: www.ceerun.com, request: "GET /wp2shell_opt_woocommerce_payments_settings HTTP/2.0", host: "ceerun.com"
2026/08/24 23:28:26 [error] 9852#0: *1272839 open() "/www/data/wwwroot/2025_12_26_01/404.html" failed (2: No such file or directory), client: 172.71.182.165, server: www.ceerun.com, request: "GET /wp2shell_opt_woocommerce_payments_settings HTTP/2.0", host: "ceerun.com"
2026/08/24 23:28:29 [error] 9853#0: *1272796 open() "/www/data/wwwroot/2025_12_26_01/backups/opt_woocommerce_payments_settings" failed (2: No such file or directory), client: 172.71.160.178, server: www.ceerun.com, request: "GET /backups/opt_woocommerce_payments_settings HTTP/2.0", host: "ceerun.com"
2026/08/24 23:28:29 [error] 9853#0: *1272796 open() "/www/data/wwwroot/2025_12_26_01/404.html" failed (2: No such file or directory), client: 172.71.160.178, server: www.ceerun.com, request: "GET /backups/opt_woocommerce_payments_settings HTTP/2.0", host: "ceerun.com"
2026/08/24 23:28:30 [error] 9853#0: *1272859 open() "/www/data/wwwroot/2025_12_26_01/backups/wp2shell_opt_woocommerce_payments_settings" failed (2: No such file or directory), client: 172.71.172.81, server: www.ceerun.com, request: "GET /backups/wp2shell_opt_woocommerce_payments_settings HTTP/2.0", host: "ceerun.com"
2026/08/24 23:28:30 [error] 9853#0: *1272859 open() "/www/data/wwwroot/2025_12_26_01/404.html" failed (2: No such file or directory), client: 172.71.172.81, server: www.ceerun.com, request: "GET /backups/wp2shell_opt_woocommerce_payments_settings HTTP/2.0", host: "ceerun.com"
2026/08/24 23:28:31 [error] 9853#0: *1272859 open() "/www/data/wwwroot/2025_12_26_01/wp-content/opt_woocommerce_payments_settings" failed (2: No such file or directory), client: 172.71.172.81, server: www.ceerun.com, request: "GET /wp-content/opt_woocommerce_payments_settings HTTP/2.0", host: "ceerun.com"
2026/08/24 23:28:31 [error] 9853#0: *1272859 open() "/www/data/wwwroot/2025_12_26_01/404.html" failed (2: No such file or directory), client: 172.71.172.81, server: www.ceerun.com, request: "GET /wp-content/opt_woocommerce_payments_settings HTTP/2.0", host: "ceerun.com"
2026/08/24 23:28:37 [error] 9853#0: *1272859 open() "/www/data/wwwroot/2025_12_26_01/wp-content/uploads/opt_woocommerce_payments_settings" failed (2: No such file or directory), client: 172.71.172.81, server: www.ceerun.com, request: "GET /wp-content/uploads/opt_woocommerce_payments_settings HTTP/2.0", host: "ceerun.com"
2026/08/24 23:28:37 [error] 9853#0: *1272859 open() "/www/data/wwwroot/2025_12_26_01/404.html" failed (2: No such file or directory), client: 172.71.172.81, server: www.ceerun.com, request: "GET /wp-content/uploads/opt_woocommerce_payments_settings HTTP/2.0", host: "ceerun.com"
2026/08/24 23:28:40 [error] 9850#0: *1272538 "/www/data/wwwroot/2025_12_26_01/wp-content/ai1wm-backups/index.php" is not found (2: No such file or directory), client: 172.69.109.110, server: www.ceerun.com, request: "GET /wp-content/ai1wm-backups/ HTTP/2.0", host: "ceerun.com"
2026/08/24 23:28:40 [error] 9850#0: *1272538 open() "/www/data/wwwroot/2025_12_26_01/404.html" failed (2: No such file or directory), client: 172.69.109.110, server: www.ceerun.com, request: "GET /wp-content/ai1wm-backups/ HTTP/2.0", host: "ceerun.com"
2026/08/24 23:28:40 [error] 9853#0: *1272928 "/www/data/wwwroot/2025_12_26_01/wp-content/updraft/index.php" is not found (2: No such file or directory), client: 172.71.144.74, server: www.ceerun.com, request: "GET /wp-content/updraft/ HTTP/2.0", host: "ceerun.com"
2026/08/24 23:28:40 [error] 9853#0: *1272928 open() "/www/data/wwwroot/2025_12_26_01/404.html" failed (2: No such file or directory), client: 172.71.144.74, server: www.ceerun.com, request: "GET /wp-content/updraft/ HTTP/2.0", host: "ceerun.com"
2026/08/24 23:28:46 [error] 9853#0: *1272859 open() "/www/data/wwwroot/2025_12_26_01/wp-content/uploads/wp2shell_opt_woocommerce_payments_settings" failed (2: No such file or directory), client: 172.71.172.81, server: www.ceerun.com, request: "GET /wp-content/uploads/wp2shell_opt_woocommerce_payments_settings HTTP/2.0", host: "ceerun.com"
2026/08/24 23:28:46 [error] 9853#0: *1272859 open() "/www/data/wwwroot/2025_12_26_01/404.html" failed (2: No such file or directory), client: 172.71.172.81, server: www.ceerun.com, request: "GET /wp-content/uploads/wp2shell_opt_woocommerce_payments_settings HTTP/2.0", host: "ceerun.com"
2026/08/24 23:28:46 [error] 9853#0: *1272796 "/www/data/wwwroot/2025_12_26_01/wp-content/backups-dup-lite/index.php" is not found (2: No such file or directory), client: 172.71.160.178, server: www.ceerun.com, request: "GET /wp-content/backups-dup-lite/ HTTP/2.0", host: "ceerun.com"
2026/08/24 23:28:46 [error] 9853#0: *1272796 open() "/www/data/wwwroot/2025_12_26_01/404.html" failed (2: No such file or directory), client: 172.71.160.178, server: www.ceerun.com, request: "GET /wp-content/backups-dup-lite/ HTTP/2.0", host: "ceerun.com"
2026/08/24 23:28:46 [error] 9853#0: *1272859 "/www/data/wwwroot/2025_12_26_01/wp-content/plugins/all-in-one-wp-migration/storage/index.php" is not found (2: No such file or directory), client: 172.71.172.81, server: www.ceerun.com, request: "GET /wp-content/plugins/all-in-one-wp-migration/storage/ HTTP/2.0", host: "ceerun.com"
2026/08/24 23:28:46 [error] 9853#0: *1272859 open() "/www/data/wwwroot/2025_12_26_01/404.html" failed (2: No such file or directory), client: 172.71.172.81, server: www.ceerun.com, request: "GET /wp-content/plugins/all-in-one-wp-migration/storage/ HTTP/2.0", host: "ceerun.com"
2026/08/24 23:28:48 [error] 9852#0: *1272839 "/www/data/wwwroot/2025_12_26_01/wp-content/uploads/wc-logs/index.php" is not found (2: No such file or directory), client: 172.71.182.165, server: www.ceerun.com, request: "GET /wp-content/uploads/wc-logs/ HTTP/2.0", host: "ceerun.com"
2026/08/24 23:28:48 [error] 9852#0: *1272839 open() "/www/data/wwwroot/2025_12_26_01/404.html" failed (2: No such file or directory), client: 172.71.182.165, server: www.ceerun.com, request: "GET /wp-content/uploads/wc-logs/ HTTP/2.0", host: "ceerun.com"
2026/08/24 23:28:56 [error] 9850#0: *1272956 open() "/www/data/wwwroot/2025_12_26_01/404.html" failed (2: No such file or directory), client: 104.22.45.124, server: www.ceerun.com, request: "POST /xmlrpc.php HTTP/2.0", host: "ceerun.com"
2026/08/24 23:29:00 [error] 9852#0: *1272839 open() "/www/data/wwwroot/2025_12_26_01/wp-json/wc-admin/options" failed (2: No such file or directory), client: 172.71.182.165, server: www.ceerun.com, request: "GET /wp-json/wc-admin/options?options=woocommerce_stripe_cc_settings HTTP/2.0", host: "ceerun.com"
2026/08/24 23:29:00 [error] 9852#0: *1272839 open() "/www/data/wwwroot/2025_12_26_01/404.html" failed (2: No such file or directory), client: 172.71.182.165, server: www.ceerun.com, request: "GET /wp-json/wc-admin/options?options=woocommerce_stripe_cc_settings HTTP/2.0", host: "ceerun.com"
2026/08/24 23:29:00 [error] 9853#0: *1272859 open() "/www/data/wwwroot/2025_12_26_01/wp-json/wc-admin/options" failed (2: No such file or directory), client: 172.71.172.81, server: www.ceerun.com, request: "GET /wp-json/wc-admin/options?options=woocommerce_stripe_api_settings HTTP/2.0", host: "ceerun.com"
2026/08/24 23:29:00 [error] 9853#0: *1272859 open() "/www/data/wwwroot/2025_12_26_01/404.html" failed (2: No such file or directory), client: 172.71.172.81, server: www.ceerun.com, request: "GET /wp-json/wc-admin/options?options=woocommerce_stripe_api_settings HTTP/2.0", host: "ceerun.com"
2026/08/24 23:29:00 [error] 9853#0: *1272796 open() "/www/data/wwwroot/2025_12_26_01/wp-json/wc-admin/options" failed (2: No such file or directory), client: 172.71.160.178, server: www.ceerun.com, request: "GET /wp-json/wc-admin/options?options=woocommerce_ppcp-gateway_settings HTTP/2.0", host: "ceerun.com"
2026/08/24 23:29:00 [error] 9853#0: *1272796 open() "/www/data/wwwroot/2025_12_26_01/404.html" failed (2: No such file or directory), client: 172.71.160.178, server: www.ceerun.com, request: "GET /wp-json/wc-admin/options?options=woocommerce_ppcp-gateway_settings HTTP/2.0", host: "ceerun.com"
2026/08/24 23:29:00 [error] 9850#0: *1272538 open() "/www/data/wwwroot/2025_12_26_01/wp-json/wc/v3/payment_gateways/woocommerce_payments" failed (2: No such file or directory), client: 172.69.109.110, server: www.ceerun.com, request: "GET /wp-json/wc/v3/payment_gateways/woocommerce_payments HTTP/2.0", host: "ceerun.com"
2026/08/24 23:29:00 [error] 9850#0: *1272538 open() "/www/data/wwwroot/2025_12_26_01/404.html" failed (2: No such file or directory), client: 172.69.109.110, server: www.ceerun.com, request: "GET /wp-json/wc/v3/payment_gateways/woocommerce_payments HTTP/2.0", host: "ceerun.com"
2026/08/24 23:29:03 [error] 9853#0: *1272796 open() "/www/data/wwwroot/2025_12_26_01/wp-json/wc-admin/options" failed (2: No such file or directory), client: 172.71.160.178, server: www.ceerun.com, request: "GET /wp-json/wc-admin/options?options=woocommerce_ppec_paypal_settings HTTP/2.0", host: "ceerun.com"
2026/08/24 23:29:03 [error] 9853#0: *1272796 open() "/www/data/wwwroot/2025_12_26_01/404.html" failed (2: No such file or directory), client: 172.71.160.178, server: www.ceerun.com, request: "GET /wp-json/wc-admin/options?options=woocommerce_ppec_paypal_settings HTTP/2.0", host: "ceerun.com"
2026/08/24 23:29:03 [error] 9853#0: *1272796 open() "/www/data/wwwroot/2025_12_26_01/wp-json/wc-admin/options" failed (2: No such file or directory), client: 172.71.160.178, server: www.ceerun.com, request: "GET /wp-json/wc-admin/options?options=woocommerce_ppcp_settings HTTP/2.0", host: "ceerun.com"
2026/08/24 23:29:03 [error] 9853#0: *1272796 open() "/www/data/wwwroot/2025_12_26_01/404.html" failed (2: No such file or directory), client: 172.71.160.178, server: www.ceerun.com, request: "GET /wp-json/wc-admin/options?options=woocommerce_ppcp_settings HTTP/2.0", host: "ceerun.com"
2026/08/24 23:29:19 [error] 9853#0: *1272796 open() "/www/data/wwwroot/2025_12_26_01/wp-json/wc-admin/options" failed (2: No such file or directory), client: 172.71.160.178, server: www.ceerun.com, request: "GET /wp-json/wc-admin/options?options=woocommerce_payments_settings HTTP/2.0", host: "ceerun.com"
2026/08/24 23:29:19 [error] 9853#0: *1272796 open() "/www/data/wwwroot/2025_12_26_01/404.html" failed (2: No such file or directory), client: 172.71.160.178, server: www.ceerun.com, request: "GET /wp-json/wc-admin/options?options=woocommerce_payments_settings HTTP/2.0", host: "ceerun.com"
2026/08/24 23:29:21 [error] 9853#0: *1272844 open() "/www/data/wwwroot/2025_12_26_01/wp-json/wc-admin/options" failed (2: No such file or directory), client: 172.70.240.200, server: www.ceerun.com, request: "GET /wp-json/wc-admin/options?options=give_stripe_settings HTTP/2.0", host: "ceerun.com"
2026/08/24 23:29:21 [error] 9853#0: *1272844 open() "/www/data/wwwroot/2025_12_26_01/404.html" failed (2: No such file or directory), client: 172.70.240.200, server: www.ceerun.com, request: "GET /wp-json/wc-admin/options?options=give_stripe_settings HTTP/2.0", host: "ceerun.com"
