2026/08/24 23:35:11 [error] 9853#0: *1273578 open() "/www/data/wwwroot/2025_12_26_01/wp_options.sql" failed (2: No such file or directory), client: 104.22.109.12, server: www.ceerun.com, request: "GET /wp_options.sql HTTP/2.0", host: "ceerun.com"
2026/08/24 23:35:11 [error] 9853#0: *1273578 open() "/www/data/wwwroot/2025_12_26_01/404.html" failed (2: No such file or directory), client: 104.22.109.12, server: www.ceerun.com, request: "GET /wp_options.sql HTTP/2.0", host: "ceerun.com"
2026/08/24 23:35:14 [error] 9851#0: *1273722 open() "/www/data/wwwroot/2025_12_26_01/backup/woocommerce_stripe_settings" failed (2: No such file or directory), client: 172.70.46.37, server: www.ceerun.com, request: "GET /backup/woocommerce_stripe_settings HTTP/2.0", host: "ceerun.com"
2026/08/24 23:35:14 [error] 9851#0: *1273722 open() "/www/data/wwwroot/2025_12_26_01/404.html" failed (2: No such file or directory), client: 172.70.46.37, server: www.ceerun.com, request: "GET /backup/woocommerce_stripe_settings HTTP/2.0", host: "ceerun.com"
2026/08/24 23:35:14 [error] 9851#0: *1273543 open() "/www/data/wwwroot/2025_12_26_01/woocommerce.sql" failed (2: No such file or directory), client: 172.71.148.78, server: www.ceerun.com, request: "GET /woocommerce.sql HTTP/2.0", host: "ceerun.com"
2026/08/24 23:35:14 [error] 9851#0: *1273543 open() "/www/data/wwwroot/2025_12_26_01/404.html" failed (2: No such file or directory), client: 172.71.148.78, server: www.ceerun.com, request: "GET /woocommerce.sql HTTP/2.0", host: "ceerun.com"
2026/08/24 23:35:16 [error] 9851#0: *1273616 open() "/www/data/wwwroot/2025_12_26_01/backup/woocommerce_stripe_settings.log" failed (2: No such file or directory), client: 172.71.172.80, server: www.ceerun.com, request: "GET /backup/woocommerce_stripe_settings.log HTTP/2.0", host: "ceerun.com"
2026/08/24 23:35:16 [error] 9851#0: *1273616 open() "/www/data/wwwroot/2025_12_26_01/404.html" failed (2: No such file or directory), client: 172.71.172.80, server: www.ceerun.com, request: "GET /backup/woocommerce_stripe_settings.log HTTP/2.0", host: "ceerun.com"
2026/08/24 23:35:16 [error] 9852#0: *1273732 open() "/www/data/wwwroot/2025_12_26_01/backup/woocommerce_stripe_settings.sql" failed (2: No such file or directory), client: 104.23.166.21, server: www.ceerun.com, request: "GET /backup/woocommerce_stripe_settings.sql HTTP/2.0", host: "ceerun.com"
2026/08/24 23:35:16 [error] 9852#0: *1273732 open() "/www/data/wwwroot/2025_12_26_01/404.html" failed (2: No such file or directory), client: 104.23.166.21, server: www.ceerun.com, request: "GET /backup/woocommerce_stripe_settings.sql HTTP/2.0", host: "ceerun.com"
2026/08/24 23:35:21 [error] 9852#0: *1273742 open() "/www/data/wwwroot/2025_12_26_01/wp-content/uploads/woocommerce_stripe_settings" failed (2: No such file or directory), client: 172.71.164.98, server: www.ceerun.com, request: "GET /wp-content/uploads/woocommerce_stripe_settings HTTP/2.0", host: "ceerun.com"
2026/08/24 23:35:21 [error] 9852#0: *1273742 open() "/www/data/wwwroot/2025_12_26_01/404.html" failed (2: No such file or directory), client: 172.71.164.98, server: www.ceerun.com, request: "GET /wp-content/uploads/woocommerce_stripe_settings HTTP/2.0", host: "ceerun.com"
2026/08/24 23:35:21 [error] 9851#0: *1273743 open() "/www/data/wwwroot/2025_12_26_01/backup/woocommerce_stripe_settings.csv" failed (2: No such file or directory), client: 172.69.109.174, server: www.ceerun.com, request: "GET /backup/woocommerce_stripe_settings.csv HTTP/2.0", host: "ceerun.com"
2026/08/24 23:35:21 [error] 9851#0: *1273743 open() "/www/data/wwwroot/2025_12_26_01/404.html" failed (2: No such file or directory), client: 172.69.109.174, server: www.ceerun.com, request: "GET /backup/woocommerce_stripe_settings.csv HTTP/2.0", host: "ceerun.com"
2026/08/24 23:35:22 [error] 9850#0: *1273744 open() "/www/data/wwwroot/2025_12_26_01/wp-content/uploads/woocommerce_stripe_settings.sql" failed (2: No such file or directory), client: 162.159.113.36, server: www.ceerun.com, request: "GET /wp-content/uploads/woocommerce_stripe_settings.sql HTTP/2.0", host: "ceerun.com"
2026/08/24 23:35:22 [error] 9850#0: *1273744 open() "/www/data/wwwroot/2025_12_26_01/404.html" failed (2: No such file or directory), client: 162.159.113.36, server: www.ceerun.com, request: "GET /wp-content/uploads/woocommerce_stripe_settings.sql HTTP/2.0", host: "ceerun.com"
2026/08/24 23:35:22 [error] 9851#0: *1273583 open() "/www/data/wwwroot/2025_12_26_01/wp-content/uploads/woocommerce_stripe_settings.log" failed (2: No such file or directory), client: 172.69.150.79, server: www.ceerun.com, request: "GET /wp-content/uploads/woocommerce_stripe_settings.log HTTP/2.0", host: "ceerun.com"
2026/08/24 23:35:22 [error] 9851#0: *1273583 open() "/www/data/wwwroot/2025_12_26_01/404.html" failed (2: No such file or directory), client: 172.69.150.79, server: www.ceerun.com, request: "GET /wp-content/uploads/woocommerce_stripe_settings.log HTTP/2.0", host: "ceerun.com"
2026/08/24 23:35:23 [error] 9852#0: *1273742 open() "/www/data/wwwroot/2025_12_26_01/wp-content/uploads/woocommerce_stripe_settings.txt" failed (2: No such file or directory), client: 172.71.164.98, server: www.ceerun.com, request: "GET /wp-content/uploads/woocommerce_stripe_settings.txt HTTP/2.0", host: "ceerun.com"
2026/08/24 23:35:23 [error] 9852#0: *1273742 open() "/www/data/wwwroot/2025_12_26_01/404.html" failed (2: No such file or directory), client: 172.71.164.98, server: www.ceerun.com, request: "GET /wp-content/uploads/woocommerce_stripe_settings.txt HTTP/2.0", host: "ceerun.com"
2026/08/24 23:35:24 [error] 9853#0: *1273747 open() "/www/data/wwwroot/2025_12_26_01/wp-content/uploads/woocommerce_stripe_settings.zip" failed (2: No such file or directory), client: 172.71.247.99, server: www.ceerun.com, request: "GET /wp-content/uploads/woocommerce_stripe_settings.zip HTTP/2.0", host: "ceerun.com"
2026/08/24 23:35:24 [error] 9853#0: *1273747 open() "/www/data/wwwroot/2025_12_26_01/404.html" failed (2: No such file or directory), client: 172.71.247.99, server: www.ceerun.com, request: "GET /wp-content/uploads/woocommerce_stripe_settings.zip HTTP/2.0", host: "ceerun.com"
2026/08/24 23:35:24 [error] 9853#0: *1273748 open() "/www/data/wwwroot/2025_12_26_01/wp-content/uploads/woocommerce_stripe_settings.tar.gz" failed (2: No such file or directory), client: 172.69.109.39, server: www.ceerun.com, request: "GET /wp-content/uploads/woocommerce_stripe_settings.tar.gz HTTP/2.0", host: "ceerun.com"
2026/08/24 23:35:24 [error] 9853#0: *1273748 open() "/www/data/wwwroot/2025_12_26_01/404.html" failed (2: No such file or directory), client: 172.69.109.39, server: www.ceerun.com, request: "GET /wp-content/uploads/woocommerce_stripe_settings.tar.gz HTTP/2.0", host: "ceerun.com"
2026/08/24 23:35:25 [error] 9852#0: *1273742 open() "/www/data/wwwroot/2025_12_26_01/tmp/woocommerce_stripe_settings" failed (2: No such file or directory), client: 172.71.164.98, server: www.ceerun.com, request: "GET /tmp/woocommerce_stripe_settings HTTP/2.0", host: "ceerun.com"
2026/08/24 23:35:25 [error] 9852#0: *1273742 open() "/www/data/wwwroot/2025_12_26_01/404.html" failed (2: No such file or directory), client: 172.71.164.98, server: www.ceerun.com, request: "GET /tmp/woocommerce_stripe_settings HTTP/2.0", host: "ceerun.com"
2026/08/24 23:35:41 [error] 9852#0: *1273686 open() "/www/data/wwwroot/2025_12_26_01/opt_woocommerce_stripe_cc_settings" failed (2: No such file or directory), client: 172.71.102.156, server: www.ceerun.com, request: "GET /opt_woocommerce_stripe_cc_settings HTTP/2.0", host: "www.ceerun.com"
2026/08/24 23:35:41 [error] 9852#0: *1273686 open() "/www/data/wwwroot/2025_12_26_01/404.html" failed (2: No such file or directory), client: 172.71.102.156, server: www.ceerun.com, request: "GET /opt_woocommerce_stripe_cc_settings HTTP/2.0", host: "www.ceerun.com"
2026/08/24 23:35:41 [error] 9850#0: *1273683 open() "/www/data/wwwroot/2025_12_26_01/backup/opt_woocommerce_stripe_cc_settings" failed (2: No such file or directory), client: 104.22.123.25, server: www.ceerun.com, request: "GET /backup/opt_woocommerce_stripe_cc_settings HTTP/2.0", host: "www.ceerun.com"
2026/08/24 23:35:41 [error] 9850#0: *1273683 open() "/www/data/wwwroot/2025_12_26_01/404.html" failed (2: No such file or directory), client: 104.22.123.25, server: www.ceerun.com, request: "GET /backup/opt_woocommerce_stripe_cc_settings HTTP/2.0", host: "www.ceerun.com"
2026/08/24 23:35:41 [error] 9852#0: *1273665 open() "/www/data/wwwroot/2025_12_26_01/wp2shell_opt_woocommerce_stripe_cc_settings" failed (2: No such file or directory), client: 172.71.160.42, server: www.ceerun.com, request: "GET /wp2shell_opt_woocommerce_stripe_cc_settings HTTP/2.0", host: "www.ceerun.com"
2026/08/24 23:35:41 [error] 9852#0: *1273665 open() "/www/data/wwwroot/2025_12_26_01/404.html" failed (2: No such file or directory), client: 172.71.160.42, server: www.ceerun.com, request: "GET /wp2shell_opt_woocommerce_stripe_cc_settings HTTP/2.0", host: "www.ceerun.com"
2026/08/24 23:35:41 [error] 9853#0: *1273764 open() "/www/data/wwwroot/2025_12_26_01/backups/wp2shell_opt_woocommerce_stripe_cc_settings" failed (2: No such file or directory), client: 172.71.247.160, server: www.ceerun.com, request: "GET /backups/wp2shell_opt_woocommerce_stripe_cc_settings HTTP/2.0", host: "www.ceerun.com"
2026/08/24 23:35:41 [error] 9853#0: *1273764 open() "/www/data/wwwroot/2025_12_26_01/404.html" failed (2: No such file or directory), client: 172.71.247.160, server: www.ceerun.com, request: "GET /backups/wp2shell_opt_woocommerce_stripe_cc_settings HTTP/2.0", host: "www.ceerun.com"
2026/08/24 23:35:43 [error] 9853#0: *1273764 open() "/www/data/wwwroot/2025_12_26_01/backups/opt_woocommerce_stripe_cc_settings" failed (2: No such file or directory), client: 172.71.247.160, server: www.ceerun.com, request: "GET /backups/opt_woocommerce_stripe_cc_settings HTTP/2.0", host: "www.ceerun.com"
2026/08/24 23:35:43 [error] 9853#0: *1273764 open() "/www/data/wwwroot/2025_12_26_01/404.html" failed (2: No such file or directory), client: 172.71.247.160, server: www.ceerun.com, request: "GET /backups/opt_woocommerce_stripe_cc_settings HTTP/2.0", host: "www.ceerun.com"
2026/08/24 23:35:44 [error] 9852#0: *1273665 open() "/www/data/wwwroot/2025_12_26_01/backup/wp2shell_opt_woocommerce_stripe_cc_settings" failed (2: No such file or directory), client: 172.71.160.42, server: www.ceerun.com, request: "GET /backup/wp2shell_opt_woocommerce_stripe_cc_settings HTTP/2.0", host: "www.ceerun.com"
2026/08/24 23:35:44 [error] 9852#0: *1273665 open() "/www/data/wwwroot/2025_12_26_01/404.html" failed (2: No such file or directory), client: 172.71.160.42, server: www.ceerun.com, request: "GET /backup/wp2shell_opt_woocommerce_stripe_cc_settings HTTP/2.0", host: "www.ceerun.com"
2026/08/24 23:35:45 [error] 9851#0: *1273634 open() "/www/data/wwwroot/2025_12_26_01/wp-content/wp2shell_opt_woocommerce_stripe_cc_settings" failed (2: No such file or directory), client: 172.69.109.210, server: www.ceerun.com, request: "GET /wp-content/wp2shell_opt_woocommerce_stripe_cc_settings HTTP/2.0", host: "www.ceerun.com"
2026/08/24 23:35:45 [error] 9851#0: *1273634 open() "/www/data/wwwroot/2025_12_26_01/404.html" failed (2: No such file or directory), client: 172.69.109.210, server: www.ceerun.com, request: "GET /wp-content/wp2shell_opt_woocommerce_stripe_cc_settings HTTP/2.0", host: "www.ceerun.com"
2026/08/24 23:35:45 [error] 9852#0: *1273665 open() "/www/data/wwwroot/2025_12_26_01/wp-content/opt_woocommerce_stripe_cc_settings" failed (2: No such file or directory), client: 172.71.160.42, server: www.ceerun.com, request: "GET /wp-content/opt_woocommerce_stripe_cc_settings HTTP/2.0", host: "www.ceerun.com"
2026/08/24 23:35:45 [error] 9852#0: *1273665 open() "/www/data/wwwroot/2025_12_26_01/404.html" failed (2: No such file or directory), client: 172.71.160.42, server: www.ceerun.com, request: "GET /wp-content/opt_woocommerce_stripe_cc_settings HTTP/2.0", host: "www.ceerun.com"
2026/08/24 23:35:45 [error] 9852#0: *1273686 open() "/www/data/wwwroot/2025_12_26_01/wp-content/uploads/wp2shell_opt_woocommerce_stripe_settings" failed (2: No such file or directory), client: 172.71.102.156, server: www.ceerun.com, request: "GET /wp-content/uploads/wp2shell_opt_woocommerce_stripe_settings HTTP/2.0", host: "www.ceerun.com"
2026/08/24 23:35:45 [error] 9852#0: *1273686 open() "/www/data/wwwroot/2025_12_26_01/404.html" failed (2: No such file or directory), client: 172.71.102.156, server: www.ceerun.com, request: "GET /wp-content/uploads/wp2shell_opt_woocommerce_stripe_settings HTTP/2.0", host: "www.ceerun.com"
2026/08/24 23:35:45 [error] 9850#0: *1273683 open() "/www/data/wwwroot/2025_12_26_01/wp-content/uploads/opt_woocommerce_stripe_settings" failed (2: No such file or directory), client: 104.22.123.25, server: www.ceerun.com, request: "GET /wp-content/uploads/opt_woocommerce_stripe_settings HTTP/2.0", host: "www.ceerun.com"
2026/08/24 23:35:45 [error] 9850#0: *1273683 open() "/www/data/wwwroot/2025_12_26_01/404.html" failed (2: No such file or directory), client: 104.22.123.25, server: www.ceerun.com, request: "GET /wp-content/uploads/opt_woocommerce_stripe_settings HTTP/2.0", host: "www.ceerun.com"
2026/08/24 23:35:46 [error] 9851#0: *1273778 open() "/www/data/wwwroot/2025_12_26_01/wp-content/uploads/opt_woocommerce_stripe_cc_settings" failed (2: No such file or directory), client: 104.23.170.99, server: www.ceerun.com, request: "GET /wp-content/uploads/opt_woocommerce_stripe_cc_settings HTTP/2.0", host: "www.ceerun.com"
2026/08/24 23:35:46 [error] 9851#0: *1273778 open() "/www/data/wwwroot/2025_12_26_01/404.html" failed (2: No such file or directory), client: 104.23.170.99, server: www.ceerun.com, request: "GET /wp-content/uploads/opt_woocommerce_stripe_cc_settings HTTP/2.0", host: "www.ceerun.com"
2026/08/24 23:35:46 [error] 9853#0: *1273764 open() "/www/data/wwwroot/2025_12_26_01/wp-content/uploads/wp2shell_opt_woocommerce_stripe_cc_settings" failed (2: No such file or directory), client: 172.71.247.160, server: www.ceerun.com, request: "GET /wp-content/uploads/wp2shell_opt_woocommerce_stripe_cc_settings HTTP/2.0", host: "www.ceerun.com"
2026/08/24 23:35:46 [error] 9853#0: *1273764 open() "/www/data/wwwroot/2025_12_26_01/404.html" failed (2: No such file or directory), client: 172.71.247.160, server: www.ceerun.com, request: "GET /wp-content/uploads/wp2shell_opt_woocommerce_stripe_cc_settings HTTP/2.0", host: "www.ceerun.com"
2026/08/24 23:35:47 [error] 9852#0: *1273665 open() "/www/data/wwwroot/2025_12_26_01/opt_woocommerce_stripe_api_settings" failed (2: No such file or directory), client: 172.71.160.42, server: www.ceerun.com, request: "GET /opt_woocommerce_stripe_api_settings HTTP/2.0", host: "www.ceerun.com"
2026/08/24 23:35:47 [error] 9852#0: *1273665 open() "/www/data/wwwroot/2025_12_26_01/404.html" failed (2: No such file or directory), client: 172.71.160.42, server: www.ceerun.com, request: "GET /opt_woocommerce_stripe_api_settings HTTP/2.0", host: "www.ceerun.com"
2026/08/24 23:35:47 [error] 9853#0: *1273784 open() "/www/data/wwwroot/2025_12_26_01/wp2shell_opt_woocommerce_stripe_api_settings" failed (2: No such file or directory), client: 104.23.239.144, server: www.ceerun.com, request: "GET /wp2shell_opt_woocommerce_stripe_api_settings HTTP/2.0", host: "www.ceerun.com"
2026/08/24 23:35:47 [error] 9853#0: *1273784 open() "/www/data/wwwroot/2025_12_26_01/404.html" failed (2: No such file or directory), client: 104.23.239.144, server: www.ceerun.com, request: "GET /wp2shell_opt_woocommerce_stripe_api_settings HTTP/2.0", host: "www.ceerun.com"
2026/08/24 23:35:48 [error] 9852#0: *1273686 open() "/www/data/wwwroot/2025_12_26_01/backup/opt_woocommerce_stripe_api_settings" failed (2: No such file or directory), client: 172.71.102.156, server: www.ceerun.com, request: "GET /backup/opt_woocommerce_stripe_api_settings HTTP/2.0", host: "www.ceerun.com"
2026/08/24 23:35:48 [error] 9852#0: *1273686 open() "/www/data/wwwroot/2025_12_26_01/404.html" failed (2: No such file or directory), client: 172.71.102.156, server: www.ceerun.com, request: "GET /backup/opt_woocommerce_stripe_api_settings HTTP/2.0", host: "www.ceerun.com"
2026/08/24 23:35:50 [error] 9853#0: *1273764 open() "/www/data/wwwroot/2025_12_26_01/backup/wp2shell_opt_woocommerce_stripe_api_settings" failed (2: No such file or directory), client: 172.71.247.160, server: www.ceerun.com, request: "GET /backup/wp2shell_opt_woocommerce_stripe_api_settings HTTP/2.0", host: "www.ceerun.com"
2026/08/24 23:35:50 [error] 9853#0: *1273764 open() "/www/data/wwwroot/2025_12_26_01/404.html" failed (2: No such file or directory), client: 172.71.247.160, server: www.ceerun.com, request: "GET /backup/wp2shell_opt_woocommerce_stripe_api_settings HTTP/2.0", host: "www.ceerun.com"
2026/08/24 23:35:51 [error] 9853#0: *1273784 open() "/www/data/wwwroot/2025_12_26_01/backups/opt_woocommerce_stripe_api_settings" failed (2: No such file or directory), client: 104.23.239.144, server: www.ceerun.com, request: "GET /backups/opt_woocommerce_stripe_api_settings HTTP/2.0", host: "www.ceerun.com"
2026/08/24 23:35:51 [error] 9853#0: *1273784 open() "/www/data/wwwroot/2025_12_26_01/404.html" failed (2: No such file or directory), client: 104.23.239.144, server: www.ceerun.com, request: "GET /backups/opt_woocommerce_stripe_api_settings HTTP/2.0", host: "www.ceerun.com"
2026/08/24 23:35:51 [error] 9850#0: *1273772 open() "/www/data/wwwroot/2025_12_26_01/backups/wp2shell_opt_woocommerce_stripe_api_settings" failed (2: No such file or directory), client: 172.71.95.81, server: www.ceerun.com, request: "GET /backups/wp2shell_opt_woocommerce_stripe_api_settings HTTP/2.0", host: "www.ceerun.com"
2026/08/24 23:35:51 [error] 9850#0: *1273772 open() "/www/data/wwwroot/2025_12_26_01/404.html" failed (2: No such file or directory), client: 172.71.95.81, server: www.ceerun.com, request: "GET /backups/wp2shell_opt_woocommerce_stripe_api_settings HTTP/2.0", host: "www.ceerun.com"
2026/08/24 23:35:52 [error] 9852#0: *1273665 open() "/www/data/wwwroot/2025_12_26_01/wp-content/opt_woocommerce_stripe_api_settings" failed (2: No such file or directory), client: 172.71.160.42, server: www.ceerun.com, request: "GET /wp-content/opt_woocommerce_stripe_api_settings HTTP/2.0", host: "www.ceerun.com"
2026/08/24 23:35:52 [error] 9852#0: *1273665 open() "/www/data/wwwroot/2025_12_26_01/404.html" failed (2: No such file or directory), client: 172.71.160.42, server: www.ceerun.com, request: "GET /wp-content/opt_woocommerce_stripe_api_settings HTTP/2.0", host: "www.ceerun.com"
2026/08/24 23:35:53 [error] 9851#0: *1273792 open() "/www/data/wwwroot/2025_12_26_01/wp-content/wp2shell_opt_woocommerce_stripe_api_settings" failed (2: No such file or directory), client: 162.159.113.121, server: www.ceerun.com, request: "GET /wp-content/wp2shell_opt_woocommerce_stripe_api_settings HTTP/2.0", host: "www.ceerun.com"
2026/08/24 23:35:53 [error] 9851#0: *1273792 open() "/www/data/wwwroot/2025_12_26_01/404.html" failed (2: No such file or directory), client: 162.159.113.121, server: www.ceerun.com, request: "GET /wp-content/wp2shell_opt_woocommerce_stripe_api_settings HTTP/2.0", host: "www.ceerun.com"
2026/08/24 23:35:54 [error] 9853#0: *1273764 open() "/www/data/wwwroot/2025_12_26_01/wp-content/uploads/opt_woocommerce_stripe_api_settings" failed (2: No such file or directory), client: 172.71.247.160, server: www.ceerun.com, request: "GET /wp-content/uploads/opt_woocommerce_stripe_api_settings HTTP/2.0", host: "www.ceerun.com"
2026/08/24 23:35:54 [error] 9853#0: *1273764 open() "/www/data/wwwroot/2025_12_26_01/404.html" failed (2: No such file or directory), client: 172.71.247.160, server: www.ceerun.com, request: "GET /wp-content/uploads/opt_woocommerce_stripe_api_settings HTTP/2.0", host: "www.ceerun.com"
2026/08/24 23:35:55 [error] 9853#0: *1273784 open() "/www/data/wwwroot/2025_12_26_01/wp2shell_opt_woocommerce_wc_stripe_settings" failed (2: No such file or directory), client: 104.23.239.144, server: www.ceerun.com, request: "GET /wp2shell_opt_woocommerce_wc_stripe_settings HTTP/2.0", host: "www.ceerun.com"
2026/08/24 23:35:55 [error] 9853#0: *1273784 open() "/www/data/wwwroot/2025_12_26_01/404.html" failed (2: No such file or directory), client: 104.23.239.144, server: www.ceerun.com, request: "GET /wp2shell_opt_woocommerce_wc_stripe_settings HTTP/2.0", host: "www.ceerun.com"
2026/08/24 23:35:55 [error] 9852#0: *1273665 open() "/www/data/wwwroot/2025_12_26_01/backup/opt_woocommerce_wc_stripe_settings" failed (2: No such file or directory), client: 172.71.160.42, server: www.ceerun.com, request: "GET /backup/opt_woocommerce_wc_stripe_settings HTTP/2.0", host: "www.ceerun.com"
2026/08/24 23:35:55 [error] 9852#0: *1273665 open() "/www/data/wwwroot/2025_12_26_01/404.html" failed (2: No such file or directory), client: 172.71.160.42, server: www.ceerun.com, request: "GET /backup/opt_woocommerce_wc_stripe_settings HTTP/2.0", host: "www.ceerun.com"
2026/08/24 23:35:55 [error] 9851#0: *1273800 open() "/www/data/wwwroot/2025_12_26_01/opt_woocommerce_wc_stripe_settings" failed (2: No such file or directory), client: 104.23.166.6, server: www.ceerun.com, request: "GET /opt_woocommerce_wc_stripe_settings HTTP/2.0", host: "www.ceerun.com"
2026/08/24 23:35:55 [error] 9851#0: *1273800 open() "/www/data/wwwroot/2025_12_26_01/404.html" failed (2: No such file or directory), client: 104.23.166.6, server: www.ceerun.com, request: "GET /opt_woocommerce_wc_stripe_settings HTTP/2.0", host: "www.ceerun.com"
2026/08/24 23:35:55 [error] 9851#0: *1273799 open() "/www/data/wwwroot/2025_12_26_01/wp-content/uploads/wp2shell_opt_woocommerce_stripe_api_settings" failed (2: No such file or directory), client: 172.71.182.235, server: www.ceerun.com, request: "GET /wp-content/uploads/wp2shell_opt_woocommerce_stripe_api_settings HTTP/2.0", host: "www.ceerun.com"
2026/08/24 23:35:55 [error] 9851#0: *1273799 open() "/www/data/wwwroot/2025_12_26_01/404.html" failed (2: No such file or directory), client: 172.71.182.235, server: www.ceerun.com, request: "GET /wp-content/uploads/wp2shell_opt_woocommerce_stripe_api_settings HTTP/2.0", host: "www.ceerun.com"
2026/08/24 23:35:56 [error] 9850#0: *1273772 open() "/www/data/wwwroot/2025_12_26_01/backup/wp2shell_opt_woocommerce_wc_stripe_settings" failed (2: No such file or directory), client: 172.71.95.81, server: www.ceerun.com, request: "GET /backup/wp2shell_opt_woocommerce_wc_stripe_settings HTTP/2.0", host: "www.ceerun.com"
2026/08/24 23:35:56 [error] 9850#0: *1273772 open() "/www/data/wwwroot/2025_12_26_01/404.html" failed (2: No such file or directory), client: 172.71.95.81, server: www.ceerun.com, request: "GET /backup/wp2shell_opt_woocommerce_wc_stripe_settings HTTP/2.0", host: "www.ceerun.com"
2026/08/24 23:35:56 [error] 9851#0: *1273792 open() "/www/data/wwwroot/2025_12_26_01/backups/opt_woocommerce_wc_stripe_settings" failed (2: No such file or directory), client: 162.159.113.121, server: www.ceerun.com, request: "GET /backups/opt_woocommerce_wc_stripe_settings HTTP/2.0", host: "www.ceerun.com"
2026/08/24 23:35:56 [error] 9851#0: *1273792 open() "/www/data/wwwroot/2025_12_26_01/404.html" failed (2: No such file or directory), client: 162.159.113.121, server: www.ceerun.com, request: "GET /backups/opt_woocommerce_wc_stripe_settings HTTP/2.0", host: "www.ceerun.com"
2026/08/24 23:35:59 [error] 9853#0: *1273764 open() "/www/data/wwwroot/2025_12_26_01/backups/wp2shell_opt_woocommerce_wc_stripe_settings" failed (2: No such file or directory), client: 172.71.247.160, server: www.ceerun.com, request: "GET /backups/wp2shell_opt_woocommerce_wc_stripe_settings HTTP/2.0", host: "www.ceerun.com"
2026/08/24 23:35:59 [error] 9853#0: *1273764 open() "/www/data/wwwroot/2025_12_26_01/404.html" failed (2: No such file or directory), client: 172.71.247.160, server: www.ceerun.com, request: "GET /backups/wp2shell_opt_woocommerce_wc_stripe_settings HTTP/2.0", host: "www.ceerun.com"
2026/08/24 23:36:00 [error] 9853#0: *1273784 open() "/www/data/wwwroot/2025_12_26_01/wp-content/opt_woocommerce_wc_stripe_settings" failed (2: No such file or directory), client: 104.23.239.144, server: www.ceerun.com, request: "GET /wp-content/opt_woocommerce_wc_stripe_settings HTTP/2.0", host: "www.ceerun.com"
2026/08/24 23:36:00 [error] 9853#0: *1273784 open() "/www/data/wwwroot/2025_12_26_01/404.html" failed (2: No such file or directory), client: 104.23.239.144, server: www.ceerun.com, request: "GET /wp-content/opt_woocommerce_wc_stripe_settings HTTP/2.0", host: "www.ceerun.com"
2026/08/24 23:36:00 [error] 9850#0: *1273772 open() "/www/data/wwwroot/2025_12_26_01/wp-content/wp2shell_opt_woocommerce_wc_stripe_settings" failed (2: No such file or directory), client: 172.71.95.81, server: www.ceerun.com, request: "GET /wp-content/wp2shell_opt_woocommerce_wc_stripe_settings HTTP/2.0", host: "www.ceerun.com"
2026/08/24 23:36:00 [error] 9850#0: *1273772 open() "/www/data/wwwroot/2025_12_26_01/404.html" failed (2: No such file or directory), client: 172.71.95.81, server: www.ceerun.com, request: "GET /wp-content/wp2shell_opt_woocommerce_wc_stripe_settings HTTP/2.0", host: "www.ceerun.com"
2026/08/24 23:36:00 [error] 9852#0: *1273665 open() "/www/data/wwwroot/2025_12_26_01/wp-content/uploads/opt_woocommerce_wc_stripe_settings" failed (2: No such file or directory), client: 172.71.160.42, server: www.ceerun.com, request: "GET /wp-content/uploads/opt_woocommerce_wc_stripe_settings HTTP/2.0", host: "www.ceerun.com"
2026/08/24 23:36:00 [error] 9852#0: *1273665 open() "/www/data/wwwroot/2025_12_26_01/404.html" failed (2: No such file or directory), client: 172.71.160.42, server: www.ceerun.com, request: "GET /wp-content/uploads/opt_woocommerce_wc_stripe_settings HTTP/2.0", host: "www.ceerun.com"
2026/08/24 23:36:00 [error] 9851#0: *1273800 open() "/www/data/wwwroot/2025_12_26_01/wp-content/uploads/wp2shell_opt_woocommerce_wc_stripe_settings" failed (2: No such file or directory), client: 104.23.166.6, server: www.ceerun.com, request: "GET /wp-content/uploads/wp2shell_opt_woocommerce_wc_stripe_settings HTTP/2.0", host: "www.ceerun.com"
2026/08/24 23:36:00 [error] 9851#0: *1273800 open() "/www/data/wwwroot/2025_12_26_01/404.html" failed (2: No such file or directory), client: 104.23.166.6, server: www.ceerun.com, request: "GET /wp-content/uploads/wp2shell_opt_woocommerce_wc_stripe_settings HTTP/2.0", host: "www.ceerun.com"
2026/08/24 23:36:00 [error] 9851#0: *1273799 open() "/www/data/wwwroot/2025_12_26_01/opt_give_stripe_settings" failed (2: No such file or directory), client: 172.71.182.235, server: www.ceerun.com, request: "GET /opt_give_stripe_settings HTTP/2.0", host: "www.ceerun.com"
2026/08/24 23:36:00 [error] 9851#0: *1273799 open() "/www/data/wwwroot/2025_12_26_01/404.html" failed (2: No such file or directory), client: 172.71.182.235, server: www.ceerun.com, request: "GET /opt_give_stripe_settings HTTP/2.0", host: "www.ceerun.com"
2026/08/24 23:36:01 [error] 9851#0: *1273792 open() "/www/data/wwwroot/2025_12_26_01/wp2shell_opt_give_stripe_settings" failed (2: No such file or directory), client: 162.159.113.121, server: www.ceerun.com, request: "GET /wp2shell_opt_give_stripe_settings HTTP/2.0", host: "www.ceerun.com"
2026/08/24 23:36:01 [error] 9851#0: *1273792 open() "/www/data/wwwroot/2025_12_26_01/404.html" failed (2: No such file or directory), client: 162.159.113.121, server: www.ceerun.com, request: "GET /wp2shell_opt_give_stripe_settings HTTP/2.0", host: "www.ceerun.com"
2026/08/24 23:36:04 [error] 9852#0: *1273665 open() "/www/data/wwwroot/2025_12_26_01/backup/opt_give_stripe_settings" failed (2: No such file or directory), client: 172.71.160.42, server: www.ceerun.com, request: "GET /backup/opt_give_stripe_settings HTTP/2.0", host: "www.ceerun.com"
2026/08/24 23:36:04 [error] 9852#0: *1273665 open() "/www/data/wwwroot/2025_12_26_01/404.html" failed (2: No such file or directory), client: 172.71.160.42, server: www.ceerun.com, request: "GET /backup/opt_give_stripe_settings HTTP/2.0", host: "www.ceerun.com"
2026/08/24 23:36:05 [error] 9852#0: *1273806 open() "/www/data/wwwroot/2025_12_26_01/tmp/woocommerce_stripe_cc_settings.log" failed (2: No such file or directory), client: 172.71.160.178, server: www.ceerun.com, request: "GET /tmp/woocommerce_stripe_cc_settings.log HTTP/2.0", host: "ceerun.com"
2026/08/24 23:36:05 [error] 9852#0: *1273806 open() "/www/data/wwwroot/2025_12_26_01/404.html" failed (2: No such file or directory), client: 172.71.160.178, server: www.ceerun.com, request: "GET /tmp/woocommerce_stripe_cc_settings.log HTTP/2.0", host: "ceerun.com"
2026/08/24 23:36:09 [error] 9853#0: *1273764 open() "/www/data/wwwroot/2025_12_26_01/backup/wp2shell_opt_give_stripe_settings" failed (2: No such file or directory), client: 172.71.247.160, server: www.ceerun.com, request: "GET /backup/wp2shell_opt_give_stripe_settings HTTP/2.0", host: "www.ceerun.com"
2026/08/24 23:36:09 [error] 9853#0: *1273764 open() "/www/data/wwwroot/2025_12_26_01/404.html" failed (2: No such file or directory), client: 172.71.247.160, server: www.ceerun.com, request: "GET /backup/wp2shell_opt_give_stripe_settings HTTP/2.0", host: "www.ceerun.com"
2026/08/24 23:36:09 [error] 9853#0: *1273784 open() "/www/data/wwwroot/2025_12_26_01/backups/opt_give_stripe_settings" failed (2: No such file or directory), client: 104.23.239.144, server: www.ceerun.com, request: "GET /backups/opt_give_stripe_settings HTTP/2.0", host: "www.ceerun.com"
2026/08/24 23:36:09 [error] 9853#0: *1273784 open() "/www/data/wwwroot/2025_12_26_01/404.html" failed (2: No such file or directory), client: 104.23.239.144, server: www.ceerun.com, request: "GET /backups/opt_give_stripe_settings HTTP/2.0", host: "www.ceerun.com"
2026/08/24 23:36:13 [error] 9852#0: *1273665 open() "/www/data/wwwroot/2025_12_26_01/backups/wp2shell_opt_give_stripe_settings" failed (2: No such file or directory), client: 172.71.160.42, server: www.ceerun.com, request: "GET /backups/wp2shell_opt_give_stripe_settings HTTP/2.0", host: "www.ceerun.com"
2026/08/24 23:36:13 [error] 9852#0: *1273665 open() "/www/data/wwwroot/2025_12_26_01/404.html" failed (2: No such file or directory), client: 172.71.160.42, server: www.ceerun.com, request: "GET /backups/wp2shell_opt_give_stripe_settings HTTP/2.0", host: "www.ceerun.com"
2026/08/24 23:36:13 [error] 9853#0: *1273784 open() "/www/data/wwwroot/2025_12_26_01/wp-content/opt_give_stripe_settings" failed (2: No such file or directory), client: 104.23.239.144, server: www.ceerun.com, request: "GET /wp-content/opt_give_stripe_settings HTTP/2.0", host: "www.ceerun.com"
2026/08/24 23:36:13 [error] 9853#0: *1273784 open() "/www/data/wwwroot/2025_12_26_01/404.html" failed (2: No such file or directory), client: 104.23.239.144, server: www.ceerun.com, request: "GET /wp-content/opt_give_stripe_settings HTTP/2.0", host: "www.ceerun.com"
2026/08/24 23:36:13 [error] 9851#0: *1273792 open() "/www/data/wwwroot/2025_12_26_01/wp-content/wp2shell_opt_give_stripe_settings" failed (2: No such file or directory), client: 162.159.113.121, server: www.ceerun.com, request: "GET /wp-content/wp2shell_opt_give_stripe_settings HTTP/2.0", host: "www.ceerun.com"
2026/08/24 23:36:13 [error] 9851#0: *1273792 open() "/www/data/wwwroot/2025_12_26_01/404.html" failed (2: No such file or directory), client: 162.159.113.121, server: www.ceerun.com, request: "GET /wp-content/wp2shell_opt_give_stripe_settings HTTP/2.0", host: "www.ceerun.com"
2026/08/24 23:36:13 [error] 9851#0: *1273800 open() "/www/data/wwwroot/2025_12_26_01/wp-content/uploads/opt_give_stripe_settings" failed (2: No such file or directory), client: 104.23.166.6, server: www.ceerun.com, request: "GET /wp-content/uploads/opt_give_stripe_settings HTTP/2.0", host: "www.ceerun.com"
2026/08/24 23:36:13 [error] 9851#0: *1273800 open() "/www/data/wwwroot/2025_12_26_01/404.html" failed (2: No such file or directory), client: 104.23.166.6, server: www.ceerun.com, request: "GET /wp-content/uploads/opt_give_stripe_settings HTTP/2.0", host: "www.ceerun.com"
2026/08/24 23:36:13 [error] 9853#0: *1273764 open() "/www/data/wwwroot/2025_12_26_01/wp-content/uploads/wp2shell_opt_give_stripe_settings" failed (2: No such file or directory), client: 172.71.247.160, server: www.ceerun.com, request: "GET /wp-content/uploads/wp2shell_opt_give_stripe_settings HTTP/2.0", host: "www.ceerun.com"
2026/08/24 23:36:13 [error] 9853#0: *1273764 open() "/www/data/wwwroot/2025_12_26_01/404.html" failed (2: No such file or directory), client: 172.71.247.160, server: www.ceerun.com, request: "GET /wp-content/uploads/wp2shell_opt_give_stripe_settings HTTP/2.0", host: "www.ceerun.com"
2026/08/24 23:36:13 [error] 9851#0: *1273792 open() "/www/data/wwwroot/2025_12_26_01/wp-config.bak" failed (2: No such file or directory), client: 162.159.113.121, server: www.ceerun.com, request: "GET /wp-config.bak HTTP/2.0", host: "www.ceerun.com"
2026/08/24 23:36:13 [error] 9851#0: *1273792 open() "/www/data/wwwroot/2025_12_26_01/404.html" failed (2: No such file or directory), client: 162.159.113.121, server: www.ceerun.com, request: "GET /wp-config.bak HTTP/2.0", host: "www.ceerun.com"
2026/08/24 23:36:14 [error] 9850#0: *1273772 open() "/www/data/wwwroot/2025_12_26_01/opt_woocommerce_paypal_settings" failed (2: No such file or directory), client: 172.71.95.81, server: www.ceerun.com, request: "GET /opt_woocommerce_paypal_settings HTTP/2.0", host: "www.ceerun.com"
2026/08/24 23:36:14 [error] 9850#0: *1273772 open() "/www/data/wwwroot/2025_12_26_01/404.html" failed (2: No such file or directory), client: 172.71.95.81, server: www.ceerun.com, request: "GET /opt_woocommerce_paypal_settings HTTP/2.0", host: "www.ceerun.com"
2026/08/24 23:36:14 [error] 9852#0: *1273813 open() "/www/data/wwwroot/2025_12_26_01/tmp/woocommerce_stripe_cc_settings.zip" failed (2: No such file or directory), client: 104.23.172.72, server: www.ceerun.com, request: "GET /tmp/woocommerce_stripe_cc_settings.zip HTTP/2.0", host: "ceerun.com"
2026/08/24 23:36:14 [error] 9852#0: *1273813 open() "/www/data/wwwroot/2025_12_26_01/404.html" failed (2: No such file or directory), client: 104.23.172.72, server: www.ceerun.com, request: "GET /tmp/woocommerce_stripe_cc_settings.zip HTTP/2.0", host: "ceerun.com"
2026/08/24 23:36:15 [error] 9851#0: *1273814 open() "/www/data/wwwroot/2025_12_26_01/tmp/woocommerce_stripe_cc_settings.csv" failed (2: No such file or directory), client: 172.69.109.116, server: www.ceerun.com, request: "GET /tmp/woocommerce_stripe_cc_settings.csv HTTP/2.0", host: "ceerun.com"
2026/08/24 23:36:15 [error] 9851#0: *1273814 open() "/www/data/wwwroot/2025_12_26_01/404.html" failed (2: No such file or directory), client: 172.69.109.116, server: www.ceerun.com, request: "GET /tmp/woocommerce_stripe_cc_settings.csv HTTP/2.0", host: "ceerun.com"
2026/08/24 23:36:15 [error] 9850#0: *1273815 open() "/www/data/wwwroot/2025_12_26_01/backup/woocommerce_stripe_api_settings.sql" failed (2: No such file or directory), client: 172.69.109.110, server: www.ceerun.com, request: "GET /backup/woocommerce_stripe_api_settings.sql HTTP/2.0", host: "ceerun.com"
2026/08/24 23:36:15 [error] 9850#0: *1273815 open() "/www/data/wwwroot/2025_12_26_01/404.html" failed (2: No such file or directory), client: 172.69.109.110, server: www.ceerun.com, request: "GET /backup/woocommerce_stripe_api_settings.sql HTTP/2.0", host: "ceerun.com"
2026/08/24 23:36:15 [error] 9851#0: *1273816 open() "/www/data/wwwroot/2025_12_26_01/backup/woocommerce_stripe_api_settings" failed (2: No such file or directory), client: 172.69.109.110, server: www.ceerun.com, request: "GET /backup/woocommerce_stripe_api_settings HTTP/2.0", host: "ceerun.com"
2026/08/24 23:36:15 [error] 9851#0: *1273816 open() "/www/data/wwwroot/2025_12_26_01/404.html" failed (2: No such file or directory), client: 172.69.109.110, server: www.ceerun.com, request: "GET /backup/woocommerce_stripe_api_settings HTTP/2.0", host: "ceerun.com"
2026/08/24 23:36:16 [error] 9850#0: *1273815 open() "/www/data/wwwroot/2025_12_26_01/backup/woocommerce_stripe_api_settings.txt" failed (2: No such file or directory), client: 172.69.109.110, server: www.ceerun.com, request: "GET /backup/woocommerce_stripe_api_settings.txt HTTP/2.0", host: "ceerun.com"
2026/08/24 23:36:16 [error] 9850#0: *1273815 open() "/www/data/wwwroot/2025_12_26_01/404.html" failed (2: No such file or directory), client: 172.69.109.110, server: www.ceerun.com, request: "GET /backup/woocommerce_stripe_api_settings.txt HTTP/2.0", host: "ceerun.com"
2026/08/24 23:36:16 [error] 9851#0: *1273817 open() "/www/data/wwwroot/2025_12_26_01/backup/woocommerce_stripe_api_settings.log" failed (2: No such file or directory), client: 172.70.242.224, server: www.ceerun.com, request: "GET /backup/woocommerce_stripe_api_settings.log HTTP/2.0", host: "ceerun.com"
2026/08/24 23:36:16 [error] 9851#0: *1273817 open() "/www/data/wwwroot/2025_12_26_01/404.html" failed (2: No such file or directory), client: 172.70.242.224, server: www.ceerun.com, request: "GET /backup/woocommerce_stripe_api_settings.log HTTP/2.0", host: "ceerun.com"
2026/08/24 23:36:16 [error] 9851#0: *1273818 open() "/www/data/wwwroot/2025_12_26_01/wp-content/uploads/woocommerce_stripe_api_settings" failed (2: No such file or directory), client: 104.23.239.13, server: www.ceerun.com, request: "GET /wp-content/uploads/woocommerce_stripe_api_settings HTTP/2.0", host: "ceerun.com"
2026/08/24 23:36:16 [error] 9851#0: *1273818 open() "/www/data/wwwroot/2025_12_26_01/404.html" failed (2: No such file or directory), client: 104.23.239.13, server: www.ceerun.com, request: "GET /wp-content/uploads/woocommerce_stripe_api_settings HTTP/2.0", host: "ceerun.com"
2026/08/24 23:36:16 [error] 9851#0: *1273819 open() "/www/data/wwwroot/2025_12_26_01/backup/woocommerce_stripe_api_settings.zip" failed (2: No such file or directory), client: 172.71.172.184, server: www.ceerun.com, request: "GET /backup/woocommerce_stripe_api_settings.zip HTTP/2.0", host: "ceerun.com"
2026/08/24 23:36:16 [error] 9851#0: *1273819 open() "/www/data/wwwroot/2025_12_26_01/404.html" failed (2: No such file or directory), client: 172.71.172.184, server: www.ceerun.com, request: "GET /backup/woocommerce_stripe_api_settings.zip HTTP/2.0", host: "ceerun.com"
2026/08/24 23:36:16 [error] 9853#0: *1273784 open() "/www/data/wwwroot/2025_12_26_01/wp2shell_opt_woocommerce_paypal_settings" failed (2: No such file or directory), client: 104.23.239.144, server: www.ceerun.com, request: "GET /wp2shell_opt_woocommerce_paypal_settings HTTP/2.0", host: "www.ceerun.com"
2026/08/24 23:36:16 [error] 9853#0: *1273784 open() "/www/data/wwwroot/2025_12_26_01/404.html" failed (2: No such file or directory), client: 104.23.239.144, server: www.ceerun.com, request: "GET /wp2shell_opt_woocommerce_paypal_settings HTTP/2.0", host: "www.ceerun.com"
2026/08/24 23:36:16 [error] 9853#0: *1273764 open() "/www/data/wwwroot/2025_12_26_01/backup/opt_woocommerce_paypal_settings" failed (2: No such file or directory), client: 172.71.247.160, server: www.ceerun.com, request: "GET /backup/opt_woocommerce_paypal_settings HTTP/2.0", host: "www.ceerun.com"
2026/08/24 23:36:16 [error] 9853#0: *1273764 open() "/www/data/wwwroot/2025_12_26_01/404.html" failed (2: No such file or directory), client: 172.71.247.160, server: www.ceerun.com, request: "GET /backup/opt_woocommerce_paypal_settings HTTP/2.0", host: "www.ceerun.com"
2026/08/24 23:36:16 [error] 9851#0: *1273800 open() "/www/data/wwwroot/2025_12_26_01/backups/opt_woocommerce_paypal_settings" failed (2: No such file or directory), client: 104.23.166.6, server: www.ceerun.com, request: "GET /backups/opt_woocommerce_paypal_settings HTTP/2.0", host: "www.ceerun.com"
2026/08/24 23:36:16 [error] 9851#0: *1273800 open() "/www/data/wwwroot/2025_12_26_01/404.html" failed (2: No such file or directory), client: 104.23.166.6, server: www.ceerun.com, request: "GET /backups/opt_woocommerce_paypal_settings HTTP/2.0", host: "www.ceerun.com"
2026/08/24 23:36:17 [error] 9852#0: *1273665 open() "/www/data/wwwroot/2025_12_26_01/backup/wp2shell_opt_woocommerce_paypal_settings" failed (2: No such file or directory), client: 172.71.160.42, server: www.ceerun.com, request: "GET /backup/wp2shell_opt_woocommerce_paypal_settings HTTP/2.0", host: "www.ceerun.com"
2026/08/24 23:36:17 [error] 9852#0: *1273665 open() "/www/data/wwwroot/2025_12_26_01/404.html" failed (2: No such file or directory), client: 172.71.160.42, server: www.ceerun.com, request: "GET /backup/wp2shell_opt_woocommerce_paypal_settings HTTP/2.0", host: "www.ceerun.com"
2026/08/24 23:36:17 [error] 9851#0: *1273583 open() "/www/data/wwwroot/2025_12_26_01/wp-content/uploads/woocommerce_stripe_api_settings.txt" failed (2: No such file or directory), client: 172.69.150.79, server: www.ceerun.com, request: "GET /wp-content/uploads/woocommerce_stripe_api_settings.txt HTTP/2.0", host: "ceerun.com"
2026/08/24 23:36:17 [error] 9851#0: *1273583 open() "/www/data/wwwroot/2025_12_26_01/404.html" failed (2: No such file or directory), client: 172.69.150.79, server: www.ceerun.com, request: "GET /wp-content/uploads/woocommerce_stripe_api_settings.txt HTTP/2.0", host: "ceerun.com"
2026/08/24 23:36:17 [error] 9850#0: *1273820 open() "/www/data/wwwroot/2025_12_26_01/backup/woocommerce_stripe_api_settings.csv" failed (2: No such file or directory), client: 162.158.86.40, server: www.ceerun.com, request: "GET /backup/woocommerce_stripe_api_settings.csv HTTP/2.0", host: "ceerun.com"
2026/08/24 23:36:17 [error] 9850#0: *1273820 open() "/www/data/wwwroot/2025_12_26_01/404.html" failed (2: No such file or directory), client: 162.158.86.40, server: www.ceerun.com, request: "GET /backup/woocommerce_stripe_api_settings.csv HTTP/2.0", host: "ceerun.com"
2026/08/24 23:36:17 [error] 9852#0: *1273665 open() "/www/data/wwwroot/2025_12_26_01/backups/wp2shell_opt_woocommerce_paypal_settings" failed (2: No such file or directory), client: 172.71.160.42, server: www.ceerun.com, request: "GET /backups/wp2shell_opt_woocommerce_paypal_settings HTTP/2.0", host: "www.ceerun.com"
2026/08/24 23:36:17 [error] 9852#0: *1273665 open() "/www/data/wwwroot/2025_12_26_01/404.html" failed (2: No such file or directory), client: 172.71.160.42, server: www.ceerun.com, request: "GET /backups/wp2shell_opt_woocommerce_paypal_settings HTTP/2.0", host: "www.ceerun.com"
2026/08/24 23:36:17 [error] 9851#0: *1273792 open() "/www/data/wwwroot/2025_12_26_01/wp-content/wp2shell_opt_woocommerce_paypal_settings" failed (2: No such file or directory), client: 162.159.113.121, server: www.ceerun.com, request: "GET /wp-content/wp2shell_opt_woocommerce_paypal_settings HTTP/2.0", host: "www.ceerun.com"
2026/08/24 23:36:17 [error] 9851#0: *1273792 open() "/www/data/wwwroot/2025_12_26_01/404.html" failed (2: No such file or directory), client: 162.159.113.121, server: www.ceerun.com, request: "GET /wp-content/wp2shell_opt_woocommerce_paypal_settings HTTP/2.0", host: "www.ceerun.com"
2026/08/24 23:36:17 [error] 9853#0: *1273821 open() "/www/data/wwwroot/2025_12_26_01/wp-content/uploads/woocommerce_stripe_api_settings.log" failed (2: No such file or directory), client: 172.71.172.81, server: www.ceerun.com, request: "GET /wp-content/uploads/woocommerce_stripe_api_settings.log HTTP/2.0", host: "ceerun.com"
2026/08/24 23:36:17 [error] 9853#0: *1273821 open() "/www/data/wwwroot/2025_12_26_01/404.html" failed (2: No such file or directory), client: 172.71.172.81, server: www.ceerun.com, request: "GET /wp-content/uploads/woocommerce_stripe_api_settings.log HTTP/2.0", host: "ceerun.com"
2026/08/24 23:36:17 [error] 9850#0: *1273772 open() "/www/data/wwwroot/2025_12_26_01/wp-content/uploads/opt_woocommerce_paypal_settings" failed (2: No such file or directory), client: 172.71.95.81, server: www.ceerun.com, request: "GET /wp-content/uploads/opt_woocommerce_paypal_settings HTTP/2.0", host: "www.ceerun.com"
2026/08/24 23:36:17 [error] 9850#0: *1273772 open() "/www/data/wwwroot/2025_12_26_01/404.html" failed (2: No such file or directory), client: 172.71.95.81, server: www.ceerun.com, request: "GET /wp-content/uploads/opt_woocommerce_paypal_settings HTTP/2.0", host: "www.ceerun.com"
2026/08/24 23:36:18 [error] 9851#0: *1273799 open() "/www/data/wwwroot/2025_12_26_01/wp-content/opt_woocommerce_paypal_settings" failed (2: No such file or directory), client: 172.71.182.235, server: www.ceerun.com, request: "GET /wp-content/opt_woocommerce_paypal_settings HTTP/2.0", host: "www.ceerun.com"
2026/08/24 23:36:18 [error] 9851#0: *1273799 open() "/www/data/wwwroot/2025_12_26_01/404.html" failed (2: No such file or directory), client: 172.71.182.235, server: www.ceerun.com, request: "GET /wp-content/opt_woocommerce_paypal_settings HTTP/2.0", host: "www.ceerun.com"
2026/08/24 23:36:18 [error] 9853#0: *1273823 open() "/www/data/wwwroot/2025_12_26_01/backup/woocommerce_stripe_api_settings.tar.gz" failed (2: No such file or directory), client: 104.23.239.134, server: www.ceerun.com, request: "GET /backup/woocommerce_stripe_api_settings.tar.gz HTTP/2.0", host: "ceerun.com"
2026/08/24 23:36:18 [error] 9853#0: *1273823 open() "/www/data/wwwroot/2025_12_26_01/404.html" failed (2: No such file or directory), client: 104.23.239.134, server: www.ceerun.com, request: "GET /backup/woocommerce_stripe_api_settings.tar.gz HTTP/2.0", host: "ceerun.com"
2026/08/24 23:36:19 [error] 9850#0: *1273826 open() "/www/data/wwwroot/2025_12_26_01/wp-content/uploads/woocommerce_stripe_api_settings.zip" failed (2: No such file or directory), client: 172.71.148.97, server: www.ceerun.com, request: "GET /wp-content/uploads/woocommerce_stripe_api_settings.zip HTTP/2.0", host: "ceerun.com"
2026/08/24 23:36:19 [error] 9850#0: *1273826 open() "/www/data/wwwroot/2025_12_26_01/404.html" failed (2: No such file or directory), client: 172.71.148.97, server: www.ceerun.com, request: "GET /wp-content/uploads/woocommerce_stripe_api_settings.zip HTTP/2.0", host: "ceerun.com"
2026/08/24 23:36:19 [error] 9851#0: *1273817 open() "/www/data/wwwroot/2025_12_26_01/wp-content/uploads/woocommerce_stripe_api_settings.sql" failed (2: No such file or directory), client: 172.70.242.224, server: www.ceerun.com, request: "GET /wp-content/uploads/woocommerce_stripe_api_settings.sql HTTP/2.0", host: "ceerun.com"
2026/08/24 23:36:19 [error] 9851#0: *1273817 open() "/www/data/wwwroot/2025_12_26_01/404.html" failed (2: No such file or directory), client: 172.70.242.224, server: www.ceerun.com, request: "GET /wp-content/uploads/woocommerce_stripe_api_settings.sql HTTP/2.0", host: "ceerun.com"
2026/08/24 23:36:19 [error] 9853#0: *1273828 open() "/www/data/wwwroot/2025_12_26_01/wp-content/uploads/woocommerce_stripe_api_settings.tar.gz" failed (2: No such file or directory), client: 104.23.172.80, server: www.ceerun.com, request: "GET /wp-content/uploads/woocommerce_stripe_api_settings.tar.gz HTTP/2.0", host: "ceerun.com"
2026/08/24 23:36:19 [error] 9853#0: *1273828 open() "/www/data/wwwroot/2025_12_26_01/404.html" failed (2: No such file or directory), client: 104.23.172.80, server: www.ceerun.com, request: "GET /wp-content/uploads/woocommerce_stripe_api_settings.tar.gz HTTP/2.0", host: "ceerun.com"
2026/08/24 23:36:20 [error] 9853#0: *1273784 open() "/www/data/wwwroot/2025_12_26_01/wp-content/uploads/wp2shell_opt_woocommerce_paypal_settings" failed (2: No such file or directory), client: 104.23.239.144, server: www.ceerun.com, request: "GET /wp-content/uploads/wp2shell_opt_woocommerce_paypal_settings HTTP/2.0", host: "www.ceerun.com"
2026/08/24 23:36:20 [error] 9853#0: *1273784 open() "/www/data/wwwroot/2025_12_26_01/404.html" failed (2: No such file or directory), client: 104.23.239.144, server: www.ceerun.com, request: "GET /wp-content/uploads/wp2shell_opt_woocommerce_paypal_settings HTTP/2.0", host: "www.ceerun.com"
2026/08/24 23:36:20 [error] 9852#0: *1273665 open() "/www/data/wwwroot/2025_12_26_01/opt_woocommerce_ppec_paypal_settings" failed (2: No such file or directory), client: 172.71.160.42, server: www.ceerun.com, request: "GET /opt_woocommerce_ppec_paypal_settings HTTP/2.0", host: "www.ceerun.com"
2026/08/24 23:36:20 [error] 9852#0: *1273665 open() "/www/data/wwwroot/2025_12_26_01/404.html" failed (2: No such file or directory), client: 172.71.160.42, server: www.ceerun.com, request: "GET /opt_woocommerce_ppec_paypal_settings HTTP/2.0", host: "www.ceerun.com"
2026/08/24 23:36:20 [error] 9851#0: *1273800 open() "/www/data/wwwroot/2025_12_26_01/wp2shell_opt_woocommerce_ppec_paypal_settings" failed (2: No such file or directory), client: 104.23.166.6, server: www.ceerun.com, request: "GET /wp2shell_opt_woocommerce_ppec_paypal_settings HTTP/2.0", host: "www.ceerun.com"
2026/08/24 23:36:20 [error] 9851#0: *1273800 open() "/www/data/wwwroot/2025_12_26_01/404.html" failed (2: No such file or directory), client: 104.23.166.6, server: www.ceerun.com, request: "GET /wp2shell_opt_woocommerce_ppec_paypal_settings HTTP/2.0", host: "www.ceerun.com"
2026/08/24 23:36:20 [error] 9853#0: *1273764 open() "/www/data/wwwroot/2025_12_26_01/backup/opt_woocommerce_ppec_paypal_settings" failed (2: No such file or directory), client: 172.71.247.160, server: www.ceerun.com, request: "GET /backup/opt_woocommerce_ppec_paypal_settings HTTP/2.0", host: "www.ceerun.com"
2026/08/24 23:36:20 [error] 9853#0: *1273764 open() "/www/data/wwwroot/2025_12_26_01/404.html" failed (2: No such file or directory), client: 172.71.247.160, server: www.ceerun.com, request: "GET /backup/opt_woocommerce_ppec_paypal_settings HTTP/2.0", host: "www.ceerun.com"
2026/08/24 23:36:21 [error] 9852#0: *1273665 open() "/www/data/wwwroot/2025_12_26_01/backup/wp2shell_opt_woocommerce_ppec_paypal_settings" failed (2: No such file or directory), client: 172.71.160.42, server: www.ceerun.com, request: "GET /backup/wp2shell_opt_woocommerce_ppec_paypal_settings HTTP/2.0", host: "www.ceerun.com"
