2026/08/26 09:18:15 [error] 9850#0: *1446277 open() "/www/data/wwwroot/2025_12_26_01/404.html" failed (2: No such file or directory), client: 172.69.150.26, server: www.ceerun.com, request: "GET /static/js/config.js HTTP/2.0", host: "www.ceerun.com"
2026/08/26 09:18:15 [error] 9850#0: *1446279 open() "/www/data/wwwroot/2025_12_26_01/404.html" failed (2: No such file or directory), client: 172.71.160.186, server: www.ceerun.com, request: "GET /api/config.js HTTP/2.0", host: "www.ceerun.com"
2026/08/26 09:18:15 [error] 9853#0: *1446278 open() "/www/data/wwwroot/2025_12_26_01/404.html" failed (2: No such file or directory), client: 172.69.109.214, server: www.ceerun.com, request: "GET /core/config.js.php HTTP/2.0", host: "www.ceerun.com"
2026/08/26 09:18:15 [error] 9851#0: *1446287 open() "/www/data/wwwroot/2025_12_26_01/404.html" failed (2: No such file or directory), client: 172.71.148.98, server: www.ceerun.com, request: "GET /env.production.js HTTP/2.0", host: "www.ceerun.com"
2026/08/26 09:18:15 [error] 9850#0: *1446284 open() "/www/data/wwwroot/2025_12_26_01/wp-json/wc/v3/payment_gateways" failed (2: No such file or directory), client: 104.23.166.6, server: www.ceerun.com, request: "GET /wp-json/wc/v3/payment_gateways HTTP/2.0", host: "www.ceerun.com"
2026/08/26 09:18:15 [error] 9850#0: *1446284 open() "/www/data/wwwroot/2025_12_26_01/404.html" failed (2: No such file or directory), client: 104.23.166.6, server: www.ceerun.com, request: "GET /wp-json/wc/v3/payment_gateways HTTP/2.0", host: "www.ceerun.com"
2026/08/26 09:18:15 [error] 9851#0: *1446285 open() "/www/data/wwwroot/2025_12_26_01/wp-json/wc/v2/payment_gateways" failed (2: No such file or directory), client: 104.23.170.99, server: www.ceerun.com, request: "GET /wp-json/wc/v2/payment_gateways HTTP/2.0", host: "www.ceerun.com"
2026/08/26 09:18:15 [error] 9851#0: *1446285 open() "/www/data/wwwroot/2025_12_26_01/404.html" failed (2: No such file or directory), client: 104.23.170.99, server: www.ceerun.com, request: "GET /wp-json/wc/v2/payment_gateways HTTP/2.0", host: "www.ceerun.com"
2026/08/26 09:18:15 [error] 9853#0: *1446289 open() "/www/data/wwwroot/2025_12_26_01/404.html" failed (2: No such file or directory), client: 172.71.172.95, server: www.ceerun.com, request: "GET /app.js HTTP/2.0", host: "www.ceerun.com"
2026/08/26 09:18:15 [error] 9853#0: *1446288 open() "/www/data/wwwroot/2025_12_26_01/404.html" failed (2: No such file or directory), client: 172.71.103.28, server: www.ceerun.com, request: "GET /config.js HTTP/2.0", host: "www.ceerun.com"
2026/08/26 09:18:15 [error] 9853#0: *1446280 open() "/www/data/wwwroot/2025_12_26_01/404.html" failed (2: No such file or directory), client: 172.69.109.186, server: www.ceerun.com, request: "GET /assets/config.js HTTP/2.0", host: "www.ceerun.com"
2026/08/26 09:18:15 [error] 9853#0: *1446281 open() "/www/data/wwwroot/2025_12_26_01/404.html" failed (2: No such file or directory), client: 172.71.160.184, server: www.ceerun.com, request: "GET /js/config.js HTTP/2.0", host: "www.ceerun.com"
2026/08/26 09:18:15 [error] 9852#0: *1446291 open() "/www/data/wwwroot/2025_12_26_01/404.html" failed (2: No such file or directory), client: 172.71.148.54, server: www.ceerun.com, request: "GET /static/config.js HTTP/2.0", host: "www.ceerun.com"
2026/08/26 09:18:15 [error] 9853#0: *1446292 open() "/www/data/wwwroot/2025_12_26_01/env.json" failed (2: No such file or directory), client: 172.69.151.9, server: www.ceerun.com, request: "GET /env.json HTTP/2.0", host: "www.ceerun.com"
2026/08/26 09:18:15 [error] 9853#0: *1446292 open() "/www/data/wwwroot/2025_12_26_01/404.html" failed (2: No such file or directory), client: 172.69.151.9, server: www.ceerun.com, request: "GET /env.json HTTP/2.0", host: "www.ceerun.com"
2026/08/26 09:18:15 [error] 9853#0: *1446290 open() "/www/data/wwwroot/2025_12_26_01/404.html" failed (2: No such file or directory), client: 104.23.170.98, server: www.ceerun.com, request: "GET /config.js.php HTTP/2.0", host: "www.ceerun.com"
2026/08/26 09:18:15 [error] 9850#0: *1446297 open() "/www/data/wwwroot/2025_12_26_01/404.html" failed (2: No such file or directory), client: 172.69.109.21, server: www.ceerun.com, request: "GET /core/config.js HTTP/2.0", host: "www.ceerun.com"
2026/08/26 09:18:15 [error] 9851#0: *1446296 open() "/www/data/wwwroot/2025_12_26_01/sitemap.xml" failed (2: No such file or directory), client: 172.69.109.214, server: www.ceerun.com, request: "GET /sitemap.xml HTTP/2.0", host: "www.ceerun.com"
2026/08/26 09:18:15 [error] 9851#0: *1446296 open() "/www/data/wwwroot/2025_12_26_01/404.html" failed (2: No such file or directory), client: 172.69.109.214, server: www.ceerun.com, request: "GET /sitemap.xml HTTP/2.0", host: "www.ceerun.com"
2026/08/26 09:18:40 [error] 9850#0: *1446284 open() "/www/data/wwwroot/2025_12_26_01/wp-json/wc/v2/payment_gateways/stripe" failed (2: No such file or directory), client: 104.23.166.6, server: www.ceerun.com, request: "GET /wp-json/wc/v2/payment_gateways/stripe HTTP/2.0", host: "www.ceerun.com"
2026/08/26 09:18:40 [error] 9850#0: *1446284 open() "/www/data/wwwroot/2025_12_26_01/404.html" failed (2: No such file or directory), client: 104.23.166.6, server: www.ceerun.com, request: "GET /wp-json/wc/v2/payment_gateways/stripe HTTP/2.0", host: "www.ceerun.com"
2026/08/26 09:18:40 [error] 9850#0: *1446347 open() "/www/data/wwwroot/2025_12_26_01/wp-json/wc/v3/payment_gateways/paypal" failed (2: No such file or directory), client: 162.158.95.222, server: www.ceerun.com, request: "GET /wp-json/wc/v3/payment_gateways/paypal HTTP/2.0", host: "www.ceerun.com"
2026/08/26 09:18:40 [error] 9850#0: *1446347 open() "/www/data/wwwroot/2025_12_26_01/404.html" failed (2: No such file or directory), client: 162.158.95.222, server: www.ceerun.com, request: "GET /wp-json/wc/v3/payment_gateways/paypal HTTP/2.0", host: "www.ceerun.com"
2026/08/26 09:18:40 [error] 9852#0: *1446294 open() "/www/data/wwwroot/2025_12_26_01/wp-json/wc/v3/payment_gateways/ppec_paypal" failed (2: No such file or directory), client: 172.69.109.214, server: www.ceerun.com, request: "GET /wp-json/wc/v3/payment_gateways/ppec_paypal HTTP/2.0", host: "www.ceerun.com"
2026/08/26 09:18:40 [error] 9852#0: *1446294 open() "/www/data/wwwroot/2025_12_26_01/404.html" failed (2: No such file or directory), client: 172.69.109.214, server: www.ceerun.com, request: "GET /wp-json/wc/v3/payment_gateways/ppec_paypal HTTP/2.0", host: "www.ceerun.com"
2026/08/26 09:18:40 [error] 9852#0: *1446294 open() "/www/data/wwwroot/2025_12_26_01/wp-json/wc-admin/options" failed (2: No such file or directory), client: 172.69.109.214, server: www.ceerun.com, request: "GET /wp-json/wc-admin/options?options=woocommerce_stripe_settings HTTP/2.0", host: "www.ceerun.com"
2026/08/26 09:18:40 [error] 9852#0: *1446294 open() "/www/data/wwwroot/2025_12_26_01/404.html" failed (2: No such file or directory), client: 172.69.109.214, server: www.ceerun.com, request: "GET /wp-json/wc-admin/options?options=woocommerce_stripe_settings HTTP/2.0", host: "www.ceerun.com"
2026/08/26 09:18:40 [error] 9850#0: *1446283 open() "/www/data/wwwroot/2025_12_26_01/wp-json/wc-admin/options" failed (2: No such file or directory), client: 104.23.166.6, server: www.ceerun.com, request: "GET /wp-json/wc-admin/options?options=woocommerce_paypal_settings HTTP/2.0", host: "www.ceerun.com"
2026/08/26 09:18:40 [error] 9850#0: *1446283 open() "/www/data/wwwroot/2025_12_26_01/404.html" failed (2: No such file or directory), client: 104.23.166.6, server: www.ceerun.com, request: "GET /wp-json/wc-admin/options?options=woocommerce_paypal_settings HTTP/2.0", host: "www.ceerun.com"
2026/08/26 09:18:40 [error] 9850#0: *1446350 open() "/www/data/wwwroot/2025_12_26_01/404.html" failed (2: No such file or directory), client: 172.71.164.110, server: www.ceerun.com, request: "GET /error_docs/uat.js HTTP/2.0", host: "www.ceerun.com"
2026/08/26 09:18:40 [error] 9850#0: *1446351 open() "/www/data/wwwroot/2025_12_26_01/404.html" failed (2: No such file or directory), client: 172.70.248.162, server: www.ceerun.com, request: "GET /static/js/main.js HTTP/2.0", host: "www.ceerun.com"
2026/08/26 09:18:40 [error] 9850#0: *1446348 open() "/www/data/wwwroot/2025_12_26_01/wp-json/wc/v3/payment_gateways/stripe_cc" failed (2: No such file or directory), client: 172.71.160.147, server: www.ceerun.com, request: "GET /wp-json/wc/v3/payment_gateways/stripe_cc HTTP/2.0", host: "www.ceerun.com"
2026/08/26 09:18:40 [error] 9850#0: *1446348 open() "/www/data/wwwroot/2025_12_26_01/404.html" failed (2: No such file or directory), client: 172.71.160.147, server: www.ceerun.com, request: "GET /wp-json/wc/v3/payment_gateways/stripe_cc HTTP/2.0", host: "www.ceerun.com"
2026/08/26 09:18:40 [error] 9852#0: *1446352 open() "/www/data/wwwroot/2025_12_26_01/404.html" failed (2: No such file or directory), client: 172.71.95.123, server: www.ceerun.com, request: "GET /vizportal.js HTTP/2.0", host: "www.ceerun.com"
2026/08/26 09:18:40 [error] 9853#0: *1446353 open() "/www/data/wwwroot/2025_12_26_01/404.html" failed (2: No such file or directory), client: 172.71.182.102, server: www.ceerun.com, request: "GET /js/sendgrid.js HTTP/2.0", host: "www.ceerun.com"
2026/08/26 09:18:40 [error] 9851#0: *1446354 open() "/www/data/wwwroot/2025_12_26_01/404.html" failed (2: No such file or directory), client: 172.70.47.145, server: www.ceerun.com, request: "GET /sendgrid.js HTTP/2.0", host: "www.ceerun.com"
2026/08/26 09:18:40 [error] 9850#0: *1446349 open() "/www/data/wwwroot/2025_12_26_01/wp-json/wc/v3/payment_gateways/stripe" failed (2: No such file or directory), client: 172.71.160.147, server: www.ceerun.com, request: "GET /wp-json/wc/v3/payment_gateways/stripe HTTP/2.0", host: "www.ceerun.com"
2026/08/26 09:18:40 [error] 9850#0: *1446349 open() "/www/data/wwwroot/2025_12_26_01/404.html" failed (2: No such file or directory), client: 172.71.160.147, server: www.ceerun.com, request: "GET /wp-json/wc/v3/payment_gateways/stripe HTTP/2.0", host: "www.ceerun.com"
2026/08/26 09:18:41 [error] 9850#0: *1446357 open() "/www/data/wwwroot/2025_12_26_01/wp-json/wc/v3/payment_gateways/ppcp-gateway" failed (2: No such file or directory), client: 104.22.123.25, server: www.ceerun.com, request: "GET /wp-json/wc/v3/payment_gateways/ppcp-gateway HTTP/2.0", host: "www.ceerun.com"
2026/08/26 09:18:41 [error] 9850#0: *1446357 open() "/www/data/wwwroot/2025_12_26_01/404.html" failed (2: No such file or directory), client: 104.22.123.25, server: www.ceerun.com, request: "GET /wp-json/wc/v3/payment_gateways/ppcp-gateway HTTP/2.0", host: "www.ceerun.com"
2026/08/26 09:18:41 [error] 9853#0: *1446358 open() "/www/data/wwwroot/2025_12_26_01/404.html" failed (2: No such file or directory), client: 172.69.109.106, server: www.ceerun.com, request: "GET /bundle.js HTTP/2.0", host: "www.ceerun.com"
2026/08/26 09:19:00 [error] 9850#0: *1446284 open() "/www/data/wwwroot/2025_12_26_01/(gtag.js)" failed (2: No such file or directory), client: 104.23.166.6, server: www.ceerun.com, request: "GET /(gtag.js) HTTP/2.0", host: "www.ceerun.com"
2026/08/26 09:19:00 [error] 9850#0: *1446284 open() "/www/data/wwwroot/2025_12_26_01/404.html" failed (2: No such file or directory), client: 104.23.166.6, server: www.ceerun.com, request: "GET /(gtag.js) HTTP/2.0", host: "www.ceerun.com"
2026/08/26 09:19:42 [error] 9852#0: *1446295 open() "/www/data/wwwroot/2025_12_26_01/backups/wp2shell_opt_woocommerce_stripe_settings" failed (2: No such file or directory), client: 172.69.109.214, server: www.ceerun.com, request: "GET /backups/wp2shell_opt_woocommerce_stripe_settings HTTP/2.0", host: "www.ceerun.com"
2026/08/26 09:19:42 [error] 9852#0: *1446295 open() "/www/data/wwwroot/2025_12_26_01/404.html" failed (2: No such file or directory), client: 172.69.109.214, server: www.ceerun.com, request: "GET /backups/wp2shell_opt_woocommerce_stripe_settings HTTP/2.0", host: "www.ceerun.com"
2026/08/26 09:19:43 [error] 9850#0: *1446495 open() "/www/data/wwwroot/2025_12_26_01/wp-content/wp2shell_opt_woocommerce_stripe_settings" failed (2: No such file or directory), client: 172.71.164.122, server: www.ceerun.com, request: "GET /wp-content/wp2shell_opt_woocommerce_stripe_settings HTTP/2.0", host: "www.ceerun.com"
2026/08/26 09:19:43 [error] 9850#0: *1446495 open() "/www/data/wwwroot/2025_12_26_01/404.html" failed (2: No such file or directory), client: 172.71.164.122, server: www.ceerun.com, request: "GET /wp-content/wp2shell_opt_woocommerce_stripe_settings HTTP/2.0", host: "www.ceerun.com"
2026/08/26 09:19:43 [error] 9851#0: *1446494 open() "/www/data/wwwroot/2025_12_26_01/wp-content/opt_woocommerce_stripe_settings" failed (2: No such file or directory), client: 172.69.151.9, server: www.ceerun.com, request: "GET /wp-content/opt_woocommerce_stripe_settings HTTP/2.0", host: "www.ceerun.com"
2026/08/26 09:19:43 [error] 9851#0: *1446494 open() "/www/data/wwwroot/2025_12_26_01/404.html" failed (2: No such file or directory), client: 172.69.151.9, server: www.ceerun.com, request: "GET /wp-content/opt_woocommerce_stripe_settings HTTP/2.0", host: "www.ceerun.com"
2026/08/26 09:19:43 [error] 9850#0: *1446348 open() "/www/data/wwwroot/2025_12_26_01/wp-content/uploads/opt_woocommerce_stripe_settings" failed (2: No such file or directory), client: 172.71.160.147, server: www.ceerun.com, request: "GET /wp-content/uploads/opt_woocommerce_stripe_settings HTTP/2.0", host: "www.ceerun.com"
2026/08/26 09:19:43 [error] 9850#0: *1446348 open() "/www/data/wwwroot/2025_12_26_01/404.html" failed (2: No such file or directory), client: 172.71.160.147, server: www.ceerun.com, request: "GET /wp-content/uploads/opt_woocommerce_stripe_settings HTTP/2.0", host: "www.ceerun.com"
2026/08/26 09:19:43 [error] 9852#0: *1446295 open() "/www/data/wwwroot/2025_12_26_01/wp-content/uploads/wp2shell_opt_woocommerce_stripe_settings" failed (2: No such file or directory), client: 172.69.109.214, server: www.ceerun.com, request: "GET /wp-content/uploads/wp2shell_opt_woocommerce_stripe_settings HTTP/2.0", host: "www.ceerun.com"
2026/08/26 09:19:43 [error] 9852#0: *1446295 open() "/www/data/wwwroot/2025_12_26_01/404.html" failed (2: No such file or directory), client: 172.69.109.214, server: www.ceerun.com, request: "GET /wp-content/uploads/wp2shell_opt_woocommerce_stripe_settings HTTP/2.0", host: "www.ceerun.com"
2026/08/26 09:19:48 [error] 9851#0: *1446494 open() "/www/data/wwwroot/2025_12_26_01/backups/wp2shell_opt_woocommerce_stripe_cc_settings" failed (2: No such file or directory), client: 172.69.151.9, server: www.ceerun.com, request: "GET /backups/wp2shell_opt_woocommerce_stripe_cc_settings HTTP/2.0", host: "www.ceerun.com"
2026/08/26 09:19:48 [error] 9851#0: *1446494 open() "/www/data/wwwroot/2025_12_26_01/404.html" failed (2: No such file or directory), client: 172.69.151.9, server: www.ceerun.com, request: "GET /backups/wp2shell_opt_woocommerce_stripe_cc_settings HTTP/2.0", host: "www.ceerun.com"
2026/08/26 09:19:48 [error] 9852#0: *1446295 open() "/www/data/wwwroot/2025_12_26_01/backup/wp2shell_opt_woocommerce_stripe_cc_settings" failed (2: No such file or directory), client: 172.69.109.214, server: www.ceerun.com, request: "GET /backup/wp2shell_opt_woocommerce_stripe_cc_settings HTTP/2.0", host: "www.ceerun.com"
2026/08/26 09:19:48 [error] 9852#0: *1446295 open() "/www/data/wwwroot/2025_12_26_01/404.html" failed (2: No such file or directory), client: 172.69.109.214, server: www.ceerun.com, request: "GET /backup/wp2shell_opt_woocommerce_stripe_cc_settings HTTP/2.0", host: "www.ceerun.com"
2026/08/26 09:19:48 [error] 9852#0: *1446295 open() "/www/data/wwwroot/2025_12_26_01/backups/opt_woocommerce_stripe_cc_settings" failed (2: No such file or directory), client: 172.69.109.214, server: www.ceerun.com, request: "GET /backups/opt_woocommerce_stripe_cc_settings HTTP/2.0", host: "www.ceerun.com"
2026/08/26 09:19:48 [error] 9852#0: *1446295 open() "/www/data/wwwroot/2025_12_26_01/404.html" failed (2: No such file or directory), client: 172.69.109.214, server: www.ceerun.com, request: "GET /backups/opt_woocommerce_stripe_cc_settings HTTP/2.0", host: "www.ceerun.com"
2026/08/26 09:19:48 [error] 9850#0: *1446503 open() "/www/data/wwwroot/2025_12_26_01/backup/opt_woocommerce_stripe_cc_settings" failed (2: No such file or directory), client: 104.22.123.25, server: www.ceerun.com, request: "GET /backup/opt_woocommerce_stripe_cc_settings HTTP/2.0", host: "www.ceerun.com"
2026/08/26 09:19:48 [error] 9850#0: *1446503 open() "/www/data/wwwroot/2025_12_26_01/404.html" failed (2: No such file or directory), client: 104.22.123.25, server: www.ceerun.com, request: "GET /backup/opt_woocommerce_stripe_cc_settings HTTP/2.0", host: "www.ceerun.com"
2026/08/26 09:19:49 [error] 9853#0: *1446511 open() "/www/data/wwwroot/2025_12_26_01/wp2shell_opt_woocommerce_stripe_cc_settings" failed (2: No such file or directory), client: 172.71.247.160, server: www.ceerun.com, request: "GET /wp2shell_opt_woocommerce_stripe_cc_settings HTTP/2.0", host: "www.ceerun.com"
2026/08/26 09:19:49 [error] 9853#0: *1446511 open() "/www/data/wwwroot/2025_12_26_01/404.html" failed (2: No such file or directory), client: 172.71.247.160, server: www.ceerun.com, request: "GET /wp2shell_opt_woocommerce_stripe_cc_settings HTTP/2.0", host: "www.ceerun.com"
2026/08/26 09:19:49 [error] 9852#0: *1446512 open() "/www/data/wwwroot/2025_12_26_01/opt_woocommerce_stripe_cc_settings" failed (2: No such file or directory), client: 172.70.47.123, server: www.ceerun.com, request: "GET /opt_woocommerce_stripe_cc_settings HTTP/2.0", host: "www.ceerun.com"
2026/08/26 09:19:49 [error] 9852#0: *1446512 open() "/www/data/wwwroot/2025_12_26_01/404.html" failed (2: No such file or directory), client: 172.70.47.123, server: www.ceerun.com, request: "GET /opt_woocommerce_stripe_cc_settings HTTP/2.0", host: "www.ceerun.com"
2026/08/26 09:19:52 [error] 9851#0: *1446494 open() "/www/data/wwwroot/2025_12_26_01/wp-content/uploads/opt_woocommerce_stripe_cc_settings" failed (2: No such file or directory), client: 172.69.151.9, server: www.ceerun.com, request: "GET /wp-content/uploads/opt_woocommerce_stripe_cc_settings HTTP/2.0", host: "www.ceerun.com"
2026/08/26 09:19:52 [error] 9851#0: *1446494 open() "/www/data/wwwroot/2025_12_26_01/404.html" failed (2: No such file or directory), client: 172.69.151.9, server: www.ceerun.com, request: "GET /wp-content/uploads/opt_woocommerce_stripe_cc_settings HTTP/2.0", host: "www.ceerun.com"
2026/08/26 09:19:53 [error] 9852#0: *1446512 open() "/www/data/wwwroot/2025_12_26_01/wp-content/uploads/wp2shell_opt_woocommerce_stripe_cc_settings" failed (2: No such file or directory), client: 172.70.47.123, server: www.ceerun.com, request: "GET /wp-content/uploads/wp2shell_opt_woocommerce_stripe_cc_settings HTTP/2.0", host: "www.ceerun.com"
2026/08/26 09:19:53 [error] 9852#0: *1446512 open() "/www/data/wwwroot/2025_12_26_01/404.html" failed (2: No such file or directory), client: 172.70.47.123, server: www.ceerun.com, request: "GET /wp-content/uploads/wp2shell_opt_woocommerce_stripe_cc_settings HTTP/2.0", host: "www.ceerun.com"
2026/08/26 09:19:53 [error] 9850#0: *1446503 open() "/www/data/wwwroot/2025_12_26_01/opt_woocommerce_stripe_api_settings" failed (2: No such file or directory), client: 104.22.123.25, server: www.ceerun.com, request: "GET /opt_woocommerce_stripe_api_settings HTTP/2.0", host: "www.ceerun.com"
2026/08/26 09:19:53 [error] 9850#0: *1446503 open() "/www/data/wwwroot/2025_12_26_01/404.html" failed (2: No such file or directory), client: 104.22.123.25, server: www.ceerun.com, request: "GET /opt_woocommerce_stripe_api_settings HTTP/2.0", host: "www.ceerun.com"
2026/08/26 09:19:53 [error] 9852#0: *1446295 open() "/www/data/wwwroot/2025_12_26_01/wp2shell_opt_woocommerce_stripe_api_settings" failed (2: No such file or directory), client: 172.69.109.214, server: www.ceerun.com, request: "GET /wp2shell_opt_woocommerce_stripe_api_settings HTTP/2.0", host: "www.ceerun.com"
2026/08/26 09:19:53 [error] 9852#0: *1446295 open() "/www/data/wwwroot/2025_12_26_01/404.html" failed (2: No such file or directory), client: 172.69.109.214, server: www.ceerun.com, request: "GET /wp2shell_opt_woocommerce_stripe_api_settings HTTP/2.0", host: "www.ceerun.com"
2026/08/26 09:19:59 [error] 9853#0: *1446511 open() "/www/data/wwwroot/2025_12_26_01/wp-content/opt_woocommerce_stripe_cc_settings" failed (2: No such file or directory), client: 172.71.247.160, server: www.ceerun.com, request: "GET /wp-content/opt_woocommerce_stripe_cc_settings HTTP/2.0", host: "www.ceerun.com"
2026/08/26 09:19:59 [error] 9853#0: *1446511 open() "/www/data/wwwroot/2025_12_26_01/404.html" failed (2: No such file or directory), client: 172.71.247.160, server: www.ceerun.com, request: "GET /wp-content/opt_woocommerce_stripe_cc_settings HTTP/2.0", host: "www.ceerun.com"
2026/08/26 09:19:59 [error] 9850#0: *1446348 open() "/www/data/wwwroot/2025_12_26_01/backup/wp2shell_opt_woocommerce_stripe_api_settings" failed (2: No such file or directory), client: 172.71.160.147, server: www.ceerun.com, request: "GET /backup/wp2shell_opt_woocommerce_stripe_api_settings HTTP/2.0", host: "www.ceerun.com"
2026/08/26 09:19:59 [error] 9850#0: *1446348 open() "/www/data/wwwroot/2025_12_26_01/404.html" failed (2: No such file or directory), client: 172.71.160.147, server: www.ceerun.com, request: "GET /backup/wp2shell_opt_woocommerce_stripe_api_settings HTTP/2.0", host: "www.ceerun.com"
2026/08/26 09:19:59 [error] 9852#0: *1446295 open() "/www/data/wwwroot/2025_12_26_01/wp-content/wp2shell_opt_woocommerce_stripe_cc_settings" failed (2: No such file or directory), client: 172.69.109.214, server: www.ceerun.com, request: "GET /wp-content/wp2shell_opt_woocommerce_stripe_cc_settings HTTP/2.0", host: "www.ceerun.com"
2026/08/26 09:19:59 [error] 9852#0: *1446295 open() "/www/data/wwwroot/2025_12_26_01/404.html" failed (2: No such file or directory), client: 172.69.109.214, server: www.ceerun.com, request: "GET /wp-content/wp2shell_opt_woocommerce_stripe_cc_settings HTTP/2.0", host: "www.ceerun.com"
2026/08/26 09:20:00 [error] 9851#0: *1446494 open() "/www/data/wwwroot/2025_12_26_01/backups/opt_woocommerce_stripe_api_settings" failed (2: No such file or directory), client: 172.69.151.9, server: www.ceerun.com, request: "GET /backups/opt_woocommerce_stripe_api_settings HTTP/2.0", host: "www.ceerun.com"
2026/08/26 09:20:00 [error] 9851#0: *1446494 open() "/www/data/wwwroot/2025_12_26_01/404.html" failed (2: No such file or directory), client: 172.69.151.9, server: www.ceerun.com, request: "GET /backups/opt_woocommerce_stripe_api_settings HTTP/2.0", host: "www.ceerun.com"
2026/08/26 09:20:00 [error] 9852#0: *1446512 open() "/www/data/wwwroot/2025_12_26_01/wp-content/opt_woocommerce_stripe_api_settings" failed (2: No such file or directory), client: 172.70.47.123, server: www.ceerun.com, request: "GET /wp-content/opt_woocommerce_stripe_api_settings HTTP/2.0", host: "www.ceerun.com"
2026/08/26 09:20:00 [error] 9852#0: *1446512 open() "/www/data/wwwroot/2025_12_26_01/404.html" failed (2: No such file or directory), client: 172.70.47.123, server: www.ceerun.com, request: "GET /wp-content/opt_woocommerce_stripe_api_settings HTTP/2.0", host: "www.ceerun.com"
2026/08/26 09:20:00 [error] 9852#0: *1446295 open() "/www/data/wwwroot/2025_12_26_01/backups/wp2shell_opt_woocommerce_stripe_api_settings" failed (2: No such file or directory), client: 172.69.109.214, server: www.ceerun.com, request: "GET /backups/wp2shell_opt_woocommerce_stripe_api_settings HTTP/2.0", host: "www.ceerun.com"
2026/08/26 09:20:00 [error] 9852#0: *1446295 open() "/www/data/wwwroot/2025_12_26_01/404.html" failed (2: No such file or directory), client: 172.69.109.214, server: www.ceerun.com, request: "GET /backups/wp2shell_opt_woocommerce_stripe_api_settings HTTP/2.0", host: "www.ceerun.com"
2026/08/26 09:20:00 [error] 9850#0: *1446503 open() "/www/data/wwwroot/2025_12_26_01/backup/opt_woocommerce_stripe_api_settings" failed (2: No such file or directory), client: 104.22.123.25, server: www.ceerun.com, request: "GET /backup/opt_woocommerce_stripe_api_settings HTTP/2.0", host: "www.ceerun.com"
2026/08/26 09:20:00 [error] 9850#0: *1446503 open() "/www/data/wwwroot/2025_12_26_01/404.html" failed (2: No such file or directory), client: 104.22.123.25, server: www.ceerun.com, request: "GET /backup/opt_woocommerce_stripe_api_settings HTTP/2.0", host: "www.ceerun.com"
2026/08/26 09:20:00 [error] 9852#0: *1446295 open() "/www/data/wwwroot/2025_12_26_01/wp-content/wp2shell_opt_woocommerce_stripe_api_settings" failed (2: No such file or directory), client: 172.69.109.214, server: www.ceerun.com, request: "GET /wp-content/wp2shell_opt_woocommerce_stripe_api_settings HTTP/2.0", host: "www.ceerun.com"
2026/08/26 09:20:00 [error] 9852#0: *1446295 open() "/www/data/wwwroot/2025_12_26_01/404.html" failed (2: No such file or directory), client: 172.69.109.214, server: www.ceerun.com, request: "GET /wp-content/wp2shell_opt_woocommerce_stripe_api_settings HTTP/2.0", host: "www.ceerun.com"
2026/08/26 09:20:12 [error] 9853#0: *1446511 open() "/www/data/wwwroot/2025_12_26_01/wp2shell_opt_woocommerce_wc_stripe_settings" failed (2: No such file or directory), client: 172.71.247.160, server: www.ceerun.com, request: "GET /wp2shell_opt_woocommerce_wc_stripe_settings HTTP/2.0", host: "www.ceerun.com"
2026/08/26 09:20:12 [error] 9853#0: *1446511 open() "/www/data/wwwroot/2025_12_26_01/404.html" failed (2: No such file or directory), client: 172.71.247.160, server: www.ceerun.com, request: "GET /wp2shell_opt_woocommerce_wc_stripe_settings HTTP/2.0", host: "www.ceerun.com"
2026/08/26 09:20:12 [error] 9850#0: *1446348 open() "/www/data/wwwroot/2025_12_26_01/backup/opt_woocommerce_wc_stripe_settings" failed (2: No such file or directory), client: 172.71.160.147, server: www.ceerun.com, request: "GET /backup/opt_woocommerce_wc_stripe_settings HTTP/2.0", host: "www.ceerun.com"
2026/08/26 09:20:12 [error] 9850#0: *1446348 open() "/www/data/wwwroot/2025_12_26_01/404.html" failed (2: No such file or directory), client: 172.71.160.147, server: www.ceerun.com, request: "GET /backup/opt_woocommerce_wc_stripe_settings HTTP/2.0", host: "www.ceerun.com"
2026/08/26 09:20:13 [error] 9853#0: *1446559 open() "/www/data/wwwroot/2025_12_26_01/opt_woocommerce_wc_stripe_settings" failed (2: No such file or directory), client: 172.71.172.34, server: www.ceerun.com, request: "GET /opt_woocommerce_wc_stripe_settings HTTP/2.0", host: "www.ceerun.com"
2026/08/26 09:20:13 [error] 9853#0: *1446559 open() "/www/data/wwwroot/2025_12_26_01/404.html" failed (2: No such file or directory), client: 172.71.172.34, server: www.ceerun.com, request: "GET /opt_woocommerce_wc_stripe_settings HTTP/2.0", host: "www.ceerun.com"
2026/08/26 09:20:13 [error] 9851#0: *1446494 open() "/www/data/wwwroot/2025_12_26_01/backups/opt_woocommerce_wc_stripe_settings" failed (2: No such file or directory), client: 172.69.151.9, server: www.ceerun.com, request: "GET /backups/opt_woocommerce_wc_stripe_settings HTTP/2.0", host: "www.ceerun.com"
2026/08/26 09:20:13 [error] 9851#0: *1446494 open() "/www/data/wwwroot/2025_12_26_01/404.html" failed (2: No such file or directory), client: 172.69.151.9, server: www.ceerun.com, request: "GET /backups/opt_woocommerce_wc_stripe_settings HTTP/2.0", host: "www.ceerun.com"
2026/08/26 09:20:13 [error] 9852#0: *1446295 open() "/www/data/wwwroot/2025_12_26_01/backup/wp2shell_opt_woocommerce_wc_stripe_settings" failed (2: No such file or directory), client: 172.69.109.214, server: www.ceerun.com, request: "GET /backup/wp2shell_opt_woocommerce_wc_stripe_settings HTTP/2.0", host: "www.ceerun.com"
2026/08/26 09:20:13 [error] 9852#0: *1446295 open() "/www/data/wwwroot/2025_12_26_01/404.html" failed (2: No such file or directory), client: 172.69.109.214, server: www.ceerun.com, request: "GET /backup/wp2shell_opt_woocommerce_wc_stripe_settings HTTP/2.0", host: "www.ceerun.com"
2026/08/26 09:20:13 [error] 9852#0: *1446295 open() "/www/data/wwwroot/2025_12_26_01/backups/wp2shell_opt_woocommerce_wc_stripe_settings" failed (2: No such file or directory), client: 172.69.109.214, server: www.ceerun.com, request: "GET /backups/wp2shell_opt_woocommerce_wc_stripe_settings HTTP/2.0", host: "www.ceerun.com"
2026/08/26 09:20:13 [error] 9852#0: *1446295 open() "/www/data/wwwroot/2025_12_26_01/404.html" failed (2: No such file or directory), client: 172.69.109.214, server: www.ceerun.com, request: "GET /backups/wp2shell_opt_woocommerce_wc_stripe_settings HTTP/2.0", host: "www.ceerun.com"
2026/08/26 09:20:14 [error] 9852#0: *1446295 open() "/www/data/wwwroot/2025_12_26_01/wp-content/opt_woocommerce_wc_stripe_settings" failed (2: No such file or directory), client: 172.69.109.214, server: www.ceerun.com, request: "GET /wp-content/opt_woocommerce_wc_stripe_settings HTTP/2.0", host: "www.ceerun.com"
2026/08/26 09:20:14 [error] 9852#0: *1446295 open() "/www/data/wwwroot/2025_12_26_01/404.html" failed (2: No such file or directory), client: 172.69.109.214, server: www.ceerun.com, request: "GET /wp-content/opt_woocommerce_wc_stripe_settings HTTP/2.0", host: "www.ceerun.com"
2026/08/26 09:20:15 [error] 9852#0: *1446512 open() "/www/data/wwwroot/2025_12_26_01/wp-content/uploads/opt_woocommerce_stripe_api_settings" failed (2: No such file or directory), client: 172.70.47.123, server: www.ceerun.com, request: "GET /wp-content/uploads/opt_woocommerce_stripe_api_settings HTTP/2.0", host: "www.ceerun.com"
2026/08/26 09:20:15 [error] 9852#0: *1446512 open() "/www/data/wwwroot/2025_12_26_01/404.html" failed (2: No such file or directory), client: 172.70.47.123, server: www.ceerun.com, request: "GET /wp-content/uploads/opt_woocommerce_stripe_api_settings HTTP/2.0", host: "www.ceerun.com"
2026/08/26 09:20:15 [error] 9853#0: *1446566 open() "/www/data/wwwroot/2025_12_26_01/wp-content/uploads/wp2shell_opt_woocommerce_stripe_api_settings" failed (2: No such file or directory), client: 104.23.166.7, server: www.ceerun.com, request: "GET /wp-content/uploads/wp2shell_opt_woocommerce_stripe_api_settings HTTP/2.0", host: "www.ceerun.com"
2026/08/26 09:20:15 [error] 9853#0: *1446566 open() "/www/data/wwwroot/2025_12_26_01/404.html" failed (2: No such file or directory), client: 104.23.166.7, server: www.ceerun.com, request: "GET /wp-content/uploads/wp2shell_opt_woocommerce_stripe_api_settings HTTP/2.0", host: "www.ceerun.com"
2026/08/26 09:20:43 [error] 9853#0: *1446511 open() "/www/data/wwwroot/2025_12_26_01/wp-content/uploads/opt_woocommerce_wc_stripe_settings" failed (2: No such file or directory), client: 172.71.247.160, server: www.ceerun.com, request: "GET /wp-content/uploads/opt_woocommerce_wc_stripe_settings HTTP/2.0", host: "www.ceerun.com"
2026/08/26 09:20:43 [error] 9853#0: *1446511 open() "/www/data/wwwroot/2025_12_26_01/404.html" failed (2: No such file or directory), client: 172.71.247.160, server: www.ceerun.com, request: "GET /wp-content/uploads/opt_woocommerce_wc_stripe_settings HTTP/2.0", host: "www.ceerun.com"
2026/08/26 09:20:43 [error] 9851#0: *1446494 open() "/www/data/wwwroot/2025_12_26_01/wp-content/uploads/wp2shell_opt_woocommerce_wc_stripe_settings" failed (2: No such file or directory), client: 172.69.151.9, server: www.ceerun.com, request: "GET /wp-content/uploads/wp2shell_opt_woocommerce_wc_stripe_settings HTTP/2.0", host: "www.ceerun.com"
2026/08/26 09:20:43 [error] 9851#0: *1446494 open() "/www/data/wwwroot/2025_12_26_01/404.html" failed (2: No such file or directory), client: 172.69.151.9, server: www.ceerun.com, request: "GET /wp-content/uploads/wp2shell_opt_woocommerce_wc_stripe_settings HTTP/2.0", host: "www.ceerun.com"
2026/08/26 09:20:43 [error] 9852#0: *1446295 open() "/www/data/wwwroot/2025_12_26_01/wp2shell_opt_give_stripe_settings" failed (2: No such file or directory), client: 172.69.109.214, server: www.ceerun.com, request: "GET /wp2shell_opt_give_stripe_settings HTTP/2.0", host: "www.ceerun.com"
2026/08/26 09:20:43 [error] 9852#0: *1446295 open() "/www/data/wwwroot/2025_12_26_01/404.html" failed (2: No such file or directory), client: 172.69.109.214, server: www.ceerun.com, request: "GET /wp2shell_opt_give_stripe_settings HTTP/2.0", host: "www.ceerun.com"
2026/08/26 09:20:43 [error] 9850#0: *1446348 open() "/www/data/wwwroot/2025_12_26_01/opt_give_stripe_settings" failed (2: No such file or directory), client: 172.71.160.147, server: www.ceerun.com, request: "GET /opt_give_stripe_settings HTTP/2.0", host: "www.ceerun.com"
2026/08/26 09:20:43 [error] 9850#0: *1446348 open() "/www/data/wwwroot/2025_12_26_01/404.html" failed (2: No such file or directory), client: 172.71.160.147, server: www.ceerun.com, request: "GET /opt_give_stripe_settings HTTP/2.0", host: "www.ceerun.com"
2026/08/26 09:20:43 [error] 9853#0: *1446559 open() "/www/data/wwwroot/2025_12_26_01/backup/opt_give_stripe_settings" failed (2: No such file or directory), client: 172.71.172.34, server: www.ceerun.com, request: "GET /backup/opt_give_stripe_settings HTTP/2.0", host: "www.ceerun.com"
2026/08/26 09:20:43 [error] 9853#0: *1446559 open() "/www/data/wwwroot/2025_12_26_01/404.html" failed (2: No such file or directory), client: 172.71.172.34, server: www.ceerun.com, request: "GET /backup/opt_give_stripe_settings HTTP/2.0", host: "www.ceerun.com"
2026/08/26 09:20:43 [error] 9853#0: *1446511 open() "/www/data/wwwroot/2025_12_26_01/backup/wp2shell_opt_give_stripe_settings" failed (2: No such file or directory), client: 172.71.247.160, server: www.ceerun.com, request: "GET /backup/wp2shell_opt_give_stripe_settings HTTP/2.0", host: "www.ceerun.com"
2026/08/26 09:20:43 [error] 9853#0: *1446511 open() "/www/data/wwwroot/2025_12_26_01/404.html" failed (2: No such file or directory), client: 172.71.247.160, server: www.ceerun.com, request: "GET /backup/wp2shell_opt_give_stripe_settings HTTP/2.0", host: "www.ceerun.com"
2026/08/26 09:20:43 [error] 9853#0: *1446566 open() "/www/data/wwwroot/2025_12_26_01/backups/opt_give_stripe_settings" failed (2: No such file or directory), client: 104.23.166.7, server: www.ceerun.com, request: "GET /backups/opt_give_stripe_settings HTTP/2.0", host: "www.ceerun.com"
2026/08/26 09:20:43 [error] 9853#0: *1446566 open() "/www/data/wwwroot/2025_12_26_01/404.html" failed (2: No such file or directory), client: 104.23.166.7, server: www.ceerun.com, request: "GET /backups/opt_give_stripe_settings HTTP/2.0", host: "www.ceerun.com"
2026/08/26 09:20:44 [error] 9852#0: *1446295 open() "/www/data/wwwroot/2025_12_26_01/backups/wp2shell_opt_give_stripe_settings" failed (2: No such file or directory), client: 172.69.109.214, server: www.ceerun.com, request: "GET /backups/wp2shell_opt_give_stripe_settings HTTP/2.0", host: "www.ceerun.com"
2026/08/26 09:20:44 [error] 9852#0: *1446295 open() "/www/data/wwwroot/2025_12_26_01/404.html" failed (2: No such file or directory), client: 172.69.109.214, server: www.ceerun.com, request: "GET /backups/wp2shell_opt_give_stripe_settings HTTP/2.0", host: "www.ceerun.com"
2026/08/26 09:20:51 [error] 9850#0: *1446348 open() "/www/data/wwwroot/2025_12_26_01/wp-content/wp2shell_opt_give_stripe_settings" failed (2: No such file or directory), client: 172.71.160.147, server: www.ceerun.com, request: "GET /wp-content/wp2shell_opt_give_stripe_settings HTTP/2.0", host: "www.ceerun.com"
2026/08/26 09:20:51 [error] 9850#0: *1446348 open() "/www/data/wwwroot/2025_12_26_01/404.html" failed (2: No such file or directory), client: 172.71.160.147, server: www.ceerun.com, request: "GET /wp-content/wp2shell_opt_give_stripe_settings HTTP/2.0", host: "www.ceerun.com"
2026/08/26 09:20:51 [error] 9850#0: *1446348 open() "/www/data/wwwroot/2025_12_26_01/wp-content/uploads/opt_give_stripe_settings" failed (2: No such file or directory), client: 172.71.160.147, server: www.ceerun.com, request: "GET /wp-content/uploads/opt_give_stripe_settings HTTP/2.0", host: "www.ceerun.com"
2026/08/26 09:20:51 [error] 9850#0: *1446348 open() "/www/data/wwwroot/2025_12_26_01/404.html" failed (2: No such file or directory), client: 172.71.160.147, server: www.ceerun.com, request: "GET /wp-content/uploads/opt_give_stripe_settings HTTP/2.0", host: "www.ceerun.com"
2026/08/26 09:20:52 [error] 9850#0: *1446348 open() "/www/data/wwwroot/2025_12_26_01/wp-content/uploads/wp2shell_opt_give_stripe_settings" failed (2: No such file or directory), client: 172.71.160.147, server: www.ceerun.com, request: "GET /wp-content/uploads/wp2shell_opt_give_stripe_settings HTTP/2.0", host: "www.ceerun.com"
2026/08/26 09:20:52 [error] 9850#0: *1446348 open() "/www/data/wwwroot/2025_12_26_01/404.html" failed (2: No such file or directory), client: 172.71.160.147, server: www.ceerun.com, request: "GET /wp-content/uploads/wp2shell_opt_give_stripe_settings HTTP/2.0", host: "www.ceerun.com"
2026/08/26 09:20:53 [error] 9852#0: *1446295 open() "/www/data/wwwroot/2025_12_26_01/wp-content/opt_give_stripe_settings" failed (2: No such file or directory), client: 172.69.109.214, server: www.ceerun.com, request: "GET /wp-content/opt_give_stripe_settings HTTP/2.0", host: "www.ceerun.com"
2026/08/26 09:20:53 [error] 9852#0: *1446295 open() "/www/data/wwwroot/2025_12_26_01/404.html" failed (2: No such file or directory), client: 172.69.109.214, server: www.ceerun.com, request: "GET /wp-content/opt_give_stripe_settings HTTP/2.0", host: "www.ceerun.com"
2026/08/26 09:20:53 [error] 9851#0: *1446494 open() "/www/data/wwwroot/2025_12_26_01/wp-config.bak" failed (2: No such file or directory), client: 172.69.151.9, server: www.ceerun.com, request: "GET /wp-config.bak HTTP/2.0", host: "www.ceerun.com"
2026/08/26 09:20:53 [error] 9851#0: *1446494 open() "/www/data/wwwroot/2025_12_26_01/404.html" failed (2: No such file or directory), client: 172.69.151.9, server: www.ceerun.com, request: "GET /wp-config.bak HTTP/2.0", host: "www.ceerun.com"
2026/08/26 09:20:56 [error] 9851#0: *1446659 open() "/www/data/wwwroot/2025_12_26_01/404.html" failed (2: No such file or directory), client: 172.71.144.31, server: www.ceerun.com, request: "GET /login_up.php HTTP/2.0", host: "www.ceerun.com"
2026/08/26 09:20:56 [error] 9851#0: *1446660 open() "/www/data/wwwroot/2025_12_26_01/opt_woocommerce_paypal_settings" failed (2: No such file or directory), client: 172.70.247.214, server: www.ceerun.com, request: "GET /opt_woocommerce_paypal_settings HTTP/2.0", host: "www.ceerun.com"
2026/08/26 09:20:56 [error] 9851#0: *1446660 open() "/www/data/wwwroot/2025_12_26_01/404.html" failed (2: No such file or directory), client: 172.70.247.214, server: www.ceerun.com, request: "GET /opt_woocommerce_paypal_settings HTTP/2.0", host: "www.ceerun.com"
2026/08/26 09:20:59 [error] 9853#0: *1446559 open() "/www/data/wwwroot/2025_12_26_01/wp2shell_opt_woocommerce_paypal_settings" failed (2: No such file or directory), client: 172.71.172.34, server: www.ceerun.com, request: "GET /wp2shell_opt_woocommerce_paypal_settings HTTP/2.0", host: "www.ceerun.com"
2026/08/26 09:20:59 [error] 9853#0: *1446559 open() "/www/data/wwwroot/2025_12_26_01/404.html" failed (2: No such file or directory), client: 172.71.172.34, server: www.ceerun.com, request: "GET /wp2shell_opt_woocommerce_paypal_settings HTTP/2.0", host: "www.ceerun.com"
2026/08/26 09:20:59 [error] 9853#0: *1446511 open() "/www/data/wwwroot/2025_12_26_01/backup/wp2shell_opt_woocommerce_paypal_settings" failed (2: No such file or directory), client: 172.71.247.160, server: www.ceerun.com, request: "GET /backup/wp2shell_opt_woocommerce_paypal_settings HTTP/2.0", host: "www.ceerun.com"
2026/08/26 09:20:59 [error] 9853#0: *1446511 open() "/www/data/wwwroot/2025_12_26_01/404.html" failed (2: No such file or directory), client: 172.71.247.160, server: www.ceerun.com, request: "GET /backup/wp2shell_opt_woocommerce_paypal_settings HTTP/2.0", host: "www.ceerun.com"
2026/08/26 09:21:00 [error] 9851#0: *1446494 open() "/www/data/wwwroot/2025_12_26_01/backups/opt_woocommerce_paypal_settings" failed (2: No such file or directory), client: 172.69.151.9, server: www.ceerun.com, request: "GET /backups/opt_woocommerce_paypal_settings HTTP/2.0", host: "www.ceerun.com"
2026/08/26 09:21:00 [error] 9851#0: *1446494 open() "/www/data/wwwroot/2025_12_26_01/404.html" failed (2: No such file or directory), client: 172.69.151.9, server: www.ceerun.com, request: "GET /backups/opt_woocommerce_paypal_settings HTTP/2.0", host: "www.ceerun.com"
2026/08/26 09:21:00 [error] 9850#0: *1446670 open() "/www/data/wwwroot/2025_12_26_01/backup/opt_woocommerce_paypal_settings" failed (2: No such file or directory), client: 172.71.182.235, server: www.ceerun.com, request: "GET /backup/opt_woocommerce_paypal_settings HTTP/2.0", host: "www.ceerun.com"
2026/08/26 09:21:00 [error] 9850#0: *1446670 open() "/www/data/wwwroot/2025_12_26_01/404.html" failed (2: No such file or directory), client: 172.71.182.235, server: www.ceerun.com, request: "GET /backup/opt_woocommerce_paypal_settings HTTP/2.0", host: "www.ceerun.com"
2026/08/26 09:21:00 [error] 9851#0: *1446660 open() "/www/data/wwwroot/2025_12_26_01/backups/wp2shell_opt_woocommerce_paypal_settings" failed (2: No such file or directory), client: 172.70.247.214, server: www.ceerun.com, request: "GET /backups/wp2shell_opt_woocommerce_paypal_settings HTTP/2.0", host: "www.ceerun.com"
2026/08/26 09:21:00 [error] 9851#0: *1446660 open() "/www/data/wwwroot/2025_12_26_01/404.html" failed (2: No such file or directory), client: 172.70.247.214, server: www.ceerun.com, request: "GET /backups/wp2shell_opt_woocommerce_paypal_settings HTTP/2.0", host: "www.ceerun.com"
2026/08/26 09:21:00 [error] 9853#0: *1446559 open() "/www/data/wwwroot/2025_12_26_01/wp-content/wp2shell_opt_woocommerce_paypal_settings" failed (2: No such file or directory), client: 172.71.172.34, server: www.ceerun.com, request: "GET /wp-content/wp2shell_opt_woocommerce_paypal_settings HTTP/2.0", host: "www.ceerun.com"
2026/08/26 09:21:00 [error] 9853#0: *1446559 open() "/www/data/wwwroot/2025_12_26_01/404.html" failed (2: No such file or directory), client: 172.71.172.34, server: www.ceerun.com, request: "GET /wp-content/wp2shell_opt_woocommerce_paypal_settings HTTP/2.0", host: "www.ceerun.com"
2026/08/26 09:21:00 [error] 9850#0: *1446673 open() "/www/data/wwwroot/2025_12_26_01/wp-content/opt_woocommerce_paypal_settings" failed (2: No such file or directory), client: 104.23.172.110, server: www.ceerun.com, request: "GET /wp-content/opt_woocommerce_paypal_settings HTTP/2.0", host: "www.ceerun.com"
2026/08/26 09:21:00 [error] 9850#0: *1446673 open() "/www/data/wwwroot/2025_12_26_01/404.html" failed (2: No such file or directory), client: 104.23.172.110, server: www.ceerun.com, request: "GET /wp-content/opt_woocommerce_paypal_settings HTTP/2.0", host: "www.ceerun.com"
2026/08/26 09:21:01 [error] 9851#0: *1446660 open() "/www/data/wwwroot/2025_12_26_01/wp-content/uploads/wp2shell_opt_woocommerce_paypal_settings" failed (2: No such file or directory), client: 172.70.247.214, server: www.ceerun.com, request: "GET /wp-content/uploads/wp2shell_opt_woocommerce_paypal_settings HTTP/2.0", host: "www.ceerun.com"
2026/08/26 09:21:01 [error] 9851#0: *1446660 open() "/www/data/wwwroot/2025_12_26_01/404.html" failed (2: No such file or directory), client: 172.70.247.214, server: www.ceerun.com, request: "GET /wp-content/uploads/wp2shell_opt_woocommerce_paypal_settings HTTP/2.0", host: "www.ceerun.com"
2026/08/26 09:21:01 [error] 9851#0: *1446674 open() "/www/data/wwwroot/2025_12_26_01/wp-content/uploads/opt_woocommerce_paypal_settings" failed (2: No such file or directory), client: 172.71.182.22, server: www.ceerun.com, request: "GET /wp-content/uploads/opt_woocommerce_paypal_settings HTTP/2.0", host: "www.ceerun.com"
2026/08/26 09:21:01 [error] 9851#0: *1446674 open() "/www/data/wwwroot/2025_12_26_01/404.html" failed (2: No such file or directory), client: 172.71.182.22, server: www.ceerun.com, request: "GET /wp-content/uploads/opt_woocommerce_paypal_settings HTTP/2.0", host: "www.ceerun.com"
2026/08/26 09:21:01 [error] 9851#0: *1446660 open() "/www/data/wwwroot/2025_12_26_01/opt_woocommerce_ppec_paypal_settings" failed (2: No such file or directory), client: 172.70.247.214, server: www.ceerun.com, request: "GET /opt_woocommerce_ppec_paypal_settings HTTP/2.0", host: "www.ceerun.com"
2026/08/26 09:21:01 [error] 9851#0: *1446660 open() "/www/data/wwwroot/2025_12_26_01/404.html" failed (2: No such file or directory), client: 172.70.247.214, server: www.ceerun.com, request: "GET /opt_woocommerce_ppec_paypal_settings HTTP/2.0", host: "www.ceerun.com"
2026/08/26 09:21:02 [error] 9853#0: *1446511 open() "/www/data/wwwroot/2025_12_26_01/wp2shell_opt_woocommerce_ppec_paypal_settings" failed (2: No such file or directory), client: 172.71.247.160, server: www.ceerun.com, request: "GET /wp2shell_opt_woocommerce_ppec_paypal_settings HTTP/2.0", host: "www.ceerun.com"
2026/08/26 09:21:02 [error] 9853#0: *1446511 open() "/www/data/wwwroot/2025_12_26_01/404.html" failed (2: No such file or directory), client: 172.71.247.160, server: www.ceerun.com, request: "GET /wp2shell_opt_woocommerce_ppec_paypal_settings HTTP/2.0", host: "www.ceerun.com"
2026/08/26 09:21:04 [error] 9853#0: *1446559 open() "/www/data/wwwroot/2025_12_26_01/backups/opt_woocommerce_ppec_paypal_settings" failed (2: No such file or directory), client: 172.71.172.34, server: www.ceerun.com, request: "GET /backups/opt_woocommerce_ppec_paypal_settings HTTP/2.0", host: "www.ceerun.com"
2026/08/26 09:21:04 [error] 9853#0: *1446559 open() "/www/data/wwwroot/2025_12_26_01/404.html" failed (2: No such file or directory), client: 172.71.172.34, server: www.ceerun.com, request: "GET /backups/opt_woocommerce_ppec_paypal_settings HTTP/2.0", host: "www.ceerun.com"
2026/08/26 09:21:04 [error] 9851#0: *1446494 open() "/www/data/wwwroot/2025_12_26_01/backup/opt_woocommerce_ppec_paypal_settings" failed (2: No such file or directory), client: 172.69.151.9, server: www.ceerun.com, request: "GET /backup/opt_woocommerce_ppec_paypal_settings HTTP/2.0", host: "www.ceerun.com"
2026/08/26 09:21:04 [error] 9851#0: *1446494 open() "/www/data/wwwroot/2025_12_26_01/404.html" failed (2: No such file or directory), client: 172.69.151.9, server: www.ceerun.com, request: "GET /backup/opt_woocommerce_ppec_paypal_settings HTTP/2.0", host: "www.ceerun.com"
2026/08/26 09:21:04 [error] 9851#0: *1446659 open() "/www/data/wwwroot/2025_12_26_01/backup/wp2shell_opt_woocommerce_ppec_paypal_settings" failed (2: No such file or directory), client: 172.71.144.31, server: www.ceerun.com, request: "GET /backup/wp2shell_opt_woocommerce_ppec_paypal_settings HTTP/2.0", host: "www.ceerun.com"
2026/08/26 09:21:04 [error] 9851#0: *1446659 open() "/www/data/wwwroot/2025_12_26_01/404.html" failed (2: No such file or directory), client: 172.71.144.31, server: www.ceerun.com, request: "GET /backup/wp2shell_opt_woocommerce_ppec_paypal_settings HTTP/2.0", host: "www.ceerun.com"
2026/08/26 09:21:05 [error] 9851#0: *1446494 open() "/www/data/wwwroot/2025_12_26_01/backups/wp2shell_opt_woocommerce_ppec_paypal_settings" failed (2: No such file or directory), client: 172.69.151.9, server: www.ceerun.com, request: "GET /backups/wp2shell_opt_woocommerce_ppec_paypal_settings HTTP/2.0", host: "www.ceerun.com"
2026/08/26 09:21:05 [error] 9851#0: *1446494 open() "/www/data/wwwroot/2025_12_26_01/404.html" failed (2: No such file or directory), client: 172.69.151.9, server: www.ceerun.com, request: "GET /backups/wp2shell_opt_woocommerce_ppec_paypal_settings HTTP/2.0", host: "www.ceerun.com"
2026/08/26 09:21:05 [error] 9853#0: *1446559 open() "/www/data/wwwroot/2025_12_26_01/wp-content/opt_woocommerce_ppec_paypal_settings" failed (2: No such file or directory), client: 172.71.172.34, server: www.ceerun.com, request: "GET /wp-content/opt_woocommerce_ppec_paypal_settings HTTP/2.0", host: "www.ceerun.com"
2026/08/26 09:21:05 [error] 9853#0: *1446559 open() "/www/data/wwwroot/2025_12_26_01/404.html" failed (2: No such file or directory), client: 172.71.172.34, server: www.ceerun.com, request: "GET /wp-content/opt_woocommerce_ppec_paypal_settings HTTP/2.0", host: "www.ceerun.com"
2026/08/26 09:21:05 [error] 9851#0: *1446659 open() "/www/data/wwwroot/2025_12_26_01/wp-content/wp2shell_opt_woocommerce_ppec_paypal_settings" failed (2: No such file or directory), client: 172.71.144.31, server: www.ceerun.com, request: "GET /wp-content/wp2shell_opt_woocommerce_ppec_paypal_settings HTTP/2.0", host: "www.ceerun.com"
2026/08/26 09:21:05 [error] 9851#0: *1446659 open() "/www/data/wwwroot/2025_12_26_01/404.html" failed (2: No such file or directory), client: 172.71.144.31, server: www.ceerun.com, request: "GET /wp-content/wp2shell_opt_woocommerce_ppec_paypal_settings HTTP/2.0", host: "www.ceerun.com"
2026/08/26 09:21:07 [error] 9853#0: *1446559 open() "/www/data/wwwroot/2025_12_26_01/wp-content/uploads/opt_woocommerce_ppec_paypal_settings" failed (2: No such file or directory), client: 172.71.172.34, server: www.ceerun.com, request: "GET /wp-content/uploads/opt_woocommerce_ppec_paypal_settings HTTP/2.0", host: "www.ceerun.com"
2026/08/26 09:21:07 [error] 9853#0: *1446559 open() "/www/data/wwwroot/2025_12_26_01/404.html" failed (2: No such file or directory), client: 172.71.172.34, server: www.ceerun.com, request: "GET /wp-content/uploads/opt_woocommerce_ppec_paypal_settings HTTP/2.0", host: "www.ceerun.com"
2026/08/26 09:21:07 [error] 9851#0: *1446494 open() "/www/data/wwwroot/2025_12_26_01/wp-content/uploads/wp2shell_opt_woocommerce_ppec_paypal_settings" failed (2: No such file or directory), client: 172.69.151.9, server: www.ceerun.com, request: "GET /wp-content/uploads/wp2shell_opt_woocommerce_ppec_paypal_settings HTTP/2.0", host: "www.ceerun.com"
