2026/08/24 23:38:28 [error] 9852#0: *1273965 open() "/www/data/wwwroot/2025_12_26_01/404.html" failed (2: No such file or directory), client: 172.71.95.155, server: www.ceerun.com, request: "GET /backup/woocommerce_wc_stripe_settings.txt HTTP/2.0", host: "ceerun.com"
2026/08/24 23:38:29 [error] 9852#0: *1274045 open() "/www/data/wwwroot/2025_12_26_01/backup/woocommerce_wc_stripe_settings.log" failed (2: No such file or directory), client: 104.23.166.21, server: www.ceerun.com, request: "GET /backup/woocommerce_wc_stripe_settings.log HTTP/2.0", host: "ceerun.com"
2026/08/24 23:38:29 [error] 9852#0: *1274045 open() "/www/data/wwwroot/2025_12_26_01/404.html" failed (2: No such file or directory), client: 104.23.166.21, server: www.ceerun.com, request: "GET /backup/woocommerce_wc_stripe_settings.log HTTP/2.0", host: "ceerun.com"
2026/08/24 23:38:29 [error] 9853#0: *1274047 open() "/www/data/wwwroot/2025_12_26_01/backup/woocommerce_wc_stripe_settings.zip" failed (2: No such file or directory), client: 172.71.160.54, server: www.ceerun.com, request: "GET /backup/woocommerce_wc_stripe_settings.zip HTTP/2.0", host: "ceerun.com"
2026/08/24 23:38:29 [error] 9853#0: *1274047 open() "/www/data/wwwroot/2025_12_26_01/404.html" failed (2: No such file or directory), client: 172.71.160.54, server: www.ceerun.com, request: "GET /backup/woocommerce_wc_stripe_settings.zip HTTP/2.0", host: "ceerun.com"
2026/08/24 23:38:31 [error] 9850#0: *1273967 open() "/www/data/wwwroot/2025_12_26_01/wp-content/uploads/woocommerce_wc_stripe_settings" failed (2: No such file or directory), client: 172.71.148.78, server: www.ceerun.com, request: "GET /wp-content/uploads/woocommerce_wc_stripe_settings HTTP/2.0", host: "ceerun.com"
2026/08/24 23:38:31 [error] 9850#0: *1273967 open() "/www/data/wwwroot/2025_12_26_01/404.html" failed (2: No such file or directory), client: 172.71.148.78, server: www.ceerun.com, request: "GET /wp-content/uploads/woocommerce_wc_stripe_settings HTTP/2.0", host: "ceerun.com"
2026/08/24 23:38:31 [error] 9851#0: *1274052 open() "/www/data/wwwroot/2025_12_26_01/backup/woocommerce_wc_stripe_settings.csv" failed (2: No such file or directory), client: 172.71.172.163, server: www.ceerun.com, request: "GET /backup/woocommerce_wc_stripe_settings.csv HTTP/2.0", host: "ceerun.com"
2026/08/24 23:38:31 [error] 9851#0: *1274052 open() "/www/data/wwwroot/2025_12_26_01/404.html" failed (2: No such file or directory), client: 172.71.172.163, server: www.ceerun.com, request: "GET /backup/woocommerce_wc_stripe_settings.csv HTTP/2.0", host: "ceerun.com"
2026/08/24 23:38:31 [error] 9851#0: *1273583 open() "/www/data/wwwroot/2025_12_26_01/wp-content/uploads/woocommerce_wc_stripe_settings.sql" failed (2: No such file or directory), client: 172.69.150.79, server: www.ceerun.com, request: "GET /wp-content/uploads/woocommerce_wc_stripe_settings.sql HTTP/2.0", host: "ceerun.com"
2026/08/24 23:38:31 [error] 9851#0: *1273583 open() "/www/data/wwwroot/2025_12_26_01/404.html" failed (2: No such file or directory), client: 172.69.150.79, server: www.ceerun.com, request: "GET /wp-content/uploads/woocommerce_wc_stripe_settings.sql HTTP/2.0", host: "ceerun.com"
2026/08/24 23:38:31 [error] 9851#0: *1274053 open() "/www/data/wwwroot/2025_12_26_01/backup/woocommerce_wc_stripe_settings.tar.gz" failed (2: No such file or directory), client: 172.69.109.55, server: www.ceerun.com, request: "GET /backup/woocommerce_wc_stripe_settings.tar.gz HTTP/2.0", host: "ceerun.com"
2026/08/24 23:38:31 [error] 9851#0: *1274053 open() "/www/data/wwwroot/2025_12_26_01/404.html" failed (2: No such file or directory), client: 172.69.109.55, server: www.ceerun.com, request: "GET /backup/woocommerce_wc_stripe_settings.tar.gz HTTP/2.0", host: "ceerun.com"
2026/08/24 23:38:31 [error] 9850#0: *1273847 open() "/www/data/wwwroot/2025_12_26_01/wp-content/uploads/woocommerce_wc_stripe_settings.log" failed (2: No such file or directory), client: 172.70.248.186, server: www.ceerun.com, request: "GET /wp-content/uploads/woocommerce_wc_stripe_settings.log HTTP/2.0", host: "ceerun.com"
2026/08/24 23:38:31 [error] 9850#0: *1273847 open() "/www/data/wwwroot/2025_12_26_01/404.html" failed (2: No such file or directory), client: 172.70.248.186, server: www.ceerun.com, request: "GET /wp-content/uploads/woocommerce_wc_stripe_settings.log HTTP/2.0", host: "ceerun.com"
2026/08/24 23:38:32 [error] 9852#0: *1273965 open() "/www/data/wwwroot/2025_12_26_01/wp-content/uploads/woocommerce_wc_stripe_settings.txt" failed (2: No such file or directory), client: 172.71.95.155, server: www.ceerun.com, request: "GET /wp-content/uploads/woocommerce_wc_stripe_settings.txt HTTP/2.0", host: "ceerun.com"
2026/08/24 23:38:32 [error] 9852#0: *1273965 open() "/www/data/wwwroot/2025_12_26_01/404.html" failed (2: No such file or directory), client: 172.71.95.155, server: www.ceerun.com, request: "GET /wp-content/uploads/woocommerce_wc_stripe_settings.txt HTTP/2.0", host: "ceerun.com"
2026/08/24 23:38:32 [error] 9851#0: *1274054 open() "/www/data/wwwroot/2025_12_26_01/wp-content/uploads/woocommerce_wc_stripe_settings.zip" failed (2: No such file or directory), client: 172.70.243.129, server: www.ceerun.com, request: "GET /wp-content/uploads/woocommerce_wc_stripe_settings.zip HTTP/2.0", host: "ceerun.com"
2026/08/24 23:38:32 [error] 9851#0: *1274054 open() "/www/data/wwwroot/2025_12_26_01/404.html" failed (2: No such file or directory), client: 172.70.243.129, server: www.ceerun.com, request: "GET /wp-content/uploads/woocommerce_wc_stripe_settings.zip HTTP/2.0", host: "ceerun.com"
2026/08/24 23:38:33 [error] 9851#0: *1274055 open() "/www/data/wwwroot/2025_12_26_01/wp-content/uploads/woocommerce_wc_stripe_settings.tar.gz" failed (2: No such file or directory), client: 172.71.98.200, server: www.ceerun.com, request: "GET /wp-content/uploads/woocommerce_wc_stripe_settings.tar.gz HTTP/2.0", host: "ceerun.com"
2026/08/24 23:38:33 [error] 9851#0: *1274055 open() "/www/data/wwwroot/2025_12_26_01/404.html" failed (2: No such file or directory), client: 172.71.98.200, server: www.ceerun.com, request: "GET /wp-content/uploads/woocommerce_wc_stripe_settings.tar.gz HTTP/2.0", host: "ceerun.com"
2026/08/24 23:38:34 [error] 9850#0: *1273815 open() "/www/data/wwwroot/2025_12_26_01/tmp/woocommerce_wc_stripe_settings" failed (2: No such file or directory), client: 172.69.109.110, server: www.ceerun.com, request: "GET /tmp/woocommerce_wc_stripe_settings HTTP/2.0", host: "ceerun.com"
2026/08/24 23:38:34 [error] 9850#0: *1273815 open() "/www/data/wwwroot/2025_12_26_01/404.html" failed (2: No such file or directory), client: 172.69.109.110, server: www.ceerun.com, request: "GET /tmp/woocommerce_wc_stripe_settings HTTP/2.0", host: "ceerun.com"
2026/08/24 23:38:34 [error] 9853#0: *1273972 open() "/www/data/wwwroot/2025_12_26_01/wp-content/uploads/woocommerce_wc_stripe_settings.csv" failed (2: No such file or directory), client: 172.69.109.170, server: www.ceerun.com, request: "GET /wp-content/uploads/woocommerce_wc_stripe_settings.csv HTTP/2.0", host: "ceerun.com"
2026/08/24 23:38:34 [error] 9853#0: *1273972 open() "/www/data/wwwroot/2025_12_26_01/404.html" failed (2: No such file or directory), client: 172.69.109.170, server: www.ceerun.com, request: "GET /wp-content/uploads/woocommerce_wc_stripe_settings.csv HTTP/2.0", host: "ceerun.com"
2026/08/24 23:38:34 [error] 9850#0: *1273847 open() "/www/data/wwwroot/2025_12_26_01/tmp/woocommerce_wc_stripe_settings.sql" failed (2: No such file or directory), client: 172.70.248.186, server: www.ceerun.com, request: "GET /tmp/woocommerce_wc_stripe_settings.sql HTTP/2.0", host: "ceerun.com"
2026/08/24 23:38:34 [error] 9850#0: *1273847 open() "/www/data/wwwroot/2025_12_26_01/404.html" failed (2: No such file or directory), client: 172.70.248.186, server: www.ceerun.com, request: "GET /tmp/woocommerce_wc_stripe_settings.sql HTTP/2.0", host: "ceerun.com"
2026/08/24 23:38:34 [error] 9850#0: *1274003 open() "/www/data/wwwroot/2025_12_26_01/tmp/woocommerce_wc_stripe_settings.log" failed (2: No such file or directory), client: 172.71.247.253, server: www.ceerun.com, request: "GET /tmp/woocommerce_wc_stripe_settings.log HTTP/2.0", host: "ceerun.com"
2026/08/24 23:38:34 [error] 9850#0: *1274003 open() "/www/data/wwwroot/2025_12_26_01/404.html" failed (2: No such file or directory), client: 172.71.247.253, server: www.ceerun.com, request: "GET /tmp/woocommerce_wc_stripe_settings.log HTTP/2.0", host: "ceerun.com"
2026/08/24 23:38:35 [error] 9851#0: *1273583 open() "/www/data/wwwroot/2025_12_26_01/tmp/woocommerce_wc_stripe_settings.txt" failed (2: No such file or directory), client: 172.69.150.79, server: www.ceerun.com, request: "GET /tmp/woocommerce_wc_stripe_settings.txt HTTP/2.0", host: "ceerun.com"
2026/08/24 23:38:35 [error] 9851#0: *1273583 open() "/www/data/wwwroot/2025_12_26_01/404.html" failed (2: No such file or directory), client: 172.69.150.79, server: www.ceerun.com, request: "GET /tmp/woocommerce_wc_stripe_settings.txt HTTP/2.0", host: "ceerun.com"
2026/08/24 23:38:36 [error] 9853#0: *1274059 open() "/www/data/wwwroot/2025_12_26_01/tmp/woocommerce_wc_stripe_settings.zip" failed (2: No such file or directory), client: 172.70.240.206, server: www.ceerun.com, request: "GET /tmp/woocommerce_wc_stripe_settings.zip HTTP/2.0", host: "ceerun.com"
2026/08/24 23:38:36 [error] 9853#0: *1274059 open() "/www/data/wwwroot/2025_12_26_01/404.html" failed (2: No such file or directory), client: 172.70.240.206, server: www.ceerun.com, request: "GET /tmp/woocommerce_wc_stripe_settings.zip HTTP/2.0", host: "ceerun.com"
2026/08/24 23:38:36 [error] 9851#0: *1273583 open() "/www/data/wwwroot/2025_12_26_01/backup/woocommerce_payments_settings" failed (2: No such file or directory), client: 172.69.150.79, server: www.ceerun.com, request: "GET /backup/woocommerce_payments_settings HTTP/2.0", host: "ceerun.com"
2026/08/24 23:38:36 [error] 9851#0: *1273583 open() "/www/data/wwwroot/2025_12_26_01/404.html" failed (2: No such file or directory), client: 172.69.150.79, server: www.ceerun.com, request: "GET /backup/woocommerce_payments_settings HTTP/2.0", host: "ceerun.com"
2026/08/24 23:38:36 [error] 9853#0: *1274060 open() "/www/data/wwwroot/2025_12_26_01/tmp/woocommerce_wc_stripe_settings.tar.gz" failed (2: No such file or directory), client: 172.69.109.53, server: www.ceerun.com, request: "GET /tmp/woocommerce_wc_stripe_settings.tar.gz HTTP/2.0", host: "ceerun.com"
2026/08/24 23:38:36 [error] 9853#0: *1274060 open() "/www/data/wwwroot/2025_12_26_01/404.html" failed (2: No such file or directory), client: 172.69.109.53, server: www.ceerun.com, request: "GET /tmp/woocommerce_wc_stripe_settings.tar.gz HTTP/2.0", host: "ceerun.com"
2026/08/24 23:38:36 [error] 9852#0: *1273965 open() "/www/data/wwwroot/2025_12_26_01/backup/woocommerce_payments_settings.sql" failed (2: No such file or directory), client: 172.71.95.155, server: www.ceerun.com, request: "GET /backup/woocommerce_payments_settings.sql HTTP/2.0", host: "ceerun.com"
2026/08/24 23:38:36 [error] 9852#0: *1273965 open() "/www/data/wwwroot/2025_12_26_01/404.html" failed (2: No such file or directory), client: 172.71.95.155, server: www.ceerun.com, request: "GET /backup/woocommerce_payments_settings.sql HTTP/2.0", host: "ceerun.com"
2026/08/24 23:38:37 [error] 9853#0: *1274062 open() "/www/data/wwwroot/2025_12_26_01/tmp/woocommerce_wc_stripe_settings.csv" failed (2: No such file or directory), client: 162.158.110.180, server: www.ceerun.com, request: "GET /tmp/woocommerce_wc_stripe_settings.csv HTTP/2.0", host: "ceerun.com"
2026/08/24 23:38:37 [error] 9853#0: *1274062 open() "/www/data/wwwroot/2025_12_26_01/404.html" failed (2: No such file or directory), client: 162.158.110.180, server: www.ceerun.com, request: "GET /tmp/woocommerce_wc_stripe_settings.csv HTTP/2.0", host: "ceerun.com"
2026/08/24 23:38:37 [error] 9852#0: *1274045 open() "/www/data/wwwroot/2025_12_26_01/backup/woocommerce_payments_settings.log" failed (2: No such file or directory), client: 104.23.166.21, server: www.ceerun.com, request: "GET /backup/woocommerce_payments_settings.log HTTP/2.0", host: "ceerun.com"
2026/08/24 23:38:37 [error] 9852#0: *1274045 open() "/www/data/wwwroot/2025_12_26_01/404.html" failed (2: No such file or directory), client: 104.23.166.21, server: www.ceerun.com, request: "GET /backup/woocommerce_payments_settings.log HTTP/2.0", host: "ceerun.com"
2026/08/24 23:38:40 [error] 9851#0: *1273583 open() "/www/data/wwwroot/2025_12_26_01/backup/woocommerce_payments_settings.txt" failed (2: No such file or directory), client: 172.69.150.79, server: www.ceerun.com, request: "GET /backup/woocommerce_payments_settings.txt HTTP/2.0", host: "ceerun.com"
2026/08/24 23:38:40 [error] 9851#0: *1273583 open() "/www/data/wwwroot/2025_12_26_01/404.html" failed (2: No such file or directory), client: 172.69.150.79, server: www.ceerun.com, request: "GET /backup/woocommerce_payments_settings.txt HTTP/2.0", host: "ceerun.com"
2026/08/24 23:38:41 [error] 9851#0: *1274069 open() "/www/data/wwwroot/2025_12_26_01/backup/woocommerce_payments_settings.zip" failed (2: No such file or directory), client: 162.158.94.174, server: www.ceerun.com, request: "GET /backup/woocommerce_payments_settings.zip HTTP/2.0", host: "ceerun.com"
2026/08/24 23:38:41 [error] 9851#0: *1274069 open() "/www/data/wwwroot/2025_12_26_01/404.html" failed (2: No such file or directory), client: 162.158.94.174, server: www.ceerun.com, request: "GET /backup/woocommerce_payments_settings.zip HTTP/2.0", host: "ceerun.com"
2026/08/24 23:38:45 [error] 9853#0: *1274074 open() "/www/data/wwwroot/2025_12_26_01/woocommerce_stripe_settings" failed (2: No such file or directory), client: 172.71.160.42, server: www.ceerun.com, request: "GET /woocommerce_stripe_settings HTTP/2.0", host: "www.ceerun.com"
2026/08/24 23:38:45 [error] 9853#0: *1274074 open() "/www/data/wwwroot/2025_12_26_01/404.html" failed (2: No such file or directory), client: 172.71.160.42, server: www.ceerun.com, request: "GET /woocommerce_stripe_settings HTTP/2.0", host: "www.ceerun.com"
2026/08/24 23:38:47 [error] 9853#0: *1274074 open() "/www/data/wwwroot/2025_12_26_01/woocommerce_stripe_settings.sql" failed (2: No such file or directory), client: 172.71.160.42, server: www.ceerun.com, request: "GET /woocommerce_stripe_settings.sql HTTP/2.0", host: "www.ceerun.com"
2026/08/24 23:38:47 [error] 9853#0: *1274074 open() "/www/data/wwwroot/2025_12_26_01/404.html" failed (2: No such file or directory), client: 172.71.160.42, server: www.ceerun.com, request: "GET /woocommerce_stripe_settings.sql HTTP/2.0", host: "www.ceerun.com"
2026/08/24 23:38:48 [error] 9851#0: *1274084 open() "/www/data/wwwroot/2025_12_26_01/woocommerce_stripe_cc_settings" failed (2: No such file or directory), client: 172.71.95.81, server: www.ceerun.com, request: "GET /woocommerce_stripe_cc_settings HTTP/2.0", host: "www.ceerun.com"
2026/08/24 23:38:48 [error] 9851#0: *1274084 open() "/www/data/wwwroot/2025_12_26_01/404.html" failed (2: No such file or directory), client: 172.71.95.81, server: www.ceerun.com, request: "GET /woocommerce_stripe_cc_settings HTTP/2.0", host: "www.ceerun.com"
2026/08/24 23:38:48 [error] 9851#0: *1274085 open() "/www/data/wwwroot/2025_12_26_01/woocommerce_stripe_api_settings" failed (2: No such file or directory), client: 172.70.243.226, server: www.ceerun.com, request: "GET /woocommerce_stripe_api_settings HTTP/2.0", host: "www.ceerun.com"
2026/08/24 23:38:48 [error] 9851#0: *1274085 open() "/www/data/wwwroot/2025_12_26_01/404.html" failed (2: No such file or directory), client: 172.70.243.226, server: www.ceerun.com, request: "GET /woocommerce_stripe_api_settings HTTP/2.0", host: "www.ceerun.com"
2026/08/24 23:38:48 [error] 9853#0: *1274074 open() "/www/data/wwwroot/2025_12_26_01/woocommerce_stripe_cc_settings.sql" failed (2: No such file or directory), client: 172.71.160.42, server: www.ceerun.com, request: "GET /woocommerce_stripe_cc_settings.sql HTTP/2.0", host: "www.ceerun.com"
2026/08/24 23:38:48 [error] 9853#0: *1274074 open() "/www/data/wwwroot/2025_12_26_01/404.html" failed (2: No such file or directory), client: 172.71.160.42, server: www.ceerun.com, request: "GET /woocommerce_stripe_cc_settings.sql HTTP/2.0", host: "www.ceerun.com"
2026/08/24 23:38:49 [error] 9851#0: *1273892 open() "/www/data/wwwroot/2025_12_26_01/woocommerce_paypal_settings" failed (2: No such file or directory), client: 172.69.109.210, server: www.ceerun.com, request: "GET /woocommerce_paypal_settings HTTP/2.0", host: "www.ceerun.com"
2026/08/24 23:38:49 [error] 9851#0: *1273892 open() "/www/data/wwwroot/2025_12_26_01/404.html" failed (2: No such file or directory), client: 172.69.109.210, server: www.ceerun.com, request: "GET /woocommerce_paypal_settings HTTP/2.0", host: "www.ceerun.com"
2026/08/24 23:38:50 [error] 9851#0: *1273892 open() "/www/data/wwwroot/2025_12_26_01/woocommerce_paypal_settings.sql" failed (2: No such file or directory), client: 172.69.109.210, server: www.ceerun.com, request: "GET /woocommerce_paypal_settings.sql HTTP/2.0", host: "www.ceerun.com"
2026/08/24 23:38:50 [error] 9851#0: *1273892 open() "/www/data/wwwroot/2025_12_26_01/404.html" failed (2: No such file or directory), client: 172.69.109.210, server: www.ceerun.com, request: "GET /woocommerce_paypal_settings.sql HTTP/2.0", host: "www.ceerun.com"
2026/08/24 23:38:50 [error] 9850#0: *1274086 open() "/www/data/wwwroot/2025_12_26_01/woocommerce_stripe_api_settings.sql" failed (2: No such file or directory), client: 172.70.240.94, server: www.ceerun.com, request: "GET /woocommerce_stripe_api_settings.sql HTTP/2.0", host: "www.ceerun.com"
2026/08/24 23:38:50 [error] 9850#0: *1274086 open() "/www/data/wwwroot/2025_12_26_01/404.html" failed (2: No such file or directory), client: 172.70.240.94, server: www.ceerun.com, request: "GET /woocommerce_stripe_api_settings.sql HTTP/2.0", host: "www.ceerun.com"
2026/08/24 23:38:50 [error] 9851#0: *1273962 open() "/www/data/wwwroot/2025_12_26_01/woocommerce_ppec_paypal_settings" failed (2: No such file or directory), client: 172.71.164.123, server: www.ceerun.com, request: "GET /woocommerce_ppec_paypal_settings HTTP/2.0", host: "www.ceerun.com"
2026/08/24 23:38:50 [error] 9851#0: *1273962 open() "/www/data/wwwroot/2025_12_26_01/404.html" failed (2: No such file or directory), client: 172.71.164.123, server: www.ceerun.com, request: "GET /woocommerce_ppec_paypal_settings HTTP/2.0", host: "www.ceerun.com"
2026/08/24 23:38:51 [error] 9851#0: *1274084 open() "/www/data/wwwroot/2025_12_26_01/woocommerce_ppec_paypal_settings.sql" failed (2: No such file or directory), client: 172.71.95.81, server: www.ceerun.com, request: "GET /woocommerce_ppec_paypal_settings.sql HTTP/2.0", host: "www.ceerun.com"
2026/08/24 23:38:51 [error] 9851#0: *1274084 open() "/www/data/wwwroot/2025_12_26_01/404.html" failed (2: No such file or directory), client: 172.71.95.81, server: www.ceerun.com, request: "GET /woocommerce_ppec_paypal_settings.sql HTTP/2.0", host: "www.ceerun.com"
2026/08/24 23:38:52 [error] 9851#0: *1274085 open() "/www/data/wwwroot/2025_12_26_01/woocommerce_ppcp-gateway_settings" failed (2: No such file or directory), client: 172.70.243.226, server: www.ceerun.com, request: "GET /woocommerce_ppcp-gateway_settings HTTP/2.0", host: "www.ceerun.com"
2026/08/24 23:38:52 [error] 9851#0: *1274085 open() "/www/data/wwwroot/2025_12_26_01/404.html" failed (2: No such file or directory), client: 172.70.243.226, server: www.ceerun.com, request: "GET /woocommerce_ppcp-gateway_settings HTTP/2.0", host: "www.ceerun.com"
2026/08/24 23:38:52 [error] 9852#0: *1274091 open() "/www/data/wwwroot/2025_12_26_01/backup/woocommerce_payments_settings.tar.gz" failed (2: No such file or directory), client: 172.70.240.116, server: www.ceerun.com, request: "GET /backup/woocommerce_payments_settings.tar.gz HTTP/2.0", host: "ceerun.com"
2026/08/24 23:38:52 [error] 9852#0: *1274091 open() "/www/data/wwwroot/2025_12_26_01/404.html" failed (2: No such file or directory), client: 172.70.240.116, server: www.ceerun.com, request: "GET /backup/woocommerce_payments_settings.tar.gz HTTP/2.0", host: "ceerun.com"
2026/08/24 23:38:52 [error] 9851#0: *1273892 open() "/www/data/wwwroot/2025_12_26_01/woocommerce_ppcp-gateway_settings.sql" failed (2: No such file or directory), client: 172.69.109.210, server: www.ceerun.com, request: "GET /woocommerce_ppcp-gateway_settings.sql HTTP/2.0", host: "www.ceerun.com"
2026/08/24 23:38:52 [error] 9851#0: *1273892 open() "/www/data/wwwroot/2025_12_26_01/404.html" failed (2: No such file or directory), client: 172.69.109.210, server: www.ceerun.com, request: "GET /woocommerce_ppcp-gateway_settings.sql HTTP/2.0", host: "www.ceerun.com"
2026/08/24 23:38:52 [error] 9853#0: *1274074 open() "/www/data/wwwroot/2025_12_26_01/woocommerce_ppcp_settings" failed (2: No such file or directory), client: 172.71.160.42, server: www.ceerun.com, request: "GET /woocommerce_ppcp_settings HTTP/2.0", host: "www.ceerun.com"
2026/08/24 23:38:52 [error] 9853#0: *1274074 open() "/www/data/wwwroot/2025_12_26_01/404.html" failed (2: No such file or directory), client: 172.71.160.42, server: www.ceerun.com, request: "GET /woocommerce_ppcp_settings HTTP/2.0", host: "www.ceerun.com"
2026/08/24 23:38:53 [error] 9850#0: *1274086 open() "/www/data/wwwroot/2025_12_26_01/woocommerce_ppcp_settings.sql" failed (2: No such file or directory), client: 172.70.240.94, server: www.ceerun.com, request: "GET /woocommerce_ppcp_settings.sql HTTP/2.0", host: "www.ceerun.com"
2026/08/24 23:38:53 [error] 9850#0: *1274086 open() "/www/data/wwwroot/2025_12_26_01/404.html" failed (2: No such file or directory), client: 172.70.240.94, server: www.ceerun.com, request: "GET /woocommerce_ppcp_settings.sql HTTP/2.0", host: "www.ceerun.com"
2026/08/24 23:38:54 [error] 9851#0: *1273892 open() "/www/data/wwwroot/2025_12_26_01/woocommerce_ppcp_paypal_settings" failed (2: No such file or directory), client: 172.69.109.210, server: www.ceerun.com, request: "GET /woocommerce_ppcp_paypal_settings HTTP/2.0", host: "www.ceerun.com"
2026/08/24 23:38:54 [error] 9851#0: *1273892 open() "/www/data/wwwroot/2025_12_26_01/404.html" failed (2: No such file or directory), client: 172.69.109.210, server: www.ceerun.com, request: "GET /woocommerce_ppcp_paypal_settings HTTP/2.0", host: "www.ceerun.com"
2026/08/24 23:38:55 [error] 9851#0: *1274085 open() "/www/data/wwwroot/2025_12_26_01/woocommerce_wc_stripe_settings" failed (2: No such file or directory), client: 172.70.243.226, server: www.ceerun.com, request: "GET /woocommerce_wc_stripe_settings HTTP/2.0", host: "www.ceerun.com"
2026/08/24 23:38:55 [error] 9851#0: *1274085 open() "/www/data/wwwroot/2025_12_26_01/404.html" failed (2: No such file or directory), client: 172.70.243.226, server: www.ceerun.com, request: "GET /woocommerce_wc_stripe_settings HTTP/2.0", host: "www.ceerun.com"
2026/08/24 23:38:55 [error] 9851#0: *1273892 open() "/www/data/wwwroot/2025_12_26_01/woocommerce_ppcp_paypal_settings.sql" failed (2: No such file or directory), client: 172.69.109.210, server: www.ceerun.com, request: "GET /woocommerce_ppcp_paypal_settings.sql HTTP/2.0", host: "www.ceerun.com"
2026/08/24 23:38:55 [error] 9851#0: *1273892 open() "/www/data/wwwroot/2025_12_26_01/404.html" failed (2: No such file or directory), client: 172.69.109.210, server: www.ceerun.com, request: "GET /woocommerce_ppcp_paypal_settings.sql HTTP/2.0", host: "www.ceerun.com"
2026/08/24 23:38:56 [error] 9852#0: *1273965 open() "/www/data/wwwroot/2025_12_26_01/wp-content/uploads/woocommerce_payments_settings.txt" failed (2: No such file or directory), client: 172.71.95.155, server: www.ceerun.com, request: "GET /wp-content/uploads/woocommerce_payments_settings.txt HTTP/2.0", host: "ceerun.com"
2026/08/24 23:38:56 [error] 9852#0: *1273965 open() "/www/data/wwwroot/2025_12_26_01/404.html" failed (2: No such file or directory), client: 172.71.95.155, server: www.ceerun.com, request: "GET /wp-content/uploads/woocommerce_payments_settings.txt HTTP/2.0", host: "ceerun.com"
2026/08/24 23:38:57 [error] 9851#0: *1274102 open() "/www/data/wwwroot/2025_12_26_01/tmp/woocommerce_payments_settings.csv" failed (2: No such file or directory), client: 172.71.247.138, server: www.ceerun.com, request: "GET /tmp/woocommerce_payments_settings.csv HTTP/2.0", host: "ceerun.com"
2026/08/24 23:38:57 [error] 9851#0: *1274102 open() "/www/data/wwwroot/2025_12_26_01/404.html" failed (2: No such file or directory), client: 172.71.247.138, server: www.ceerun.com, request: "GET /tmp/woocommerce_payments_settings.csv HTTP/2.0", host: "ceerun.com"
2026/08/24 23:38:57 [error] 9853#0: *1274074 open() "/www/data/wwwroot/2025_12_26_01/woocommerce_wc_stripe_settings.sql" failed (2: No such file or directory), client: 172.71.160.42, server: www.ceerun.com, request: "GET /woocommerce_wc_stripe_settings.sql HTTP/2.0", host: "www.ceerun.com"
2026/08/24 23:38:57 [error] 9853#0: *1274074 open() "/www/data/wwwroot/2025_12_26_01/404.html" failed (2: No such file or directory), client: 172.71.160.42, server: www.ceerun.com, request: "GET /woocommerce_wc_stripe_settings.sql HTTP/2.0", host: "www.ceerun.com"
2026/08/24 23:38:57 [error] 9850#0: *1274086 open() "/www/data/wwwroot/2025_12_26_01/woocommerce_payments_settings" failed (2: No such file or directory), client: 172.70.240.94, server: www.ceerun.com, request: "GET /woocommerce_payments_settings HTTP/2.0", host: "www.ceerun.com"
2026/08/24 23:38:57 [error] 9850#0: *1274086 open() "/www/data/wwwroot/2025_12_26_01/404.html" failed (2: No such file or directory), client: 172.70.240.94, server: www.ceerun.com, request: "GET /woocommerce_payments_settings HTTP/2.0", host: "www.ceerun.com"
2026/08/24 23:38:57 [error] 9851#0: *1273892 open() "/www/data/wwwroot/2025_12_26_01/woocommerce_payments_settings.sql" failed (2: No such file or directory), client: 172.69.109.210, server: www.ceerun.com, request: "GET /woocommerce_payments_settings.sql HTTP/2.0", host: "www.ceerun.com"
2026/08/24 23:38:57 [error] 9851#0: *1273892 open() "/www/data/wwwroot/2025_12_26_01/404.html" failed (2: No such file or directory), client: 172.69.109.210, server: www.ceerun.com, request: "GET /woocommerce_payments_settings.sql HTTP/2.0", host: "www.ceerun.com"
2026/08/24 23:38:59 [error] 9850#0: *1274103 open() "/www/data/wwwroot/2025_12_26_01/backup/woocommerce_payments_settings.csv" failed (2: No such file or directory), client: 172.71.144.77, server: www.ceerun.com, request: "GET /backup/woocommerce_payments_settings.csv HTTP/2.0", host: "ceerun.com"
2026/08/24 23:38:59 [error] 9850#0: *1274103 open() "/www/data/wwwroot/2025_12_26_01/404.html" failed (2: No such file or directory), client: 172.71.144.77, server: www.ceerun.com, request: "GET /backup/woocommerce_payments_settings.csv HTTP/2.0", host: "ceerun.com"
2026/08/24 23:38:59 [error] 9851#0: *1273816 open() "/www/data/wwwroot/2025_12_26_01/tmp/woocommerce_payments_settings" failed (2: No such file or directory), client: 172.69.109.110, server: www.ceerun.com, request: "GET /tmp/woocommerce_payments_settings HTTP/2.0", host: "ceerun.com"
2026/08/24 23:38:59 [error] 9851#0: *1273816 open() "/www/data/wwwroot/2025_12_26_01/404.html" failed (2: No such file or directory), client: 172.69.109.110, server: www.ceerun.com, request: "GET /tmp/woocommerce_payments_settings HTTP/2.0", host: "ceerun.com"
2026/08/24 23:39:00 [error] 9851#0: *1274104 open() "/www/data/wwwroot/2025_12_26_01/wp-content/uploads/woocommerce_payments_settings.zip" failed (2: No such file or directory), client: 172.71.144.138, server: www.ceerun.com, request: "GET /wp-content/uploads/woocommerce_payments_settings.zip HTTP/2.0", host: "ceerun.com"
2026/08/24 23:39:00 [error] 9851#0: *1274104 open() "/www/data/wwwroot/2025_12_26_01/404.html" failed (2: No such file or directory), client: 172.71.144.138, server: www.ceerun.com, request: "GET /wp-content/uploads/woocommerce_payments_settings.zip HTTP/2.0", host: "ceerun.com"
2026/08/24 23:39:00 [error] 9851#0: *1274105 open() "/www/data/wwwroot/2025_12_26_01/wp-content/uploads/woocommerce_payments_settings.tar.gz" failed (2: No such file or directory), client: 104.23.239.39, server: www.ceerun.com, request: "GET /wp-content/uploads/woocommerce_payments_settings.tar.gz HTTP/2.0", host: "ceerun.com"
2026/08/24 23:39:00 [error] 9851#0: *1274105 open() "/www/data/wwwroot/2025_12_26_01/404.html" failed (2: No such file or directory), client: 104.23.239.39, server: www.ceerun.com, request: "GET /wp-content/uploads/woocommerce_payments_settings.tar.gz HTTP/2.0", host: "ceerun.com"
2026/08/24 23:39:00 [error] 9851#0: *1274106 open() "/www/data/wwwroot/2025_12_26_01/wp-content/uploads/woocommerce_payments_settings.csv" failed (2: No such file or directory), client: 172.69.109.72, server: www.ceerun.com, request: "GET /wp-content/uploads/woocommerce_payments_settings.csv HTTP/2.0", host: "ceerun.com"
2026/08/24 23:39:00 [error] 9851#0: *1274106 open() "/www/data/wwwroot/2025_12_26_01/404.html" failed (2: No such file or directory), client: 172.69.109.72, server: www.ceerun.com, request: "GET /wp-content/uploads/woocommerce_payments_settings.csv HTTP/2.0", host: "ceerun.com"
2026/08/24 23:39:33 [error] 9850#0: *1273815 open() "/www/data/wwwroot/2025_12_26_01/wp-content/uploads/give_stripe_settings.log" failed (2: No such file or directory), client: 172.69.109.110, server: www.ceerun.com, request: "GET /wp-content/uploads/give_stripe_settings.log HTTP/2.0", host: "ceerun.com"
2026/08/24 23:39:33 [error] 9850#0: *1273815 open() "/www/data/wwwroot/2025_12_26_01/404.html" failed (2: No such file or directory), client: 172.69.109.110, server: www.ceerun.com, request: "GET /wp-content/uploads/give_stripe_settings.log HTTP/2.0", host: "ceerun.com"
2026/08/24 23:39:34 [error] 9851#0: *1273816 open() "/www/data/wwwroot/2025_12_26_01/wp-content/uploads/give_stripe_settings.txt" failed (2: No such file or directory), client: 172.69.109.110, server: www.ceerun.com, request: "GET /wp-content/uploads/give_stripe_settings.txt HTTP/2.0", host: "ceerun.com"
2026/08/24 23:39:34 [error] 9851#0: *1273816 open() "/www/data/wwwroot/2025_12_26_01/404.html" failed (2: No such file or directory), client: 172.69.109.110, server: www.ceerun.com, request: "GET /wp-content/uploads/give_stripe_settings.txt HTTP/2.0", host: "ceerun.com"
2026/08/24 23:39:37 [error] 9850#0: *1274144 open() "/www/data/wwwroot/2025_12_26_01/wp-content/uploads/give_stripe_settings.zip" failed (2: No such file or directory), client: 172.71.98.225, server: www.ceerun.com, request: "GET /wp-content/uploads/give_stripe_settings.zip HTTP/2.0", host: "ceerun.com"
2026/08/24 23:39:37 [error] 9850#0: *1274144 open() "/www/data/wwwroot/2025_12_26_01/404.html" failed (2: No such file or directory), client: 172.71.98.225, server: www.ceerun.com, request: "GET /wp-content/uploads/give_stripe_settings.zip HTTP/2.0", host: "ceerun.com"
2026/08/24 23:39:48 [error] 9851#0: *1274167 open() "/www/data/wwwroot/2025_12_26_01/wp-content/uploads/give_stripe_settings.tar.gz" failed (2: No such file or directory), client: 172.69.109.170, server: www.ceerun.com, request: "GET /wp-content/uploads/give_stripe_settings.tar.gz HTTP/2.0", host: "ceerun.com"
2026/08/24 23:39:48 [error] 9851#0: *1274167 open() "/www/data/wwwroot/2025_12_26_01/404.html" failed (2: No such file or directory), client: 172.69.109.170, server: www.ceerun.com, request: "GET /wp-content/uploads/give_stripe_settings.tar.gz HTTP/2.0", host: "ceerun.com"
2026/08/24 23:39:48 [error] 9853#0: *1274168 open() "/www/data/wwwroot/2025_12_26_01/wp-content/uploads/give_stripe_settings.csv" failed (2: No such file or directory), client: 172.69.109.216, server: www.ceerun.com, request: "GET /wp-content/uploads/give_stripe_settings.csv HTTP/2.0", host: "ceerun.com"
2026/08/24 23:39:48 [error] 9853#0: *1274168 open() "/www/data/wwwroot/2025_12_26_01/404.html" failed (2: No such file or directory), client: 172.69.109.216, server: www.ceerun.com, request: "GET /wp-content/uploads/give_stripe_settings.csv HTTP/2.0", host: "ceerun.com"
2026/08/24 23:39:49 [error] 9851#0: *1274174 open() "/www/data/wwwroot/2025_12_26_01/wp-content/uploads/woocommerce_stripe_sepa_settings.txt" failed (2: No such file or directory), client: 104.23.168.96, server: www.ceerun.com, request: "GET /wp-content/uploads/woocommerce_stripe_sepa_settings.txt HTTP/2.0", host: "ceerun.com"
2026/08/24 23:39:49 [error] 9851#0: *1274174 open() "/www/data/wwwroot/2025_12_26_01/404.html" failed (2: No such file or directory), client: 104.23.168.96, server: www.ceerun.com, request: "GET /wp-content/uploads/woocommerce_stripe_sepa_settings.txt HTTP/2.0", host: "ceerun.com"
2026/08/24 23:39:52 [error] 9850#0: *1273815 open() "/www/data/wwwroot/2025_12_26_01/tmp/give_stripe_settings" failed (2: No such file or directory), client: 172.69.109.110, server: www.ceerun.com, request: "GET /tmp/give_stripe_settings HTTP/2.0", host: "ceerun.com"
2026/08/24 23:39:52 [error] 9850#0: *1273815 open() "/www/data/wwwroot/2025_12_26_01/404.html" failed (2: No such file or directory), client: 172.69.109.110, server: www.ceerun.com, request: "GET /tmp/give_stripe_settings HTTP/2.0", host: "ceerun.com"
2026/08/24 23:39:54 [error] 9851#0: *1274186 open() "/www/data/wwwroot/2025_12_26_01/wp-content/uploads/woocommerce_stripe_sepa_settings" failed (2: No such file or directory), client: 172.70.240.201, server: www.ceerun.com, request: "GET /wp-content/uploads/woocommerce_stripe_sepa_settings HTTP/2.0", host: "ceerun.com"
2026/08/24 23:39:54 [error] 9851#0: *1274186 open() "/www/data/wwwroot/2025_12_26_01/404.html" failed (2: No such file or directory), client: 172.70.240.201, server: www.ceerun.com, request: "GET /wp-content/uploads/woocommerce_stripe_sepa_settings HTTP/2.0", host: "ceerun.com"
2026/08/24 23:39:56 [error] 9852#0: *1273965 open() "/www/data/wwwroot/2025_12_26_01/wp-content/uploads/woocommerce_stripe_klarna_settings" failed (2: No such file or directory), client: 172.71.95.155, server: www.ceerun.com, request: "GET /wp-content/uploads/woocommerce_stripe_klarna_settings HTTP/2.0", host: "ceerun.com"
2026/08/24 23:39:56 [error] 9852#0: *1273965 open() "/www/data/wwwroot/2025_12_26_01/404.html" failed (2: No such file or directory), client: 172.71.95.155, server: www.ceerun.com, request: "GET /wp-content/uploads/woocommerce_stripe_klarna_settings HTTP/2.0", host: "ceerun.com"
2026/08/24 23:39:58 [error] 9851#0: *1274193 open() "/www/data/wwwroot/2025_12_26_01/wp-content/uploads/woocommerce_stripe_sepa_settings.sql" failed (2: No such file or directory), client: 172.70.247.5, server: www.ceerun.com, request: "GET /wp-content/uploads/woocommerce_stripe_sepa_settings.sql HTTP/2.0", host: "ceerun.com"
2026/08/24 23:39:58 [error] 9851#0: *1274193 open() "/www/data/wwwroot/2025_12_26_01/404.html" failed (2: No such file or directory), client: 172.70.247.5, server: www.ceerun.com, request: "GET /wp-content/uploads/woocommerce_stripe_sepa_settings.sql HTTP/2.0", host: "ceerun.com"
2026/08/24 23:39:59 [error] 9851#0: *1274194 open() "/www/data/wwwroot/2025_12_26_01/wp-content/uploads/woocommerce_stripe_klarna_settings.log" failed (2: No such file or directory), client: 104.23.239.12, server: www.ceerun.com, request: "GET /wp-content/uploads/woocommerce_stripe_klarna_settings.log HTTP/2.0", host: "ceerun.com"
2026/08/24 23:39:59 [error] 9851#0: *1274194 open() "/www/data/wwwroot/2025_12_26_01/404.html" failed (2: No such file or directory), client: 104.23.239.12, server: www.ceerun.com, request: "GET /wp-content/uploads/woocommerce_stripe_klarna_settings.log HTTP/2.0", host: "ceerun.com"
2026/08/24 23:39:59 [error] 9851#0: *1273816 open() "/www/data/wwwroot/2025_12_26_01/wp-content/uploads/woocommerce_stripe_klarna_settings.txt" failed (2: No such file or directory), client: 172.69.109.110, server: www.ceerun.com, request: "GET /wp-content/uploads/woocommerce_stripe_klarna_settings.txt HTTP/2.0", host: "ceerun.com"
2026/08/24 23:39:59 [error] 9851#0: *1273816 open() "/www/data/wwwroot/2025_12_26_01/404.html" failed (2: No such file or directory), client: 172.69.109.110, server: www.ceerun.com, request: "GET /wp-content/uploads/woocommerce_stripe_klarna_settings.txt HTTP/2.0", host: "ceerun.com"
2026/08/24 23:39:59 [error] 9852#0: *1273965 open() "/www/data/wwwroot/2025_12_26_01/wp-content/uploads/woocommerce_stripe_bancontact_settings" failed (2: No such file or directory), client: 172.71.95.155, server: www.ceerun.com, request: "GET /wp-content/uploads/woocommerce_stripe_bancontact_settings HTTP/2.0", host: "ceerun.com"
2026/08/24 23:39:59 [error] 9852#0: *1273965 open() "/www/data/wwwroot/2025_12_26_01/404.html" failed (2: No such file or directory), client: 172.71.95.155, server: www.ceerun.com, request: "GET /wp-content/uploads/woocommerce_stripe_bancontact_settings HTTP/2.0", host: "ceerun.com"
2026/08/24 23:39:59 [error] 9851#0: *1274196 open() "/www/data/wwwroot/2025_12_26_01/wp-content/uploads/woocommerce_stripe_bancontact_settings.log" failed (2: No such file or directory), client: 172.71.172.80, server: www.ceerun.com, request: "GET /wp-content/uploads/woocommerce_stripe_bancontact_settings.log HTTP/2.0", host: "ceerun.com"
2026/08/24 23:39:59 [error] 9851#0: *1274196 open() "/www/data/wwwroot/2025_12_26_01/404.html" failed (2: No such file or directory), client: 172.71.172.80, server: www.ceerun.com, request: "GET /wp-content/uploads/woocommerce_stripe_bancontact_settings.log HTTP/2.0", host: "ceerun.com"
2026/08/24 23:39:59 [error] 9853#0: *1274197 open() "/www/data/wwwroot/2025_12_26_01/wp-content/uploads/woocommerce_stripe_klarna_settings.sql" failed (2: No such file or directory), client: 104.23.166.21, server: www.ceerun.com, request: "GET /wp-content/uploads/woocommerce_stripe_klarna_settings.sql HTTP/2.0", host: "ceerun.com"
2026/08/24 23:39:59 [error] 9853#0: *1274197 open() "/www/data/wwwroot/2025_12_26_01/404.html" failed (2: No such file or directory), client: 104.23.166.21, server: www.ceerun.com, request: "GET /wp-content/uploads/woocommerce_stripe_klarna_settings.sql HTTP/2.0", host: "ceerun.com"
2026/08/24 23:40:00 [error] 9851#0: *1274174 open() "/www/data/wwwroot/2025_12_26_01/wp-content/uploads/woocommerce_stripe_bancontact_settings.txt" failed (2: No such file or directory), client: 104.23.168.96, server: www.ceerun.com, request: "GET /wp-content/uploads/woocommerce_stripe_bancontact_settings.txt HTTP/2.0", host: "ceerun.com"
2026/08/24 23:40:00 [error] 9851#0: *1274174 open() "/www/data/wwwroot/2025_12_26_01/404.html" failed (2: No such file or directory), client: 104.23.168.96, server: www.ceerun.com, request: "GET /wp-content/uploads/woocommerce_stripe_bancontact_settings.txt HTTP/2.0", host: "ceerun.com"
2026/08/24 23:40:00 [error] 9853#0: *1274197 open() "/www/data/wwwroot/2025_12_26_01/wp-content/uploads/woocommerce_stripe_bancontact_settings.sql" failed (2: No such file or directory), client: 104.23.166.21, server: www.ceerun.com, request: "GET /wp-content/uploads/woocommerce_stripe_bancontact_settings.sql HTTP/2.0", host: "ceerun.com"
2026/08/24 23:40:00 [error] 9853#0: *1274197 open() "/www/data/wwwroot/2025_12_26_01/404.html" failed (2: No such file or directory), client: 104.23.166.21, server: www.ceerun.com, request: "GET /wp-content/uploads/woocommerce_stripe_bancontact_settings.sql HTTP/2.0", host: "ceerun.com"
2026/08/24 23:40:01 [error] 9850#0: *1273815 open() "/www/data/wwwroot/2025_12_26_01/wp-content/uploads/woocommerce_stripe_ideal_settings.log" failed (2: No such file or directory), client: 172.69.109.110, server: www.ceerun.com, request: "GET /wp-content/uploads/woocommerce_stripe_ideal_settings.log HTTP/2.0", host: "ceerun.com"
2026/08/24 23:40:01 [error] 9850#0: *1273815 open() "/www/data/wwwroot/2025_12_26_01/404.html" failed (2: No such file or directory), client: 172.69.109.110, server: www.ceerun.com, request: "GET /wp-content/uploads/woocommerce_stripe_ideal_settings.log HTTP/2.0", host: "ceerun.com"
2026/08/24 23:40:01 [error] 9851#0: *1274198 open() "/www/data/wwwroot/2025_12_26_01/wp-content/uploads/woocommerce_stripe_ideal_settings" failed (2: No such file or directory), client: 172.71.103.174, server: www.ceerun.com, request: "GET /wp-content/uploads/woocommerce_stripe_ideal_settings HTTP/2.0", host: "ceerun.com"
2026/08/24 23:40:01 [error] 9851#0: *1274198 open() "/www/data/wwwroot/2025_12_26_01/404.html" failed (2: No such file or directory), client: 172.71.103.174, server: www.ceerun.com, request: "GET /wp-content/uploads/woocommerce_stripe_ideal_settings HTTP/2.0", host: "ceerun.com"
2026/08/24 23:40:02 [error] 9851#0: *1274194 open() "/www/data/wwwroot/2025_12_26_01/wp-content/uploads/woocommerce_stripe_ideal_settings.txt" failed (2: No such file or directory), client: 104.23.239.12, server: www.ceerun.com, request: "GET /wp-content/uploads/woocommerce_stripe_ideal_settings.txt HTTP/2.0", host: "ceerun.com"
2026/08/24 23:40:02 [error] 9851#0: *1274194 open() "/www/data/wwwroot/2025_12_26_01/404.html" failed (2: No such file or directory), client: 104.23.239.12, server: www.ceerun.com, request: "GET /wp-content/uploads/woocommerce_stripe_ideal_settings.txt HTTP/2.0", host: "ceerun.com"
2026/08/24 23:40:03 [error] 9851#0: *1273816 open() "/www/data/wwwroot/2025_12_26_01/wp-content/uploads/woocommerce_stripe_ideal_settings.sql" failed (2: No such file or directory), client: 172.69.109.110, server: www.ceerun.com, request: "GET /wp-content/uploads/woocommerce_stripe_ideal_settings.sql HTTP/2.0", host: "ceerun.com"
2026/08/24 23:40:03 [error] 9851#0: *1273816 open() "/www/data/wwwroot/2025_12_26_01/404.html" failed (2: No such file or directory), client: 172.69.109.110, server: www.ceerun.com, request: "GET /wp-content/uploads/woocommerce_stripe_ideal_settings.sql HTTP/2.0", host: "ceerun.com"
2026/08/24 23:40:03 [error] 9852#0: *1273965 open() "/www/data/wwwroot/2025_12_26_01/wp-content/uploads/woocommerce_stripe_p24_settings.log" failed (2: No such file or directory), client: 172.71.95.155, server: www.ceerun.com, request: "GET /wp-content/uploads/woocommerce_stripe_p24_settings.log HTTP/2.0", host: "ceerun.com"
2026/08/24 23:40:03 [error] 9852#0: *1273965 open() "/www/data/wwwroot/2025_12_26_01/404.html" failed (2: No such file or directory), client: 172.71.95.155, server: www.ceerun.com, request: "GET /wp-content/uploads/woocommerce_stripe_p24_settings.log HTTP/2.0", host: "ceerun.com"
2026/08/24 23:40:03 [error] 9851#0: *1273816 open() "/www/data/wwwroot/2025_12_26_01/wp-content/uploads/woocommerce_stripe_p24_settings" failed (2: No such file or directory), client: 172.69.109.110, server: www.ceerun.com, request: "GET /wp-content/uploads/woocommerce_stripe_p24_settings HTTP/2.0", host: "ceerun.com"
2026/08/24 23:40:03 [error] 9851#0: *1273816 open() "/www/data/wwwroot/2025_12_26_01/404.html" failed (2: No such file or directory), client: 172.69.109.110, server: www.ceerun.com, request: "GET /wp-content/uploads/woocommerce_stripe_p24_settings HTTP/2.0", host: "ceerun.com"
2026/08/24 23:40:04 [error] 9851#0: *1274196 open() "/www/data/wwwroot/2025_12_26_01/wp-content/uploads/woocommerce_stripe_p24_settings.txt" failed (2: No such file or directory), client: 172.71.172.80, server: www.ceerun.com, request: "GET /wp-content/uploads/woocommerce_stripe_p24_settings.txt HTTP/2.0", host: "ceerun.com"
2026/08/24 23:40:04 [error] 9851#0: *1274196 open() "/www/data/wwwroot/2025_12_26_01/404.html" failed (2: No such file or directory), client: 172.71.172.80, server: www.ceerun.com, request: "GET /wp-content/uploads/woocommerce_stripe_p24_settings.txt HTTP/2.0", host: "ceerun.com"
2026/08/24 23:40:04 [error] 9853#0: *1274197 open() "/www/data/wwwroot/2025_12_26_01/wp-content/uploads/woocommerce_stripe_p24_settings.sql" failed (2: No such file or directory), client: 104.23.166.21, server: www.ceerun.com, request: "GET /wp-content/uploads/woocommerce_stripe_p24_settings.sql HTTP/2.0", host: "ceerun.com"
2026/08/24 23:40:04 [error] 9853#0: *1274197 open() "/www/data/wwwroot/2025_12_26_01/404.html" failed (2: No such file or directory), client: 104.23.166.21, server: www.ceerun.com, request: "GET /wp-content/uploads/woocommerce_stripe_p24_settings.sql HTTP/2.0", host: "ceerun.com"
2026/08/24 23:40:05 [error] 9851#0: *1274174 open() "/www/data/wwwroot/2025_12_26_01/wp-content/uploads/woocommerce_stripe_alipay_settings.log" failed (2: No such file or directory), client: 104.23.168.96, server: www.ceerun.com, request: "GET /wp-content/uploads/woocommerce_stripe_alipay_settings.log HTTP/2.0", host: "ceerun.com"
2026/08/24 23:40:05 [error] 9851#0: *1274174 open() "/www/data/wwwroot/2025_12_26_01/404.html" failed (2: No such file or directory), client: 104.23.168.96, server: www.ceerun.com, request: "GET /wp-content/uploads/woocommerce_stripe_alipay_settings.log HTTP/2.0", host: "ceerun.com"
2026/08/24 23:40:05 [error] 9853#0: *1274197 open() "/www/data/wwwroot/2025_12_26_01/wp-content/uploads/woocommerce_stripe_alipay_settings.txt" failed (2: No such file or directory), client: 104.23.166.21, server: www.ceerun.com, request: "GET /wp-content/uploads/woocommerce_stripe_alipay_settings.txt HTTP/2.0", host: "ceerun.com"
2026/08/24 23:40:05 [error] 9853#0: *1274197 open() "/www/data/wwwroot/2025_12_26_01/404.html" failed (2: No such file or directory), client: 104.23.166.21, server: www.ceerun.com, request: "GET /wp-content/uploads/woocommerce_stripe_alipay_settings.txt HTTP/2.0", host: "ceerun.com"
2026/08/24 23:40:06 [error] 9853#0: *1274204 open() "/www/data/wwwroot/2025_12_26_01/wp-content/uploads/woocommerce_stripe_alipay_settings" failed (2: No such file or directory), client: 172.71.160.178, server: www.ceerun.com, request: "GET /wp-content/uploads/woocommerce_stripe_alipay_settings HTTP/2.0", host: "ceerun.com"
2026/08/24 23:40:06 [error] 9853#0: *1274204 open() "/www/data/wwwroot/2025_12_26_01/404.html" failed (2: No such file or directory), client: 172.71.160.178, server: www.ceerun.com, request: "GET /wp-content/uploads/woocommerce_stripe_alipay_settings HTTP/2.0", host: "ceerun.com"
2026/08/24 23:40:11 [error] 9851#0: *1274212 open() "/www/data/wwwroot/2025_12_26_01/wp-content/uploads/woocommerce_stripe_affirm_settings.sql" failed (2: No such file or directory), client: 162.159.113.36, server: www.ceerun.com, request: "GET /wp-content/uploads/woocommerce_stripe_affirm_settings.sql HTTP/2.0", host: "ceerun.com"
2026/08/24 23:40:11 [error] 9851#0: *1274212 open() "/www/data/wwwroot/2025_12_26_01/404.html" failed (2: No such file or directory), client: 162.159.113.36, server: www.ceerun.com, request: "GET /wp-content/uploads/woocommerce_stripe_affirm_settings.sql HTTP/2.0", host: "ceerun.com"
2026/08/24 23:40:14 [error] 9851#0: *1274198 open() "/www/data/wwwroot/2025_12_26_01/wp-content/uploads/woocommerce_stripe_alipay_settings.sql" failed (2: No such file or directory), client: 172.71.103.174, server: www.ceerun.com, request: "GET /wp-content/uploads/woocommerce_stripe_alipay_settings.sql HTTP/2.0", host: "ceerun.com"
2026/08/24 23:40:14 [error] 9851#0: *1274198 open() "/www/data/wwwroot/2025_12_26_01/404.html" failed (2: No such file or directory), client: 172.71.103.174, server: www.ceerun.com, request: "GET /wp-content/uploads/woocommerce_stripe_alipay_settings.sql HTTP/2.0", host: "ceerun.com"
2026/08/24 23:40:14 [error] 9850#0: *1273815 open() "/www/data/wwwroot/2025_12_26_01/wp-content/uploads/woocommerce_stripe_affirm_settings" failed (2: No such file or directory), client: 172.69.109.110, server: www.ceerun.com, request: "GET /wp-content/uploads/woocommerce_stripe_affirm_settings HTTP/2.0", host: "ceerun.com"
2026/08/24 23:40:14 [error] 9850#0: *1273815 open() "/www/data/wwwroot/2025_12_26_01/404.html" failed (2: No such file or directory), client: 172.69.109.110, server: www.ceerun.com, request: "GET /wp-content/uploads/woocommerce_stripe_affirm_settings HTTP/2.0", host: "ceerun.com"
2026/08/24 23:40:15 [error] 9853#0: *1274204 open() "/www/data/wwwroot/2025_12_26_01/wp-content/uploads/woocommerce_stripe_afterpay_clearpay_settings" failed (2: No such file or directory), client: 172.71.160.178, server: www.ceerun.com, request: "GET /wp-content/uploads/woocommerce_stripe_afterpay_clearpay_settings HTTP/2.0", host: "ceerun.com"
2026/08/24 23:40:15 [error] 9853#0: *1274204 open() "/www/data/wwwroot/2025_12_26_01/404.html" failed (2: No such file or directory), client: 172.71.160.178, server: www.ceerun.com, request: "GET /wp-content/uploads/woocommerce_stripe_afterpay_clearpay_settings HTTP/2.0", host: "ceerun.com"
2026/08/24 23:40:15 [error] 9852#0: *1273965 open() "/www/data/wwwroot/2025_12_26_01/wp-content/uploads/woocommerce_stripe_link_settings" failed (2: No such file or directory), client: 172.71.95.155, server: www.ceerun.com, request: "GET /wp-content/uploads/woocommerce_stripe_link_settings HTTP/2.0", host: "ceerun.com"
2026/08/24 23:40:15 [error] 9852#0: *1273965 open() "/www/data/wwwroot/2025_12_26_01/404.html" failed (2: No such file or directory), client: 172.71.95.155, server: www.ceerun.com, request: "GET /wp-content/uploads/woocommerce_stripe_link_settings HTTP/2.0", host: "ceerun.com"
2026/08/24 23:40:15 [error] 9853#0: *1274204 open() "/www/data/wwwroot/2025_12_26_01/wp-content/uploads/woocommerce_stripe_afterpay_clearpay_settings.log" failed (2: No such file or directory), client: 172.71.160.178, server: www.ceerun.com, request: "GET /wp-content/uploads/woocommerce_stripe_afterpay_clearpay_settings.log HTTP/2.0", host: "ceerun.com"
2026/08/24 23:40:15 [error] 9853#0: *1274204 open() "/www/data/wwwroot/2025_12_26_01/404.html" failed (2: No such file or directory), client: 172.71.160.178, server: www.ceerun.com, request: "GET /wp-content/uploads/woocommerce_stripe_afterpay_clearpay_settings.log HTTP/2.0", host: "ceerun.com"
