2026/08/24 23:44:55 [error] 9851#0: *1274777 open() "/www/data/wwwroot/2025_12_26_01/404.html" failed (2: No such file or directory), client: 141.101.76.84, server: www.ceerun.com, request: "GET /wp-content/uploads/woocommerce_paypal_settings.log HTTP/2.0", host: "www.ceerun.com"
2026/08/24 23:44:56 [error] 9853#0: *1274768 open() "/www/data/wwwroot/2025_12_26_01/wp-content/uploads/woocommerce_paypal_settings.txt" failed (2: No such file or directory), client: 172.71.160.42, server: www.ceerun.com, request: "GET /wp-content/uploads/woocommerce_paypal_settings.txt HTTP/2.0", host: "www.ceerun.com"
2026/08/24 23:44:56 [error] 9853#0: *1274768 open() "/www/data/wwwroot/2025_12_26_01/404.html" failed (2: No such file or directory), client: 172.71.160.42, server: www.ceerun.com, request: "GET /wp-content/uploads/woocommerce_paypal_settings.txt HTTP/2.0", host: "www.ceerun.com"
2026/08/24 23:44:56 [error] 9853#0: *1274778 open() "/www/data/wwwroot/2025_12_26_01/wp-content/uploads/woocommerce_paypal_settings.tar.gz" failed (2: No such file or directory), client: 172.71.182.205, server: www.ceerun.com, request: "GET /wp-content/uploads/woocommerce_paypal_settings.tar.gz HTTP/2.0", host: "www.ceerun.com"
2026/08/24 23:44:56 [error] 9853#0: *1274778 open() "/www/data/wwwroot/2025_12_26_01/404.html" failed (2: No such file or directory), client: 172.71.182.205, server: www.ceerun.com, request: "GET /wp-content/uploads/woocommerce_paypal_settings.tar.gz HTTP/2.0", host: "www.ceerun.com"
2026/08/24 23:44:56 [error] 9853#0: *1274779 open() "/www/data/wwwroot/2025_12_26_01/wp-content/uploads/woocommerce_paypal_settings.csv" failed (2: No such file or directory), client: 162.158.94.140, server: www.ceerun.com, request: "GET /wp-content/uploads/woocommerce_paypal_settings.csv HTTP/2.0", host: "www.ceerun.com"
2026/08/24 23:44:56 [error] 9853#0: *1274779 open() "/www/data/wwwroot/2025_12_26_01/404.html" failed (2: No such file or directory), client: 162.158.94.140, server: www.ceerun.com, request: "GET /wp-content/uploads/woocommerce_paypal_settings.csv HTTP/2.0", host: "www.ceerun.com"
2026/08/24 23:44:57 [error] 9851#0: *1274772 open() "/www/data/wwwroot/2025_12_26_01/tmp/woocommerce_paypal_settings" failed (2: No such file or directory), client: 172.71.164.123, server: www.ceerun.com, request: "GET /tmp/woocommerce_paypal_settings HTTP/2.0", host: "www.ceerun.com"
2026/08/24 23:44:57 [error] 9851#0: *1274772 open() "/www/data/wwwroot/2025_12_26_01/404.html" failed (2: No such file or directory), client: 172.71.164.123, server: www.ceerun.com, request: "GET /tmp/woocommerce_paypal_settings HTTP/2.0", host: "www.ceerun.com"
2026/08/24 23:44:58 [error] 9850#0: *1274783 open() "/www/data/wwwroot/2025_12_26_01/wp-content/woocommerce_payments_settings.tar.gz" failed (2: No such file or directory), client: 172.69.109.2, server: www.ceerun.com, request: "GET /wp-content/woocommerce_payments_settings.tar.gz HTTP/2.0", host: "ceerun.com"
2026/08/24 23:44:58 [error] 9850#0: *1274783 open() "/www/data/wwwroot/2025_12_26_01/404.html" failed (2: No such file or directory), client: 172.69.109.2, server: www.ceerun.com, request: "GET /wp-content/woocommerce_payments_settings.tar.gz HTTP/2.0", host: "ceerun.com"
2026/08/24 23:44:58 [error] 9850#0: *1274786 open() "/www/data/wwwroot/2025_12_26_01/wp-content/uploads/woocommerce_paypal_settings.zip" failed (2: No such file or directory), client: 172.70.246.17, server: www.ceerun.com, request: "GET /wp-content/uploads/woocommerce_paypal_settings.zip HTTP/2.0", host: "www.ceerun.com"
2026/08/24 23:44:58 [error] 9850#0: *1274786 open() "/www/data/wwwroot/2025_12_26_01/404.html" failed (2: No such file or directory), client: 172.70.246.17, server: www.ceerun.com, request: "GET /wp-content/uploads/woocommerce_paypal_settings.zip HTTP/2.0", host: "www.ceerun.com"
2026/08/24 23:44:59 [error] 9853#0: *1274228 open() "/www/data/wwwroot/2025_12_26_01/tmp/woocommerce_paypal_settings.sql" failed (2: No such file or directory), client: 172.69.109.210, server: www.ceerun.com, request: "GET /tmp/woocommerce_paypal_settings.sql HTTP/2.0", host: "www.ceerun.com"
2026/08/24 23:44:59 [error] 9853#0: *1274228 open() "/www/data/wwwroot/2025_12_26_01/404.html" failed (2: No such file or directory), client: 172.69.109.210, server: www.ceerun.com, request: "GET /tmp/woocommerce_paypal_settings.sql HTTP/2.0", host: "www.ceerun.com"
2026/08/24 23:44:59 [error] 9853#0: *1274228 open() "/www/data/wwwroot/2025_12_26_01/tmp/woocommerce_paypal_settings.log" failed (2: No such file or directory), client: 172.69.109.210, server: www.ceerun.com, request: "GET /tmp/woocommerce_paypal_settings.log HTTP/2.0", host: "www.ceerun.com"
2026/08/24 23:44:59 [error] 9853#0: *1274228 open() "/www/data/wwwroot/2025_12_26_01/404.html" failed (2: No such file or directory), client: 172.69.109.210, server: www.ceerun.com, request: "GET /tmp/woocommerce_paypal_settings.log HTTP/2.0", host: "www.ceerun.com"
2026/08/24 23:45:00 [error] 9853#0: *1274765 open() "/www/data/wwwroot/2025_12_26_01/tmp/woocommerce_paypal_settings.txt" failed (2: No such file or directory), client: 104.23.170.98, server: www.ceerun.com, request: "GET /tmp/woocommerce_paypal_settings.txt HTTP/2.0", host: "www.ceerun.com"
2026/08/24 23:45:00 [error] 9853#0: *1274765 open() "/www/data/wwwroot/2025_12_26_01/404.html" failed (2: No such file or directory), client: 104.23.170.98, server: www.ceerun.com, request: "GET /tmp/woocommerce_paypal_settings.txt HTTP/2.0", host: "www.ceerun.com"
2026/08/24 23:45:00 [error] 9851#0: *1274788 open() "/www/data/wwwroot/2025_12_26_01/tmp/woocommerce_paypal_settings.tar.gz" failed (2: No such file or directory), client: 172.70.246.25, server: www.ceerun.com, request: "GET /tmp/woocommerce_paypal_settings.tar.gz HTTP/2.0", host: "www.ceerun.com"
2026/08/24 23:45:00 [error] 9851#0: *1274788 open() "/www/data/wwwroot/2025_12_26_01/404.html" failed (2: No such file or directory), client: 172.70.246.25, server: www.ceerun.com, request: "GET /tmp/woocommerce_paypal_settings.tar.gz HTTP/2.0", host: "www.ceerun.com"
2026/08/24 23:45:00 [error] 9851#0: *1274789 open() "/www/data/wwwroot/2025_12_26_01/tmp/woocommerce_paypal_settings.zip" failed (2: No such file or directory), client: 172.71.148.95, server: www.ceerun.com, request: "GET /tmp/woocommerce_paypal_settings.zip HTTP/2.0", host: "www.ceerun.com"
2026/08/24 23:45:00 [error] 9851#0: *1274789 open() "/www/data/wwwroot/2025_12_26_01/404.html" failed (2: No such file or directory), client: 172.71.148.95, server: www.ceerun.com, request: "GET /tmp/woocommerce_paypal_settings.zip HTTP/2.0", host: "www.ceerun.com"
2026/08/24 23:45:00 [error] 9853#0: *1274204 open() "/www/data/wwwroot/2025_12_26_01/wp-content/woocommerce_payments_settings.csv" failed (2: No such file or directory), client: 172.71.160.178, server: www.ceerun.com, request: "GET /wp-content/woocommerce_payments_settings.csv HTTP/2.0", host: "ceerun.com"
2026/08/24 23:45:00 [error] 9853#0: *1274204 open() "/www/data/wwwroot/2025_12_26_01/404.html" failed (2: No such file or directory), client: 172.71.160.178, server: www.ceerun.com, request: "GET /wp-content/woocommerce_payments_settings.csv HTTP/2.0", host: "ceerun.com"
2026/08/24 23:45:01 [error] 9853#0: *1274790 open() "/www/data/wwwroot/2025_12_26_01/tmp/woocommerce_paypal_settings.csv" failed (2: No such file or directory), client: 172.70.47.162, server: www.ceerun.com, request: "GET /tmp/woocommerce_paypal_settings.csv HTTP/2.0", host: "www.ceerun.com"
2026/08/24 23:45:01 [error] 9853#0: *1274790 open() "/www/data/wwwroot/2025_12_26_01/404.html" failed (2: No such file or directory), client: 172.70.47.162, server: www.ceerun.com, request: "GET /tmp/woocommerce_paypal_settings.csv HTTP/2.0", host: "www.ceerun.com"
2026/08/24 23:45:01 [error] 9850#0: *1274791 open() "/www/data/wwwroot/2025_12_26_01/logs/woocommerce_payments_settings" failed (2: No such file or directory), client: 104.23.170.12, server: www.ceerun.com, request: "GET /logs/woocommerce_payments_settings HTTP/2.0", host: "ceerun.com"
2026/08/24 23:45:01 [error] 9850#0: *1274791 open() "/www/data/wwwroot/2025_12_26_01/404.html" failed (2: No such file or directory), client: 104.23.170.12, server: www.ceerun.com, request: "GET /logs/woocommerce_payments_settings HTTP/2.0", host: "ceerun.com"
2026/08/24 23:45:01 [error] 9851#0: *1274777 open() "/www/data/wwwroot/2025_12_26_01/backup/woocommerce_ppec_paypal_settings" failed (2: No such file or directory), client: 141.101.76.84, server: www.ceerun.com, request: "GET /backup/woocommerce_ppec_paypal_settings HTTP/2.0", host: "www.ceerun.com"
2026/08/24 23:45:01 [error] 9851#0: *1274777 open() "/www/data/wwwroot/2025_12_26_01/404.html" failed (2: No such file or directory), client: 141.101.76.84, server: www.ceerun.com, request: "GET /backup/woocommerce_ppec_paypal_settings HTTP/2.0", host: "www.ceerun.com"
2026/08/24 23:45:01 [error] 9853#0: *1274792 open() "/www/data/wwwroot/2025_12_26_01/backup/woocommerce_ppec_paypal_settings.sql" failed (2: No such file or directory), client: 104.23.239.145, server: www.ceerun.com, request: "GET /backup/woocommerce_ppec_paypal_settings.sql HTTP/2.0", host: "www.ceerun.com"
2026/08/24 23:45:01 [error] 9853#0: *1274792 open() "/www/data/wwwroot/2025_12_26_01/404.html" failed (2: No such file or directory), client: 104.23.239.145, server: www.ceerun.com, request: "GET /backup/woocommerce_ppec_paypal_settings.sql HTTP/2.0", host: "www.ceerun.com"
2026/08/24 23:45:03 [error] 9851#0: *1274772 open() "/www/data/wwwroot/2025_12_26_01/backup/woocommerce_ppec_paypal_settings.txt" failed (2: No such file or directory), client: 172.71.164.123, server: www.ceerun.com, request: "GET /backup/woocommerce_ppec_paypal_settings.txt HTTP/2.0", host: "www.ceerun.com"
2026/08/24 23:45:03 [error] 9851#0: *1274772 open() "/www/data/wwwroot/2025_12_26_01/404.html" failed (2: No such file or directory), client: 172.71.164.123, server: www.ceerun.com, request: "GET /backup/woocommerce_ppec_paypal_settings.txt HTTP/2.0", host: "www.ceerun.com"
2026/08/24 23:45:03 [error] 9851#0: *1274772 open() "/www/data/wwwroot/2025_12_26_01/backup/woocommerce_ppec_paypal_settings.log" failed (2: No such file or directory), client: 172.71.164.123, server: www.ceerun.com, request: "GET /backup/woocommerce_ppec_paypal_settings.log HTTP/2.0", host: "www.ceerun.com"
2026/08/24 23:45:03 [error] 9851#0: *1274772 open() "/www/data/wwwroot/2025_12_26_01/404.html" failed (2: No such file or directory), client: 172.71.164.123, server: www.ceerun.com, request: "GET /backup/woocommerce_ppec_paypal_settings.log HTTP/2.0", host: "www.ceerun.com"
2026/08/24 23:45:08 [error] 9853#0: *1274798 open() "/www/data/wwwroot/2025_12_26_01/backups/give_stripe_settings.txt" failed (2: No such file or directory), client: 172.69.109.110, server: www.ceerun.com, request: "GET /backups/give_stripe_settings.txt HTTP/2.0", host: "ceerun.com"
2026/08/24 23:45:08 [error] 9853#0: *1274798 open() "/www/data/wwwroot/2025_12_26_01/404.html" failed (2: No such file or directory), client: 172.69.109.110, server: www.ceerun.com, request: "GET /backups/give_stripe_settings.txt HTTP/2.0", host: "ceerun.com"
2026/08/24 23:45:15 [error] 9853#0: *1274810 open() "/www/data/wwwroot/2025_12_26_01/logs/give_stripe_settings.tar.gz" failed (2: No such file or directory), client: 172.71.103.80, server: www.ceerun.com, request: "GET /logs/give_stripe_settings.tar.gz HTTP/2.0", host: "ceerun.com"
2026/08/24 23:45:15 [error] 9853#0: *1274810 open() "/www/data/wwwroot/2025_12_26_01/404.html" failed (2: No such file or directory), client: 172.71.103.80, server: www.ceerun.com, request: "GET /logs/give_stripe_settings.tar.gz HTTP/2.0", host: "ceerun.com"
2026/08/24 23:45:15 [error] 9852#0: *1274811 open() "/www/data/wwwroot/2025_12_26_01/logs/give_stripe_settings.csv" failed (2: No such file or directory), client: 172.69.109.12, server: www.ceerun.com, request: "GET /logs/give_stripe_settings.csv HTTP/2.0", host: "ceerun.com"
2026/08/24 23:45:15 [error] 9852#0: *1274811 open() "/www/data/wwwroot/2025_12_26_01/404.html" failed (2: No such file or directory), client: 172.69.109.12, server: www.ceerun.com, request: "GET /logs/give_stripe_settings.csv HTTP/2.0", host: "ceerun.com"
2026/08/24 23:45:17 [error] 9851#0: *1274766 open() "/www/data/wwwroot/2025_12_26_01/wp-content/uploads/woocommerce_ppec_paypal_settings.sql" failed (2: No such file or directory), client: 172.70.247.213, server: www.ceerun.com, request: "GET /wp-content/uploads/woocommerce_ppec_paypal_settings.sql HTTP/2.0", host: "www.ceerun.com"
2026/08/24 23:45:17 [error] 9851#0: *1274766 open() "/www/data/wwwroot/2025_12_26_01/404.html" failed (2: No such file or directory), client: 172.70.247.213, server: www.ceerun.com, request: "GET /wp-content/uploads/woocommerce_ppec_paypal_settings.sql HTTP/2.0", host: "www.ceerun.com"
2026/08/24 23:45:17 [error] 9853#0: *1274792 open() "/www/data/wwwroot/2025_12_26_01/wp-content/uploads/woocommerce_ppec_paypal_settings.log" failed (2: No such file or directory), client: 104.23.239.145, server: www.ceerun.com, request: "GET /wp-content/uploads/woocommerce_ppec_paypal_settings.log HTTP/2.0", host: "www.ceerun.com"
2026/08/24 23:45:17 [error] 9853#0: *1274792 open() "/www/data/wwwroot/2025_12_26_01/404.html" failed (2: No such file or directory), client: 104.23.239.145, server: www.ceerun.com, request: "GET /wp-content/uploads/woocommerce_ppec_paypal_settings.log HTTP/2.0", host: "www.ceerun.com"
2026/08/24 23:45:18 [error] 9851#0: *1274812 open() "/www/data/wwwroot/2025_12_26_01/wp-content/uploads/woocommerce_ppec_paypal_settings.zip" failed (2: No such file or directory), client: 104.23.166.92, server: www.ceerun.com, request: "GET /wp-content/uploads/woocommerce_ppec_paypal_settings.zip HTTP/2.0", host: "www.ceerun.com"
2026/08/24 23:45:18 [error] 9851#0: *1274812 open() "/www/data/wwwroot/2025_12_26_01/404.html" failed (2: No such file or directory), client: 104.23.166.92, server: www.ceerun.com, request: "GET /wp-content/uploads/woocommerce_ppec_paypal_settings.zip HTTP/2.0", host: "www.ceerun.com"
2026/08/24 23:45:18 [error] 9850#0: *1274813 open() "/www/data/wwwroot/2025_12_26_01/wp-content/uploads/woocommerce_ppec_paypal_settings.tar.gz" failed (2: No such file or directory), client: 172.71.99.145, server: www.ceerun.com, request: "GET /wp-content/uploads/woocommerce_ppec_paypal_settings.tar.gz HTTP/2.0", host: "www.ceerun.com"
2026/08/24 23:45:18 [error] 9850#0: *1274813 open() "/www/data/wwwroot/2025_12_26_01/404.html" failed (2: No such file or directory), client: 172.71.99.145, server: www.ceerun.com, request: "GET /wp-content/uploads/woocommerce_ppec_paypal_settings.tar.gz HTTP/2.0", host: "www.ceerun.com"
2026/08/24 23:45:19 [error] 9853#0: *1274228 open() "/www/data/wwwroot/2025_12_26_01/tmp/woocommerce_ppec_paypal_settings" failed (2: No such file or directory), client: 172.69.109.210, server: www.ceerun.com, request: "GET /tmp/woocommerce_ppec_paypal_settings HTTP/2.0", host: "www.ceerun.com"
2026/08/24 23:45:19 [error] 9853#0: *1274228 open() "/www/data/wwwroot/2025_12_26_01/404.html" failed (2: No such file or directory), client: 172.69.109.210, server: www.ceerun.com, request: "GET /tmp/woocommerce_ppec_paypal_settings HTTP/2.0", host: "www.ceerun.com"
2026/08/24 23:45:19 [error] 9851#0: *1274482 open() "/www/data/wwwroot/2025_12_26_01/wp-content/woocommerce.sql" failed (2: No such file or directory), client: 162.159.113.36, server: www.ceerun.com, request: "GET /wp-content/woocommerce.sql HTTP/2.0", host: "ceerun.com"
2026/08/24 23:45:19 [error] 9851#0: *1274482 open() "/www/data/wwwroot/2025_12_26_01/404.html" failed (2: No such file or directory), client: 162.159.113.36, server: www.ceerun.com, request: "GET /wp-content/woocommerce.sql HTTP/2.0", host: "ceerun.com"
2026/08/24 23:45:19 [error] 9853#0: *1274820 open() "/www/data/wwwroot/2025_12_26_01/wp-content/uploads/woocommerce_ppec_paypal_settings.csv" failed (2: No such file or directory), client: 172.71.99.163, server: www.ceerun.com, request: "GET /wp-content/uploads/woocommerce_ppec_paypal_settings.csv HTTP/2.0", host: "www.ceerun.com"
2026/08/24 23:45:19 [error] 9853#0: *1274820 open() "/www/data/wwwroot/2025_12_26_01/404.html" failed (2: No such file or directory), client: 172.71.99.163, server: www.ceerun.com, request: "GET /wp-content/uploads/woocommerce_ppec_paypal_settings.csv HTTP/2.0", host: "www.ceerun.com"
2026/08/24 23:45:20 [error] 9853#0: *1274768 open() "/www/data/wwwroot/2025_12_26_01/tmp/woocommerce_ppec_paypal_settings.sql" failed (2: No such file or directory), client: 172.71.160.42, server: www.ceerun.com, request: "GET /tmp/woocommerce_ppec_paypal_settings.sql HTTP/2.0", host: "www.ceerun.com"
2026/08/24 23:45:20 [error] 9853#0: *1274768 open() "/www/data/wwwroot/2025_12_26_01/404.html" failed (2: No such file or directory), client: 172.71.160.42, server: www.ceerun.com, request: "GET /tmp/woocommerce_ppec_paypal_settings.sql HTTP/2.0", host: "www.ceerun.com"
2026/08/24 23:45:20 [error] 9853#0: *1274792 open() "/www/data/wwwroot/2025_12_26_01/tmp/woocommerce_ppec_paypal_settings.log" failed (2: No such file or directory), client: 104.23.239.145, server: www.ceerun.com, request: "GET /tmp/woocommerce_ppec_paypal_settings.log HTTP/2.0", host: "www.ceerun.com"
2026/08/24 23:45:20 [error] 9853#0: *1274792 open() "/www/data/wwwroot/2025_12_26_01/404.html" failed (2: No such file or directory), client: 104.23.239.145, server: www.ceerun.com, request: "GET /tmp/woocommerce_ppec_paypal_settings.log HTTP/2.0", host: "www.ceerun.com"
2026/08/24 23:45:21 [error] 9851#0: *1274766 open() "/www/data/wwwroot/2025_12_26_01/tmp/woocommerce_ppec_paypal_settings.txt" failed (2: No such file or directory), client: 172.70.247.213, server: www.ceerun.com, request: "GET /tmp/woocommerce_ppec_paypal_settings.txt HTTP/2.0", host: "www.ceerun.com"
2026/08/24 23:45:21 [error] 9851#0: *1274766 open() "/www/data/wwwroot/2025_12_26_01/404.html" failed (2: No such file or directory), client: 172.70.247.213, server: www.ceerun.com, request: "GET /tmp/woocommerce_ppec_paypal_settings.txt HTTP/2.0", host: "www.ceerun.com"
2026/08/24 23:45:21 [error] 9852#0: *1274830 open() "/www/data/wwwroot/2025_12_26_01/backup/woocommerce_ppec_paypal_settings.csv" failed (2: No such file or directory), client: 162.158.110.41, server: www.ceerun.com, request: "GET /backup/woocommerce_ppec_paypal_settings.csv HTTP/2.0", host: "www.ceerun.com"
2026/08/24 23:45:21 [error] 9852#0: *1274830 open() "/www/data/wwwroot/2025_12_26_01/404.html" failed (2: No such file or directory), client: 162.158.110.41, server: www.ceerun.com, request: "GET /backup/woocommerce_ppec_paypal_settings.csv HTTP/2.0", host: "www.ceerun.com"
2026/08/24 23:45:22 [error] 9850#0: *1274726 open() "/www/data/wwwroot/2025_12_26_01/logs/give_stripe_settings.sql" failed (2: No such file or directory), client: 172.71.164.99, server: www.ceerun.com, request: "GET /logs/give_stripe_settings.sql HTTP/2.0", host: "ceerun.com"
2026/08/24 23:45:22 [error] 9850#0: *1274726 open() "/www/data/wwwroot/2025_12_26_01/404.html" failed (2: No such file or directory), client: 172.71.164.99, server: www.ceerun.com, request: "GET /logs/give_stripe_settings.sql HTTP/2.0", host: "ceerun.com"
2026/08/24 23:45:22 [error] 9851#0: *1274831 open() "/www/data/wwwroot/2025_12_26_01/wp-content/uploads/woocommerce_ppec_paypal_settings" failed (2: No such file or directory), client: 172.70.240.94, server: www.ceerun.com, request: "GET /wp-content/uploads/woocommerce_ppec_paypal_settings HTTP/2.0", host: "www.ceerun.com"
2026/08/24 23:45:22 [error] 9851#0: *1274831 open() "/www/data/wwwroot/2025_12_26_01/404.html" failed (2: No such file or directory), client: 172.70.240.94, server: www.ceerun.com, request: "GET /wp-content/uploads/woocommerce_ppec_paypal_settings HTTP/2.0", host: "www.ceerun.com"
2026/08/24 23:45:22 [error] 9853#0: *1274228 open() "/www/data/wwwroot/2025_12_26_01/wp-content/uploads/woocommerce_ppec_paypal_settings.txt" failed (2: No such file or directory), client: 172.69.109.210, server: www.ceerun.com, request: "GET /wp-content/uploads/woocommerce_ppec_paypal_settings.txt HTTP/2.0", host: "www.ceerun.com"
2026/08/24 23:45:22 [error] 9853#0: *1274228 open() "/www/data/wwwroot/2025_12_26_01/404.html" failed (2: No such file or directory), client: 172.69.109.210, server: www.ceerun.com, request: "GET /wp-content/uploads/woocommerce_ppec_paypal_settings.txt HTTP/2.0", host: "www.ceerun.com"
2026/08/24 23:45:22 [error] 9851#0: *1274832 open() "/www/data/wwwroot/2025_12_26_01/backup/woocommerce_ppec_paypal_settings.tar.gz" failed (2: No such file or directory), client: 172.71.164.144, server: www.ceerun.com, request: "GET /backup/woocommerce_ppec_paypal_settings.tar.gz HTTP/2.0", host: "www.ceerun.com"
2026/08/24 23:45:22 [error] 9851#0: *1274832 open() "/www/data/wwwroot/2025_12_26_01/404.html" failed (2: No such file or directory), client: 172.71.164.144, server: www.ceerun.com, request: "GET /backup/woocommerce_ppec_paypal_settings.tar.gz HTTP/2.0", host: "www.ceerun.com"
2026/08/24 23:45:25 [error] 9850#0: *1274834 open() "/www/data/wwwroot/2025_12_26_01/sql/woocommerce.sql" failed (2: No such file or directory), client: 104.23.172.53, server: www.ceerun.com, request: "GET /sql/woocommerce.sql HTTP/2.0", host: "ceerun.com"
2026/08/24 23:45:25 [error] 9850#0: *1274834 open() "/www/data/wwwroot/2025_12_26_01/404.html" failed (2: No such file or directory), client: 104.23.172.53, server: www.ceerun.com, request: "GET /sql/woocommerce.sql HTTP/2.0", host: "ceerun.com"
2026/08/24 23:45:26 [error] 9853#0: *1274204 open() "/www/data/wwwroot/2025_12_26_01/wp-content/updraft/backup" failed (2: No such file or directory), client: 172.71.160.178, server: www.ceerun.com, request: "GET /wp-content/updraft/backup HTTP/2.0", host: "ceerun.com"
2026/08/24 23:45:26 [error] 9853#0: *1274204 open() "/www/data/wwwroot/2025_12_26_01/404.html" failed (2: No such file or directory), client: 172.71.160.178, server: www.ceerun.com, request: "GET /wp-content/updraft/backup HTTP/2.0", host: "ceerun.com"
2026/08/24 23:45:27 [error] 9850#0: *1274837 open() "/www/data/wwwroot/2025_12_26_01/backups/woocommerce.sql" failed (2: No such file or directory), client: 172.71.95.156, server: www.ceerun.com, request: "GET /backups/woocommerce.sql HTTP/2.0", host: "ceerun.com"
2026/08/24 23:45:27 [error] 9850#0: *1274837 open() "/www/data/wwwroot/2025_12_26_01/404.html" failed (2: No such file or directory), client: 172.71.95.156, server: www.ceerun.com, request: "GET /backups/woocommerce.sql HTTP/2.0", host: "ceerun.com"
2026/08/24 23:45:29 [error] 9851#0: *1274838 open() "/www/data/wwwroot/2025_12_26_01/tmp/woocommerce_ppec_paypal_settings.csv" failed (2: No such file or directory), client: 104.23.166.7, server: www.ceerun.com, request: "GET /tmp/woocommerce_ppec_paypal_settings.csv HTTP/2.0", host: "www.ceerun.com"
2026/08/24 23:45:29 [error] 9851#0: *1274838 open() "/www/data/wwwroot/2025_12_26_01/404.html" failed (2: No such file or directory), client: 104.23.166.7, server: www.ceerun.com, request: "GET /tmp/woocommerce_ppec_paypal_settings.csv HTTP/2.0", host: "www.ceerun.com"
2026/08/24 23:45:32 [error] 9853#0: *1274792 open() "/www/data/wwwroot/2025_12_26_01/backup/woocommerce_ppcp-gateway_settings.sql" failed (2: No such file or directory), client: 104.23.239.145, server: www.ceerun.com, request: "GET /backup/woocommerce_ppcp-gateway_settings.sql HTTP/2.0", host: "www.ceerun.com"
2026/08/24 23:45:32 [error] 9853#0: *1274792 open() "/www/data/wwwroot/2025_12_26_01/404.html" failed (2: No such file or directory), client: 104.23.239.145, server: www.ceerun.com, request: "GET /backup/woocommerce_ppcp-gateway_settings.sql HTTP/2.0", host: "www.ceerun.com"
2026/08/24 23:45:32 [error] 9853#0: *1274768 open() "/www/data/wwwroot/2025_12_26_01/backup/woocommerce_ppcp-gateway_settings.log" failed (2: No such file or directory), client: 172.71.160.42, server: www.ceerun.com, request: "GET /backup/woocommerce_ppcp-gateway_settings.log HTTP/2.0", host: "www.ceerun.com"
2026/08/24 23:45:32 [error] 9853#0: *1274768 open() "/www/data/wwwroot/2025_12_26_01/404.html" failed (2: No such file or directory), client: 172.71.160.42, server: www.ceerun.com, request: "GET /backup/woocommerce_ppcp-gateway_settings.log HTTP/2.0", host: "www.ceerun.com"
2026/08/24 23:45:32 [error] 9853#0: *1274228 open() "/www/data/wwwroot/2025_12_26_01/backup/woocommerce_ppcp-gateway_settings.txt" failed (2: No such file or directory), client: 172.69.109.210, server: www.ceerun.com, request: "GET /backup/woocommerce_ppcp-gateway_settings.txt HTTP/2.0", host: "www.ceerun.com"
2026/08/24 23:45:32 [error] 9853#0: *1274228 open() "/www/data/wwwroot/2025_12_26_01/404.html" failed (2: No such file or directory), client: 172.69.109.210, server: www.ceerun.com, request: "GET /backup/woocommerce_ppcp-gateway_settings.txt HTTP/2.0", host: "www.ceerun.com"
2026/08/24 23:45:33 [error] 9853#0: *1274842 open() "/www/data/wwwroot/2025_12_26_01/backup/woocommerce_ppcp-gateway_settings.tar.gz" failed (2: No such file or directory), client: 141.101.76.21, server: www.ceerun.com, request: "GET /backup/woocommerce_ppcp-gateway_settings.tar.gz HTTP/2.0", host: "www.ceerun.com"
2026/08/24 23:45:33 [error] 9853#0: *1274842 open() "/www/data/wwwroot/2025_12_26_01/404.html" failed (2: No such file or directory), client: 141.101.76.21, server: www.ceerun.com, request: "GET /backup/woocommerce_ppcp-gateway_settings.tar.gz HTTP/2.0", host: "www.ceerun.com"
2026/08/24 23:45:33 [error] 9853#0: *1274843 open() "/www/data/wwwroot/2025_12_26_01/backup/woocommerce_ppcp-gateway_settings.zip" failed (2: No such file or directory), client: 141.101.76.75, server: www.ceerun.com, request: "GET /backup/woocommerce_ppcp-gateway_settings.zip HTTP/2.0", host: "www.ceerun.com"
2026/08/24 23:45:33 [error] 9853#0: *1274843 open() "/www/data/wwwroot/2025_12_26_01/404.html" failed (2: No such file or directory), client: 141.101.76.75, server: www.ceerun.com, request: "GET /backup/woocommerce_ppcp-gateway_settings.zip HTTP/2.0", host: "www.ceerun.com"
2026/08/24 23:45:33 [error] 9853#0: *1274768 open() "/www/data/wwwroot/2025_12_26_01/wp-content/uploads/woocommerce_ppcp-gateway_settings" failed (2: No such file or directory), client: 172.71.160.42, server: www.ceerun.com, request: "GET /wp-content/uploads/woocommerce_ppcp-gateway_settings HTTP/2.0", host: "www.ceerun.com"
2026/08/24 23:45:33 [error] 9853#0: *1274768 open() "/www/data/wwwroot/2025_12_26_01/404.html" failed (2: No such file or directory), client: 172.71.160.42, server: www.ceerun.com, request: "GET /wp-content/uploads/woocommerce_ppcp-gateway_settings HTTP/2.0", host: "www.ceerun.com"
2026/08/24 23:45:33 [error] 9853#0: *1274792 open() "/www/data/wwwroot/2025_12_26_01/wp-content/uploads/woocommerce_ppcp-gateway_settings.sql" failed (2: No such file or directory), client: 104.23.239.145, server: www.ceerun.com, request: "GET /wp-content/uploads/woocommerce_ppcp-gateway_settings.sql HTTP/2.0", host: "www.ceerun.com"
2026/08/24 23:45:33 [error] 9853#0: *1274792 open() "/www/data/wwwroot/2025_12_26_01/404.html" failed (2: No such file or directory), client: 104.23.239.145, server: www.ceerun.com, request: "GET /wp-content/uploads/woocommerce_ppcp-gateway_settings.sql HTTP/2.0", host: "www.ceerun.com"
2026/08/24 23:45:34 [error] 9853#0: *1274844 open() "/www/data/wwwroot/2025_12_26_01/tmp/woocommerce_ppec_paypal_settings.tar.gz" failed (2: No such file or directory), client: 172.70.240.159, server: www.ceerun.com, request: "GET /tmp/woocommerce_ppec_paypal_settings.tar.gz HTTP/2.0", host: "www.ceerun.com"
2026/08/24 23:45:34 [error] 9853#0: *1274844 open() "/www/data/wwwroot/2025_12_26_01/404.html" failed (2: No such file or directory), client: 172.70.240.159, server: www.ceerun.com, request: "GET /tmp/woocommerce_ppec_paypal_settings.tar.gz HTTP/2.0", host: "www.ceerun.com"
2026/08/24 23:45:34 [error] 9853#0: *1274845 open() "/www/data/wwwroot/2025_12_26_01/tmp/woocommerce_ppec_paypal_settings.zip" failed (2: No such file or directory), client: 172.69.109.208, server: www.ceerun.com, request: "GET /tmp/woocommerce_ppec_paypal_settings.zip HTTP/2.0", host: "www.ceerun.com"
2026/08/24 23:45:34 [error] 9853#0: *1274845 open() "/www/data/wwwroot/2025_12_26_01/404.html" failed (2: No such file or directory), client: 172.69.109.208, server: www.ceerun.com, request: "GET /tmp/woocommerce_ppec_paypal_settings.zip HTTP/2.0", host: "www.ceerun.com"
2026/08/24 23:45:34 [error] 9851#0: *1274846 open() "/www/data/wwwroot/2025_12_26_01/backup/woocommerce_ppcp-gateway_settings.csv" failed (2: No such file or directory), client: 172.71.102.76, server: www.ceerun.com, request: "GET /backup/woocommerce_ppcp-gateway_settings.csv HTTP/2.0", host: "www.ceerun.com"
2026/08/24 23:45:34 [error] 9851#0: *1274846 open() "/www/data/wwwroot/2025_12_26_01/404.html" failed (2: No such file or directory), client: 172.71.102.76, server: www.ceerun.com, request: "GET /backup/woocommerce_ppcp-gateway_settings.csv HTTP/2.0", host: "www.ceerun.com"
2026/08/24 23:45:37 [error] 9853#0: *1274228 open() "/www/data/wwwroot/2025_12_26_01/wp-content/uploads/woocommerce_ppcp-gateway_settings.txt" failed (2: No such file or directory), client: 172.69.109.210, server: www.ceerun.com, request: "GET /wp-content/uploads/woocommerce_ppcp-gateway_settings.txt HTTP/2.0", host: "www.ceerun.com"
2026/08/24 23:45:37 [error] 9853#0: *1274228 open() "/www/data/wwwroot/2025_12_26_01/404.html" failed (2: No such file or directory), client: 172.69.109.210, server: www.ceerun.com, request: "GET /wp-content/uploads/woocommerce_ppcp-gateway_settings.txt HTTP/2.0", host: "www.ceerun.com"
2026/08/24 23:45:37 [error] 9853#0: *1274765 open() "/www/data/wwwroot/2025_12_26_01/backup/woocommerce_ppcp-gateway_settings" failed (2: No such file or directory), client: 104.23.170.98, server: www.ceerun.com, request: "GET /backup/woocommerce_ppcp-gateway_settings HTTP/2.0", host: "www.ceerun.com"
2026/08/24 23:45:37 [error] 9853#0: *1274765 open() "/www/data/wwwroot/2025_12_26_01/404.html" failed (2: No such file or directory), client: 104.23.170.98, server: www.ceerun.com, request: "GET /backup/woocommerce_ppcp-gateway_settings HTTP/2.0", host: "www.ceerun.com"
2026/08/24 23:45:37 [error] 9851#0: *1274777 open() "/www/data/wwwroot/2025_12_26_01/wp-content/uploads/woocommerce_ppcp-gateway_settings.log" failed (2: No such file or directory), client: 141.101.76.84, server: www.ceerun.com, request: "GET /wp-content/uploads/woocommerce_ppcp-gateway_settings.log HTTP/2.0", host: "www.ceerun.com"
2026/08/24 23:45:37 [error] 9851#0: *1274777 open() "/www/data/wwwroot/2025_12_26_01/404.html" failed (2: No such file or directory), client: 141.101.76.84, server: www.ceerun.com, request: "GET /wp-content/uploads/woocommerce_ppcp-gateway_settings.log HTTP/2.0", host: "www.ceerun.com"
2026/08/24 23:45:39 [error] 9852#0: *1274847 open() "/www/data/wwwroot/2025_12_26_01/wp-content/uploads/woocommerce_ppcp-gateway_settings.zip" failed (2: No such file or directory), client: 172.69.109.9, server: www.ceerun.com, request: "GET /wp-content/uploads/woocommerce_ppcp-gateway_settings.zip HTTP/2.0", host: "www.ceerun.com"
2026/08/24 23:45:39 [error] 9852#0: *1274847 open() "/www/data/wwwroot/2025_12_26_01/404.html" failed (2: No such file or directory), client: 172.69.109.9, server: www.ceerun.com, request: "GET /wp-content/uploads/woocommerce_ppcp-gateway_settings.zip HTTP/2.0", host: "www.ceerun.com"
2026/08/24 23:45:39 [error] 9853#0: *1274848 open() "/www/data/wwwroot/2025_12_26_01/wp-content/uploads/woocommerce_ppcp-gateway_settings.tar.gz" failed (2: No such file or directory), client: 172.70.248.124, server: www.ceerun.com, request: "GET /wp-content/uploads/woocommerce_ppcp-gateway_settings.tar.gz HTTP/2.0", host: "www.ceerun.com"
2026/08/24 23:45:39 [error] 9853#0: *1274848 open() "/www/data/wwwroot/2025_12_26_01/404.html" failed (2: No such file or directory), client: 172.70.248.124, server: www.ceerun.com, request: "GET /wp-content/uploads/woocommerce_ppcp-gateway_settings.tar.gz HTTP/2.0", host: "www.ceerun.com"
2026/08/24 23:45:39 [error] 9851#0: *1274766 open() "/www/data/wwwroot/2025_12_26_01/tmp/woocommerce_ppcp-gateway_settings" failed (2: No such file or directory), client: 172.70.247.213, server: www.ceerun.com, request: "GET /tmp/woocommerce_ppcp-gateway_settings HTTP/2.0", host: "www.ceerun.com"
2026/08/24 23:45:39 [error] 9851#0: *1274766 open() "/www/data/wwwroot/2025_12_26_01/404.html" failed (2: No such file or directory), client: 172.70.247.213, server: www.ceerun.com, request: "GET /tmp/woocommerce_ppcp-gateway_settings HTTP/2.0", host: "www.ceerun.com"
2026/08/24 23:45:40 [error] 9853#0: *1274849 open() "/www/data/wwwroot/2025_12_26_01/wp-content/uploads/woocommerce_ppcp-gateway_settings.csv" failed (2: No such file or directory), client: 104.22.109.94, server: www.ceerun.com, request: "GET /wp-content/uploads/woocommerce_ppcp-gateway_settings.csv HTTP/2.0", host: "www.ceerun.com"
2026/08/24 23:45:40 [error] 9853#0: *1274849 open() "/www/data/wwwroot/2025_12_26_01/404.html" failed (2: No such file or directory), client: 104.22.109.94, server: www.ceerun.com, request: "GET /wp-content/uploads/woocommerce_ppcp-gateway_settings.csv HTTP/2.0", host: "www.ceerun.com"
2026/08/24 23:45:55 [error] 9853#0: *1274857 open() "/www/data/wwwroot/2025_12_26_01/backup/woocommerce_ppcp_settings.tar.gz" failed (2: No such file or directory), client: 172.69.109.67, server: www.ceerun.com, request: "GET /backup/woocommerce_ppcp_settings.tar.gz HTTP/2.0", host: "www.ceerun.com"
2026/08/24 23:45:55 [error] 9853#0: *1274857 open() "/www/data/wwwroot/2025_12_26_01/404.html" failed (2: No such file or directory), client: 172.69.109.67, server: www.ceerun.com, request: "GET /backup/woocommerce_ppcp_settings.tar.gz HTTP/2.0", host: "www.ceerun.com"
2026/08/24 23:45:58 [error] 9853#0: *1274792 open() "/www/data/wwwroot/2025_12_26_01/backup/woocommerce_ppcp_settings.txt" failed (2: No such file or directory), client: 104.23.239.145, server: www.ceerun.com, request: "GET /backup/woocommerce_ppcp_settings.txt HTTP/2.0", host: "www.ceerun.com"
2026/08/24 23:45:58 [error] 9853#0: *1274792 open() "/www/data/wwwroot/2025_12_26_01/404.html" failed (2: No such file or directory), client: 104.23.239.145, server: www.ceerun.com, request: "GET /backup/woocommerce_ppcp_settings.txt HTTP/2.0", host: "www.ceerun.com"
2026/08/24 23:45:58 [error] 9853#0: *1274858 open() "/www/data/wwwroot/2025_12_26_01/tmp/woocommerce_ppcp-gateway_settings.zip" failed (2: No such file or directory), client: 172.70.46.75, server: www.ceerun.com, request: "GET /tmp/woocommerce_ppcp-gateway_settings.zip HTTP/2.0", host: "www.ceerun.com"
2026/08/24 23:45:58 [error] 9853#0: *1274858 open() "/www/data/wwwroot/2025_12_26_01/404.html" failed (2: No such file or directory), client: 172.70.46.75, server: www.ceerun.com, request: "GET /tmp/woocommerce_ppcp-gateway_settings.zip HTTP/2.0", host: "www.ceerun.com"
2026/08/24 23:45:58 [error] 9850#0: *1274859 open() "/www/data/wwwroot/2025_12_26_01/tmp/woocommerce_ppcp-gateway_settings.tar.gz" failed (2: No such file or directory), client: 162.158.86.184, server: www.ceerun.com, request: "GET /tmp/woocommerce_ppcp-gateway_settings.tar.gz HTTP/2.0", host: "www.ceerun.com"
2026/08/24 23:45:58 [error] 9850#0: *1274859 open() "/www/data/wwwroot/2025_12_26_01/404.html" failed (2: No such file or directory), client: 162.158.86.184, server: www.ceerun.com, request: "GET /tmp/woocommerce_ppcp-gateway_settings.tar.gz HTTP/2.0", host: "www.ceerun.com"
2026/08/24 23:46:01 [error] 9853#0: *1274765 open() "/www/data/wwwroot/2025_12_26_01/backup/woocommerce_ppcp_settings" failed (2: No such file or directory), client: 104.23.170.98, server: www.ceerun.com, request: "GET /backup/woocommerce_ppcp_settings HTTP/2.0", host: "www.ceerun.com"
2026/08/24 23:46:01 [error] 9853#0: *1274765 open() "/www/data/wwwroot/2025_12_26_01/404.html" failed (2: No such file or directory), client: 104.23.170.98, server: www.ceerun.com, request: "GET /backup/woocommerce_ppcp_settings HTTP/2.0", host: "www.ceerun.com"
2026/08/24 23:46:01 [error] 9853#0: *1274228 open() "/www/data/wwwroot/2025_12_26_01/backup/woocommerce_ppcp_settings.sql" failed (2: No such file or directory), client: 172.69.109.210, server: www.ceerun.com, request: "GET /backup/woocommerce_ppcp_settings.sql HTTP/2.0", host: "www.ceerun.com"
2026/08/24 23:46:01 [error] 9853#0: *1274228 open() "/www/data/wwwroot/2025_12_26_01/404.html" failed (2: No such file or directory), client: 172.69.109.210, server: www.ceerun.com, request: "GET /backup/woocommerce_ppcp_settings.sql HTTP/2.0", host: "www.ceerun.com"
2026/08/24 23:46:01 [error] 9850#0: *1274868 open() "/www/data/wwwroot/2025_12_26_01/tmp/woocommerce_ppcp-gateway_settings.csv" failed (2: No such file or directory), client: 104.23.170.176, server: www.ceerun.com, request: "GET /tmp/woocommerce_ppcp-gateway_settings.csv HTTP/2.0", host: "www.ceerun.com"
2026/08/24 23:46:01 [error] 9850#0: *1274868 open() "/www/data/wwwroot/2025_12_26_01/404.html" failed (2: No such file or directory), client: 104.23.170.176, server: www.ceerun.com, request: "GET /tmp/woocommerce_ppcp-gateway_settings.csv HTTP/2.0", host: "www.ceerun.com"
2026/08/24 23:46:01 [error] 9853#0: *1274792 open() "/www/data/wwwroot/2025_12_26_01/backup/woocommerce_ppcp_settings.log" failed (2: No such file or directory), client: 104.23.239.145, server: www.ceerun.com, request: "GET /backup/woocommerce_ppcp_settings.log HTTP/2.0", host: "www.ceerun.com"
2026/08/24 23:46:01 [error] 9853#0: *1274792 open() "/www/data/wwwroot/2025_12_26_01/404.html" failed (2: No such file or directory), client: 104.23.239.145, server: www.ceerun.com, request: "GET /backup/woocommerce_ppcp_settings.log HTTP/2.0", host: "www.ceerun.com"
2026/08/24 23:46:04 [error] 9853#0: *1274872 open() "/www/data/wwwroot/2025_12_26_01/backup/woocommerce_ppcp_settings.zip" failed (2: No such file or directory), client: 172.70.240.145, server: www.ceerun.com, request: "GET /backup/woocommerce_ppcp_settings.zip HTTP/2.0", host: "www.ceerun.com"
2026/08/24 23:46:04 [error] 9853#0: *1274872 open() "/www/data/wwwroot/2025_12_26_01/404.html" failed (2: No such file or directory), client: 172.70.240.145, server: www.ceerun.com, request: "GET /backup/woocommerce_ppcp_settings.zip HTTP/2.0", host: "www.ceerun.com"
2026/08/24 23:46:05 [error] 9850#0: *1274873 open() "/www/data/wwwroot/2025_12_26_01/backup/woocommerce_ppcp_settings.csv" failed (2: No such file or directory), client: 172.71.160.108, server: www.ceerun.com, request: "GET /backup/woocommerce_ppcp_settings.csv HTTP/2.0", host: "www.ceerun.com"
2026/08/24 23:46:05 [error] 9850#0: *1274873 open() "/www/data/wwwroot/2025_12_26_01/404.html" failed (2: No such file or directory), client: 172.71.160.108, server: www.ceerun.com, request: "GET /backup/woocommerce_ppcp_settings.csv HTTP/2.0", host: "www.ceerun.com"
2026/08/24 23:46:09 [error] 9853#0: *1274792 open() "/www/data/wwwroot/2025_12_26_01/wp-content/uploads/woocommerce_ppcp_settings.txt" failed (2: No such file or directory), client: 104.23.239.145, server: www.ceerun.com, request: "GET /wp-content/uploads/woocommerce_ppcp_settings.txt HTTP/2.0", host: "www.ceerun.com"
2026/08/24 23:46:09 [error] 9853#0: *1274792 open() "/www/data/wwwroot/2025_12_26_01/404.html" failed (2: No such file or directory), client: 104.23.239.145, server: www.ceerun.com, request: "GET /wp-content/uploads/woocommerce_ppcp_settings.txt HTTP/2.0", host: "www.ceerun.com"
2026/08/24 23:46:09 [error] 9851#0: *1274777 open() "/www/data/wwwroot/2025_12_26_01/wp-content/uploads/woocommerce_ppcp_settings.sql" failed (2: No such file or directory), client: 141.101.76.84, server: www.ceerun.com, request: "GET /wp-content/uploads/woocommerce_ppcp_settings.sql HTTP/2.0", host: "www.ceerun.com"
2026/08/24 23:46:09 [error] 9851#0: *1274777 open() "/www/data/wwwroot/2025_12_26_01/404.html" failed (2: No such file or directory), client: 141.101.76.84, server: www.ceerun.com, request: "GET /wp-content/uploads/woocommerce_ppcp_settings.sql HTTP/2.0", host: "www.ceerun.com"
2026/08/24 23:46:10 [error] 9853#0: *1274765 open() "/www/data/wwwroot/2025_12_26_01/wp-content/uploads/woocommerce_ppcp_settings.log" failed (2: No such file or directory), client: 104.23.170.98, server: www.ceerun.com, request: "GET /wp-content/uploads/woocommerce_ppcp_settings.log HTTP/2.0", host: "www.ceerun.com"
2026/08/24 23:46:10 [error] 9853#0: *1274765 open() "/www/data/wwwroot/2025_12_26_01/404.html" failed (2: No such file or directory), client: 104.23.170.98, server: www.ceerun.com, request: "GET /wp-content/uploads/woocommerce_ppcp_settings.log HTTP/2.0", host: "www.ceerun.com"
2026/08/24 23:46:11 [error] 9850#0: *1274879 open() "/www/data/wwwroot/2025_12_26_01/wp-content/uploads/woocommerce_ppcp_settings.zip" failed (2: No such file or directory), client: 172.71.160.162, server: www.ceerun.com, request: "GET /wp-content/uploads/woocommerce_ppcp_settings.zip HTTP/2.0", host: "www.ceerun.com"
2026/08/24 23:46:11 [error] 9850#0: *1274879 open() "/www/data/wwwroot/2025_12_26_01/404.html" failed (2: No such file or directory), client: 172.71.160.162, server: www.ceerun.com, request: "GET /wp-content/uploads/woocommerce_ppcp_settings.zip HTTP/2.0", host: "www.ceerun.com"
2026/08/24 23:46:11 [error] 9850#0: *1274880 open() "/www/data/wwwroot/2025_12_26_01/wp-content/uploads/woocommerce_ppcp_settings.tar.gz" failed (2: No such file or directory), client: 104.23.239.25, server: www.ceerun.com, request: "GET /wp-content/uploads/woocommerce_ppcp_settings.tar.gz HTTP/2.0", host: "www.ceerun.com"
2026/08/24 23:46:11 [error] 9850#0: *1274880 open() "/www/data/wwwroot/2025_12_26_01/404.html" failed (2: No such file or directory), client: 104.23.239.25, server: www.ceerun.com, request: "GET /wp-content/uploads/woocommerce_ppcp_settings.tar.gz HTTP/2.0", host: "www.ceerun.com"
2026/08/24 23:46:11 [error] 9852#0: *1274881 open() "/www/data/wwwroot/2025_12_26_01/wp-content/uploads/woocommerce_ppcp_settings.csv" failed (2: No such file or directory), client: 172.71.182.150, server: www.ceerun.com, request: "GET /wp-content/uploads/woocommerce_ppcp_settings.csv HTTP/2.0", host: "www.ceerun.com"
2026/08/24 23:46:11 [error] 9852#0: *1274881 open() "/www/data/wwwroot/2025_12_26_01/404.html" failed (2: No such file or directory), client: 172.71.182.150, server: www.ceerun.com, request: "GET /wp-content/uploads/woocommerce_ppcp_settings.csv HTTP/2.0", host: "www.ceerun.com"
2026/08/24 23:46:12 [error] 9853#0: *1274228 open() "/www/data/wwwroot/2025_12_26_01/tmp/woocommerce_ppcp_settings.sql" failed (2: No such file or directory), client: 172.69.109.210, server: www.ceerun.com, request: "GET /tmp/woocommerce_ppcp_settings.sql HTTP/2.0", host: "www.ceerun.com"
2026/08/24 23:46:12 [error] 9853#0: *1274228 open() "/www/data/wwwroot/2025_12_26_01/404.html" failed (2: No such file or directory), client: 172.69.109.210, server: www.ceerun.com, request: "GET /tmp/woocommerce_ppcp_settings.sql HTTP/2.0", host: "www.ceerun.com"
2026/08/24 23:46:12 [error] 9853#0: *1274768 open() "/www/data/wwwroot/2025_12_26_01/tmp/woocommerce_ppcp_settings.log" failed (2: No such file or directory), client: 172.71.160.42, server: www.ceerun.com, request: "GET /tmp/woocommerce_ppcp_settings.log HTTP/2.0", host: "www.ceerun.com"
2026/08/24 23:46:12 [error] 9853#0: *1274768 open() "/www/data/wwwroot/2025_12_26_01/404.html" failed (2: No such file or directory), client: 172.71.160.42, server: www.ceerun.com, request: "GET /tmp/woocommerce_ppcp_settings.log HTTP/2.0", host: "www.ceerun.com"
2026/08/24 23:46:12 [error] 9853#0: *1274884 open() "/www/data/wwwroot/2025_12_26_01/tmp/woocommerce_ppcp_settings" failed (2: No such file or directory), client: 162.158.111.252, server: www.ceerun.com, request: "GET /tmp/woocommerce_ppcp_settings HTTP/2.0", host: "www.ceerun.com"
2026/08/24 23:46:12 [error] 9853#0: *1274884 open() "/www/data/wwwroot/2025_12_26_01/404.html" failed (2: No such file or directory), client: 162.158.111.252, server: www.ceerun.com, request: "GET /tmp/woocommerce_ppcp_settings HTTP/2.0", host: "www.ceerun.com"
2026/08/24 23:46:13 [error] 9851#0: *1274885 open() "/www/data/wwwroot/2025_12_26_01/tmp/woocommerce_ppcp_settings.txt" failed (2: No such file or directory), client: 172.70.47.124, server: www.ceerun.com, request: "GET /tmp/woocommerce_ppcp_settings.txt HTTP/2.0", host: "www.ceerun.com"
2026/08/24 23:46:13 [error] 9851#0: *1274885 open() "/www/data/wwwroot/2025_12_26_01/404.html" failed (2: No such file or directory), client: 172.70.47.124, server: www.ceerun.com, request: "GET /tmp/woocommerce_ppcp_settings.txt HTTP/2.0", host: "www.ceerun.com"
2026/08/24 23:46:15 [error] 9851#0: *1274886 open() "/www/data/wwwroot/2025_12_26_01/tmp/woocommerce_ppcp_settings.tar.gz" failed (2: No such file or directory), client: 172.71.148.62, server: www.ceerun.com, request: "GET /tmp/woocommerce_ppcp_settings.tar.gz HTTP/2.0", host: "www.ceerun.com"
2026/08/24 23:46:15 [error] 9851#0: *1274886 open() "/www/data/wwwroot/2025_12_26_01/404.html" failed (2: No such file or directory), client: 172.71.148.62, server: www.ceerun.com, request: "GET /tmp/woocommerce_ppcp_settings.tar.gz HTTP/2.0", host: "www.ceerun.com"
2026/08/24 23:46:16 [error] 9851#0: *1274777 open() "/www/data/wwwroot/2025_12_26_01/backup/woocommerce_ppcp_paypal_settings.sql" failed (2: No such file or directory), client: 141.101.76.84, server: www.ceerun.com, request: "GET /backup/woocommerce_ppcp_paypal_settings.sql HTTP/2.0", host: "www.ceerun.com"
2026/08/24 23:46:16 [error] 9851#0: *1274777 open() "/www/data/wwwroot/2025_12_26_01/404.html" failed (2: No such file or directory), client: 141.101.76.84, server: www.ceerun.com, request: "GET /backup/woocommerce_ppcp_paypal_settings.sql HTTP/2.0", host: "www.ceerun.com"
2026/08/24 23:46:16 [error] 9853#0: *1274792 open() "/www/data/wwwroot/2025_12_26_01/backup/woocommerce_ppcp_paypal_settings" failed (2: No such file or directory), client: 104.23.239.145, server: www.ceerun.com, request: "GET /backup/woocommerce_ppcp_paypal_settings HTTP/2.0", host: "www.ceerun.com"
2026/08/24 23:46:16 [error] 9853#0: *1274792 open() "/www/data/wwwroot/2025_12_26_01/404.html" failed (2: No such file or directory), client: 104.23.239.145, server: www.ceerun.com, request: "GET /backup/woocommerce_ppcp_paypal_settings HTTP/2.0", host: "www.ceerun.com"
2026/08/24 23:46:16 [error] 9853#0: *1274896 open() "/www/data/wwwroot/2025_12_26_01/tmp/woocommerce_ppcp_settings.zip" failed (2: No such file or directory), client: 172.69.109.20, server: www.ceerun.com, request: "GET /tmp/woocommerce_ppcp_settings.zip HTTP/2.0", host: "www.ceerun.com"
2026/08/24 23:46:16 [error] 9853#0: *1274896 open() "/www/data/wwwroot/2025_12_26_01/404.html" failed (2: No such file or directory), client: 172.69.109.20, server: www.ceerun.com, request: "GET /tmp/woocommerce_ppcp_settings.zip HTTP/2.0", host: "www.ceerun.com"
2026/08/24 23:46:16 [error] 9853#0: *1274900 open() "/www/data/wwwroot/2025_12_26_01/tmp/woocommerce_ppcp_settings.csv" failed (2: No such file or directory), client: 172.69.109.228, server: www.ceerun.com, request: "GET /tmp/woocommerce_ppcp_settings.csv HTTP/2.0", host: "www.ceerun.com"
2026/08/24 23:46:16 [error] 9853#0: *1274900 open() "/www/data/wwwroot/2025_12_26_01/404.html" failed (2: No such file or directory), client: 172.69.109.228, server: www.ceerun.com, request: "GET /tmp/woocommerce_ppcp_settings.csv HTTP/2.0", host: "www.ceerun.com"
2026/08/24 23:46:17 [error] 9853#0: *1274228 open() "/www/data/wwwroot/2025_12_26_01/backup/woocommerce_ppcp_paypal_settings.log" failed (2: No such file or directory), client: 172.69.109.210, server: www.ceerun.com, request: "GET /backup/woocommerce_ppcp_paypal_settings.log HTTP/2.0", host: "www.ceerun.com"
2026/08/24 23:46:17 [error] 9853#0: *1274228 open() "/www/data/wwwroot/2025_12_26_01/404.html" failed (2: No such file or directory), client: 172.69.109.210, server: www.ceerun.com, request: "GET /backup/woocommerce_ppcp_paypal_settings.log HTTP/2.0", host: "www.ceerun.com"
2026/08/24 23:46:20 [error] 9850#0: *1274924 open() "/www/data/wwwroot/2025_12_26_01/backup/woocommerce_ppcp_paypal_settings.txt" failed (2: No such file or directory), client: 104.22.109.105, server: www.ceerun.com, request: "GET /backup/woocommerce_ppcp_paypal_settings.txt HTTP/2.0", host: "www.ceerun.com"
2026/08/24 23:46:20 [error] 9850#0: *1274924 open() "/www/data/wwwroot/2025_12_26_01/404.html" failed (2: No such file or directory), client: 104.22.109.105, server: www.ceerun.com, request: "GET /backup/woocommerce_ppcp_paypal_settings.txt HTTP/2.0", host: "www.ceerun.com"
2026/08/24 23:46:20 [error] 9851#0: *1274928 open() "/www/data/wwwroot/2025_12_26_01/backup/woocommerce_ppcp_paypal_settings.tar.gz" failed (2: No such file or directory), client: 172.70.46.88, server: www.ceerun.com, request: "GET /backup/woocommerce_ppcp_paypal_settings.tar.gz HTTP/2.0", host: "www.ceerun.com"
2026/08/24 23:46:20 [error] 9851#0: *1274928 open() "/www/data/wwwroot/2025_12_26_01/404.html" failed (2: No such file or directory), client: 172.70.46.88, server: www.ceerun.com, request: "GET /backup/woocommerce_ppcp_paypal_settings.tar.gz HTTP/2.0", host: "www.ceerun.com"
2026/08/24 23:46:20 [error] 9851#0: *1274929 open() "/www/data/wwwroot/2025_12_26_01/backup/woocommerce_ppcp_paypal_settings.zip" failed (2: No such file or directory), client: 172.71.182.98, server: www.ceerun.com, request: "GET /backup/woocommerce_ppcp_paypal_settings.zip HTTP/2.0", host: "www.ceerun.com"
