2026/08/26 09:45:37 [error] 9853#0: *1449281 open() "/www/data/wwwroot/2025_12_26_01/404.html" failed (2: No such file or directory), client: 172.69.151.193, server: www.ceerun.com, request: "GET /backups/woocommerce_wc_stripe_settings.zip HTTP/2.0", host: "www.ceerun.com"
2026/08/26 09:45:57 [error] 9851#0: *1449301 open() "/www/data/wwwroot/2025_12_26_01/wp-content/woocommerce_wc_stripe_settings.zip" failed (2: No such file or directory), client: 172.69.109.208, server: www.ceerun.com, request: "GET /wp-content/woocommerce_wc_stripe_settings.zip HTTP/2.0", host: "www.ceerun.com"
2026/08/26 09:45:57 [error] 9851#0: *1449301 open() "/www/data/wwwroot/2025_12_26_01/404.html" failed (2: No such file or directory), client: 172.69.109.208, server: www.ceerun.com, request: "GET /wp-content/woocommerce_wc_stripe_settings.zip HTTP/2.0", host: "www.ceerun.com"
2026/08/26 09:45:58 [error] 9852#0: *1449302 open() "/www/data/wwwroot/2025_12_26_01/wp-content/woocommerce_wc_stripe_settings.csv" failed (2: No such file or directory), client: 172.71.247.83, server: www.ceerun.com, request: "GET /wp-content/woocommerce_wc_stripe_settings.csv HTTP/2.0", host: "www.ceerun.com"
2026/08/26 09:45:58 [error] 9852#0: *1449302 open() "/www/data/wwwroot/2025_12_26_01/404.html" failed (2: No such file or directory), client: 172.71.247.83, server: www.ceerun.com, request: "GET /wp-content/woocommerce_wc_stripe_settings.csv HTTP/2.0", host: "www.ceerun.com"
2026/08/26 09:45:59 [error] 9852#0: *1449196 open() "/www/data/wwwroot/2025_12_26_01/logs/woocommerce_wc_stripe_settings" failed (2: No such file or directory), client: 104.23.170.99, server: www.ceerun.com, request: "GET /logs/woocommerce_wc_stripe_settings HTTP/2.0", host: "www.ceerun.com"
2026/08/26 09:45:59 [error] 9852#0: *1449196 open() "/www/data/wwwroot/2025_12_26_01/404.html" failed (2: No such file or directory), client: 104.23.170.99, server: www.ceerun.com, request: "GET /logs/woocommerce_wc_stripe_settings HTTP/2.0", host: "www.ceerun.com"
2026/08/26 09:46:00 [error] 9853#0: *1449306 open() "/www/data/wwwroot/2025_12_26_01/logs/woocommerce_wc_stripe_settings.tar.gz" failed (2: No such file or directory), client: 104.22.109.98, server: www.ceerun.com, request: "GET /logs/woocommerce_wc_stripe_settings.tar.gz HTTP/2.0", host: "www.ceerun.com"
2026/08/26 09:46:00 [error] 9853#0: *1449306 open() "/www/data/wwwroot/2025_12_26_01/404.html" failed (2: No such file or directory), client: 104.22.109.98, server: www.ceerun.com, request: "GET /logs/woocommerce_wc_stripe_settings.tar.gz HTTP/2.0", host: "www.ceerun.com"
2026/08/26 09:46:01 [error] 9850#0: *1449048 open() "/www/data/wwwroot/2025_12_26_01/logs/woocommerce_wc_stripe_settings.sql" failed (2: No such file or directory), client: 172.71.172.34, server: www.ceerun.com, request: "GET /logs/woocommerce_wc_stripe_settings.sql HTTP/2.0", host: "www.ceerun.com"
2026/08/26 09:46:01 [error] 9850#0: *1449048 open() "/www/data/wwwroot/2025_12_26_01/404.html" failed (2: No such file or directory), client: 172.71.172.34, server: www.ceerun.com, request: "GET /logs/woocommerce_wc_stripe_settings.sql HTTP/2.0", host: "www.ceerun.com"
2026/08/26 09:46:01 [error] 9853#0: *1448995 open() "/www/data/wwwroot/2025_12_26_01/logs/woocommerce_wc_stripe_settings.log" failed (2: No such file or directory), client: 172.69.151.9, server: www.ceerun.com, request: "GET /logs/woocommerce_wc_stripe_settings.log HTTP/2.0", host: "www.ceerun.com"
2026/08/26 09:46:01 [error] 9853#0: *1448995 open() "/www/data/wwwroot/2025_12_26_01/404.html" failed (2: No such file or directory), client: 172.69.151.9, server: www.ceerun.com, request: "GET /logs/woocommerce_wc_stripe_settings.log HTTP/2.0", host: "www.ceerun.com"
2026/08/26 09:46:02 [error] 9853#0: *1449309 open() "/www/data/wwwroot/2025_12_26_01/logs/woocommerce_wc_stripe_settings.csv" failed (2: No such file or directory), client: 172.69.109.174, server: www.ceerun.com, request: "GET /logs/woocommerce_wc_stripe_settings.csv HTTP/2.0", host: "www.ceerun.com"
2026/08/26 09:46:02 [error] 9853#0: *1449309 open() "/www/data/wwwroot/2025_12_26_01/404.html" failed (2: No such file or directory), client: 172.69.109.174, server: www.ceerun.com, request: "GET /logs/woocommerce_wc_stripe_settings.csv HTTP/2.0", host: "www.ceerun.com"
2026/08/26 09:46:03 [error] 9851#0: *1448998 open() "/www/data/wwwroot/2025_12_26_01/backups/woocommerce_payments_settings" failed (2: No such file or directory), client: 172.71.95.81, server: www.ceerun.com, request: "GET /backups/woocommerce_payments_settings HTTP/2.0", host: "www.ceerun.com"
2026/08/26 09:46:03 [error] 9851#0: *1448998 open() "/www/data/wwwroot/2025_12_26_01/404.html" failed (2: No such file or directory), client: 172.71.95.81, server: www.ceerun.com, request: "GET /backups/woocommerce_payments_settings HTTP/2.0", host: "www.ceerun.com"
2026/08/26 09:46:03 [error] 9853#0: *1449264 open() "/www/data/wwwroot/2025_12_26_01/logs/woocommerce_wc_stripe_settings.txt" failed (2: No such file or directory), client: 172.70.243.225, server: www.ceerun.com, request: "GET /logs/woocommerce_wc_stripe_settings.txt HTTP/2.0", host: "www.ceerun.com"
2026/08/26 09:46:03 [error] 9853#0: *1449264 open() "/www/data/wwwroot/2025_12_26_01/404.html" failed (2: No such file or directory), client: 172.70.243.225, server: www.ceerun.com, request: "GET /logs/woocommerce_wc_stripe_settings.txt HTTP/2.0", host: "www.ceerun.com"
2026/08/26 09:46:03 [error] 9853#0: *1448095 open() "/www/data/wwwroot/2025_12_26_01/backups/woocommerce_payments_settings.txt" failed (2: No such file or directory), client: 172.69.109.214, server: www.ceerun.com, request: "GET /backups/woocommerce_payments_settings.txt HTTP/2.0", host: "www.ceerun.com"
2026/08/26 09:46:03 [error] 9853#0: *1448095 open() "/www/data/wwwroot/2025_12_26_01/404.html" failed (2: No such file or directory), client: 172.69.109.214, server: www.ceerun.com, request: "GET /backups/woocommerce_payments_settings.txt HTTP/2.0", host: "www.ceerun.com"
2026/08/26 09:46:03 [error] 9851#0: *1449311 open() "/www/data/wwwroot/2025_12_26_01/backups/woocommerce_payments_settings.log" failed (2: No such file or directory), client: 104.23.172.111, server: www.ceerun.com, request: "GET /backups/woocommerce_payments_settings.log HTTP/2.0", host: "www.ceerun.com"
2026/08/26 09:46:03 [error] 9851#0: *1449311 open() "/www/data/wwwroot/2025_12_26_01/404.html" failed (2: No such file or directory), client: 104.23.172.111, server: www.ceerun.com, request: "GET /backups/woocommerce_payments_settings.log HTTP/2.0", host: "www.ceerun.com"
2026/08/26 09:46:04 [error] 9850#0: *1449313 open() "/www/data/wwwroot/2025_12_26_01/backups/woocommerce_payments_settings.tar.gz" failed (2: No such file or directory), client: 104.22.109.46, server: www.ceerun.com, request: "GET /backups/woocommerce_payments_settings.tar.gz HTTP/2.0", host: "www.ceerun.com"
2026/08/26 09:46:04 [error] 9850#0: *1449313 open() "/www/data/wwwroot/2025_12_26_01/404.html" failed (2: No such file or directory), client: 104.22.109.46, server: www.ceerun.com, request: "GET /backups/woocommerce_payments_settings.tar.gz HTTP/2.0", host: "www.ceerun.com"
2026/08/26 09:46:04 [error] 9851#0: *1449314 open() "/www/data/wwwroot/2025_12_26_01/backups/woocommerce_payments_settings.zip" failed (2: No such file or directory), client: 162.159.113.156, server: www.ceerun.com, request: "GET /backups/woocommerce_payments_settings.zip HTTP/2.0", host: "www.ceerun.com"
2026/08/26 09:46:04 [error] 9851#0: *1449314 open() "/www/data/wwwroot/2025_12_26_01/404.html" failed (2: No such file or directory), client: 162.159.113.156, server: www.ceerun.com, request: "GET /backups/woocommerce_payments_settings.zip HTTP/2.0", host: "www.ceerun.com"
2026/08/26 09:46:04 [error] 9852#0: *1449315 open() "/www/data/wwwroot/2025_12_26_01/logs/woocommerce_wc_stripe_settings.zip" failed (2: No such file or directory), client: 172.71.103.40, server: www.ceerun.com, request: "GET /logs/woocommerce_wc_stripe_settings.zip HTTP/2.0", host: "www.ceerun.com"
2026/08/26 09:46:04 [error] 9852#0: *1449315 open() "/www/data/wwwroot/2025_12_26_01/404.html" failed (2: No such file or directory), client: 172.71.103.40, server: www.ceerun.com, request: "GET /logs/woocommerce_wc_stripe_settings.zip HTTP/2.0", host: "www.ceerun.com"
2026/08/26 09:46:04 [error] 9852#0: *1449196 open() "/www/data/wwwroot/2025_12_26_01/wp-content/woocommerce_payments_settings" failed (2: No such file or directory), client: 104.23.170.99, server: www.ceerun.com, request: "GET /wp-content/woocommerce_payments_settings HTTP/2.0", host: "www.ceerun.com"
2026/08/26 09:46:04 [error] 9852#0: *1449196 open() "/www/data/wwwroot/2025_12_26_01/404.html" failed (2: No such file or directory), client: 104.23.170.99, server: www.ceerun.com, request: "GET /wp-content/woocommerce_payments_settings HTTP/2.0", host: "www.ceerun.com"
2026/08/26 09:46:05 [error] 9850#0: *1449317 open() "/www/data/wwwroot/2025_12_26_01/backups/woocommerce_payments_settings.csv" failed (2: No such file or directory), client: 172.70.240.20, server: www.ceerun.com, request: "GET /backups/woocommerce_payments_settings.csv HTTP/2.0", host: "www.ceerun.com"
2026/08/26 09:46:05 [error] 9850#0: *1449317 open() "/www/data/wwwroot/2025_12_26_01/404.html" failed (2: No such file or directory), client: 172.70.240.20, server: www.ceerun.com, request: "GET /backups/woocommerce_payments_settings.csv HTTP/2.0", host: "www.ceerun.com"
2026/08/26 09:46:06 [error] 9853#0: *1448095 open() "/www/data/wwwroot/2025_12_26_01/wp-content/woocommerce_payments_settings.sql" failed (2: No such file or directory), client: 172.69.109.214, server: www.ceerun.com, request: "GET /wp-content/woocommerce_payments_settings.sql HTTP/2.0", host: "www.ceerun.com"
2026/08/26 09:46:06 [error] 9853#0: *1448095 open() "/www/data/wwwroot/2025_12_26_01/404.html" failed (2: No such file or directory), client: 172.69.109.214, server: www.ceerun.com, request: "GET /wp-content/woocommerce_payments_settings.sql HTTP/2.0", host: "www.ceerun.com"
2026/08/26 09:46:06 [error] 9853#0: *1448095 open() "/www/data/wwwroot/2025_12_26_01/backups/woocommerce_payments_settings.sql" failed (2: No such file or directory), client: 172.69.109.214, server: www.ceerun.com, request: "GET /backups/woocommerce_payments_settings.sql HTTP/2.0", host: "www.ceerun.com"
2026/08/26 09:46:06 [error] 9853#0: *1448095 open() "/www/data/wwwroot/2025_12_26_01/404.html" failed (2: No such file or directory), client: 172.69.109.214, server: www.ceerun.com, request: "GET /backups/woocommerce_payments_settings.sql HTTP/2.0", host: "www.ceerun.com"
2026/08/26 09:46:06 [error] 9851#0: *1448998 open() "/www/data/wwwroot/2025_12_26_01/wp-content/woocommerce_payments_settings.log" failed (2: No such file or directory), client: 172.71.95.81, server: www.ceerun.com, request: "GET /wp-content/woocommerce_payments_settings.log HTTP/2.0", host: "www.ceerun.com"
2026/08/26 09:46:06 [error] 9851#0: *1448998 open() "/www/data/wwwroot/2025_12_26_01/404.html" failed (2: No such file or directory), client: 172.71.95.81, server: www.ceerun.com, request: "GET /wp-content/woocommerce_payments_settings.log HTTP/2.0", host: "www.ceerun.com"
2026/08/26 09:46:08 [error] 9851#0: *1449320 open() "/www/data/wwwroot/2025_12_26_01/wp-content/woocommerce_payments_settings.zip" failed (2: No such file or directory), client: 172.71.95.65, server: www.ceerun.com, request: "GET /wp-content/woocommerce_payments_settings.zip HTTP/2.0", host: "www.ceerun.com"
2026/08/26 09:46:08 [error] 9851#0: *1449320 open() "/www/data/wwwroot/2025_12_26_01/404.html" failed (2: No such file or directory), client: 172.71.95.65, server: www.ceerun.com, request: "GET /wp-content/woocommerce_payments_settings.zip HTTP/2.0", host: "www.ceerun.com"
2026/08/26 09:46:08 [error] 9853#0: *1449321 open() "/www/data/wwwroot/2025_12_26_01/wp-content/woocommerce_payments_settings.txt" failed (2: No such file or directory), client: 162.159.113.121, server: www.ceerun.com, request: "GET /wp-content/woocommerce_payments_settings.txt HTTP/2.0", host: "www.ceerun.com"
2026/08/26 09:46:08 [error] 9853#0: *1449321 open() "/www/data/wwwroot/2025_12_26_01/404.html" failed (2: No such file or directory), client: 162.159.113.121, server: www.ceerun.com, request: "GET /wp-content/woocommerce_payments_settings.txt HTTP/2.0", host: "www.ceerun.com"
2026/08/26 09:46:09 [error] 9850#0: *1449325 open() "/www/data/wwwroot/2025_12_26_01/wp-content/woocommerce_payments_settings.csv" failed (2: No such file or directory), client: 104.22.109.92, server: www.ceerun.com, request: "GET /wp-content/woocommerce_payments_settings.csv HTTP/2.0", host: "www.ceerun.com"
2026/08/26 09:46:09 [error] 9850#0: *1449325 open() "/www/data/wwwroot/2025_12_26_01/404.html" failed (2: No such file or directory), client: 104.22.109.92, server: www.ceerun.com, request: "GET /wp-content/woocommerce_payments_settings.csv HTTP/2.0", host: "www.ceerun.com"
2026/08/26 09:46:33 [error] 9852#0: *1449196 open() "/www/data/wwwroot/2025_12_26_01/backups/give_stripe_settings" failed (2: No such file or directory), client: 104.23.170.99, server: www.ceerun.com, request: "GET /backups/give_stripe_settings HTTP/2.0", host: "www.ceerun.com"
2026/08/26 09:46:33 [error] 9852#0: *1449196 open() "/www/data/wwwroot/2025_12_26_01/404.html" failed (2: No such file or directory), client: 104.23.170.99, server: www.ceerun.com, request: "GET /backups/give_stripe_settings HTTP/2.0", host: "www.ceerun.com"
2026/08/26 09:46:34 [error] 9851#0: *1449311 open() "/www/data/wwwroot/2025_12_26_01/backups/give_stripe_settings.log" failed (2: No such file or directory), client: 104.23.172.111, server: www.ceerun.com, request: "GET /backups/give_stripe_settings.log HTTP/2.0", host: "www.ceerun.com"
2026/08/26 09:46:34 [error] 9851#0: *1449311 open() "/www/data/wwwroot/2025_12_26_01/404.html" failed (2: No such file or directory), client: 104.23.172.111, server: www.ceerun.com, request: "GET /backups/give_stripe_settings.log HTTP/2.0", host: "www.ceerun.com"
2026/08/26 09:46:34 [error] 9853#0: *1449264 open() "/www/data/wwwroot/2025_12_26_01/backups/give_stripe_settings.txt" failed (2: No such file or directory), client: 172.70.243.225, server: www.ceerun.com, request: "GET /backups/give_stripe_settings.txt HTTP/2.0", host: "www.ceerun.com"
2026/08/26 09:46:34 [error] 9853#0: *1449264 open() "/www/data/wwwroot/2025_12_26_01/404.html" failed (2: No such file or directory), client: 172.70.243.225, server: www.ceerun.com, request: "GET /backups/give_stripe_settings.txt HTTP/2.0", host: "www.ceerun.com"
2026/08/26 09:46:35 [error] 9851#0: *1449356 open() "/www/data/wwwroot/2025_12_26_01/backups/give_stripe_settings.zip" failed (2: No such file or directory), client: 172.71.247.239, server: www.ceerun.com, request: "GET /backups/give_stripe_settings.zip HTTP/2.0", host: "www.ceerun.com"
2026/08/26 09:46:35 [error] 9851#0: *1449356 open() "/www/data/wwwroot/2025_12_26_01/404.html" failed (2: No such file or directory), client: 172.71.247.239, server: www.ceerun.com, request: "GET /backups/give_stripe_settings.zip HTTP/2.0", host: "www.ceerun.com"
2026/08/26 09:46:39 [error] 9851#0: *1449362 open() "/www/data/wwwroot/2025_12_26_01/backups/give_stripe_settings.csv" failed (2: No such file or directory), client: 172.71.102.157, server: www.ceerun.com, request: "GET /backups/give_stripe_settings.csv HTTP/2.0", host: "www.ceerun.com"
2026/08/26 09:46:39 [error] 9851#0: *1449362 open() "/www/data/wwwroot/2025_12_26_01/404.html" failed (2: No such file or directory), client: 172.71.102.157, server: www.ceerun.com, request: "GET /backups/give_stripe_settings.csv HTTP/2.0", host: "www.ceerun.com"
2026/08/26 09:46:40 [error] 9853#0: *1448095 open() "/www/data/wwwroot/2025_12_26_01/wp-content/give_stripe_settings.sql" failed (2: No such file or directory), client: 172.69.109.214, server: www.ceerun.com, request: "GET /wp-content/give_stripe_settings.sql HTTP/2.0", host: "www.ceerun.com"
2026/08/26 09:46:40 [error] 9853#0: *1448095 open() "/www/data/wwwroot/2025_12_26_01/404.html" failed (2: No such file or directory), client: 172.69.109.214, server: www.ceerun.com, request: "GET /wp-content/give_stripe_settings.sql HTTP/2.0", host: "www.ceerun.com"
2026/08/26 09:46:40 [error] 9851#0: *1449366 open() "/www/data/wwwroot/2025_12_26_01/backups/give_stripe_settings.tar.gz" failed (2: No such file or directory), client: 104.23.166.128, server: www.ceerun.com, request: "GET /backups/give_stripe_settings.tar.gz HTTP/2.0", host: "www.ceerun.com"
2026/08/26 09:46:40 [error] 9851#0: *1449366 open() "/www/data/wwwroot/2025_12_26_01/404.html" failed (2: No such file or directory), client: 104.23.166.128, server: www.ceerun.com, request: "GET /backups/give_stripe_settings.tar.gz HTTP/2.0", host: "www.ceerun.com"
2026/08/26 09:46:41 [error] 9850#0: *1449367 open() "/www/data/wwwroot/2025_12_26_01/wp-content/give_stripe_settings" failed (2: No such file or directory), client: 104.23.168.6, server: www.ceerun.com, request: "GET /wp-content/give_stripe_settings HTTP/2.0", host: "www.ceerun.com"
2026/08/26 09:46:41 [error] 9850#0: *1449367 open() "/www/data/wwwroot/2025_12_26_01/404.html" failed (2: No such file or directory), client: 104.23.168.6, server: www.ceerun.com, request: "GET /wp-content/give_stripe_settings HTTP/2.0", host: "www.ceerun.com"
2026/08/26 09:46:41 [error] 9853#0: *1448095 open() "/www/data/wwwroot/2025_12_26_01/wp-content/give_stripe_settings.log" failed (2: No such file or directory), client: 172.69.109.214, server: www.ceerun.com, request: "GET /wp-content/give_stripe_settings.log HTTP/2.0", host: "www.ceerun.com"
2026/08/26 09:46:41 [error] 9853#0: *1448095 open() "/www/data/wwwroot/2025_12_26_01/404.html" failed (2: No such file or directory), client: 172.69.109.214, server: www.ceerun.com, request: "GET /wp-content/give_stripe_settings.log HTTP/2.0", host: "www.ceerun.com"
2026/08/26 09:46:41 [error] 9851#0: *1449311 open() "/www/data/wwwroot/2025_12_26_01/wp-content/give_stripe_settings.txt" failed (2: No such file or directory), client: 104.23.172.111, server: www.ceerun.com, request: "GET /wp-content/give_stripe_settings.txt HTTP/2.0", host: "www.ceerun.com"
2026/08/26 09:46:41 [error] 9851#0: *1449311 open() "/www/data/wwwroot/2025_12_26_01/404.html" failed (2: No such file or directory), client: 104.23.172.111, server: www.ceerun.com, request: "GET /wp-content/give_stripe_settings.txt HTTP/2.0", host: "www.ceerun.com"
2026/08/26 09:46:41 [error] 9851#0: *1449368 open() "/www/data/wwwroot/2025_12_26_01/wp-content/give_stripe_settings.tar.gz" failed (2: No such file or directory), client: 104.23.166.32, server: www.ceerun.com, request: "GET /wp-content/give_stripe_settings.tar.gz HTTP/2.0", host: "www.ceerun.com"
2026/08/26 09:46:41 [error] 9851#0: *1449368 open() "/www/data/wwwroot/2025_12_26_01/404.html" failed (2: No such file or directory), client: 104.23.166.32, server: www.ceerun.com, request: "GET /wp-content/give_stripe_settings.tar.gz HTTP/2.0", host: "www.ceerun.com"
2026/08/26 09:46:41 [error] 9853#0: *1449369 open() "/www/data/wwwroot/2025_12_26_01/wp-content/give_stripe_settings.zip" failed (2: No such file or directory), client: 172.70.247.99, server: www.ceerun.com, request: "GET /wp-content/give_stripe_settings.zip HTTP/2.0", host: "www.ceerun.com"
2026/08/26 09:46:41 [error] 9853#0: *1449369 open() "/www/data/wwwroot/2025_12_26_01/404.html" failed (2: No such file or directory), client: 172.70.247.99, server: www.ceerun.com, request: "GET /wp-content/give_stripe_settings.zip HTTP/2.0", host: "www.ceerun.com"
2026/08/26 09:46:41 [error] 9852#0: *1449196 open() "/www/data/wwwroot/2025_12_26_01/logs/give_stripe_settings.log" failed (2: No such file or directory), client: 104.23.170.99, server: www.ceerun.com, request: "GET /logs/give_stripe_settings.log HTTP/2.0", host: "www.ceerun.com"
2026/08/26 09:46:41 [error] 9852#0: *1449196 open() "/www/data/wwwroot/2025_12_26_01/404.html" failed (2: No such file or directory), client: 104.23.170.99, server: www.ceerun.com, request: "GET /logs/give_stripe_settings.log HTTP/2.0", host: "www.ceerun.com"
2026/08/26 09:46:42 [error] 9851#0: *1449311 open() "/www/data/wwwroot/2025_12_26_01/logs/give_stripe_settings" failed (2: No such file or directory), client: 104.23.172.111, server: www.ceerun.com, request: "GET /logs/give_stripe_settings HTTP/2.0", host: "www.ceerun.com"
2026/08/26 09:46:42 [error] 9851#0: *1449311 open() "/www/data/wwwroot/2025_12_26_01/404.html" failed (2: No such file or directory), client: 104.23.172.111, server: www.ceerun.com, request: "GET /logs/give_stripe_settings HTTP/2.0", host: "www.ceerun.com"
2026/08/26 09:46:42 [error] 9853#0: *1448995 open() "/www/data/wwwroot/2025_12_26_01/logs/give_stripe_settings.sql" failed (2: No such file or directory), client: 172.69.151.9, server: www.ceerun.com, request: "GET /logs/give_stripe_settings.sql HTTP/2.0", host: "www.ceerun.com"
2026/08/26 09:46:42 [error] 9853#0: *1448995 open() "/www/data/wwwroot/2025_12_26_01/404.html" failed (2: No such file or directory), client: 172.69.151.9, server: www.ceerun.com, request: "GET /logs/give_stripe_settings.sql HTTP/2.0", host: "www.ceerun.com"
2026/08/26 09:46:46 [error] 9853#0: *1448095 open() "/www/data/wwwroot/2025_12_26_01/logs/give_stripe_settings.txt" failed (2: No such file or directory), client: 172.69.109.214, server: www.ceerun.com, request: "GET /logs/give_stripe_settings.txt HTTP/2.0", host: "www.ceerun.com"
2026/08/26 09:46:46 [error] 9853#0: *1448095 open() "/www/data/wwwroot/2025_12_26_01/404.html" failed (2: No such file or directory), client: 172.69.109.214, server: www.ceerun.com, request: "GET /logs/give_stripe_settings.txt HTTP/2.0", host: "www.ceerun.com"
2026/08/26 09:46:46 [error] 9853#0: *1449373 open() "/www/data/wwwroot/2025_12_26_01/logs/give_stripe_settings.zip" failed (2: No such file or directory), client: 172.71.103.200, server: www.ceerun.com, request: "GET /logs/give_stripe_settings.zip HTTP/2.0", host: "www.ceerun.com"
2026/08/26 09:46:46 [error] 9853#0: *1449373 open() "/www/data/wwwroot/2025_12_26_01/404.html" failed (2: No such file or directory), client: 172.71.103.200, server: www.ceerun.com, request: "GET /logs/give_stripe_settings.zip HTTP/2.0", host: "www.ceerun.com"
2026/08/26 09:46:48 [error] 9853#0: *1449374 open() "/www/data/wwwroot/2025_12_26_01/wp-content/give_stripe_settings.csv" failed (2: No such file or directory), client: 172.71.160.160, server: www.ceerun.com, request: "GET /wp-content/give_stripe_settings.csv HTTP/2.0", host: "www.ceerun.com"
2026/08/26 09:46:48 [error] 9853#0: *1449374 open() "/www/data/wwwroot/2025_12_26_01/404.html" failed (2: No such file or directory), client: 172.71.160.160, server: www.ceerun.com, request: "GET /wp-content/give_stripe_settings.csv HTTP/2.0", host: "www.ceerun.com"
2026/08/26 09:46:51 [error] 9853#0: *1449380 open() "/www/data/wwwroot/2025_12_26_01/logs/give_stripe_settings.tar.gz" failed (2: No such file or directory), client: 162.159.113.143, server: www.ceerun.com, request: "GET /logs/give_stripe_settings.tar.gz HTTP/2.0", host: "www.ceerun.com"
2026/08/26 09:46:51 [error] 9853#0: *1449380 open() "/www/data/wwwroot/2025_12_26_01/404.html" failed (2: No such file or directory), client: 162.159.113.143, server: www.ceerun.com, request: "GET /logs/give_stripe_settings.tar.gz HTTP/2.0", host: "www.ceerun.com"
2026/08/26 09:46:54 [error] 9851#0: *1449311 open() "/www/data/wwwroot/2025_12_26_01/wp-content/mysql/wp_options.sql" failed (2: No such file or directory), client: 104.23.172.111, server: www.ceerun.com, request: "GET /wp-content/mysql/wp_options.sql HTTP/2.0", host: "www.ceerun.com"
2026/08/26 09:46:54 [error] 9851#0: *1449311 open() "/www/data/wwwroot/2025_12_26_01/404.html" failed (2: No such file or directory), client: 104.23.172.111, server: www.ceerun.com, request: "GET /wp-content/mysql/wp_options.sql HTTP/2.0", host: "www.ceerun.com"
2026/08/26 09:46:54 [error] 9853#0: *1448995 open() "/www/data/wwwroot/2025_12_26_01/wp-content/wp_options.sql" failed (2: No such file or directory), client: 172.69.151.9, server: www.ceerun.com, request: "GET /wp-content/wp_options.sql HTTP/2.0", host: "www.ceerun.com"
2026/08/26 09:46:54 [error] 9853#0: *1448995 open() "/www/data/wwwroot/2025_12_26_01/404.html" failed (2: No such file or directory), client: 172.69.151.9, server: www.ceerun.com, request: "GET /wp-content/wp_options.sql HTTP/2.0", host: "www.ceerun.com"
2026/08/26 09:46:55 [error] 9852#0: *1449385 open() "/www/data/wwwroot/2025_12_26_01/wp-content/woocommerce.sql" failed (2: No such file or directory), client: 104.23.166.7, server: www.ceerun.com, request: "GET /wp-content/woocommerce.sql HTTP/2.0", host: "www.ceerun.com"
2026/08/26 09:46:55 [error] 9852#0: *1449385 open() "/www/data/wwwroot/2025_12_26_01/404.html" failed (2: No such file or directory), client: 104.23.166.7, server: www.ceerun.com, request: "GET /wp-content/woocommerce.sql HTTP/2.0", host: "www.ceerun.com"
2026/08/26 09:46:56 [error] 9853#0: *1448095 open() "/www/data/wwwroot/2025_12_26_01/sql/woocommerce.sql" failed (2: No such file or directory), client: 172.69.109.214, server: www.ceerun.com, request: "GET /sql/woocommerce.sql HTTP/2.0", host: "www.ceerun.com"
2026/08/26 09:46:56 [error] 9853#0: *1448095 open() "/www/data/wwwroot/2025_12_26_01/404.html" failed (2: No such file or directory), client: 172.69.109.214, server: www.ceerun.com, request: "GET /sql/woocommerce.sql HTTP/2.0", host: "www.ceerun.com"
2026/08/26 09:46:57 [error] 9853#0: *1449388 open() "/www/data/wwwroot/2025_12_26_01/logs/give_stripe_settings.csv" failed (2: No such file or directory), client: 104.23.168.14, server: www.ceerun.com, request: "GET /logs/give_stripe_settings.csv HTTP/2.0", host: "www.ceerun.com"
2026/08/26 09:46:57 [error] 9853#0: *1449388 open() "/www/data/wwwroot/2025_12_26_01/404.html" failed (2: No such file or directory), client: 104.23.168.14, server: www.ceerun.com, request: "GET /logs/give_stripe_settings.csv HTTP/2.0", host: "www.ceerun.com"
2026/08/26 09:46:57 [error] 9853#0: *1448095 open() "/www/data/wwwroot/2025_12_26_01/wp-content/updraft/log.txt" failed (2: No such file or directory), client: 172.69.109.214, server: www.ceerun.com, request: "GET /wp-content/updraft/log.txt HTTP/2.0", host: "www.ceerun.com"
2026/08/26 09:46:57 [error] 9853#0: *1448095 open() "/www/data/wwwroot/2025_12_26_01/404.html" failed (2: No such file or directory), client: 172.69.109.214, server: www.ceerun.com, request: "GET /wp-content/updraft/log.txt HTTP/2.0", host: "www.ceerun.com"
2026/08/26 09:46:57 [error] 9853#0: *1449393 open() "/www/data/wwwroot/2025_12_26_01/wp-content/updraft/backup" failed (2: No such file or directory), client: 172.71.182.235, server: www.ceerun.com, request: "GET /wp-content/updraft/backup HTTP/2.0", host: "www.ceerun.com"
2026/08/26 09:46:57 [error] 9853#0: *1449393 open() "/www/data/wwwroot/2025_12_26_01/404.html" failed (2: No such file or directory), client: 172.71.182.235, server: www.ceerun.com, request: "GET /wp-content/updraft/backup HTTP/2.0", host: "www.ceerun.com"
2026/08/26 09:46:58 [error] 9852#0: *1449385 open() "/www/data/wwwroot/2025_12_26_01/backups/woocommerce.sql" failed (2: No such file or directory), client: 104.23.166.7, server: www.ceerun.com, request: "GET /backups/woocommerce.sql HTTP/2.0", host: "www.ceerun.com"
2026/08/26 09:46:58 [error] 9852#0: *1449385 open() "/www/data/wwwroot/2025_12_26_01/404.html" failed (2: No such file or directory), client: 104.23.166.7, server: www.ceerun.com, request: "GET /backups/woocommerce.sql HTTP/2.0", host: "www.ceerun.com"
2026/08/26 11:02:48 [error] 9851#0: *1456888 open() "/www/data/wwwroot/2025_12_26_01/sitemap.xml" failed (2: No such file or directory), client: 172.71.164.98, server: www.ceerun.com, request: "GET /sitemap.xml HTTP/2.0", host: "ceerun.com"
2026/08/26 11:02:48 [error] 9851#0: *1456888 open() "/www/data/wwwroot/2025_12_26_01/404.html" failed (2: No such file or directory), client: 172.71.164.98, server: www.ceerun.com, request: "GET /sitemap.xml HTTP/2.0", host: "ceerun.com"
2026/08/26 11:02:49 [error] 9853#0: *1456929 open() "/www/data/wwwroot/2025_12_26_01/404.html" failed (2: No such file or directory), client: 172.71.95.155, server: www.ceerun.com, request: "GET /%2eenv HTTP/2.0", host: "ceerun.com"
2026/08/26 11:02:49 [error] 9853#0: *1456931 open() "/www/data/wwwroot/2025_12_26_01/api/.env" failed (2: No such file or directory), client: 104.23.172.53, server: www.ceerun.com, request: "GET /api/%2eenv HTTP/2.0", host: "ceerun.com"
2026/08/26 11:02:49 [error] 9853#0: *1456931 open() "/www/data/wwwroot/2025_12_26_01/404.html" failed (2: No such file or directory), client: 104.23.172.53, server: www.ceerun.com, request: "GET /api/%2eenv HTTP/2.0", host: "ceerun.com"
2026/08/26 11:02:49 [error] 9853#0: *1456929 open() "/www/data/wwwroot/2025_12_26_01/backend/.env" failed (2: No such file or directory), client: 172.71.95.155, server: www.ceerun.com, request: "GET /backend/%2eenv HTTP/2.0", host: "ceerun.com"
2026/08/26 11:02:49 [error] 9853#0: *1456929 open() "/www/data/wwwroot/2025_12_26_01/404.html" failed (2: No such file or directory), client: 172.71.95.155, server: www.ceerun.com, request: "GET /backend/%2eenv HTTP/2.0", host: "ceerun.com"
2026/08/26 11:02:49 [error] 9853#0: *1456939 open() "/www/data/wwwroot/2025_12_26_01/404.html" failed (2: No such file or directory), client: 172.70.247.5, server: www.ceerun.com, request: "GET /.git/HEAD HTTP/2.0", host: "ceerun.com"
2026/08/26 11:02:49 [error] 9853#0: *1456938 open() "/www/data/wwwroot/2025_12_26_01/storage/.env" failed (2: No such file or directory), client: 104.23.166.20, server: www.ceerun.com, request: "GET /storage/.env HTTP/2.0", host: "ceerun.com"
2026/08/26 11:02:49 [error] 9853#0: *1456938 open() "/www/data/wwwroot/2025_12_26_01/404.html" failed (2: No such file or directory), client: 104.23.166.20, server: www.ceerun.com, request: "GET /storage/.env HTTP/2.0", host: "ceerun.com"
2026/08/26 11:02:49 [error] 9850#0: *1456941 open() "/www/data/wwwroot/2025_12_26_01/wp-json/wc/v2/payment_gateways" failed (2: No such file or directory), client: 172.70.240.200, server: www.ceerun.com, request: "GET /wp-json/wc/v2/payment_gateways HTTP/2.0", host: "ceerun.com"
2026/08/26 11:02:49 [error] 9850#0: *1456941 open() "/www/data/wwwroot/2025_12_26_01/404.html" failed (2: No such file or directory), client: 172.70.240.200, server: www.ceerun.com, request: "GET /wp-json/wc/v2/payment_gateways HTTP/2.0", host: "ceerun.com"
2026/08/26 11:02:49 [error] 9853#0: *1456940 open() "/www/data/wwwroot/2025_12_26_01/laravel/.env" failed (2: No such file or directory), client: 172.71.182.164, server: www.ceerun.com, request: "GET /laravel/.env HTTP/2.0", host: "ceerun.com"
2026/08/26 11:02:49 [error] 9853#0: *1456940 open() "/www/data/wwwroot/2025_12_26_01/404.html" failed (2: No such file or directory), client: 172.71.182.164, server: www.ceerun.com, request: "GET /laravel/.env HTTP/2.0", host: "ceerun.com"
2026/08/26 11:02:49 [error] 9850#0: *1456934 open() "/www/data/wwwroot/2025_12_26_01/backend/.env" failed (2: No such file or directory), client: 172.70.242.224, server: www.ceerun.com, request: "GET /backend/.env HTTP/2.0", host: "ceerun.com"
2026/08/26 11:02:49 [error] 9850#0: *1456934 open() "/www/data/wwwroot/2025_12_26_01/404.html" failed (2: No such file or directory), client: 172.70.242.224, server: www.ceerun.com, request: "GET /backend/.env HTTP/2.0", host: "ceerun.com"
2026/08/26 11:02:49 [error] 9850#0: *1456942 open() "/www/data/wwwroot/2025_12_26_01/wp-json/wc/v1/payment_gateways" failed (2: No such file or directory), client: 162.158.94.169, server: www.ceerun.com, request: "GET /wp-json/wc/v1/payment_gateways HTTP/2.0", host: "ceerun.com"
2026/08/26 11:02:49 [error] 9850#0: *1456942 open() "/www/data/wwwroot/2025_12_26_01/404.html" failed (2: No such file or directory), client: 162.158.94.169, server: www.ceerun.com, request: "GET /wp-json/wc/v1/payment_gateways HTTP/2.0", host: "ceerun.com"
2026/08/26 11:02:49 [error] 9853#0: *1456933 open() "/www/data/wwwroot/2025_12_26_01/wp-json/wc/v3/payment_gateways" failed (2: No such file or directory), client: 172.69.109.120, server: www.ceerun.com, request: "GET /wp-json/wc/v3/payment_gateways HTTP/2.0", host: "ceerun.com"
2026/08/26 11:02:49 [error] 9853#0: *1456933 open() "/www/data/wwwroot/2025_12_26_01/404.html" failed (2: No such file or directory), client: 172.69.109.120, server: www.ceerun.com, request: "GET /wp-json/wc/v3/payment_gateways HTTP/2.0", host: "ceerun.com"
2026/08/26 11:02:49 [error] 9851#0: *1456943 open() "/www/data/wwwroot/2025_12_26_01/web/.env" failed (2: No such file or directory), client: 104.23.168.96, server: www.ceerun.com, request: "GET /web/.env HTTP/2.0", host: "ceerun.com"
2026/08/26 11:02:49 [error] 9851#0: *1456943 open() "/www/data/wwwroot/2025_12_26_01/404.html" failed (2: No such file or directory), client: 104.23.168.96, server: www.ceerun.com, request: "GET /web/.env HTTP/2.0", host: "ceerun.com"
2026/08/26 11:02:49 [error] 9853#0: *1456947 open() "/www/data/wwwroot/2025_12_26_01/server/.env" failed (2: No such file or directory), client: 172.71.148.78, server: www.ceerun.com, request: "GET /server/.env HTTP/2.0", host: "ceerun.com"
2026/08/26 11:02:49 [error] 9853#0: *1456947 open() "/www/data/wwwroot/2025_12_26_01/404.html" failed (2: No such file or directory), client: 172.71.148.78, server: www.ceerun.com, request: "GET /server/.env HTTP/2.0", host: "ceerun.com"
2026/08/26 11:02:49 [error] 9853#0: *1456948 open() "/www/data/wwwroot/2025_12_26_01/public/.env" failed (2: No such file or directory), client: 172.70.247.6, server: www.ceerun.com, request: "GET /public/.env HTTP/2.0", host: "ceerun.com"
2026/08/26 11:02:49 [error] 9853#0: *1456948 open() "/www/data/wwwroot/2025_12_26_01/404.html" failed (2: No such file or directory), client: 172.70.247.6, server: www.ceerun.com, request: "GET /public/.env HTTP/2.0", host: "ceerun.com"
2026/08/26 11:02:49 [error] 9853#0: *1456944 open() "/www/data/wwwroot/2025_12_26_01/404.html" failed (2: No such file or directory), client: 172.69.109.120, server: www.ceerun.com, request: "GET /.env HTTP/2.0", host: "ceerun.com"
2026/08/26 11:02:49 [error] 9851#0: *1456953 open() "/www/data/wwwroot/2025_12_26_01/app/.env" failed (2: No such file or directory), client: 162.159.113.37, server: www.ceerun.com, request: "GET /app/%2eenv HTTP/2.0", host: "ceerun.com"
2026/08/26 11:02:49 [error] 9851#0: *1456953 open() "/www/data/wwwroot/2025_12_26_01/404.html" failed (2: No such file or directory), client: 162.159.113.37, server: www.ceerun.com, request: "GET /app/%2eenv HTTP/2.0", host: "ceerun.com"
2026/08/26 11:02:49 [error] 9853#0: *1456950 open() "/www/data/wwwroot/2025_12_26_01/404.html" failed (2: No such file or directory), client: 172.71.160.195, server: www.ceerun.com, request: "GET /.git/config HTTP/2.0", host: "ceerun.com"
2026/08/26 11:02:49 [error] 9851#0: *1456951 open() "/www/data/wwwroot/2025_12_26_01/api/.env" failed (2: No such file or directory), client: 172.69.109.120, server: www.ceerun.com, request: "GET /api/.env HTTP/2.0", host: "ceerun.com"
2026/08/26 11:02:49 [error] 9851#0: *1456951 open() "/www/data/wwwroot/2025_12_26_01/404.html" failed (2: No such file or directory), client: 172.69.109.120, server: www.ceerun.com, request: "GET /api/.env HTTP/2.0", host: "ceerun.com"
2026/08/26 11:02:49 [error] 9851#0: *1456956 open() "/www/data/wwwroot/2025_12_26_01/src/.env" failed (2: No such file or directory), client: 172.69.109.120, server: www.ceerun.com, request: "GET /src/.env HTTP/2.0", host: "ceerun.com"
2026/08/26 11:02:49 [error] 9851#0: *1456956 open() "/www/data/wwwroot/2025_12_26_01/404.html" failed (2: No such file or directory), client: 172.69.109.120, server: www.ceerun.com, request: "GET /src/.env HTTP/2.0", host: "ceerun.com"
2026/08/26 11:02:49 [error] 9853#0: *1456958 open() "/www/data/wwwroot/2025_12_26_01/laravel/.env" failed (2: No such file or directory), client: 172.71.98.84, server: www.ceerun.com, request: "GET /laravel/%2eenv HTTP/2.0", host: "ceerun.com"
2026/08/26 11:02:49 [error] 9853#0: *1456958 open() "/www/data/wwwroot/2025_12_26_01/404.html" failed (2: No such file or directory), client: 172.71.98.84, server: www.ceerun.com, request: "GET /laravel/%2eenv HTTP/2.0", host: "ceerun.com"
2026/08/26 11:02:53 [error] 9852#0: *1456965 open() "/www/data/wwwroot/2025_12_26_01/404.html" failed (2: No such file or directory), client: 172.71.148.149, server: www.ceerun.com, request: "GET /config.js HTTP/2.0", host: "ceerun.com"
2026/08/26 11:02:53 [error] 9851#0: *1456968 open() "/www/data/wwwroot/2025_12_26_01/404.html" failed (2: No such file or directory), client: 172.69.150.168, server: www.ceerun.com, request: "GET /core/config.js HTTP/2.0", host: "ceerun.com"
2026/08/26 11:02:53 [error] 9850#0: *1456969 open() "/www/data/wwwroot/2025_12_26_01/404.html" failed (2: No such file or directory), client: 172.71.144.105, server: www.ceerun.com, request: "GET /static/config.js HTTP/2.0", host: "ceerun.com"
2026/08/26 11:02:53 [error] 9853#0: *1456932 open() "/www/data/wwwroot/2025_12_26_01/404.html" failed (2: No such file or directory), client: 172.69.150.79, server: www.ceerun.com, request: "GET /core/config.js.php HTTP/2.0", host: "ceerun.com"
2026/08/26 11:02:53 [error] 9850#0: *1456970 open() "/www/data/wwwroot/2025_12_26_01/404.html" failed (2: No such file or directory), client: 172.71.95.141, server: www.ceerun.com, request: "GET /config.js.php HTTP/2.0", host: "ceerun.com"
2026/08/26 11:02:54 [error] 9853#0: *1456971 open() "/www/data/wwwroot/2025_12_26_01/404.html" failed (2: No such file or directory), client: 172.70.243.115, server: www.ceerun.com, request: "GET /assets/config.js HTTP/2.0", host: "ceerun.com"
2026/08/26 11:02:54 [error] 9853#0: *1456972 open() "/www/data/wwwroot/2025_12_26_01/404.html" failed (2: No such file or directory), client: 104.23.166.155, server: www.ceerun.com, request: "GET /js/config.js HTTP/2.0", host: "ceerun.com"
2026/08/26 11:02:54 [error] 9853#0: *1456973 open() "/www/data/wwwroot/2025_12_26_01/404.html" failed (2: No such file or directory), client: 172.69.109.68, server: www.ceerun.com, request: "GET /static/js/config.js HTTP/2.0", host: "ceerun.com"
2026/08/26 11:02:54 [error] 9850#0: *1456970 open() "/www/data/wwwroot/2025_12_26_01/config.json" failed (2: No such file or directory), client: 172.71.95.141, server: www.ceerun.com, request: "GET /config.json HTTP/2.0", host: "ceerun.com"
2026/08/26 11:02:54 [error] 9850#0: *1456970 open() "/www/data/wwwroot/2025_12_26_01/404.html" failed (2: No such file or directory), client: 172.71.95.141, server: www.ceerun.com, request: "GET /config.json HTTP/2.0", host: "ceerun.com"
2026/08/26 11:02:54 [error] 9850#0: *1456974 open() "/www/data/wwwroot/2025_12_26_01/404.html" failed (2: No such file or directory), client: 172.71.144.39, server: www.ceerun.com, request: "GET /env.js HTTP/2.0", host: "ceerun.com"
2026/08/26 11:02:55 [error] 9851#0: *1456936 open() "/www/data/wwwroot/2025_12_26_01/env.json" failed (2: No such file or directory), client: 172.69.150.78, server: www.ceerun.com, request: "GET /env.json HTTP/2.0", host: "ceerun.com"
2026/08/26 11:02:55 [error] 9851#0: *1456936 open() "/www/data/wwwroot/2025_12_26_01/404.html" failed (2: No such file or directory), client: 172.69.150.78, server: www.ceerun.com, request: "GET /env.json HTTP/2.0", host: "ceerun.com"
2026/08/26 11:03:10 [error] 9853#0: *1456930 open() "/www/data/wwwroot/2025_12_26_01/wp-json/wc/v3/payment_gateways/stripe" failed (2: No such file or directory), client: 172.71.103.174, server: www.ceerun.com, request: "GET /wp-json/wc/v3/payment_gateways/stripe HTTP/2.0", host: "ceerun.com"
2026/08/26 11:03:10 [error] 9853#0: *1456930 open() "/www/data/wwwroot/2025_12_26_01/404.html" failed (2: No such file or directory), client: 172.71.103.174, server: www.ceerun.com, request: "GET /wp-json/wc/v3/payment_gateways/stripe HTTP/2.0", host: "ceerun.com"
2026/08/26 11:03:10 [error] 9851#0: *1456888 open() "/www/data/wwwroot/2025_12_26_01/404.html" failed (2: No such file or directory), client: 172.71.164.98, server: www.ceerun.com, request: "GET /%2eenv%2eproduction HTTP/2.0", host: "ceerun.com"
2026/08/26 11:03:10 [error] 9850#0: *1456941 open() "/www/data/wwwroot/2025_12_26_01/404.html" failed (2: No such file or directory), client: 172.70.240.200, server: www.ceerun.com, request: "GET /%2eenv%2eexample HTTP/2.0", host: "ceerun.com"
2026/08/26 11:03:10 [error] 9850#0: *1456996 open() "/www/data/wwwroot/2025_12_26_01/wp-json/wc/v3/payment_gateways/stripe_cc" failed (2: No such file or directory), client: 172.71.172.81, server: www.ceerun.com, request: "GET /wp-json/wc/v3/payment_gateways/stripe_cc HTTP/2.0", host: "ceerun.com"
2026/08/26 11:03:10 [error] 9850#0: *1456996 open() "/www/data/wwwroot/2025_12_26_01/404.html" failed (2: No such file or directory), client: 172.71.172.81, server: www.ceerun.com, request: "GET /wp-json/wc/v3/payment_gateways/stripe_cc HTTP/2.0", host: "ceerun.com"
2026/08/26 11:03:11 [error] 9851#0: *1456953 open() "/www/data/wwwroot/2025_12_26_01/404.html" failed (2: No such file or directory), client: 162.159.113.37, server: www.ceerun.com, request: "GET /%2eenv%2ebackup HTTP/2.0", host: "ceerun.com"
2026/08/26 11:03:11 [error] 9853#0: *1456932 open() "/www/data/wwwroot/2025_12_26_01/admin/.env" failed (2: No such file or directory), client: 172.69.150.79, server: www.ceerun.com, request: "GET /admin/%2eenv HTTP/2.0", host: "ceerun.com"
2026/08/26 11:03:11 [error] 9853#0: *1456932 open() "/www/data/wwwroot/2025_12_26_01/404.html" failed (2: No such file or directory), client: 172.69.150.79, server: www.ceerun.com, request: "GET /admin/%2eenv HTTP/2.0", host: "ceerun.com"
2026/08/26 11:03:12 [error] 9851#0: *1456953 open() "/www/data/wwwroot/2025_12_26_01/.aws/credentials" failed (2: No such file or directory), client: 162.159.113.37, server: www.ceerun.com, request: "GET /.aws/credentials HTTP/2.0", host: "ceerun.com"
2026/08/26 11:03:12 [error] 9851#0: *1456953 open() "/www/data/wwwroot/2025_12_26_01/404.html" failed (2: No such file or directory), client: 162.159.113.37, server: www.ceerun.com, request: "GET /.aws/credentials HTTP/2.0", host: "ceerun.com"
2026/08/26 11:03:12 [error] 9853#0: *1456947 open() "/www/data/wwwroot/2025_12_26_01/dev/.env" failed (2: No such file or directory), client: 172.71.148.78, server: www.ceerun.com, request: "GET /dev/.env HTTP/2.0", host: "ceerun.com"
2026/08/26 11:03:12 [error] 9853#0: *1456947 open() "/www/data/wwwroot/2025_12_26_01/404.html" failed (2: No such file or directory), client: 172.71.148.78, server: www.ceerun.com, request: "GET /dev/.env HTTP/2.0", host: "ceerun.com"
2026/08/26 11:03:12 [error] 9853#0: *1456929 open() "/www/data/wwwroot/2025_12_26_01/docker/.env" failed (2: No such file or directory), client: 172.71.95.155, server: www.ceerun.com, request: "GET /docker/.env HTTP/2.0", host: "ceerun.com"
2026/08/26 11:03:12 [error] 9853#0: *1456929 open() "/www/data/wwwroot/2025_12_26_01/404.html" failed (2: No such file or directory), client: 172.71.95.155, server: www.ceerun.com, request: "GET /docker/.env HTTP/2.0", host: "ceerun.com"
2026/08/26 11:03:12 [error] 9850#0: *1456942 open() "/www/data/wwwroot/2025_12_26_01/env/.env" failed (2: No such file or directory), client: 162.158.94.169, server: www.ceerun.com, request: "GET /env/.env HTTP/2.0", host: "ceerun.com"
2026/08/26 11:03:12 [error] 9850#0: *1456942 open() "/www/data/wwwroot/2025_12_26_01/404.html" failed (2: No such file or directory), client: 162.158.94.169, server: www.ceerun.com, request: "GET /env/.env HTTP/2.0", host: "ceerun.com"
2026/08/26 11:03:12 [error] 9851#0: *1456936 open() "/www/data/wwwroot/2025_12_26_01/site/.env" failed (2: No such file or directory), client: 172.69.150.78, server: www.ceerun.com, request: "GET /site/.env HTTP/2.0", host: "ceerun.com"
2026/08/26 11:03:12 [error] 9851#0: *1456936 open() "/www/data/wwwroot/2025_12_26_01/404.html" failed (2: No such file or directory), client: 172.69.150.78, server: www.ceerun.com, request: "GET /site/.env HTTP/2.0", host: "ceerun.com"
2026/08/26 11:03:13 [error] 9851#0: *1456953 open() "/www/data/wwwroot/2025_12_26_01/404.html" failed (2: No such file or directory), client: 162.159.113.37, server: www.ceerun.com, request: "GET /.env.local HTTP/2.0", host: "ceerun.com"
2026/08/26 11:03:13 [error] 9853#0: *1456929 open() "/www/data/wwwroot/2025_12_26_01/404.html" failed (2: No such file or directory), client: 172.71.95.155, server: www.ceerun.com, request: "GET /.env.production HTTP/2.0", host: "ceerun.com"
2026/08/26 11:03:13 [error] 9851#0: *1456953 open() "/www/data/wwwroot/2025_12_26_01/404.html" failed (2: No such file or directory), client: 162.159.113.37, server: www.ceerun.com, request: "GET /.env.prod HTTP/2.0", host: "ceerun.com"
2026/08/26 11:03:13 [error] 9853#0: *1456947 open() "/www/data/wwwroot/2025_12_26_01/404.html" failed (2: No such file or directory), client: 172.71.148.78, server: www.ceerun.com, request: "GET /.env.backup HTTP/2.0", host: "ceerun.com"
2026/08/26 11:03:13 [error] 9853#0: *1456930 open() "/www/data/wwwroot/2025_12_26_01/404.html" failed (2: No such file or directory), client: 172.71.103.174, server: www.ceerun.com, request: "GET /.env.example HTTP/2.0", host: "ceerun.com"
2026/08/26 11:03:13 [error] 9850#0: *1456942 open() "/www/data/wwwroot/2025_12_26_01/404.html" failed (2: No such file or directory), client: 162.158.94.169, server: www.ceerun.com, request: "GET /%2eenv%2elocal HTTP/2.0", host: "ceerun.com"
2026/08/26 11:03:14 [error] 9853#0: *1456947 open() "/www/data/wwwroot/2025_12_26_01/.AWS/credentials" failed (2: No such file or directory), client: 172.71.148.78, server: www.ceerun.com, request: "GET /%2eAWS/credentials HTTP/2.0", host: "ceerun.com"
2026/08/26 11:03:14 [error] 9853#0: *1456947 open() "/www/data/wwwroot/2025_12_26_01/404.html" failed (2: No such file or directory), client: 172.71.148.78, server: www.ceerun.com, request: "GET /%2eAWS/credentials HTTP/2.0", host: "ceerun.com"
2026/08/26 11:03:14 [error] 9851#0: *1457002 open() "/www/data/wwwroot/2025_12_26_01/404.html" failed (2: No such file or directory), client: 172.70.46.37, server: www.ceerun.com, request: "GET /.env.old HTTP/2.0", host: "ceerun.com"
2026/08/26 11:03:14 [error] 9853#0: *1456930 open() "/www/data/wwwroot/2025_12_26_01/config.env" failed (2: No such file or directory), client: 172.71.103.174, server: www.ceerun.com, request: "GET /config%2eenv HTTP/2.0", host: "ceerun.com"
2026/08/26 11:03:14 [error] 9853#0: *1456930 open() "/www/data/wwwroot/2025_12_26_01/404.html" failed (2: No such file or directory), client: 172.71.103.174, server: www.ceerun.com, request: "GET /config%2eenv HTTP/2.0", host: "ceerun.com"
2026/08/26 11:03:14 [error] 9853#0: *1456929 open() "/www/data/wwwroot/2025_12_26_01/aws/credentials" failed (2: No such file or directory), client: 172.71.95.155, server: www.ceerun.com, request: "GET /aws/credentials HTTP/2.0", host: "ceerun.com"
2026/08/26 11:03:14 [error] 9853#0: *1456929 open() "/www/data/wwwroot/2025_12_26_01/404.html" failed (2: No such file or directory), client: 172.71.95.155, server: www.ceerun.com, request: "GET /aws/credentials HTTP/2.0", host: "ceerun.com"
2026/08/26 11:03:14 [error] 9853#0: *1456933 open() "/www/data/wwwroot/2025_12_26_01/404.html" failed (2: No such file or directory), client: 172.69.109.120, server: www.ceerun.com, request: "GET /config.php HTTP/2.0", host: "ceerun.com"
2026/08/26 11:03:14 [error] 9853#0: *1456950 open() "/www/data/wwwroot/2025_12_26_01/config.json" failed (2: No such file or directory), client: 172.71.160.195, server: www.ceerun.com, request: "GET /config.json HTTP/2.0", host: "ceerun.com"
2026/08/26 11:03:14 [error] 9853#0: *1456950 open() "/www/data/wwwroot/2025_12_26_01/404.html" failed (2: No such file or directory), client: 172.71.160.195, server: www.ceerun.com, request: "GET /config.json HTTP/2.0", host: "ceerun.com"
2026/08/26 11:03:14 [error] 9853#0: *1456933 open() "/www/data/wwwroot/2025_12_26_01/config.json" failed (2: No such file or directory), client: 172.69.109.120, server: www.ceerun.com, request: "GET /config%2ejson HTTP/2.0", host: "ceerun.com"
2026/08/26 11:03:14 [error] 9853#0: *1456933 open() "/www/data/wwwroot/2025_12_26_01/404.html" failed (2: No such file or directory), client: 172.69.109.120, server: www.ceerun.com, request: "GET /config%2ejson HTTP/2.0", host: "ceerun.com"
2026/08/26 11:03:14 [error] 9851#0: *1457005 open() "/www/data/wwwroot/2025_12_26_01/wp-json/wc/v2/payment_gateways/stripe" failed (2: No such file or directory), client: 172.70.248.186, server: www.ceerun.com, request: "GET /wp-json/wc/v2/payment_gateways/stripe HTTP/2.0", host: "ceerun.com"
2026/08/26 11:03:14 [error] 9851#0: *1457005 open() "/www/data/wwwroot/2025_12_26_01/404.html" failed (2: No such file or directory), client: 172.70.248.186, server: www.ceerun.com, request: "GET /wp-json/wc/v2/payment_gateways/stripe HTTP/2.0", host: "ceerun.com"
2026/08/26 11:03:15 [error] 9853#0: *1457006 open() "/www/data/wwwroot/2025_12_26_01/config.env" failed (2: No such file or directory), client: 104.22.109.12, server: www.ceerun.com, request: "GET /config.env HTTP/2.0", host: "ceerun.com"
2026/08/26 11:03:15 [error] 9853#0: *1457006 open() "/www/data/wwwroot/2025_12_26_01/404.html" failed (2: No such file or directory), client: 104.22.109.12, server: www.ceerun.com, request: "GET /config.env HTTP/2.0", host: "ceerun.com"
2026/08/26 11:03:15 [error] 9851#0: *1457007 open() "/www/data/wwwroot/2025_12_26_01/404.html" failed (2: No such file or directory), client: 172.71.172.75, server: www.ceerun.com, request: "GET /config%2ephp HTTP/2.0", host: "ceerun.com"
