2026/08/26 09:39:30 [error] 9853#0: *1448711 open() "/www/data/wwwroot/2025_12_26_01/tmp/woocommerce_payments_settings.csv" failed (2: No such file or directory), client: 172.71.172.178, server: www.ceerun.com, request: "GET /tmp/woocommerce_payments_settings.csv HTTP/2.0", host: "www.ceerun.com"
2026/08/26 09:39:30 [error] 9853#0: *1448711 open() "/www/data/wwwroot/2025_12_26_01/404.html" failed (2: No such file or directory), client: 172.71.172.178, server: www.ceerun.com, request: "GET /tmp/woocommerce_payments_settings.csv HTTP/2.0", host: "www.ceerun.com"
2026/08/26 09:39:30 [error] 9851#0: *1448669 open() "/www/data/wwwroot/2025_12_26_01/wp-content/uploads/give_stripe_settings.sql" failed (2: No such file or directory), client: 172.71.148.161, server: www.ceerun.com, request: "GET /wp-content/uploads/give_stripe_settings.sql HTTP/2.0", host: "www.ceerun.com"
2026/08/26 09:39:30 [error] 9851#0: *1448669 open() "/www/data/wwwroot/2025_12_26_01/404.html" failed (2: No such file or directory), client: 172.71.148.161, server: www.ceerun.com, request: "GET /wp-content/uploads/give_stripe_settings.sql HTTP/2.0", host: "www.ceerun.com"
2026/08/26 09:39:30 [error] 9853#0: *1448095 open() "/www/data/wwwroot/2025_12_26_01/backup/give_stripe_settings" failed (2: No such file or directory), client: 172.69.109.214, server: www.ceerun.com, request: "GET /backup/give_stripe_settings HTTP/2.0", host: "www.ceerun.com"
2026/08/26 09:39:30 [error] 9853#0: *1448095 open() "/www/data/wwwroot/2025_12_26_01/404.html" failed (2: No such file or directory), client: 172.69.109.214, server: www.ceerun.com, request: "GET /backup/give_stripe_settings HTTP/2.0", host: "www.ceerun.com"
2026/08/26 09:39:30 [error] 9853#0: *1448095 open() "/www/data/wwwroot/2025_12_26_01/backup/give_stripe_settings.log" failed (2: No such file or directory), client: 172.69.109.214, server: www.ceerun.com, request: "GET /backup/give_stripe_settings.log HTTP/2.0", host: "www.ceerun.com"
2026/08/26 09:39:30 [error] 9853#0: *1448095 open() "/www/data/wwwroot/2025_12_26_01/404.html" failed (2: No such file or directory), client: 172.69.109.214, server: www.ceerun.com, request: "GET /backup/give_stripe_settings.log HTTP/2.0", host: "www.ceerun.com"
2026/08/26 09:39:31 [error] 9853#0: *1448602 open() "/www/data/wwwroot/2025_12_26_01/wp-content/uploads/give_stripe_settings.log" failed (2: No such file or directory), client: 162.159.113.121, server: www.ceerun.com, request: "GET /wp-content/uploads/give_stripe_settings.log HTTP/2.0", host: "www.ceerun.com"
2026/08/26 09:39:31 [error] 9853#0: *1448602 open() "/www/data/wwwroot/2025_12_26_01/404.html" failed (2: No such file or directory), client: 162.159.113.121, server: www.ceerun.com, request: "GET /wp-content/uploads/give_stripe_settings.log HTTP/2.0", host: "www.ceerun.com"
2026/08/26 09:39:31 [error] 9852#0: *1448713 open() "/www/data/wwwroot/2025_12_26_01/backup/give_stripe_settings.tar.gz" failed (2: No such file or directory), client: 172.71.148.15, server: www.ceerun.com, request: "GET /backup/give_stripe_settings.tar.gz HTTP/2.0", host: "www.ceerun.com"
2026/08/26 09:39:31 [error] 9852#0: *1448713 open() "/www/data/wwwroot/2025_12_26_01/404.html" failed (2: No such file or directory), client: 172.71.148.15, server: www.ceerun.com, request: "GET /backup/give_stripe_settings.tar.gz HTTP/2.0", host: "www.ceerun.com"
2026/08/26 09:39:31 [error] 9850#0: *1448714 open() "/www/data/wwwroot/2025_12_26_01/backup/give_stripe_settings.csv" failed (2: No such file or directory), client: 141.101.76.190, server: www.ceerun.com, request: "GET /backup/give_stripe_settings.csv HTTP/2.0", host: "www.ceerun.com"
2026/08/26 09:39:31 [error] 9850#0: *1448714 open() "/www/data/wwwroot/2025_12_26_01/404.html" failed (2: No such file or directory), client: 141.101.76.190, server: www.ceerun.com, request: "GET /backup/give_stripe_settings.csv HTTP/2.0", host: "www.ceerun.com"
2026/08/26 09:39:32 [error] 9850#0: *1448670 open() "/www/data/wwwroot/2025_12_26_01/wp-content/uploads/give_stripe_settings" failed (2: No such file or directory), client: 172.70.240.94, server: www.ceerun.com, request: "GET /wp-content/uploads/give_stripe_settings HTTP/2.0", host: "www.ceerun.com"
2026/08/26 09:39:32 [error] 9850#0: *1448670 open() "/www/data/wwwroot/2025_12_26_01/404.html" failed (2: No such file or directory), client: 172.70.240.94, server: www.ceerun.com, request: "GET /wp-content/uploads/give_stripe_settings HTTP/2.0", host: "www.ceerun.com"
2026/08/26 09:39:32 [error] 9851#0: *1448669 open() "/www/data/wwwroot/2025_12_26_01/backup/give_stripe_settings.sql" failed (2: No such file or directory), client: 172.71.148.161, server: www.ceerun.com, request: "GET /backup/give_stripe_settings.sql HTTP/2.0", host: "www.ceerun.com"
2026/08/26 09:39:32 [error] 9851#0: *1448669 open() "/www/data/wwwroot/2025_12_26_01/404.html" failed (2: No such file or directory), client: 172.71.148.161, server: www.ceerun.com, request: "GET /backup/give_stripe_settings.sql HTTP/2.0", host: "www.ceerun.com"
2026/08/26 09:39:32 [error] 9853#0: *1448095 open() "/www/data/wwwroot/2025_12_26_01/backup/give_stripe_settings.txt" failed (2: No such file or directory), client: 172.69.109.214, server: www.ceerun.com, request: "GET /backup/give_stripe_settings.txt HTTP/2.0", host: "www.ceerun.com"
2026/08/26 09:39:32 [error] 9853#0: *1448095 open() "/www/data/wwwroot/2025_12_26_01/404.html" failed (2: No such file or directory), client: 172.69.109.214, server: www.ceerun.com, request: "GET /backup/give_stripe_settings.txt HTTP/2.0", host: "www.ceerun.com"
2026/08/26 09:39:33 [error] 9851#0: *1448716 open() "/www/data/wwwroot/2025_12_26_01/backup/give_stripe_settings.zip" failed (2: No such file or directory), client: 104.23.170.25, server: www.ceerun.com, request: "GET /backup/give_stripe_settings.zip HTTP/2.0", host: "www.ceerun.com"
2026/08/26 09:39:33 [error] 9851#0: *1448716 open() "/www/data/wwwroot/2025_12_26_01/404.html" failed (2: No such file or directory), client: 104.23.170.25, server: www.ceerun.com, request: "GET /backup/give_stripe_settings.zip HTTP/2.0", host: "www.ceerun.com"
2026/08/26 09:39:34 [error] 9853#0: *1448095 open() "/www/data/wwwroot/2025_12_26_01/wp-content/uploads/give_stripe_settings.txt" failed (2: No such file or directory), client: 172.69.109.214, server: www.ceerun.com, request: "GET /wp-content/uploads/give_stripe_settings.txt HTTP/2.0", host: "www.ceerun.com"
2026/08/26 09:39:34 [error] 9853#0: *1448095 open() "/www/data/wwwroot/2025_12_26_01/404.html" failed (2: No such file or directory), client: 172.69.109.214, server: www.ceerun.com, request: "GET /wp-content/uploads/give_stripe_settings.txt HTTP/2.0", host: "www.ceerun.com"
2026/08/26 09:39:34 [error] 9850#0: *1448670 open() "/www/data/wwwroot/2025_12_26_01/tmp/give_stripe_settings.txt" failed (2: No such file or directory), client: 172.70.240.94, server: www.ceerun.com, request: "GET /tmp/give_stripe_settings.txt HTTP/2.0", host: "www.ceerun.com"
2026/08/26 09:39:34 [error] 9850#0: *1448670 open() "/www/data/wwwroot/2025_12_26_01/404.html" failed (2: No such file or directory), client: 172.70.240.94, server: www.ceerun.com, request: "GET /tmp/give_stripe_settings.txt HTTP/2.0", host: "www.ceerun.com"
2026/08/26 09:39:40 [error] 9852#0: *1448722 open() "/www/data/wwwroot/2025_12_26_01/wp-content/uploads/give_stripe_settings.zip" failed (2: No such file or directory), client: 172.70.248.132, server: www.ceerun.com, request: "GET /wp-content/uploads/give_stripe_settings.zip HTTP/2.0", host: "www.ceerun.com"
2026/08/26 09:39:40 [error] 9852#0: *1448722 open() "/www/data/wwwroot/2025_12_26_01/404.html" failed (2: No such file or directory), client: 172.70.248.132, server: www.ceerun.com, request: "GET /wp-content/uploads/give_stripe_settings.zip HTTP/2.0", host: "www.ceerun.com"
2026/08/26 09:39:40 [error] 9853#0: *1448723 open() "/www/data/wwwroot/2025_12_26_01/wp-content/uploads/give_stripe_settings.tar.gz" failed (2: No such file or directory), client: 162.159.113.134, server: www.ceerun.com, request: "GET /wp-content/uploads/give_stripe_settings.tar.gz HTTP/2.0", host: "www.ceerun.com"
2026/08/26 09:39:40 [error] 9853#0: *1448723 open() "/www/data/wwwroot/2025_12_26_01/404.html" failed (2: No such file or directory), client: 162.159.113.134, server: www.ceerun.com, request: "GET /wp-content/uploads/give_stripe_settings.tar.gz HTTP/2.0", host: "www.ceerun.com"
2026/08/26 09:39:42 [error] 9850#0: *1448670 open() "/www/data/wwwroot/2025_12_26_01/tmp/give_stripe_settings" failed (2: No such file or directory), client: 172.70.240.94, server: www.ceerun.com, request: "GET /tmp/give_stripe_settings HTTP/2.0", host: "www.ceerun.com"
2026/08/26 09:39:42 [error] 9850#0: *1448670 open() "/www/data/wwwroot/2025_12_26_01/404.html" failed (2: No such file or directory), client: 172.70.240.94, server: www.ceerun.com, request: "GET /tmp/give_stripe_settings HTTP/2.0", host: "www.ceerun.com"
2026/08/26 09:39:43 [error] 9853#0: *1448727 open() "/www/data/wwwroot/2025_12_26_01/wp-content/uploads/give_stripe_settings.csv" failed (2: No such file or directory), client: 104.23.170.178, server: www.ceerun.com, request: "GET /wp-content/uploads/give_stripe_settings.csv HTTP/2.0", host: "www.ceerun.com"
2026/08/26 09:39:43 [error] 9853#0: *1448727 open() "/www/data/wwwroot/2025_12_26_01/404.html" failed (2: No such file or directory), client: 104.23.170.178, server: www.ceerun.com, request: "GET /wp-content/uploads/give_stripe_settings.csv HTTP/2.0", host: "www.ceerun.com"
2026/08/26 09:39:45 [error] 9850#0: *1448730 open() "/www/data/wwwroot/2025_12_26_01/tmp/give_stripe_settings.zip" failed (2: No such file or directory), client: 104.23.239.29, server: www.ceerun.com, request: "GET /tmp/give_stripe_settings.zip HTTP/2.0", host: "www.ceerun.com"
2026/08/26 09:39:45 [error] 9850#0: *1448730 open() "/www/data/wwwroot/2025_12_26_01/404.html" failed (2: No such file or directory), client: 104.23.239.29, server: www.ceerun.com, request: "GET /tmp/give_stripe_settings.zip HTTP/2.0", host: "www.ceerun.com"
2026/08/26 09:39:46 [error] 9850#0: *1448734 open() "/www/data/wwwroot/2025_12_26_01/tmp/give_stripe_settings.csv" failed (2: No such file or directory), client: 172.71.160.164, server: www.ceerun.com, request: "GET /tmp/give_stripe_settings.csv HTTP/2.0", host: "www.ceerun.com"
2026/08/26 09:39:46 [error] 9850#0: *1448734 open() "/www/data/wwwroot/2025_12_26_01/404.html" failed (2: No such file or directory), client: 172.71.160.164, server: www.ceerun.com, request: "GET /tmp/give_stripe_settings.csv HTTP/2.0", host: "www.ceerun.com"
2026/08/26 09:39:47 [error] 9853#0: *1448602 open() "/www/data/wwwroot/2025_12_26_01/tmp/give_stripe_settings.sql" failed (2: No such file or directory), client: 162.159.113.121, server: www.ceerun.com, request: "GET /tmp/give_stripe_settings.sql HTTP/2.0", host: "www.ceerun.com"
2026/08/26 09:39:47 [error] 9853#0: *1448602 open() "/www/data/wwwroot/2025_12_26_01/404.html" failed (2: No such file or directory), client: 162.159.113.121, server: www.ceerun.com, request: "GET /tmp/give_stripe_settings.sql HTTP/2.0", host: "www.ceerun.com"
2026/08/26 09:39:53 [error] 9850#0: *1448670 open() "/www/data/wwwroot/2025_12_26_01/wp-content/uploads/woocommerce_stripe_sepa_settings.log" failed (2: No such file or directory), client: 172.70.240.94, server: www.ceerun.com, request: "GET /wp-content/uploads/woocommerce_stripe_sepa_settings.log HTTP/2.0", host: "www.ceerun.com"
2026/08/26 09:39:53 [error] 9850#0: *1448670 open() "/www/data/wwwroot/2025_12_26_01/404.html" failed (2: No such file or directory), client: 172.70.240.94, server: www.ceerun.com, request: "GET /wp-content/uploads/woocommerce_stripe_sepa_settings.log HTTP/2.0", host: "www.ceerun.com"
2026/08/26 09:39:54 [error] 9853#0: *1448095 open() "/www/data/wwwroot/2025_12_26_01/wp-content/uploads/woocommerce_stripe_sepa_settings.txt" failed (2: No such file or directory), client: 172.69.109.214, server: www.ceerun.com, request: "GET /wp-content/uploads/woocommerce_stripe_sepa_settings.txt HTTP/2.0", host: "www.ceerun.com"
2026/08/26 09:39:54 [error] 9853#0: *1448095 open() "/www/data/wwwroot/2025_12_26_01/404.html" failed (2: No such file or directory), client: 172.69.109.214, server: www.ceerun.com, request: "GET /wp-content/uploads/woocommerce_stripe_sepa_settings.txt HTTP/2.0", host: "www.ceerun.com"
2026/08/26 09:39:54 [error] 9853#0: *1448095 open() "/www/data/wwwroot/2025_12_26_01/wp-content/uploads/woocommerce_stripe_sepa_settings.sql" failed (2: No such file or directory), client: 172.69.109.214, server: www.ceerun.com, request: "GET /wp-content/uploads/woocommerce_stripe_sepa_settings.sql HTTP/2.0", host: "www.ceerun.com"
2026/08/26 09:39:54 [error] 9853#0: *1448095 open() "/www/data/wwwroot/2025_12_26_01/404.html" failed (2: No such file or directory), client: 172.69.109.214, server: www.ceerun.com, request: "GET /wp-content/uploads/woocommerce_stripe_sepa_settings.sql HTTP/2.0", host: "www.ceerun.com"
2026/08/26 09:39:54 [error] 9853#0: *1448742 open() "/www/data/wwwroot/2025_12_26_01/tmp/give_stripe_settings.log" failed (2: No such file or directory), client: 141.101.76.84, server: www.ceerun.com, request: "GET /tmp/give_stripe_settings.log HTTP/2.0", host: "www.ceerun.com"
2026/08/26 09:39:54 [error] 9853#0: *1448742 open() "/www/data/wwwroot/2025_12_26_01/404.html" failed (2: No such file or directory), client: 141.101.76.84, server: www.ceerun.com, request: "GET /tmp/give_stripe_settings.log HTTP/2.0", host: "www.ceerun.com"
2026/08/26 09:39:54 [error] 9853#0: *1448743 open() "/www/data/wwwroot/2025_12_26_01/tmp/give_stripe_settings.tar.gz" failed (2: No such file or directory), client: 162.158.110.33, server: www.ceerun.com, request: "GET /tmp/give_stripe_settings.tar.gz HTTP/2.0", host: "www.ceerun.com"
2026/08/26 09:39:54 [error] 9853#0: *1448743 open() "/www/data/wwwroot/2025_12_26_01/404.html" failed (2: No such file or directory), client: 162.158.110.33, server: www.ceerun.com, request: "GET /tmp/give_stripe_settings.tar.gz HTTP/2.0", host: "www.ceerun.com"
2026/08/26 09:39:55 [error] 9853#0: *1448602 open() "/www/data/wwwroot/2025_12_26_01/wp-content/uploads/woocommerce_stripe_klarna_settings" failed (2: No such file or directory), client: 162.159.113.121, server: www.ceerun.com, request: "GET /wp-content/uploads/woocommerce_stripe_klarna_settings HTTP/2.0", host: "www.ceerun.com"
2026/08/26 09:39:55 [error] 9853#0: *1448602 open() "/www/data/wwwroot/2025_12_26_01/404.html" failed (2: No such file or directory), client: 162.159.113.121, server: www.ceerun.com, request: "GET /wp-content/uploads/woocommerce_stripe_klarna_settings HTTP/2.0", host: "www.ceerun.com"
2026/08/26 09:39:55 [error] 9853#0: *1448095 open() "/www/data/wwwroot/2025_12_26_01/wp-content/uploads/woocommerce_stripe_bancontact_settings" failed (2: No such file or directory), client: 172.69.109.214, server: www.ceerun.com, request: "GET /wp-content/uploads/woocommerce_stripe_bancontact_settings HTTP/2.0", host: "www.ceerun.com"
2026/08/26 09:39:55 [error] 9853#0: *1448095 open() "/www/data/wwwroot/2025_12_26_01/404.html" failed (2: No such file or directory), client: 172.69.109.214, server: www.ceerun.com, request: "GET /wp-content/uploads/woocommerce_stripe_bancontact_settings HTTP/2.0", host: "www.ceerun.com"
2026/08/26 09:39:55 [error] 9850#0: *1448670 open() "/www/data/wwwroot/2025_12_26_01/wp-content/uploads/woocommerce_stripe_bancontact_settings.log" failed (2: No such file or directory), client: 172.70.240.94, server: www.ceerun.com, request: "GET /wp-content/uploads/woocommerce_stripe_bancontact_settings.log HTTP/2.0", host: "www.ceerun.com"
2026/08/26 09:39:55 [error] 9850#0: *1448670 open() "/www/data/wwwroot/2025_12_26_01/404.html" failed (2: No such file or directory), client: 172.70.240.94, server: www.ceerun.com, request: "GET /wp-content/uploads/woocommerce_stripe_bancontact_settings.log HTTP/2.0", host: "www.ceerun.com"
2026/08/26 09:39:55 [error] 9850#0: *1448670 open() "/www/data/wwwroot/2025_12_26_01/wp-content/uploads/woocommerce_stripe_sepa_settings" failed (2: No such file or directory), client: 172.70.240.94, server: www.ceerun.com, request: "GET /wp-content/uploads/woocommerce_stripe_sepa_settings HTTP/2.0", host: "www.ceerun.com"
2026/08/26 09:39:55 [error] 9850#0: *1448670 open() "/www/data/wwwroot/2025_12_26_01/404.html" failed (2: No such file or directory), client: 172.70.240.94, server: www.ceerun.com, request: "GET /wp-content/uploads/woocommerce_stripe_sepa_settings HTTP/2.0", host: "www.ceerun.com"
2026/08/26 09:39:56 [error] 9853#0: *1448095 open() "/www/data/wwwroot/2025_12_26_01/wp-content/uploads/woocommerce_stripe_klarna_settings.log" failed (2: No such file or directory), client: 172.69.109.214, server: www.ceerun.com, request: "GET /wp-content/uploads/woocommerce_stripe_klarna_settings.log HTTP/2.0", host: "www.ceerun.com"
2026/08/26 09:39:56 [error] 9853#0: *1448095 open() "/www/data/wwwroot/2025_12_26_01/404.html" failed (2: No such file or directory), client: 172.69.109.214, server: www.ceerun.com, request: "GET /wp-content/uploads/woocommerce_stripe_klarna_settings.log HTTP/2.0", host: "www.ceerun.com"
2026/08/26 09:39:56 [error] 9853#0: *1448095 open() "/www/data/wwwroot/2025_12_26_01/wp-content/uploads/woocommerce_stripe_klarna_settings.txt" failed (2: No such file or directory), client: 172.69.109.214, server: www.ceerun.com, request: "GET /wp-content/uploads/woocommerce_stripe_klarna_settings.txt HTTP/2.0", host: "www.ceerun.com"
2026/08/26 09:39:56 [error] 9853#0: *1448095 open() "/www/data/wwwroot/2025_12_26_01/404.html" failed (2: No such file or directory), client: 172.69.109.214, server: www.ceerun.com, request: "GET /wp-content/uploads/woocommerce_stripe_klarna_settings.txt HTTP/2.0", host: "www.ceerun.com"
2026/08/26 09:39:57 [error] 9850#0: *1448670 open() "/www/data/wwwroot/2025_12_26_01/wp-content/uploads/woocommerce_stripe_klarna_settings.sql" failed (2: No such file or directory), client: 172.70.240.94, server: www.ceerun.com, request: "GET /wp-content/uploads/woocommerce_stripe_klarna_settings.sql HTTP/2.0", host: "www.ceerun.com"
2026/08/26 09:39:57 [error] 9850#0: *1448670 open() "/www/data/wwwroot/2025_12_26_01/404.html" failed (2: No such file or directory), client: 172.70.240.94, server: www.ceerun.com, request: "GET /wp-content/uploads/woocommerce_stripe_klarna_settings.sql HTTP/2.0", host: "www.ceerun.com"
2026/08/26 09:39:58 [error] 9853#0: *1448095 open() "/www/data/wwwroot/2025_12_26_01/wp-content/uploads/woocommerce_stripe_bancontact_settings.txt" failed (2: No such file or directory), client: 172.69.109.214, server: www.ceerun.com, request: "GET /wp-content/uploads/woocommerce_stripe_bancontact_settings.txt HTTP/2.0", host: "www.ceerun.com"
2026/08/26 09:39:58 [error] 9853#0: *1448095 open() "/www/data/wwwroot/2025_12_26_01/404.html" failed (2: No such file or directory), client: 172.69.109.214, server: www.ceerun.com, request: "GET /wp-content/uploads/woocommerce_stripe_bancontact_settings.txt HTTP/2.0", host: "www.ceerun.com"
2026/08/26 09:39:58 [error] 9850#0: *1448670 open() "/www/data/wwwroot/2025_12_26_01/wp-content/uploads/woocommerce_stripe_bancontact_settings.sql" failed (2: No such file or directory), client: 172.70.240.94, server: www.ceerun.com, request: "GET /wp-content/uploads/woocommerce_stripe_bancontact_settings.sql HTTP/2.0", host: "www.ceerun.com"
2026/08/26 09:39:58 [error] 9850#0: *1448670 open() "/www/data/wwwroot/2025_12_26_01/404.html" failed (2: No such file or directory), client: 172.70.240.94, server: www.ceerun.com, request: "GET /wp-content/uploads/woocommerce_stripe_bancontact_settings.sql HTTP/2.0", host: "www.ceerun.com"
2026/08/26 09:40:04 [error] 9853#0: *1448095 open() "/www/data/wwwroot/2025_12_26_01/wp-content/uploads/woocommerce_stripe_ideal_settings.log" failed (2: No such file or directory), client: 172.69.109.214, server: www.ceerun.com, request: "GET /wp-content/uploads/woocommerce_stripe_ideal_settings.log HTTP/2.0", host: "www.ceerun.com"
2026/08/26 09:40:04 [error] 9853#0: *1448095 open() "/www/data/wwwroot/2025_12_26_01/404.html" failed (2: No such file or directory), client: 172.69.109.214, server: www.ceerun.com, request: "GET /wp-content/uploads/woocommerce_stripe_ideal_settings.log HTTP/2.0", host: "www.ceerun.com"
2026/08/26 09:40:05 [error] 9853#0: *1448095 open() "/www/data/wwwroot/2025_12_26_01/wp-content/uploads/woocommerce_stripe_ideal_settings.sql" failed (2: No such file or directory), client: 172.69.109.214, server: www.ceerun.com, request: "GET /wp-content/uploads/woocommerce_stripe_ideal_settings.sql HTTP/2.0", host: "www.ceerun.com"
2026/08/26 09:40:05 [error] 9853#0: *1448095 open() "/www/data/wwwroot/2025_12_26_01/404.html" failed (2: No such file or directory), client: 172.69.109.214, server: www.ceerun.com, request: "GET /wp-content/uploads/woocommerce_stripe_ideal_settings.sql HTTP/2.0", host: "www.ceerun.com"
2026/08/26 09:40:05 [error] 9850#0: *1448670 open() "/www/data/wwwroot/2025_12_26_01/wp-content/uploads/woocommerce_stripe_ideal_settings.txt" failed (2: No such file or directory), client: 172.70.240.94, server: www.ceerun.com, request: "GET /wp-content/uploads/woocommerce_stripe_ideal_settings.txt HTTP/2.0", host: "www.ceerun.com"
2026/08/26 09:40:05 [error] 9850#0: *1448670 open() "/www/data/wwwroot/2025_12_26_01/404.html" failed (2: No such file or directory), client: 172.70.240.94, server: www.ceerun.com, request: "GET /wp-content/uploads/woocommerce_stripe_ideal_settings.txt HTTP/2.0", host: "www.ceerun.com"
2026/08/26 09:40:06 [error] 9853#0: *1448602 open() "/www/data/wwwroot/2025_12_26_01/wp-content/uploads/woocommerce_stripe_ideal_settings" failed (2: No such file or directory), client: 162.159.113.121, server: www.ceerun.com, request: "GET /wp-content/uploads/woocommerce_stripe_ideal_settings HTTP/2.0", host: "www.ceerun.com"
2026/08/26 09:40:06 [error] 9853#0: *1448602 open() "/www/data/wwwroot/2025_12_26_01/404.html" failed (2: No such file or directory), client: 162.159.113.121, server: www.ceerun.com, request: "GET /wp-content/uploads/woocommerce_stripe_ideal_settings HTTP/2.0", host: "www.ceerun.com"
2026/08/26 09:40:06 [error] 9853#0: *1448095 open() "/www/data/wwwroot/2025_12_26_01/wp-content/uploads/woocommerce_stripe_p24_settings" failed (2: No such file or directory), client: 172.69.109.214, server: www.ceerun.com, request: "GET /wp-content/uploads/woocommerce_stripe_p24_settings HTTP/2.0", host: "www.ceerun.com"
2026/08/26 09:40:06 [error] 9853#0: *1448095 open() "/www/data/wwwroot/2025_12_26_01/404.html" failed (2: No such file or directory), client: 172.69.109.214, server: www.ceerun.com, request: "GET /wp-content/uploads/woocommerce_stripe_p24_settings HTTP/2.0", host: "www.ceerun.com"
2026/08/26 09:40:07 [error] 9853#0: *1448095 open() "/www/data/wwwroot/2025_12_26_01/wp-content/uploads/woocommerce_stripe_p24_settings.log" failed (2: No such file or directory), client: 172.69.109.214, server: www.ceerun.com, request: "GET /wp-content/uploads/woocommerce_stripe_p24_settings.log HTTP/2.0", host: "www.ceerun.com"
2026/08/26 09:40:07 [error] 9853#0: *1448095 open() "/www/data/wwwroot/2025_12_26_01/404.html" failed (2: No such file or directory), client: 172.69.109.214, server: www.ceerun.com, request: "GET /wp-content/uploads/woocommerce_stripe_p24_settings.log HTTP/2.0", host: "www.ceerun.com"
2026/08/26 09:40:07 [error] 9850#0: *1448670 open() "/www/data/wwwroot/2025_12_26_01/wp-content/uploads/woocommerce_stripe_p24_settings.txt" failed (2: No such file or directory), client: 172.70.240.94, server: www.ceerun.com, request: "GET /wp-content/uploads/woocommerce_stripe_p24_settings.txt HTTP/2.0", host: "www.ceerun.com"
2026/08/26 09:40:07 [error] 9850#0: *1448670 open() "/www/data/wwwroot/2025_12_26_01/404.html" failed (2: No such file or directory), client: 172.70.240.94, server: www.ceerun.com, request: "GET /wp-content/uploads/woocommerce_stripe_p24_settings.txt HTTP/2.0", host: "www.ceerun.com"
2026/08/26 09:40:07 [error] 9853#0: *1448742 open() "/www/data/wwwroot/2025_12_26_01/wp-content/uploads/woocommerce_stripe_p24_settings.sql" failed (2: No such file or directory), client: 141.101.76.84, server: www.ceerun.com, request: "GET /wp-content/uploads/woocommerce_stripe_p24_settings.sql HTTP/2.0", host: "www.ceerun.com"
2026/08/26 09:40:07 [error] 9853#0: *1448742 open() "/www/data/wwwroot/2025_12_26_01/404.html" failed (2: No such file or directory), client: 141.101.76.84, server: www.ceerun.com, request: "GET /wp-content/uploads/woocommerce_stripe_p24_settings.sql HTTP/2.0", host: "www.ceerun.com"
2026/08/26 09:40:08 [error] 9851#0: *1448669 open() "/www/data/wwwroot/2025_12_26_01/wp-content/uploads/woocommerce_stripe_alipay_settings.txt" failed (2: No such file or directory), client: 172.71.148.161, server: www.ceerun.com, request: "GET /wp-content/uploads/woocommerce_stripe_alipay_settings.txt HTTP/2.0", host: "www.ceerun.com"
2026/08/26 09:40:08 [error] 9851#0: *1448669 open() "/www/data/wwwroot/2025_12_26_01/404.html" failed (2: No such file or directory), client: 172.71.148.161, server: www.ceerun.com, request: "GET /wp-content/uploads/woocommerce_stripe_alipay_settings.txt HTTP/2.0", host: "www.ceerun.com"
2026/08/26 09:40:09 [error] 9853#0: *1448602 open() "/www/data/wwwroot/2025_12_26_01/wp-content/uploads/woocommerce_stripe_alipay_settings" failed (2: No such file or directory), client: 162.159.113.121, server: www.ceerun.com, request: "GET /wp-content/uploads/woocommerce_stripe_alipay_settings HTTP/2.0", host: "www.ceerun.com"
2026/08/26 09:40:09 [error] 9853#0: *1448602 open() "/www/data/wwwroot/2025_12_26_01/404.html" failed (2: No such file or directory), client: 162.159.113.121, server: www.ceerun.com, request: "GET /wp-content/uploads/woocommerce_stripe_alipay_settings HTTP/2.0", host: "www.ceerun.com"
2026/08/26 09:40:09 [error] 9853#0: *1448095 open() "/www/data/wwwroot/2025_12_26_01/wp-content/uploads/woocommerce_stripe_alipay_settings.log" failed (2: No such file or directory), client: 172.69.109.214, server: www.ceerun.com, request: "GET /wp-content/uploads/woocommerce_stripe_alipay_settings.log HTTP/2.0", host: "www.ceerun.com"
2026/08/26 09:40:09 [error] 9853#0: *1448095 open() "/www/data/wwwroot/2025_12_26_01/404.html" failed (2: No such file or directory), client: 172.69.109.214, server: www.ceerun.com, request: "GET /wp-content/uploads/woocommerce_stripe_alipay_settings.log HTTP/2.0", host: "www.ceerun.com"
2026/08/26 09:40:10 [error] 9853#0: *1448095 open() "/www/data/wwwroot/2025_12_26_01/wp-content/uploads/woocommerce_stripe_alipay_settings.sql" failed (2: No such file or directory), client: 172.69.109.214, server: www.ceerun.com, request: "GET /wp-content/uploads/woocommerce_stripe_alipay_settings.sql HTTP/2.0", host: "www.ceerun.com"
2026/08/26 09:40:10 [error] 9853#0: *1448095 open() "/www/data/wwwroot/2025_12_26_01/404.html" failed (2: No such file or directory), client: 172.69.109.214, server: www.ceerun.com, request: "GET /wp-content/uploads/woocommerce_stripe_alipay_settings.sql HTTP/2.0", host: "www.ceerun.com"
2026/08/26 09:40:13 [error] 9853#0: *1448742 open() "/www/data/wwwroot/2025_12_26_01/wp-content/uploads/woocommerce_stripe_affirm_settings" failed (2: No such file or directory), client: 141.101.76.84, server: www.ceerun.com, request: "GET /wp-content/uploads/woocommerce_stripe_affirm_settings HTTP/2.0", host: "www.ceerun.com"
2026/08/26 09:40:13 [error] 9853#0: *1448742 open() "/www/data/wwwroot/2025_12_26_01/404.html" failed (2: No such file or directory), client: 141.101.76.84, server: www.ceerun.com, request: "GET /wp-content/uploads/woocommerce_stripe_affirm_settings HTTP/2.0", host: "www.ceerun.com"
2026/08/26 09:41:03 [error] 9851#0: *1448669 open() "/www/data/wwwroot/2025_12_26_01/wp-content/uploads/woocommerce_stripe_affirm_settings.log" failed (2: No such file or directory), client: 172.71.148.161, server: www.ceerun.com, request: "GET /wp-content/uploads/woocommerce_stripe_affirm_settings.log HTTP/2.0", host: "www.ceerun.com"
2026/08/26 09:41:03 [error] 9851#0: *1448669 open() "/www/data/wwwroot/2025_12_26_01/404.html" failed (2: No such file or directory), client: 172.71.148.161, server: www.ceerun.com, request: "GET /wp-content/uploads/woocommerce_stripe_affirm_settings.log HTTP/2.0", host: "www.ceerun.com"
2026/08/26 09:41:03 [error] 9853#0: *1448742 open() "/www/data/wwwroot/2025_12_26_01/wp-content/uploads/woocommerce_stripe_affirm_settings.txt" failed (2: No such file or directory), client: 141.101.76.84, server: www.ceerun.com, request: "GET /wp-content/uploads/woocommerce_stripe_affirm_settings.txt HTTP/2.0", host: "www.ceerun.com"
2026/08/26 09:41:03 [error] 9853#0: *1448742 open() "/www/data/wwwroot/2025_12_26_01/404.html" failed (2: No such file or directory), client: 141.101.76.84, server: www.ceerun.com, request: "GET /wp-content/uploads/woocommerce_stripe_affirm_settings.txt HTTP/2.0", host: "www.ceerun.com"
2026/08/26 09:41:03 [error] 9850#0: *1448670 open() "/www/data/wwwroot/2025_12_26_01/wp-content/uploads/woocommerce_stripe_afterpay_clearpay_settings" failed (2: No such file or directory), client: 172.70.240.94, server: www.ceerun.com, request: "GET /wp-content/uploads/woocommerce_stripe_afterpay_clearpay_settings HTTP/2.0", host: "www.ceerun.com"
2026/08/26 09:41:03 [error] 9850#0: *1448670 open() "/www/data/wwwroot/2025_12_26_01/404.html" failed (2: No such file or directory), client: 172.70.240.94, server: www.ceerun.com, request: "GET /wp-content/uploads/woocommerce_stripe_afterpay_clearpay_settings HTTP/2.0", host: "www.ceerun.com"
2026/08/26 09:41:03 [error] 9853#0: *1448095 open() "/www/data/wwwroot/2025_12_26_01/wp-content/uploads/woocommerce_stripe_afterpay_clearpay_settings.log" failed (2: No such file or directory), client: 172.69.109.214, server: www.ceerun.com, request: "GET /wp-content/uploads/woocommerce_stripe_afterpay_clearpay_settings.log HTTP/2.0", host: "www.ceerun.com"
2026/08/26 09:41:03 [error] 9853#0: *1448095 open() "/www/data/wwwroot/2025_12_26_01/404.html" failed (2: No such file or directory), client: 172.69.109.214, server: www.ceerun.com, request: "GET /wp-content/uploads/woocommerce_stripe_afterpay_clearpay_settings.log HTTP/2.0", host: "www.ceerun.com"
2026/08/26 09:41:04 [error] 9851#0: *1448669 open() "/www/data/wwwroot/2025_12_26_01/wp-content/uploads/woocommerce_stripe_affirm_settings.sql" failed (2: No such file or directory), client: 172.71.148.161, server: www.ceerun.com, request: "GET /wp-content/uploads/woocommerce_stripe_affirm_settings.sql HTTP/2.0", host: "www.ceerun.com"
2026/08/26 09:41:04 [error] 9851#0: *1448669 open() "/www/data/wwwroot/2025_12_26_01/404.html" failed (2: No such file or directory), client: 172.71.148.161, server: www.ceerun.com, request: "GET /wp-content/uploads/woocommerce_stripe_affirm_settings.sql HTTP/2.0", host: "www.ceerun.com"
2026/08/26 09:41:04 [error] 9850#0: *1448670 open() "/www/data/wwwroot/2025_12_26_01/wp-content/uploads/woocommerce_stripe_link_settings.txt" failed (2: No such file or directory), client: 172.70.240.94, server: www.ceerun.com, request: "GET /wp-content/uploads/woocommerce_stripe_link_settings.txt HTTP/2.0", host: "www.ceerun.com"
2026/08/26 09:41:04 [error] 9850#0: *1448670 open() "/www/data/wwwroot/2025_12_26_01/404.html" failed (2: No such file or directory), client: 172.70.240.94, server: www.ceerun.com, request: "GET /wp-content/uploads/woocommerce_stripe_link_settings.txt HTTP/2.0", host: "www.ceerun.com"
2026/08/26 09:41:05 [error] 9853#0: *1448742 open() "/www/data/wwwroot/2025_12_26_01/wp-content/uploads/woocommerce_stripe_link_settings.sql" failed (2: No such file or directory), client: 141.101.76.84, server: www.ceerun.com, request: "GET /wp-content/uploads/woocommerce_stripe_link_settings.sql HTTP/2.0", host: "www.ceerun.com"
2026/08/26 09:41:05 [error] 9853#0: *1448742 open() "/www/data/wwwroot/2025_12_26_01/404.html" failed (2: No such file or directory), client: 141.101.76.84, server: www.ceerun.com, request: "GET /wp-content/uploads/woocommerce_stripe_link_settings.sql HTTP/2.0", host: "www.ceerun.com"
2026/08/26 09:41:05 [error] 9853#0: *1448095 open() "/www/data/wwwroot/2025_12_26_01/wp-content/uploads/woocommerce_stripe_link_settings.log" failed (2: No such file or directory), client: 172.69.109.214, server: www.ceerun.com, request: "GET /wp-content/uploads/woocommerce_stripe_link_settings.log HTTP/2.0", host: "www.ceerun.com"
2026/08/26 09:41:05 [error] 9853#0: *1448095 open() "/www/data/wwwroot/2025_12_26_01/404.html" failed (2: No such file or directory), client: 172.69.109.214, server: www.ceerun.com, request: "GET /wp-content/uploads/woocommerce_stripe_link_settings.log HTTP/2.0", host: "www.ceerun.com"
2026/08/26 09:41:08 [error] 9853#0: *1448742 open() "/www/data/wwwroot/2025_12_26_01/wp-content/uploads/woocommerce_stripe_afterpay_clearpay_settings.sql" failed (2: No such file or directory), client: 141.101.76.84, server: www.ceerun.com, request: "GET /wp-content/uploads/woocommerce_stripe_afterpay_clearpay_settings.sql HTTP/2.0", host: "www.ceerun.com"
2026/08/26 09:41:08 [error] 9853#0: *1448742 open() "/www/data/wwwroot/2025_12_26_01/404.html" failed (2: No such file or directory), client: 141.101.76.84, server: www.ceerun.com, request: "GET /wp-content/uploads/woocommerce_stripe_afterpay_clearpay_settings.sql HTTP/2.0", host: "www.ceerun.com"
2026/08/26 09:41:08 [error] 9851#0: *1448669 open() "/www/data/wwwroot/2025_12_26_01/wp-content/uploads/woocommerce_stripe_link_settings" failed (2: No such file or directory), client: 172.71.148.161, server: www.ceerun.com, request: "GET /wp-content/uploads/woocommerce_stripe_link_settings HTTP/2.0", host: "www.ceerun.com"
2026/08/26 09:41:08 [error] 9851#0: *1448669 open() "/www/data/wwwroot/2025_12_26_01/404.html" failed (2: No such file or directory), client: 172.71.148.161, server: www.ceerun.com, request: "GET /wp-content/uploads/woocommerce_stripe_link_settings HTTP/2.0", host: "www.ceerun.com"
2026/08/26 09:41:08 [error] 9850#0: *1448670 open() "/www/data/wwwroot/2025_12_26_01/wp-content/uploads/woocommerce_stripe_upe_settings" failed (2: No such file or directory), client: 172.70.240.94, server: www.ceerun.com, request: "GET /wp-content/uploads/woocommerce_stripe_upe_settings HTTP/2.0", host: "www.ceerun.com"
2026/08/26 09:41:08 [error] 9850#0: *1448670 open() "/www/data/wwwroot/2025_12_26_01/404.html" failed (2: No such file or directory), client: 172.70.240.94, server: www.ceerun.com, request: "GET /wp-content/uploads/woocommerce_stripe_upe_settings HTTP/2.0", host: "www.ceerun.com"
2026/08/26 09:41:09 [error] 9853#0: *1448825 open() "/www/data/wwwroot/2025_12_26_01/wp-content/uploads/woocommerce_stripe_us_bank_account_settings.sql" failed (2: No such file or directory), client: 172.71.95.82, server: www.ceerun.com, request: "GET /wp-content/uploads/woocommerce_stripe_us_bank_account_settings.sql HTTP/2.0", host: "www.ceerun.com"
2026/08/26 09:41:09 [error] 9853#0: *1448825 open() "/www/data/wwwroot/2025_12_26_01/404.html" failed (2: No such file or directory), client: 172.71.95.82, server: www.ceerun.com, request: "GET /wp-content/uploads/woocommerce_stripe_us_bank_account_settings.sql HTTP/2.0", host: "www.ceerun.com"
2026/08/26 09:41:09 [error] 9850#0: *1448826 open() "/www/data/wwwroot/2025_12_26_01/wp-content/uploads/woocommerce_stripe_cashapp_settings" failed (2: No such file or directory), client: 172.71.144.31, server: www.ceerun.com, request: "GET /wp-content/uploads/woocommerce_stripe_cashapp_settings HTTP/2.0", host: "www.ceerun.com"
2026/08/26 09:41:09 [error] 9850#0: *1448826 open() "/www/data/wwwroot/2025_12_26_01/404.html" failed (2: No such file or directory), client: 172.71.144.31, server: www.ceerun.com, request: "GET /wp-content/uploads/woocommerce_stripe_cashapp_settings HTTP/2.0", host: "www.ceerun.com"
2026/08/26 09:41:09 [error] 9853#0: *1448095 open() "/www/data/wwwroot/2025_12_26_01/wp-content/uploads/woocommerce_stripe_afterpay_clearpay_settings.txt" failed (2: No such file or directory), client: 172.69.109.214, server: www.ceerun.com, request: "GET /wp-content/uploads/woocommerce_stripe_afterpay_clearpay_settings.txt HTTP/2.0", host: "www.ceerun.com"
2026/08/26 09:41:09 [error] 9853#0: *1448095 open() "/www/data/wwwroot/2025_12_26_01/404.html" failed (2: No such file or directory), client: 172.69.109.214, server: www.ceerun.com, request: "GET /wp-content/uploads/woocommerce_stripe_afterpay_clearpay_settings.txt HTTP/2.0", host: "www.ceerun.com"
2026/08/26 09:41:09 [error] 9852#0: *1448827 open() "/www/data/wwwroot/2025_12_26_01/wp-content/uploads/woocommerce_stripe_us_bank_account_settings.txt" failed (2: No such file or directory), client: 172.71.102.156, server: www.ceerun.com, request: "GET /wp-content/uploads/woocommerce_stripe_us_bank_account_settings.txt HTTP/2.0", host: "www.ceerun.com"
2026/08/26 09:41:09 [error] 9852#0: *1448827 open() "/www/data/wwwroot/2025_12_26_01/404.html" failed (2: No such file or directory), client: 172.71.102.156, server: www.ceerun.com, request: "GET /wp-content/uploads/woocommerce_stripe_us_bank_account_settings.txt HTTP/2.0", host: "www.ceerun.com"
2026/08/26 09:41:10 [error] 9853#0: *1448829 open() "/www/data/wwwroot/2025_12_26_01/wp-content/uploads/woocommerce_stripe_cashapp_settings.log" failed (2: No such file or directory), client: 172.71.160.147, server: www.ceerun.com, request: "GET /wp-content/uploads/woocommerce_stripe_cashapp_settings.log HTTP/2.0", host: "www.ceerun.com"
2026/08/26 09:41:10 [error] 9853#0: *1448829 open() "/www/data/wwwroot/2025_12_26_01/404.html" failed (2: No such file or directory), client: 172.71.160.147, server: www.ceerun.com, request: "GET /wp-content/uploads/woocommerce_stripe_cashapp_settings.log HTTP/2.0", host: "www.ceerun.com"
2026/08/26 09:41:11 [error] 9853#0: *1448095 open() "/www/data/wwwroot/2025_12_26_01/wp-content/uploads/woocommerce_stripe_us_bank_account_settings" failed (2: No such file or directory), client: 172.69.109.214, server: www.ceerun.com, request: "GET /wp-content/uploads/woocommerce_stripe_us_bank_account_settings HTTP/2.0", host: "www.ceerun.com"
2026/08/26 09:41:11 [error] 9853#0: *1448095 open() "/www/data/wwwroot/2025_12_26_01/404.html" failed (2: No such file or directory), client: 172.69.109.214, server: www.ceerun.com, request: "GET /wp-content/uploads/woocommerce_stripe_us_bank_account_settings HTTP/2.0", host: "www.ceerun.com"
2026/08/26 09:41:12 [error] 9851#0: *1448669 open() "/www/data/wwwroot/2025_12_26_01/wp-content/uploads/woocommerce_stripe_us_bank_account_settings.log" failed (2: No such file or directory), client: 172.71.148.161, server: www.ceerun.com, request: "GET /wp-content/uploads/woocommerce_stripe_us_bank_account_settings.log HTTP/2.0", host: "www.ceerun.com"
2026/08/26 09:41:12 [error] 9851#0: *1448669 open() "/www/data/wwwroot/2025_12_26_01/404.html" failed (2: No such file or directory), client: 172.71.148.161, server: www.ceerun.com, request: "GET /wp-content/uploads/woocommerce_stripe_us_bank_account_settings.log HTTP/2.0", host: "www.ceerun.com"
2026/08/26 09:41:12 [error] 9853#0: *1448832 open() "/www/data/wwwroot/2025_12_26_01/wp-content/uploads/woocommerce_stripe_cashapp_settings.txt" failed (2: No such file or directory), client: 162.159.113.120, server: www.ceerun.com, request: "GET /wp-content/uploads/woocommerce_stripe_cashapp_settings.txt HTTP/2.0", host: "www.ceerun.com"
2026/08/26 09:41:12 [error] 9853#0: *1448832 open() "/www/data/wwwroot/2025_12_26_01/404.html" failed (2: No such file or directory), client: 162.159.113.120, server: www.ceerun.com, request: "GET /wp-content/uploads/woocommerce_stripe_cashapp_settings.txt HTTP/2.0", host: "www.ceerun.com"
2026/08/26 09:41:12 [error] 9850#0: *1448670 open() "/www/data/wwwroot/2025_12_26_01/wp-content/uploads/woocommerce_stripe_cashapp_settings.sql" failed (2: No such file or directory), client: 172.70.240.94, server: www.ceerun.com, request: "GET /wp-content/uploads/woocommerce_stripe_cashapp_settings.sql HTTP/2.0", host: "www.ceerun.com"
2026/08/26 09:41:12 [error] 9850#0: *1448670 open() "/www/data/wwwroot/2025_12_26_01/404.html" failed (2: No such file or directory), client: 172.70.240.94, server: www.ceerun.com, request: "GET /wp-content/uploads/woocommerce_stripe_cashapp_settings.sql HTTP/2.0", host: "www.ceerun.com"
2026/08/26 09:41:19 [error] 9852#0: *1448862 open() "/www/data/wwwroot/2025_12_26_01/wp-content/uploads/woocommerce_stripe_upe_settings.log" failed (2: No such file or directory), client: 104.23.170.98, server: www.ceerun.com, request: "GET /wp-content/uploads/woocommerce_stripe_upe_settings.log HTTP/2.0", host: "www.ceerun.com"
2026/08/26 09:41:19 [error] 9852#0: *1448862 open() "/www/data/wwwroot/2025_12_26_01/404.html" failed (2: No such file or directory), client: 104.23.170.98, server: www.ceerun.com, request: "GET /wp-content/uploads/woocommerce_stripe_upe_settings.log HTTP/2.0", host: "www.ceerun.com"
2026/08/26 09:41:19 [error] 9853#0: *1448829 open() "/www/data/wwwroot/2025_12_26_01/wp-content/uploads/woocommerce_stripe_upe_settings.sql" failed (2: No such file or directory), client: 172.71.160.147, server: www.ceerun.com, request: "GET /wp-content/uploads/woocommerce_stripe_upe_settings.sql HTTP/2.0", host: "www.ceerun.com"
2026/08/26 09:41:19 [error] 9853#0: *1448829 open() "/www/data/wwwroot/2025_12_26_01/404.html" failed (2: No such file or directory), client: 172.71.160.147, server: www.ceerun.com, request: "GET /wp-content/uploads/woocommerce_stripe_upe_settings.sql HTTP/2.0", host: "www.ceerun.com"
2026/08/26 09:41:19 [error] 9850#0: *1448863 open() "/www/data/wwwroot/2025_12_26_01/wp-content/uploads/woocommerce_stripe_applepay_settings" failed (2: No such file or directory), client: 172.71.164.123, server: www.ceerun.com, request: "GET /wp-content/uploads/woocommerce_stripe_applepay_settings HTTP/2.0", host: "www.ceerun.com"
2026/08/26 09:41:19 [error] 9850#0: *1448863 open() "/www/data/wwwroot/2025_12_26_01/404.html" failed (2: No such file or directory), client: 172.71.164.123, server: www.ceerun.com, request: "GET /wp-content/uploads/woocommerce_stripe_applepay_settings HTTP/2.0", host: "www.ceerun.com"
2026/08/26 09:41:20 [error] 9853#0: *1448095 open() "/www/data/wwwroot/2025_12_26_01/wp-content/uploads/woocommerce_stripe_upe_settings.txt" failed (2: No such file or directory), client: 172.69.109.214, server: www.ceerun.com, request: "GET /wp-content/uploads/woocommerce_stripe_upe_settings.txt HTTP/2.0", host: "www.ceerun.com"
2026/08/26 09:41:20 [error] 9853#0: *1448095 open() "/www/data/wwwroot/2025_12_26_01/404.html" failed (2: No such file or directory), client: 172.69.109.214, server: www.ceerun.com, request: "GET /wp-content/uploads/woocommerce_stripe_upe_settings.txt HTTP/2.0", host: "www.ceerun.com"
2026/08/26 09:41:20 [error] 9851#0: *1448865 open() "/www/data/wwwroot/2025_12_26_01/wp-content/uploads/woocommerce_stripe_applepay_settings.log" failed (2: No such file or directory), client: 172.71.172.35, server: www.ceerun.com, request: "GET /wp-content/uploads/woocommerce_stripe_applepay_settings.log HTTP/2.0", host: "www.ceerun.com"
2026/08/26 09:41:20 [error] 9851#0: *1448865 open() "/www/data/wwwroot/2025_12_26_01/404.html" failed (2: No such file or directory), client: 172.71.172.35, server: www.ceerun.com, request: "GET /wp-content/uploads/woocommerce_stripe_applepay_settings.log HTTP/2.0", host: "www.ceerun.com"
2026/08/26 09:41:21 [error] 9853#0: *1448095 open() "/www/data/wwwroot/2025_12_26_01/wp-content/uploads/woocommerce_stripe_applepay_settings.txt" failed (2: No such file or directory), client: 172.69.109.214, server: www.ceerun.com, request: "GET /wp-content/uploads/woocommerce_stripe_applepay_settings.txt HTTP/2.0", host: "www.ceerun.com"
2026/08/26 09:41:21 [error] 9853#0: *1448095 open() "/www/data/wwwroot/2025_12_26_01/404.html" failed (2: No such file or directory), client: 172.69.109.214, server: www.ceerun.com, request: "GET /wp-content/uploads/woocommerce_stripe_applepay_settings.txt HTTP/2.0", host: "www.ceerun.com"
2026/08/26 09:41:21 [error] 9853#0: *1448829 open() "/www/data/wwwroot/2025_12_26_01/wp-content/uploads/woocommerce_stripe_applepay_settings.sql" failed (2: No such file or directory), client: 172.71.160.147, server: www.ceerun.com, request: "GET /wp-content/uploads/woocommerce_stripe_applepay_settings.sql HTTP/2.0", host: "www.ceerun.com"
2026/08/26 09:41:21 [error] 9853#0: *1448829 open() "/www/data/wwwroot/2025_12_26_01/404.html" failed (2: No such file or directory), client: 172.71.160.147, server: www.ceerun.com, request: "GET /wp-content/uploads/woocommerce_stripe_applepay_settings.sql HTTP/2.0", host: "www.ceerun.com"
2026/08/26 09:41:22 [error] 9850#0: *1448670 open() "/www/data/wwwroot/2025_12_26_01/wp-content/uploads/woocommerce_stripe_googlepay_settings" failed (2: No such file or directory), client: 172.70.240.94, server: www.ceerun.com, request: "GET /wp-content/uploads/woocommerce_stripe_googlepay_settings HTTP/2.0", host: "www.ceerun.com"
2026/08/26 09:41:22 [error] 9850#0: *1448670 open() "/www/data/wwwroot/2025_12_26_01/404.html" failed (2: No such file or directory), client: 172.70.240.94, server: www.ceerun.com, request: "GET /wp-content/uploads/woocommerce_stripe_googlepay_settings HTTP/2.0", host: "www.ceerun.com"
2026/08/26 09:41:22 [error] 9851#0: *1448669 open() "/www/data/wwwroot/2025_12_26_01/wp-content/uploads/woocommerce_stripe_googlepay_settings.log" failed (2: No such file or directory), client: 172.71.148.161, server: www.ceerun.com, request: "GET /wp-content/uploads/woocommerce_stripe_googlepay_settings.log HTTP/2.0", host: "www.ceerun.com"
2026/08/26 09:41:22 [error] 9851#0: *1448669 open() "/www/data/wwwroot/2025_12_26_01/404.html" failed (2: No such file or directory), client: 172.71.148.161, server: www.ceerun.com, request: "GET /wp-content/uploads/woocommerce_stripe_googlepay_settings.log HTTP/2.0", host: "www.ceerun.com"
2026/08/26 09:41:22 [error] 9851#0: *1448865 open() "/www/data/wwwroot/2025_12_26_01/wp-content/uploads/woocommerce_stripe_googlepay_settings.sql" failed (2: No such file or directory), client: 172.71.172.35, server: www.ceerun.com, request: "GET /wp-content/uploads/woocommerce_stripe_googlepay_settings.sql HTTP/2.0", host: "www.ceerun.com"
2026/08/26 09:41:22 [error] 9851#0: *1448865 open() "/www/data/wwwroot/2025_12_26_01/404.html" failed (2: No such file or directory), client: 172.71.172.35, server: www.ceerun.com, request: "GET /wp-content/uploads/woocommerce_stripe_googlepay_settings.sql HTTP/2.0", host: "www.ceerun.com"
2026/08/26 09:41:22 [error] 9853#0: *1448095 open() "/www/data/wwwroot/2025_12_26_01/wp-content/uploads/woocommerce_woocommerce_payments_settings" failed (2: No such file or directory), client: 172.69.109.214, server: www.ceerun.com, request: "GET /wp-content/uploads/woocommerce_woocommerce_payments_settings HTTP/2.0", host: "www.ceerun.com"
2026/08/26 09:41:22 [error] 9853#0: *1448095 open() "/www/data/wwwroot/2025_12_26_01/404.html" failed (2: No such file or directory), client: 172.69.109.214, server: www.ceerun.com, request: "GET /wp-content/uploads/woocommerce_woocommerce_payments_settings HTTP/2.0", host: "www.ceerun.com"
2026/08/26 09:41:23 [error] 9853#0: *1448095 open() "/www/data/wwwroot/2025_12_26_01/wp-content/uploads/woocommerce_woocommerce_payments_settings.log" failed (2: No such file or directory), client: 172.69.109.214, server: www.ceerun.com, request: "GET /wp-content/uploads/woocommerce_woocommerce_payments_settings.log HTTP/2.0", host: "www.ceerun.com"
2026/08/26 09:41:23 [error] 9853#0: *1448095 open() "/www/data/wwwroot/2025_12_26_01/404.html" failed (2: No such file or directory), client: 172.69.109.214, server: www.ceerun.com, request: "GET /wp-content/uploads/woocommerce_woocommerce_payments_settings.log HTTP/2.0", host: "www.ceerun.com"
2026/08/26 09:41:23 [error] 9852#0: *1448827 open() "/www/data/wwwroot/2025_12_26_01/wp-content/uploads/woocommerce_woocommerce_payments_settings.sql" failed (2: No such file or directory), client: 172.71.102.156, server: www.ceerun.com, request: "GET /wp-content/uploads/woocommerce_woocommerce_payments_settings.sql HTTP/2.0", host: "www.ceerun.com"
2026/08/26 09:41:23 [error] 9852#0: *1448827 open() "/www/data/wwwroot/2025_12_26_01/404.html" failed (2: No such file or directory), client: 172.71.102.156, server: www.ceerun.com, request: "GET /wp-content/uploads/woocommerce_woocommerce_payments_settings.sql HTTP/2.0", host: "www.ceerun.com"
2026/08/26 09:41:23 [error] 9853#0: *1448825 open() "/www/data/wwwroot/2025_12_26_01/wp-content/uploads/woocommerce_woocommerce_payments_settings.txt" failed (2: No such file or directory), client: 172.71.95.82, server: www.ceerun.com, request: "GET /wp-content/uploads/woocommerce_woocommerce_payments_settings.txt HTTP/2.0", host: "www.ceerun.com"
2026/08/26 09:41:23 [error] 9853#0: *1448825 open() "/www/data/wwwroot/2025_12_26_01/404.html" failed (2: No such file or directory), client: 172.71.95.82, server: www.ceerun.com, request: "GET /wp-content/uploads/woocommerce_woocommerce_payments_settings.txt HTTP/2.0", host: "www.ceerun.com"
2026/08/26 09:41:24 [error] 9852#0: *1448862 open() "/www/data/wwwroot/2025_12_26_01/wp-content/uploads/woocommerce_stripe_googlepay_settings.txt" failed (2: No such file or directory), client: 104.23.170.98, server: www.ceerun.com, request: "GET /wp-content/uploads/woocommerce_stripe_googlepay_settings.txt HTTP/2.0", host: "www.ceerun.com"
2026/08/26 09:41:24 [error] 9852#0: *1448862 open() "/www/data/wwwroot/2025_12_26_01/404.html" failed (2: No such file or directory), client: 104.23.170.98, server: www.ceerun.com, request: "GET /wp-content/uploads/woocommerce_stripe_googlepay_settings.txt HTTP/2.0", host: "www.ceerun.com"
