2026/08/26 09:31:08 [error] 9853#0: *1447874 open() "/www/data/wwwroot/2025_12_26_01/404.html" failed (2: No such file or directory), client: 104.22.123.25, server: www.ceerun.com, request: "GET /woocommerce_stripe_sepa_settings.log HTTP/2.0", host: "www.ceerun.com"
2026/08/26 09:31:09 [error] 9852#0: *1447822 open() "/www/data/wwwroot/2025_12_26_01/woocommerce_stripe_klarna_settings" failed (2: No such file or directory), client: 172.71.182.234, server: www.ceerun.com, request: "GET /woocommerce_stripe_klarna_settings HTTP/2.0", host: "www.ceerun.com"
2026/08/26 09:31:09 [error] 9852#0: *1447822 open() "/www/data/wwwroot/2025_12_26_01/404.html" failed (2: No such file or directory), client: 172.71.182.234, server: www.ceerun.com, request: "GET /woocommerce_stripe_klarna_settings HTTP/2.0", host: "www.ceerun.com"
2026/08/26 09:31:10 [error] 9851#0: *1447861 open() "/www/data/wwwroot/2025_12_26_01/woocommerce_stripe_klarna_settings.txt" failed (2: No such file or directory), client: 162.158.111.251, server: www.ceerun.com, request: "GET /woocommerce_stripe_klarna_settings.txt HTTP/2.0", host: "www.ceerun.com"
2026/08/26 09:31:10 [error] 9851#0: *1447861 open() "/www/data/wwwroot/2025_12_26_01/404.html" failed (2: No such file or directory), client: 162.158.111.251, server: www.ceerun.com, request: "GET /woocommerce_stripe_klarna_settings.txt HTTP/2.0", host: "www.ceerun.com"
2026/08/26 09:31:10 [error] 9852#0: *1447826 open() "/www/data/wwwroot/2025_12_26_01/woocommerce_stripe_sepa_settings.sql" failed (2: No such file or directory), client: 172.69.109.214, server: www.ceerun.com, request: "GET /woocommerce_stripe_sepa_settings.sql HTTP/2.0", host: "www.ceerun.com"
2026/08/26 09:31:10 [error] 9852#0: *1447826 open() "/www/data/wwwroot/2025_12_26_01/404.html" failed (2: No such file or directory), client: 172.69.109.214, server: www.ceerun.com, request: "GET /woocommerce_stripe_sepa_settings.sql HTTP/2.0", host: "www.ceerun.com"
2026/08/26 09:31:10 [error] 9850#0: *1447735 open() "/www/data/wwwroot/2025_12_26_01/woocommerce_stripe_klarna_settings.sql" failed (2: No such file or directory), client: 172.71.172.34, server: www.ceerun.com, request: "GET /woocommerce_stripe_klarna_settings.sql HTTP/2.0", host: "www.ceerun.com"
2026/08/26 09:31:10 [error] 9850#0: *1447735 open() "/www/data/wwwroot/2025_12_26_01/404.html" failed (2: No such file or directory), client: 172.71.172.34, server: www.ceerun.com, request: "GET /woocommerce_stripe_klarna_settings.sql HTTP/2.0", host: "www.ceerun.com"
2026/08/26 09:31:12 [error] 9852#0: *1447822 open() "/www/data/wwwroot/2025_12_26_01/woocommerce_stripe_bancontact_settings" failed (2: No such file or directory), client: 172.71.182.234, server: www.ceerun.com, request: "GET /woocommerce_stripe_bancontact_settings HTTP/2.0", host: "www.ceerun.com"
2026/08/26 09:31:12 [error] 9852#0: *1447822 open() "/www/data/wwwroot/2025_12_26_01/404.html" failed (2: No such file or directory), client: 172.71.182.234, server: www.ceerun.com, request: "GET /woocommerce_stripe_bancontact_settings HTTP/2.0", host: "www.ceerun.com"
2026/08/26 09:31:12 [error] 9850#0: *1447735 open() "/www/data/wwwroot/2025_12_26_01/woocommerce_stripe_sepa_settings.txt" failed (2: No such file or directory), client: 172.71.172.34, server: www.ceerun.com, request: "GET /woocommerce_stripe_sepa_settings.txt HTTP/2.0", host: "www.ceerun.com"
2026/08/26 09:31:12 [error] 9850#0: *1447735 open() "/www/data/wwwroot/2025_12_26_01/404.html" failed (2: No such file or directory), client: 172.71.172.34, server: www.ceerun.com, request: "GET /woocommerce_stripe_sepa_settings.txt HTTP/2.0", host: "www.ceerun.com"
2026/08/26 09:31:20 [error] 9852#0: *1447822 open() "/www/data/wwwroot/2025_12_26_01/woocommerce_stripe_bancontact_settings.log" failed (2: No such file or directory), client: 172.71.182.234, server: www.ceerun.com, request: "GET /woocommerce_stripe_bancontact_settings.log HTTP/2.0", host: "www.ceerun.com"
2026/08/26 09:31:20 [error] 9852#0: *1447822 open() "/www/data/wwwroot/2025_12_26_01/404.html" failed (2: No such file or directory), client: 172.71.182.234, server: www.ceerun.com, request: "GET /woocommerce_stripe_bancontact_settings.log HTTP/2.0", host: "www.ceerun.com"
2026/08/26 09:31:20 [error] 9850#0: *1447735 open() "/www/data/wwwroot/2025_12_26_01/woocommerce_stripe_bancontact_settings.txt" failed (2: No such file or directory), client: 172.71.172.34, server: www.ceerun.com, request: "GET /woocommerce_stripe_bancontact_settings.txt HTTP/2.0", host: "www.ceerun.com"
2026/08/26 09:31:20 [error] 9850#0: *1447735 open() "/www/data/wwwroot/2025_12_26_01/404.html" failed (2: No such file or directory), client: 172.71.172.34, server: www.ceerun.com, request: "GET /woocommerce_stripe_bancontact_settings.txt HTTP/2.0", host: "www.ceerun.com"
2026/08/26 09:31:29 [error] 9851#0: *1447861 open() "/www/data/wwwroot/2025_12_26_01/woocommerce_stripe_ideal_settings.txt" failed (2: No such file or directory), client: 162.158.111.251, server: www.ceerun.com, request: "GET /woocommerce_stripe_ideal_settings.txt HTTP/2.0", host: "www.ceerun.com"
2026/08/26 09:31:29 [error] 9851#0: *1447861 open() "/www/data/wwwroot/2025_12_26_01/404.html" failed (2: No such file or directory), client: 162.158.111.251, server: www.ceerun.com, request: "GET /woocommerce_stripe_ideal_settings.txt HTTP/2.0", host: "www.ceerun.com"
2026/08/26 09:31:29 [error] 9851#0: *1447858 open() "/www/data/wwwroot/2025_12_26_01/woocommerce_stripe_bancontact_settings.sql" failed (2: No such file or directory), client: 104.23.168.6, server: www.ceerun.com, request: "GET /woocommerce_stripe_bancontact_settings.sql HTTP/2.0", host: "www.ceerun.com"
2026/08/26 09:31:29 [error] 9851#0: *1447858 open() "/www/data/wwwroot/2025_12_26_01/404.html" failed (2: No such file or directory), client: 104.23.168.6, server: www.ceerun.com, request: "GET /woocommerce_stripe_bancontact_settings.sql HTTP/2.0", host: "www.ceerun.com"
2026/08/26 09:31:30 [error] 9852#0: *1447822 open() "/www/data/wwwroot/2025_12_26_01/woocommerce_stripe_ideal_settings" failed (2: No such file or directory), client: 172.71.182.234, server: www.ceerun.com, request: "GET /woocommerce_stripe_ideal_settings HTTP/2.0", host: "www.ceerun.com"
2026/08/26 09:31:30 [error] 9852#0: *1447822 open() "/www/data/wwwroot/2025_12_26_01/404.html" failed (2: No such file or directory), client: 172.71.182.234, server: www.ceerun.com, request: "GET /woocommerce_stripe_ideal_settings HTTP/2.0", host: "www.ceerun.com"
2026/08/26 09:31:31 [error] 9850#0: *1447735 open() "/www/data/wwwroot/2025_12_26_01/woocommerce_stripe_ideal_settings.log" failed (2: No such file or directory), client: 172.71.172.34, server: www.ceerun.com, request: "GET /woocommerce_stripe_ideal_settings.log HTTP/2.0", host: "www.ceerun.com"
2026/08/26 09:31:31 [error] 9850#0: *1447735 open() "/www/data/wwwroot/2025_12_26_01/404.html" failed (2: No such file or directory), client: 172.71.172.34, server: www.ceerun.com, request: "GET /woocommerce_stripe_ideal_settings.log HTTP/2.0", host: "www.ceerun.com"
2026/08/26 09:31:31 [error] 9852#0: *1447826 open() "/www/data/wwwroot/2025_12_26_01/woocommerce_stripe_ideal_settings.sql" failed (2: No such file or directory), client: 172.69.109.214, server: www.ceerun.com, request: "GET /woocommerce_stripe_ideal_settings.sql HTTP/2.0", host: "www.ceerun.com"
2026/08/26 09:31:31 [error] 9852#0: *1447826 open() "/www/data/wwwroot/2025_12_26_01/404.html" failed (2: No such file or directory), client: 172.69.109.214, server: www.ceerun.com, request: "GET /woocommerce_stripe_ideal_settings.sql HTTP/2.0", host: "www.ceerun.com"
2026/08/26 09:31:31 [error] 9853#0: *1447894 open() "/www/data/wwwroot/2025_12_26_01/woocommerce_stripe_p24_settings" failed (2: No such file or directory), client: 172.71.247.160, server: www.ceerun.com, request: "GET /woocommerce_stripe_p24_settings HTTP/2.0", host: "www.ceerun.com"
2026/08/26 09:31:31 [error] 9853#0: *1447894 open() "/www/data/wwwroot/2025_12_26_01/404.html" failed (2: No such file or directory), client: 172.71.247.160, server: www.ceerun.com, request: "GET /woocommerce_stripe_p24_settings HTTP/2.0", host: "www.ceerun.com"
2026/08/26 09:31:31 [error] 9851#0: *1447861 open() "/www/data/wwwroot/2025_12_26_01/woocommerce_stripe_p24_settings.log" failed (2: No such file or directory), client: 162.158.111.251, server: www.ceerun.com, request: "GET /woocommerce_stripe_p24_settings.log HTTP/2.0", host: "www.ceerun.com"
2026/08/26 09:31:31 [error] 9851#0: *1447861 open() "/www/data/wwwroot/2025_12_26_01/404.html" failed (2: No such file or directory), client: 162.158.111.251, server: www.ceerun.com, request: "GET /woocommerce_stripe_p24_settings.log HTTP/2.0", host: "www.ceerun.com"
2026/08/26 09:31:32 [error] 9851#0: *1447858 open() "/www/data/wwwroot/2025_12_26_01/woocommerce_stripe_p24_settings.txt" failed (2: No such file or directory), client: 104.23.168.6, server: www.ceerun.com, request: "GET /woocommerce_stripe_p24_settings.txt HTTP/2.0", host: "www.ceerun.com"
2026/08/26 09:31:32 [error] 9851#0: *1447858 open() "/www/data/wwwroot/2025_12_26_01/404.html" failed (2: No such file or directory), client: 104.23.168.6, server: www.ceerun.com, request: "GET /woocommerce_stripe_p24_settings.txt HTTP/2.0", host: "www.ceerun.com"
2026/08/26 09:31:32 [error] 9852#0: *1447826 open() "/www/data/wwwroot/2025_12_26_01/woocommerce_stripe_alipay_settings.log" failed (2: No such file or directory), client: 172.69.109.214, server: www.ceerun.com, request: "GET /woocommerce_stripe_alipay_settings.log HTTP/2.0", host: "www.ceerun.com"
2026/08/26 09:31:32 [error] 9852#0: *1447826 open() "/www/data/wwwroot/2025_12_26_01/404.html" failed (2: No such file or directory), client: 172.69.109.214, server: www.ceerun.com, request: "GET /woocommerce_stripe_alipay_settings.log HTTP/2.0", host: "www.ceerun.com"
2026/08/26 09:31:33 [error] 9850#0: *1447735 open() "/www/data/wwwroot/2025_12_26_01/woocommerce_stripe_alipay_settings" failed (2: No such file or directory), client: 172.71.172.34, server: www.ceerun.com, request: "GET /woocommerce_stripe_alipay_settings HTTP/2.0", host: "www.ceerun.com"
2026/08/26 09:31:33 [error] 9850#0: *1447735 open() "/www/data/wwwroot/2025_12_26_01/404.html" failed (2: No such file or directory), client: 172.71.172.34, server: www.ceerun.com, request: "GET /woocommerce_stripe_alipay_settings HTTP/2.0", host: "www.ceerun.com"
2026/08/26 09:31:33 [error] 9852#0: *1447822 open() "/www/data/wwwroot/2025_12_26_01/woocommerce_stripe_p24_settings.sql" failed (2: No such file or directory), client: 172.71.182.234, server: www.ceerun.com, request: "GET /woocommerce_stripe_p24_settings.sql HTTP/2.0", host: "www.ceerun.com"
2026/08/26 09:31:33 [error] 9852#0: *1447822 open() "/www/data/wwwroot/2025_12_26_01/404.html" failed (2: No such file or directory), client: 172.71.182.234, server: www.ceerun.com, request: "GET /woocommerce_stripe_p24_settings.sql HTTP/2.0", host: "www.ceerun.com"
2026/08/26 09:31:35 [error] 9850#0: *1447898 open() "/www/data/wwwroot/2025_12_26_01/woocommerce_stripe_alipay_settings.sql" failed (2: No such file or directory), client: 162.158.95.222, server: www.ceerun.com, request: "GET /woocommerce_stripe_alipay_settings.sql HTTP/2.0", host: "www.ceerun.com"
2026/08/26 09:31:35 [error] 9850#0: *1447898 open() "/www/data/wwwroot/2025_12_26_01/404.html" failed (2: No such file or directory), client: 162.158.95.222, server: www.ceerun.com, request: "GET /woocommerce_stripe_alipay_settings.sql HTTP/2.0", host: "www.ceerun.com"
2026/08/26 09:31:36 [error] 9852#0: *1447826 open() "/www/data/wwwroot/2025_12_26_01/woocommerce_stripe_alipay_settings.txt" failed (2: No such file or directory), client: 172.69.109.214, server: www.ceerun.com, request: "GET /woocommerce_stripe_alipay_settings.txt HTTP/2.0", host: "www.ceerun.com"
2026/08/26 09:31:36 [error] 9852#0: *1447826 open() "/www/data/wwwroot/2025_12_26_01/404.html" failed (2: No such file or directory), client: 172.69.109.214, server: www.ceerun.com, request: "GET /woocommerce_stripe_alipay_settings.txt HTTP/2.0", host: "www.ceerun.com"
2026/08/26 09:31:52 [error] 9850#0: *1447898 open() "/www/data/wwwroot/2025_12_26_01/woocommerce_stripe_affirm_settings.sql" failed (2: No such file or directory), client: 162.158.95.222, server: www.ceerun.com, request: "GET /woocommerce_stripe_affirm_settings.sql HTTP/2.0", host: "www.ceerun.com"
2026/08/26 09:31:52 [error] 9850#0: *1447898 open() "/www/data/wwwroot/2025_12_26_01/404.html" failed (2: No such file or directory), client: 162.158.95.222, server: www.ceerun.com, request: "GET /woocommerce_stripe_affirm_settings.sql HTTP/2.0", host: "www.ceerun.com"
2026/08/26 09:31:53 [error] 9850#0: *1447735 open() "/www/data/wwwroot/2025_12_26_01/woocommerce_stripe_afterpay_clearpay_settings.log" failed (2: No such file or directory), client: 172.71.172.34, server: www.ceerun.com, request: "GET /woocommerce_stripe_afterpay_clearpay_settings.log HTTP/2.0", host: "www.ceerun.com"
2026/08/26 09:31:53 [error] 9850#0: *1447735 open() "/www/data/wwwroot/2025_12_26_01/404.html" failed (2: No such file or directory), client: 172.71.172.34, server: www.ceerun.com, request: "GET /woocommerce_stripe_afterpay_clearpay_settings.log HTTP/2.0", host: "www.ceerun.com"
2026/08/26 09:31:53 [error] 9852#0: *1447822 open() "/www/data/wwwroot/2025_12_26_01/woocommerce_stripe_link_settings.txt" failed (2: No such file or directory), client: 172.71.182.234, server: www.ceerun.com, request: "GET /woocommerce_stripe_link_settings.txt HTTP/2.0", host: "www.ceerun.com"
2026/08/26 09:31:53 [error] 9852#0: *1447822 open() "/www/data/wwwroot/2025_12_26_01/404.html" failed (2: No such file or directory), client: 172.71.182.234, server: www.ceerun.com, request: "GET /woocommerce_stripe_link_settings.txt HTTP/2.0", host: "www.ceerun.com"
2026/08/26 09:31:53 [error] 9852#0: *1447826 open() "/www/data/wwwroot/2025_12_26_01/woocommerce_stripe_link_settings.log" failed (2: No such file or directory), client: 172.69.109.214, server: www.ceerun.com, request: "GET /woocommerce_stripe_link_settings.log HTTP/2.0", host: "www.ceerun.com"
2026/08/26 09:31:53 [error] 9852#0: *1447826 open() "/www/data/wwwroot/2025_12_26_01/404.html" failed (2: No such file or directory), client: 172.69.109.214, server: www.ceerun.com, request: "GET /woocommerce_stripe_link_settings.log HTTP/2.0", host: "www.ceerun.com"
2026/08/26 09:31:53 [error] 9851#0: *1447858 open() "/www/data/wwwroot/2025_12_26_01/woocommerce_stripe_afterpay_clearpay_settings.txt" failed (2: No such file or directory), client: 104.23.168.6, server: www.ceerun.com, request: "GET /woocommerce_stripe_afterpay_clearpay_settings.txt HTTP/2.0", host: "www.ceerun.com"
2026/08/26 09:31:53 [error] 9851#0: *1447858 open() "/www/data/wwwroot/2025_12_26_01/404.html" failed (2: No such file or directory), client: 104.23.168.6, server: www.ceerun.com, request: "GET /woocommerce_stripe_afterpay_clearpay_settings.txt HTTP/2.0", host: "www.ceerun.com"
2026/08/26 09:31:53 [error] 9851#0: *1447861 open() "/www/data/wwwroot/2025_12_26_01/woocommerce_stripe_afterpay_clearpay_settings.sql" failed (2: No such file or directory), client: 162.158.111.251, server: www.ceerun.com, request: "GET /woocommerce_stripe_afterpay_clearpay_settings.sql HTTP/2.0", host: "www.ceerun.com"
2026/08/26 09:31:53 [error] 9851#0: *1447861 open() "/www/data/wwwroot/2025_12_26_01/404.html" failed (2: No such file or directory), client: 162.158.111.251, server: www.ceerun.com, request: "GET /woocommerce_stripe_afterpay_clearpay_settings.sql HTTP/2.0", host: "www.ceerun.com"
2026/08/26 09:31:54 [error] 9851#0: *1447861 open() "/www/data/wwwroot/2025_12_26_01/woocommerce_stripe_link_settings" failed (2: No such file or directory), client: 162.158.111.251, server: www.ceerun.com, request: "GET /woocommerce_stripe_link_settings HTTP/2.0", host: "www.ceerun.com"
2026/08/26 09:31:54 [error] 9851#0: *1447861 open() "/www/data/wwwroot/2025_12_26_01/404.html" failed (2: No such file or directory), client: 162.158.111.251, server: www.ceerun.com, request: "GET /woocommerce_stripe_link_settings HTTP/2.0", host: "www.ceerun.com"
2026/08/26 09:31:54 [error] 9852#0: *1447826 open() "/www/data/wwwroot/2025_12_26_01/woocommerce_stripe_affirm_settings.txt" failed (2: No such file or directory), client: 172.69.109.214, server: www.ceerun.com, request: "GET /woocommerce_stripe_affirm_settings.txt HTTP/2.0", host: "www.ceerun.com"
2026/08/26 09:31:54 [error] 9852#0: *1447826 open() "/www/data/wwwroot/2025_12_26_01/404.html" failed (2: No such file or directory), client: 172.69.109.214, server: www.ceerun.com, request: "GET /woocommerce_stripe_affirm_settings.txt HTTP/2.0", host: "www.ceerun.com"
2026/08/26 09:31:55 [error] 9851#0: *1447861 open() "/www/data/wwwroot/2025_12_26_01/woocommerce_stripe_link_settings.sql" failed (2: No such file or directory), client: 162.158.111.251, server: www.ceerun.com, request: "GET /woocommerce_stripe_link_settings.sql HTTP/2.0", host: "www.ceerun.com"
2026/08/26 09:31:55 [error] 9851#0: *1447861 open() "/www/data/wwwroot/2025_12_26_01/404.html" failed (2: No such file or directory), client: 162.158.111.251, server: www.ceerun.com, request: "GET /woocommerce_stripe_link_settings.sql HTTP/2.0", host: "www.ceerun.com"
2026/08/26 09:31:55 [error] 9851#0: *1447858 open() "/www/data/wwwroot/2025_12_26_01/woocommerce_stripe_us_bank_account_settings" failed (2: No such file or directory), client: 104.23.168.6, server: www.ceerun.com, request: "GET /woocommerce_stripe_us_bank_account_settings HTTP/2.0", host: "www.ceerun.com"
2026/08/26 09:31:55 [error] 9851#0: *1447858 open() "/www/data/wwwroot/2025_12_26_01/404.html" failed (2: No such file or directory), client: 104.23.168.6, server: www.ceerun.com, request: "GET /woocommerce_stripe_us_bank_account_settings HTTP/2.0", host: "www.ceerun.com"
2026/08/26 09:31:56 [error] 9850#0: *1447735 open() "/www/data/wwwroot/2025_12_26_01/woocommerce_stripe_us_bank_account_settings.log" failed (2: No such file or directory), client: 172.71.172.34, server: www.ceerun.com, request: "GET /woocommerce_stripe_us_bank_account_settings.log HTTP/2.0", host: "www.ceerun.com"
2026/08/26 09:31:56 [error] 9850#0: *1447735 open() "/www/data/wwwroot/2025_12_26_01/404.html" failed (2: No such file or directory), client: 172.71.172.34, server: www.ceerun.com, request: "GET /woocommerce_stripe_us_bank_account_settings.log HTTP/2.0", host: "www.ceerun.com"
2026/08/26 09:31:56 [error] 9852#0: *1447822 open() "/www/data/wwwroot/2025_12_26_01/woocommerce_stripe_afterpay_clearpay_settings" failed (2: No such file or directory), client: 172.71.182.234, server: www.ceerun.com, request: "GET /woocommerce_stripe_afterpay_clearpay_settings HTTP/2.0", host: "www.ceerun.com"
2026/08/26 09:31:56 [error] 9852#0: *1447822 open() "/www/data/wwwroot/2025_12_26_01/404.html" failed (2: No such file or directory), client: 172.71.182.234, server: www.ceerun.com, request: "GET /woocommerce_stripe_afterpay_clearpay_settings HTTP/2.0", host: "www.ceerun.com"
2026/08/26 09:32:08 [error] 9852#0: *1447822 open() "/www/data/wwwroot/2025_12_26_01/woocommerce_stripe_us_bank_account_settings.txt" failed (2: No such file or directory), client: 172.71.182.234, server: www.ceerun.com, request: "GET /woocommerce_stripe_us_bank_account_settings.txt HTTP/2.0", host: "www.ceerun.com"
2026/08/26 09:32:08 [error] 9852#0: *1447822 open() "/www/data/wwwroot/2025_12_26_01/404.html" failed (2: No such file or directory), client: 172.71.182.234, server: www.ceerun.com, request: "GET /woocommerce_stripe_us_bank_account_settings.txt HTTP/2.0", host: "www.ceerun.com"
2026/08/26 09:32:10 [error] 9852#0: *1447826 open() "/www/data/wwwroot/2025_12_26_01/woocommerce_stripe_cashapp_settings.txt" failed (2: No such file or directory), client: 172.69.109.214, server: www.ceerun.com, request: "GET /woocommerce_stripe_cashapp_settings.txt HTTP/2.0", host: "www.ceerun.com"
2026/08/26 09:32:10 [error] 9852#0: *1447826 open() "/www/data/wwwroot/2025_12_26_01/404.html" failed (2: No such file or directory), client: 172.69.109.214, server: www.ceerun.com, request: "GET /woocommerce_stripe_cashapp_settings.txt HTTP/2.0", host: "www.ceerun.com"
2026/08/26 09:32:10 [error] 9851#0: *1447861 open() "/www/data/wwwroot/2025_12_26_01/woocommerce_stripe_cashapp_settings" failed (2: No such file or directory), client: 162.158.111.251, server: www.ceerun.com, request: "GET /woocommerce_stripe_cashapp_settings HTTP/2.0", host: "www.ceerun.com"
2026/08/26 09:32:10 [error] 9851#0: *1447861 open() "/www/data/wwwroot/2025_12_26_01/404.html" failed (2: No such file or directory), client: 162.158.111.251, server: www.ceerun.com, request: "GET /woocommerce_stripe_cashapp_settings HTTP/2.0", host: "www.ceerun.com"
2026/08/26 09:32:10 [error] 9851#0: *1447858 open() "/www/data/wwwroot/2025_12_26_01/woocommerce_stripe_us_bank_account_settings.sql" failed (2: No such file or directory), client: 104.23.168.6, server: www.ceerun.com, request: "GET /woocommerce_stripe_us_bank_account_settings.sql HTTP/2.0", host: "www.ceerun.com"
2026/08/26 09:32:10 [error] 9851#0: *1447858 open() "/www/data/wwwroot/2025_12_26_01/404.html" failed (2: No such file or directory), client: 104.23.168.6, server: www.ceerun.com, request: "GET /woocommerce_stripe_us_bank_account_settings.sql HTTP/2.0", host: "www.ceerun.com"
2026/08/26 09:32:10 [error] 9850#0: *1447735 open() "/www/data/wwwroot/2025_12_26_01/woocommerce_stripe_cashapp_settings.log" failed (2: No such file or directory), client: 172.71.172.34, server: www.ceerun.com, request: "GET /woocommerce_stripe_cashapp_settings.log HTTP/2.0", host: "www.ceerun.com"
2026/08/26 09:32:10 [error] 9850#0: *1447735 open() "/www/data/wwwroot/2025_12_26_01/404.html" failed (2: No such file or directory), client: 172.71.172.34, server: www.ceerun.com, request: "GET /woocommerce_stripe_cashapp_settings.log HTTP/2.0", host: "www.ceerun.com"
2026/08/26 09:32:12 [error] 9852#0: *1447822 open() "/www/data/wwwroot/2025_12_26_01/woocommerce_stripe_upe_settings" failed (2: No such file or directory), client: 172.71.182.234, server: www.ceerun.com, request: "GET /woocommerce_stripe_upe_settings HTTP/2.0", host: "www.ceerun.com"
2026/08/26 09:32:12 [error] 9852#0: *1447822 open() "/www/data/wwwroot/2025_12_26_01/404.html" failed (2: No such file or directory), client: 172.71.182.234, server: www.ceerun.com, request: "GET /woocommerce_stripe_upe_settings HTTP/2.0", host: "www.ceerun.com"
2026/08/26 09:32:12 [error] 9851#0: *1447861 open() "/www/data/wwwroot/2025_12_26_01/woocommerce_stripe_cashapp_settings.sql" failed (2: No such file or directory), client: 162.158.111.251, server: www.ceerun.com, request: "GET /woocommerce_stripe_cashapp_settings.sql HTTP/2.0", host: "www.ceerun.com"
2026/08/26 09:32:12 [error] 9851#0: *1447861 open() "/www/data/wwwroot/2025_12_26_01/404.html" failed (2: No such file or directory), client: 162.158.111.251, server: www.ceerun.com, request: "GET /woocommerce_stripe_cashapp_settings.sql HTTP/2.0", host: "www.ceerun.com"
2026/08/26 09:32:12 [error] 9850#0: *1447898 open() "/www/data/wwwroot/2025_12_26_01/woocommerce_stripe_upe_settings.txt" failed (2: No such file or directory), client: 162.158.95.222, server: www.ceerun.com, request: "GET /woocommerce_stripe_upe_settings.txt HTTP/2.0", host: "www.ceerun.com"
2026/08/26 09:32:12 [error] 9850#0: *1447898 open() "/www/data/wwwroot/2025_12_26_01/404.html" failed (2: No such file or directory), client: 162.158.95.222, server: www.ceerun.com, request: "GET /woocommerce_stripe_upe_settings.txt HTTP/2.0", host: "www.ceerun.com"
2026/08/26 09:32:12 [error] 9852#0: *1447826 open() "/www/data/wwwroot/2025_12_26_01/woocommerce_stripe_upe_settings.log" failed (2: No such file or directory), client: 172.69.109.214, server: www.ceerun.com, request: "GET /woocommerce_stripe_upe_settings.log HTTP/2.0", host: "www.ceerun.com"
2026/08/26 09:32:12 [error] 9852#0: *1447826 open() "/www/data/wwwroot/2025_12_26_01/404.html" failed (2: No such file or directory), client: 172.69.109.214, server: www.ceerun.com, request: "GET /woocommerce_stripe_upe_settings.log HTTP/2.0", host: "www.ceerun.com"
2026/08/26 09:32:12 [error] 9850#0: *1447735 open() "/www/data/wwwroot/2025_12_26_01/woocommerce_stripe_applepay_settings" failed (2: No such file or directory), client: 172.71.172.34, server: www.ceerun.com, request: "GET /woocommerce_stripe_applepay_settings HTTP/2.0", host: "www.ceerun.com"
2026/08/26 09:32:12 [error] 9850#0: *1447735 open() "/www/data/wwwroot/2025_12_26_01/404.html" failed (2: No such file or directory), client: 172.71.172.34, server: www.ceerun.com, request: "GET /woocommerce_stripe_applepay_settings HTTP/2.0", host: "www.ceerun.com"
2026/08/26 09:32:12 [error] 9851#0: *1447858 open() "/www/data/wwwroot/2025_12_26_01/woocommerce_stripe_applepay_settings.log" failed (2: No such file or directory), client: 104.23.168.6, server: www.ceerun.com, request: "GET /woocommerce_stripe_applepay_settings.log HTTP/2.0", host: "www.ceerun.com"
2026/08/26 09:32:12 [error] 9851#0: *1447858 open() "/www/data/wwwroot/2025_12_26_01/404.html" failed (2: No such file or directory), client: 104.23.168.6, server: www.ceerun.com, request: "GET /woocommerce_stripe_applepay_settings.log HTTP/2.0", host: "www.ceerun.com"
2026/08/26 09:32:13 [error] 9852#0: *1447826 open() "/www/data/wwwroot/2025_12_26_01/woocommerce_stripe_upe_settings.sql" failed (2: No such file or directory), client: 172.69.109.214, server: www.ceerun.com, request: "GET /woocommerce_stripe_upe_settings.sql HTTP/2.0", host: "www.ceerun.com"
2026/08/26 09:32:13 [error] 9852#0: *1447826 open() "/www/data/wwwroot/2025_12_26_01/404.html" failed (2: No such file or directory), client: 172.69.109.214, server: www.ceerun.com, request: "GET /woocommerce_stripe_upe_settings.sql HTTP/2.0", host: "www.ceerun.com"
2026/08/26 09:32:13 [error] 9853#0: *1447894 open() "/www/data/wwwroot/2025_12_26_01/woocommerce_stripe_applepay_settings.txt" failed (2: No such file or directory), client: 172.71.247.160, server: www.ceerun.com, request: "GET /woocommerce_stripe_applepay_settings.txt HTTP/2.0", host: "www.ceerun.com"
2026/08/26 09:32:13 [error] 9853#0: *1447894 open() "/www/data/wwwroot/2025_12_26_01/404.html" failed (2: No such file or directory), client: 172.71.247.160, server: www.ceerun.com, request: "GET /woocommerce_stripe_applepay_settings.txt HTTP/2.0", host: "www.ceerun.com"
2026/08/26 09:32:15 [error] 9851#0: *1447861 open() "/www/data/wwwroot/2025_12_26_01/woocommerce_stripe_applepay_settings.sql" failed (2: No such file or directory), client: 162.158.111.251, server: www.ceerun.com, request: "GET /woocommerce_stripe_applepay_settings.sql HTTP/2.0", host: "www.ceerun.com"
2026/08/26 09:32:15 [error] 9851#0: *1447861 open() "/www/data/wwwroot/2025_12_26_01/404.html" failed (2: No such file or directory), client: 162.158.111.251, server: www.ceerun.com, request: "GET /woocommerce_stripe_applepay_settings.sql HTTP/2.0", host: "www.ceerun.com"
2026/08/26 09:32:22 [error] 9853#0: *1447894 open() "/www/data/wwwroot/2025_12_26_01/woocommerce_stripe_googlepay_settings.txt" failed (2: No such file or directory), client: 172.71.247.160, server: www.ceerun.com, request: "GET /woocommerce_stripe_googlepay_settings.txt HTTP/2.0", host: "www.ceerun.com"
2026/08/26 09:32:22 [error] 9853#0: *1447894 open() "/www/data/wwwroot/2025_12_26_01/404.html" failed (2: No such file or directory), client: 172.71.247.160, server: www.ceerun.com, request: "GET /woocommerce_stripe_googlepay_settings.txt HTTP/2.0", host: "www.ceerun.com"
2026/08/26 09:32:23 [error] 9852#0: *1447826 open() "/www/data/wwwroot/2025_12_26_01/woocommerce_woocommerce_payments_settings.log" failed (2: No such file or directory), client: 172.69.109.214, server: www.ceerun.com, request: "GET /woocommerce_woocommerce_payments_settings.log HTTP/2.0", host: "www.ceerun.com"
2026/08/26 09:32:23 [error] 9852#0: *1447826 open() "/www/data/wwwroot/2025_12_26_01/404.html" failed (2: No such file or directory), client: 172.69.109.214, server: www.ceerun.com, request: "GET /woocommerce_woocommerce_payments_settings.log HTTP/2.0", host: "www.ceerun.com"
2026/08/26 09:32:23 [error] 9850#0: *1447898 open() "/www/data/wwwroot/2025_12_26_01/woocommerce_woocommerce_payments_settings" failed (2: No such file or directory), client: 162.158.95.222, server: www.ceerun.com, request: "GET /woocommerce_woocommerce_payments_settings HTTP/2.0", host: "www.ceerun.com"
2026/08/26 09:32:23 [error] 9850#0: *1447898 open() "/www/data/wwwroot/2025_12_26_01/404.html" failed (2: No such file or directory), client: 162.158.95.222, server: www.ceerun.com, request: "GET /woocommerce_woocommerce_payments_settings HTTP/2.0", host: "www.ceerun.com"
2026/08/26 09:32:24 [error] 9852#0: *1447822 open() "/www/data/wwwroot/2025_12_26_01/woocommerce_woocommerce_payments_settings.txt" failed (2: No such file or directory), client: 172.71.182.234, server: www.ceerun.com, request: "GET /woocommerce_woocommerce_payments_settings.txt HTTP/2.0", host: "www.ceerun.com"
2026/08/26 09:32:24 [error] 9852#0: *1447822 open() "/www/data/wwwroot/2025_12_26_01/404.html" failed (2: No such file or directory), client: 172.71.182.234, server: www.ceerun.com, request: "GET /woocommerce_woocommerce_payments_settings.txt HTTP/2.0", host: "www.ceerun.com"
2026/08/26 09:32:25 [error] 9851#0: *1447957 open() "/www/data/wwwroot/2025_12_26_01/woocommerce_woocommerce_payments_settings.sql" failed (2: No such file or directory), client: 172.70.240.95, server: www.ceerun.com, request: "GET /woocommerce_woocommerce_payments_settings.sql HTTP/2.0", host: "www.ceerun.com"
2026/08/26 09:32:25 [error] 9851#0: *1447957 open() "/www/data/wwwroot/2025_12_26_01/404.html" failed (2: No such file or directory), client: 172.70.240.95, server: www.ceerun.com, request: "GET /woocommerce_woocommerce_payments_settings.sql HTTP/2.0", host: "www.ceerun.com"
2026/08/26 09:32:25 [error] 9850#0: *1447735 open() "/www/data/wwwroot/2025_12_26_01/woocommerce_stripe_googlepay_settings" failed (2: No such file or directory), client: 172.71.172.34, server: www.ceerun.com, request: "GET /woocommerce_stripe_googlepay_settings HTTP/2.0", host: "www.ceerun.com"
2026/08/26 09:32:25 [error] 9850#0: *1447735 open() "/www/data/wwwroot/2025_12_26_01/404.html" failed (2: No such file or directory), client: 172.71.172.34, server: www.ceerun.com, request: "GET /woocommerce_stripe_googlepay_settings HTTP/2.0", host: "www.ceerun.com"
2026/08/26 09:32:27 [error] 9851#0: *1447861 open() "/www/data/wwwroot/2025_12_26_01/woocommerce_stripe_googlepay_settings.log" failed (2: No such file or directory), client: 162.158.111.251, server: www.ceerun.com, request: "GET /woocommerce_stripe_googlepay_settings.log HTTP/2.0", host: "www.ceerun.com"
2026/08/26 09:32:27 [error] 9851#0: *1447861 open() "/www/data/wwwroot/2025_12_26_01/404.html" failed (2: No such file or directory), client: 162.158.111.251, server: www.ceerun.com, request: "GET /woocommerce_stripe_googlepay_settings.log HTTP/2.0", host: "www.ceerun.com"
2026/08/26 09:32:27 [error] 9851#0: *1447858 open() "/www/data/wwwroot/2025_12_26_01/woocommerce_stripe_googlepay_settings.sql" failed (2: No such file or directory), client: 104.23.168.6, server: www.ceerun.com, request: "GET /woocommerce_stripe_googlepay_settings.sql HTTP/2.0", host: "www.ceerun.com"
2026/08/26 09:32:27 [error] 9851#0: *1447858 open() "/www/data/wwwroot/2025_12_26_01/404.html" failed (2: No such file or directory), client: 104.23.168.6, server: www.ceerun.com, request: "GET /woocommerce_stripe_googlepay_settings.sql HTTP/2.0", host: "www.ceerun.com"
2026/08/26 09:32:31 [error] 9852#0: *1447826 open() "/www/data/wwwroot/2025_12_26_01/woocommerce_angelleye_ppcp_settings" failed (2: No such file or directory), client: 172.69.109.214, server: www.ceerun.com, request: "GET /woocommerce_angelleye_ppcp_settings HTTP/2.0", host: "www.ceerun.com"
2026/08/26 09:32:31 [error] 9852#0: *1447826 open() "/www/data/wwwroot/2025_12_26_01/404.html" failed (2: No such file or directory), client: 172.69.109.214, server: www.ceerun.com, request: "GET /woocommerce_angelleye_ppcp_settings HTTP/2.0", host: "www.ceerun.com"
2026/08/26 09:32:31 [error] 9851#0: *1447957 open() "/www/data/wwwroot/2025_12_26_01/woocommerce_angelleye_ppcp_settings.txt" failed (2: No such file or directory), client: 172.70.240.95, server: www.ceerun.com, request: "GET /woocommerce_angelleye_ppcp_settings.txt HTTP/2.0", host: "www.ceerun.com"
2026/08/26 09:32:31 [error] 9851#0: *1447957 open() "/www/data/wwwroot/2025_12_26_01/404.html" failed (2: No such file or directory), client: 172.70.240.95, server: www.ceerun.com, request: "GET /woocommerce_angelleye_ppcp_settings.txt HTTP/2.0", host: "www.ceerun.com"
2026/08/26 09:32:32 [error] 9852#0: *1447826 open() "/www/data/wwwroot/2025_12_26_01/_give_stripe_get_all_accounts" failed (2: No such file or directory), client: 172.69.109.214, server: www.ceerun.com, request: "GET /_give_stripe_get_all_accounts HTTP/2.0", host: "www.ceerun.com"
2026/08/26 09:32:32 [error] 9852#0: *1447826 open() "/www/data/wwwroot/2025_12_26_01/404.html" failed (2: No such file or directory), client: 172.69.109.214, server: www.ceerun.com, request: "GET /_give_stripe_get_all_accounts HTTP/2.0", host: "www.ceerun.com"
2026/08/26 09:32:32 [error] 9850#0: *1447898 open() "/www/data/wwwroot/2025_12_26_01/woocommerce_angelleye_ppcp_settings.log" failed (2: No such file or directory), client: 162.158.95.222, server: www.ceerun.com, request: "GET /woocommerce_angelleye_ppcp_settings.log HTTP/2.0", host: "www.ceerun.com"
2026/08/26 09:32:32 [error] 9850#0: *1447898 open() "/www/data/wwwroot/2025_12_26_01/404.html" failed (2: No such file or directory), client: 162.158.95.222, server: www.ceerun.com, request: "GET /woocommerce_angelleye_ppcp_settings.log HTTP/2.0", host: "www.ceerun.com"
2026/08/26 09:32:33 [error] 9850#0: *1447735 open() "/www/data/wwwroot/2025_12_26_01/_give_stripe_get_all_accounts.log" failed (2: No such file or directory), client: 172.71.172.34, server: www.ceerun.com, request: "GET /_give_stripe_get_all_accounts.log HTTP/2.0", host: "www.ceerun.com"
2026/08/26 09:32:33 [error] 9850#0: *1447735 open() "/www/data/wwwroot/2025_12_26_01/404.html" failed (2: No such file or directory), client: 172.71.172.34, server: www.ceerun.com, request: "GET /_give_stripe_get_all_accounts.log HTTP/2.0", host: "www.ceerun.com"
2026/08/26 09:33:10 [error] 9850#0: *1447898 open() "/www/data/wwwroot/2025_12_26_01/backup/woocommerce_stripe_settings.sql" failed (2: No such file or directory), client: 162.158.95.222, server: www.ceerun.com, request: "GET /backup/woocommerce_stripe_settings.sql HTTP/2.0", host: "www.ceerun.com"
2026/08/26 09:33:10 [error] 9850#0: *1447898 open() "/www/data/wwwroot/2025_12_26_01/404.html" failed (2: No such file or directory), client: 162.158.95.222, server: www.ceerun.com, request: "GET /backup/woocommerce_stripe_settings.sql HTTP/2.0", host: "www.ceerun.com"
2026/08/26 09:33:11 [error] 9850#0: *1447898 open() "/www/data/wwwroot/2025_12_26_01/backup/woocommerce_stripe_settings.txt" failed (2: No such file or directory), client: 162.158.95.222, server: www.ceerun.com, request: "GET /backup/woocommerce_stripe_settings.txt HTTP/2.0", host: "www.ceerun.com"
2026/08/26 09:33:11 [error] 9850#0: *1447898 open() "/www/data/wwwroot/2025_12_26_01/404.html" failed (2: No such file or directory), client: 162.158.95.222, server: www.ceerun.com, request: "GET /backup/woocommerce_stripe_settings.txt HTTP/2.0", host: "www.ceerun.com"
2026/08/26 09:33:11 [error] 9851#0: *1447957 open() "/www/data/wwwroot/2025_12_26_01/backup/woocommerce_stripe_settings.log" failed (2: No such file or directory), client: 172.70.240.95, server: www.ceerun.com, request: "GET /backup/woocommerce_stripe_settings.log HTTP/2.0", host: "www.ceerun.com"
2026/08/26 09:33:11 [error] 9851#0: *1447957 open() "/www/data/wwwroot/2025_12_26_01/404.html" failed (2: No such file or directory), client: 172.70.240.95, server: www.ceerun.com, request: "GET /backup/woocommerce_stripe_settings.log HTTP/2.0", host: "www.ceerun.com"
2026/08/26 09:33:11 [error] 9852#0: *1447822 open() "/www/data/wwwroot/2025_12_26_01/woocommerce.sql" failed (2: No such file or directory), client: 172.71.182.234, server: www.ceerun.com, request: "GET /woocommerce.sql HTTP/2.0", host: "www.ceerun.com"
2026/08/26 09:33:11 [error] 9852#0: *1447822 open() "/www/data/wwwroot/2025_12_26_01/404.html" failed (2: No such file or directory), client: 172.71.182.234, server: www.ceerun.com, request: "GET /woocommerce.sql HTTP/2.0", host: "www.ceerun.com"
2026/08/26 09:33:11 [error] 9851#0: *1447858 open() "/www/data/wwwroot/2025_12_26_01/_give_stripe_get_all_accounts.sql" failed (2: No such file or directory), client: 104.23.168.6, server: www.ceerun.com, request: "GET /_give_stripe_get_all_accounts.sql HTTP/2.0", host: "www.ceerun.com"
2026/08/26 09:33:11 [error] 9851#0: *1447858 open() "/www/data/wwwroot/2025_12_26_01/404.html" failed (2: No such file or directory), client: 104.23.168.6, server: www.ceerun.com, request: "GET /_give_stripe_get_all_accounts.sql HTTP/2.0", host: "www.ceerun.com"
2026/08/26 09:33:12 [error] 9852#0: *1447822 open() "/www/data/wwwroot/2025_12_26_01/wp_options.sql" failed (2: No such file or directory), client: 172.71.182.234, server: www.ceerun.com, request: "GET /wp_options.sql HTTP/2.0", host: "www.ceerun.com"
2026/08/26 09:33:12 [error] 9852#0: *1447822 open() "/www/data/wwwroot/2025_12_26_01/404.html" failed (2: No such file or directory), client: 172.71.182.234, server: www.ceerun.com, request: "GET /wp_options.sql HTTP/2.0", host: "www.ceerun.com"
2026/08/26 09:33:12 [error] 9851#0: *1447957 open() "/www/data/wwwroot/2025_12_26_01/backup/woocommerce_stripe_settings" failed (2: No such file or directory), client: 172.70.240.95, server: www.ceerun.com, request: "GET /backup/woocommerce_stripe_settings HTTP/2.0", host: "www.ceerun.com"
2026/08/26 09:33:12 [error] 9851#0: *1447957 open() "/www/data/wwwroot/2025_12_26_01/404.html" failed (2: No such file or directory), client: 172.70.240.95, server: www.ceerun.com, request: "GET /backup/woocommerce_stripe_settings HTTP/2.0", host: "www.ceerun.com"
2026/08/26 09:33:13 [error] 9851#0: *1448056 open() "/www/data/wwwroot/2025_12_26_01/backup/woocommerce_stripe_settings.tar.gz" failed (2: No such file or directory), client: 172.69.151.175, server: www.ceerun.com, request: "GET /backup/woocommerce_stripe_settings.tar.gz HTTP/2.0", host: "www.ceerun.com"
2026/08/26 09:33:13 [error] 9851#0: *1448056 open() "/www/data/wwwroot/2025_12_26_01/404.html" failed (2: No such file or directory), client: 172.69.151.175, server: www.ceerun.com, request: "GET /backup/woocommerce_stripe_settings.tar.gz HTTP/2.0", host: "www.ceerun.com"
2026/08/26 09:33:13 [error] 9850#0: *1447898 open() "/www/data/wwwroot/2025_12_26_01/wp-options.sql" failed (2: No such file or directory), client: 162.158.95.222, server: www.ceerun.com, request: "GET /wp-options.sql HTTP/2.0", host: "www.ceerun.com"
2026/08/26 09:33:13 [error] 9850#0: *1447898 open() "/www/data/wwwroot/2025_12_26_01/404.html" failed (2: No such file or directory), client: 162.158.95.222, server: www.ceerun.com, request: "GET /wp-options.sql HTTP/2.0", host: "www.ceerun.com"
2026/08/26 09:33:13 [error] 9850#0: *1448058 open() "/www/data/wwwroot/2025_12_26_01/backup/woocommerce_stripe_settings.zip" failed (2: No such file or directory), client: 172.71.164.154, server: www.ceerun.com, request: "GET /backup/woocommerce_stripe_settings.zip HTTP/2.0", host: "www.ceerun.com"
2026/08/26 09:33:13 [error] 9850#0: *1448058 open() "/www/data/wwwroot/2025_12_26_01/404.html" failed (2: No such file or directory), client: 172.71.164.154, server: www.ceerun.com, request: "GET /backup/woocommerce_stripe_settings.zip HTTP/2.0", host: "www.ceerun.com"
2026/08/26 09:33:16 [error] 9853#0: *1448060 open() "/www/data/wwwroot/2025_12_26_01/backup/woocommerce_stripe_settings.csv" failed (2: No such file or directory), client: 162.158.111.246, server: www.ceerun.com, request: "GET /backup/woocommerce_stripe_settings.csv HTTP/2.0", host: "www.ceerun.com"
2026/08/26 09:33:16 [error] 9853#0: *1448060 open() "/www/data/wwwroot/2025_12_26_01/404.html" failed (2: No such file or directory), client: 162.158.111.246, server: www.ceerun.com, request: "GET /backup/woocommerce_stripe_settings.csv HTTP/2.0", host: "www.ceerun.com"
2026/08/26 09:33:18 [error] 9852#0: *1447822 open() "/www/data/wwwroot/2025_12_26_01/wp-content/uploads/woocommerce_stripe_settings.sql" failed (2: No such file or directory), client: 172.71.182.234, server: www.ceerun.com, request: "GET /wp-content/uploads/woocommerce_stripe_settings.sql HTTP/2.0", host: "www.ceerun.com"
2026/08/26 09:33:18 [error] 9852#0: *1447822 open() "/www/data/wwwroot/2025_12_26_01/404.html" failed (2: No such file or directory), client: 172.71.182.234, server: www.ceerun.com, request: "GET /wp-content/uploads/woocommerce_stripe_settings.sql HTTP/2.0", host: "www.ceerun.com"
2026/08/26 09:33:19 [error] 9851#0: *1448063 open() "/www/data/wwwroot/2025_12_26_01/wp-content/uploads/woocommerce_stripe_settings.csv" failed (2: No such file or directory), client: 172.70.243.129, server: www.ceerun.com, request: "GET /wp-content/uploads/woocommerce_stripe_settings.csv HTTP/2.0", host: "www.ceerun.com"
2026/08/26 09:33:19 [error] 9851#0: *1448063 open() "/www/data/wwwroot/2025_12_26_01/404.html" failed (2: No such file or directory), client: 172.70.243.129, server: www.ceerun.com, request: "GET /wp-content/uploads/woocommerce_stripe_settings.csv HTTP/2.0", host: "www.ceerun.com"
2026/08/26 09:33:23 [error] 9851#0: *1448067 open() "/www/data/wwwroot/2025_12_26_01/wp-content/uploads/woocommerce_stripe_settings" failed (2: No such file or directory), client: 172.71.247.160, server: www.ceerun.com, request: "GET /wp-content/uploads/woocommerce_stripe_settings HTTP/2.0", host: "www.ceerun.com"
2026/08/26 09:33:23 [error] 9851#0: *1448067 open() "/www/data/wwwroot/2025_12_26_01/404.html" failed (2: No such file or directory), client: 172.71.247.160, server: www.ceerun.com, request: "GET /wp-content/uploads/woocommerce_stripe_settings HTTP/2.0", host: "www.ceerun.com"
2026/08/26 09:33:24 [error] 9851#0: *1447861 open() "/www/data/wwwroot/2025_12_26_01/wp-content/uploads/woocommerce_stripe_settings.log" failed (2: No such file or directory), client: 162.158.111.251, server: www.ceerun.com, request: "GET /wp-content/uploads/woocommerce_stripe_settings.log HTTP/2.0", host: "www.ceerun.com"
2026/08/26 09:33:24 [error] 9851#0: *1447861 open() "/www/data/wwwroot/2025_12_26_01/404.html" failed (2: No such file or directory), client: 162.158.111.251, server: www.ceerun.com, request: "GET /wp-content/uploads/woocommerce_stripe_settings.log HTTP/2.0", host: "www.ceerun.com"
2026/08/26 09:33:24 [error] 9850#0: *1447898 open() "/www/data/wwwroot/2025_12_26_01/wp-content/uploads/woocommerce_stripe_settings.txt" failed (2: No such file or directory), client: 162.158.95.222, server: www.ceerun.com, request: "GET /wp-content/uploads/woocommerce_stripe_settings.txt HTTP/2.0", host: "www.ceerun.com"
2026/08/26 09:33:24 [error] 9850#0: *1447898 open() "/www/data/wwwroot/2025_12_26_01/404.html" failed (2: No such file or directory), client: 162.158.95.222, server: www.ceerun.com, request: "GET /wp-content/uploads/woocommerce_stripe_settings.txt HTTP/2.0", host: "www.ceerun.com"
2026/08/26 09:33:25 [error] 9851#0: *1448080 open() "/www/data/wwwroot/2025_12_26_01/wp-content/uploads/woocommerce_stripe_settings.zip" failed (2: No such file or directory), client: 104.23.239.14, server: www.ceerun.com, request: "GET /wp-content/uploads/woocommerce_stripe_settings.zip HTTP/2.0", host: "www.ceerun.com"
2026/08/26 09:33:25 [error] 9851#0: *1448080 open() "/www/data/wwwroot/2025_12_26_01/404.html" failed (2: No such file or directory), client: 104.23.239.14, server: www.ceerun.com, request: "GET /wp-content/uploads/woocommerce_stripe_settings.zip HTTP/2.0", host: "www.ceerun.com"
2026/08/26 09:33:26 [error] 9851#0: *1447861 open() "/www/data/wwwroot/2025_12_26_01/tmp/woocommerce_stripe_settings.sql" failed (2: No such file or directory), client: 162.158.111.251, server: www.ceerun.com, request: "GET /tmp/woocommerce_stripe_settings.sql HTTP/2.0", host: "www.ceerun.com"
2026/08/26 09:33:26 [error] 9851#0: *1447861 open() "/www/data/wwwroot/2025_12_26_01/404.html" failed (2: No such file or directory), client: 162.158.111.251, server: www.ceerun.com, request: "GET /tmp/woocommerce_stripe_settings.sql HTTP/2.0", host: "www.ceerun.com"
2026/08/26 09:33:27 [error] 9850#0: *1447898 open() "/www/data/wwwroot/2025_12_26_01/tmp/woocommerce_stripe_settings.txt" failed (2: No such file or directory), client: 162.158.95.222, server: www.ceerun.com, request: "GET /tmp/woocommerce_stripe_settings.txt HTTP/2.0", host: "www.ceerun.com"
2026/08/26 09:33:27 [error] 9850#0: *1447898 open() "/www/data/wwwroot/2025_12_26_01/404.html" failed (2: No such file or directory), client: 162.158.95.222, server: www.ceerun.com, request: "GET /tmp/woocommerce_stripe_settings.txt HTTP/2.0", host: "www.ceerun.com"
2026/08/26 09:33:27 [error] 9853#0: *1448084 open() "/www/data/wwwroot/2025_12_26_01/tmp/woocommerce_stripe_settings" failed (2: No such file or directory), client: 104.22.109.105, server: www.ceerun.com, request: "GET /tmp/woocommerce_stripe_settings HTTP/2.0", host: "www.ceerun.com"
2026/08/26 09:33:27 [error] 9853#0: *1448084 open() "/www/data/wwwroot/2025_12_26_01/404.html" failed (2: No such file or directory), client: 104.22.109.105, server: www.ceerun.com, request: "GET /tmp/woocommerce_stripe_settings HTTP/2.0", host: "www.ceerun.com"
2026/08/26 09:33:28 [error] 9851#0: *1448085 open() "/www/data/wwwroot/2025_12_26_01/wp-content/uploads/woocommerce_stripe_settings.tar.gz" failed (2: No such file or directory), client: 162.158.95.19, server: www.ceerun.com, request: "GET /wp-content/uploads/woocommerce_stripe_settings.tar.gz HTTP/2.0", host: "www.ceerun.com"
2026/08/26 09:33:28 [error] 9851#0: *1448085 open() "/www/data/wwwroot/2025_12_26_01/404.html" failed (2: No such file or directory), client: 162.158.95.19, server: www.ceerun.com, request: "GET /wp-content/uploads/woocommerce_stripe_settings.tar.gz HTTP/2.0", host: "www.ceerun.com"
2026/08/26 09:33:28 [error] 9851#0: *1448086 open() "/www/data/wwwroot/2025_12_26_01/tmp/woocommerce_stripe_settings.zip" failed (2: No such file or directory), client: 172.69.109.43, server: www.ceerun.com, request: "GET /tmp/woocommerce_stripe_settings.zip HTTP/2.0", host: "www.ceerun.com"
2026/08/26 09:33:28 [error] 9851#0: *1448086 open() "/www/data/wwwroot/2025_12_26_01/404.html" failed (2: No such file or directory), client: 172.69.109.43, server: www.ceerun.com, request: "GET /tmp/woocommerce_stripe_settings.zip HTTP/2.0", host: "www.ceerun.com"
2026/08/26 09:33:32 [error] 9851#0: *1448090 open() "/www/data/wwwroot/2025_12_26_01/tmp/woocommerce_stripe_settings.tar.gz" failed (2: No such file or directory), client: 162.158.111.114, server: www.ceerun.com, request: "GET /tmp/woocommerce_stripe_settings.tar.gz HTTP/2.0", host: "www.ceerun.com"
2026/08/26 09:33:32 [error] 9851#0: *1448090 open() "/www/data/wwwroot/2025_12_26_01/404.html" failed (2: No such file or directory), client: 162.158.111.114, server: www.ceerun.com, request: "GET /tmp/woocommerce_stripe_settings.tar.gz HTTP/2.0", host: "www.ceerun.com"
2026/08/26 09:33:33 [error] 9851#0: *1448091 open() "/www/data/wwwroot/2025_12_26_01/tmp/woocommerce_stripe_settings.csv" failed (2: No such file or directory), client: 172.71.172.97, server: www.ceerun.com, request: "GET /tmp/woocommerce_stripe_settings.csv HTTP/2.0", host: "www.ceerun.com"
2026/08/26 09:33:33 [error] 9851#0: *1448091 open() "/www/data/wwwroot/2025_12_26_01/404.html" failed (2: No such file or directory), client: 172.71.172.97, server: www.ceerun.com, request: "GET /tmp/woocommerce_stripe_settings.csv HTTP/2.0", host: "www.ceerun.com"
2026/08/26 09:33:33 [error] 9853#0: *1448093 open() "/www/data/wwwroot/2025_12_26_01/backup/woocommerce_stripe_cc_settings.log" failed (2: No such file or directory), client: 172.69.109.214, server: www.ceerun.com, request: "GET /backup/woocommerce_stripe_cc_settings.log HTTP/2.0", host: "www.ceerun.com"
2026/08/26 09:33:33 [error] 9853#0: *1448093 open() "/www/data/wwwroot/2025_12_26_01/404.html" failed (2: No such file or directory), client: 172.69.109.214, server: www.ceerun.com, request: "GET /backup/woocommerce_stripe_cc_settings.log HTTP/2.0", host: "www.ceerun.com"
2026/08/26 09:33:33 [error] 9851#0: *1448094 open() "/www/data/wwwroot/2025_12_26_01/backup/woocommerce_stripe_cc_settings" failed (2: No such file or directory), client: 172.69.109.214, server: www.ceerun.com, request: "GET /backup/woocommerce_stripe_cc_settings HTTP/2.0", host: "www.ceerun.com"
2026/08/26 09:33:33 [error] 9851#0: *1448094 open() "/www/data/wwwroot/2025_12_26_01/404.html" failed (2: No such file or directory), client: 172.69.109.214, server: www.ceerun.com, request: "GET /backup/woocommerce_stripe_cc_settings HTTP/2.0", host: "www.ceerun.com"
2026/08/26 09:33:33 [error] 9853#0: *1448095 open() "/www/data/wwwroot/2025_12_26_01/tmp/woocommerce_stripe_settings.log" failed (2: No such file or directory), client: 172.69.109.214, server: www.ceerun.com, request: "GET /tmp/woocommerce_stripe_settings.log HTTP/2.0", host: "www.ceerun.com"
2026/08/26 09:33:33 [error] 9853#0: *1448095 open() "/www/data/wwwroot/2025_12_26_01/404.html" failed (2: No such file or directory), client: 172.69.109.214, server: www.ceerun.com, request: "GET /tmp/woocommerce_stripe_settings.log HTTP/2.0", host: "www.ceerun.com"
