2026/08/24 23:46:20 [error] 9851#0: *1274929 open() "/www/data/wwwroot/2025_12_26_01/404.html" failed (2: No such file or directory), client: 172.71.182.98, server: www.ceerun.com, request: "GET /backup/woocommerce_ppcp_paypal_settings.zip HTTP/2.0", host: "www.ceerun.com"
2026/08/24 23:46:20 [error] 9851#0: *1274777 open() "/www/data/wwwroot/2025_12_26_01/wp-content/uploads/woocommerce_ppcp_paypal_settings" failed (2: No such file or directory), client: 141.101.76.84, server: www.ceerun.com, request: "GET /wp-content/uploads/woocommerce_ppcp_paypal_settings HTTP/2.0", host: "www.ceerun.com"
2026/08/24 23:46:20 [error] 9851#0: *1274777 open() "/www/data/wwwroot/2025_12_26_01/404.html" failed (2: No such file or directory), client: 141.101.76.84, server: www.ceerun.com, request: "GET /wp-content/uploads/woocommerce_ppcp_paypal_settings HTTP/2.0", host: "www.ceerun.com"
2026/08/24 23:46:21 [error] 9853#0: *1274228 open() "/www/data/wwwroot/2025_12_26_01/wp-content/uploads/woocommerce_ppcp_paypal_settings.sql" failed (2: No such file or directory), client: 172.69.109.210, server: www.ceerun.com, request: "GET /wp-content/uploads/woocommerce_ppcp_paypal_settings.sql HTTP/2.0", host: "www.ceerun.com"
2026/08/24 23:46:21 [error] 9853#0: *1274228 open() "/www/data/wwwroot/2025_12_26_01/404.html" failed (2: No such file or directory), client: 172.69.109.210, server: www.ceerun.com, request: "GET /wp-content/uploads/woocommerce_ppcp_paypal_settings.sql HTTP/2.0", host: "www.ceerun.com"
2026/08/24 23:46:21 [error] 9851#0: *1274766 open() "/www/data/wwwroot/2025_12_26_01/wp-content/uploads/woocommerce_ppcp_paypal_settings.txt" failed (2: No such file or directory), client: 172.70.247.213, server: www.ceerun.com, request: "GET /wp-content/uploads/woocommerce_ppcp_paypal_settings.txt HTTP/2.0", host: "www.ceerun.com"
2026/08/24 23:46:21 [error] 9851#0: *1274766 open() "/www/data/wwwroot/2025_12_26_01/404.html" failed (2: No such file or directory), client: 172.70.247.213, server: www.ceerun.com, request: "GET /wp-content/uploads/woocommerce_ppcp_paypal_settings.txt HTTP/2.0", host: "www.ceerun.com"
2026/08/24 23:46:21 [error] 9851#0: *1274932 open() "/www/data/wwwroot/2025_12_26_01/backup/woocommerce_ppcp_paypal_settings.csv" failed (2: No such file or directory), client: 172.70.248.38, server: www.ceerun.com, request: "GET /backup/woocommerce_ppcp_paypal_settings.csv HTTP/2.0", host: "www.ceerun.com"
2026/08/24 23:46:21 [error] 9851#0: *1274932 open() "/www/data/wwwroot/2025_12_26_01/404.html" failed (2: No such file or directory), client: 172.70.248.38, server: www.ceerun.com, request: "GET /backup/woocommerce_ppcp_paypal_settings.csv HTTP/2.0", host: "www.ceerun.com"
2026/08/24 23:46:21 [error] 9851#0: *1274934 open() "/www/data/wwwroot/2025_12_26_01/wp-content/uploads/woocommerce_ppcp_paypal_settings.log" failed (2: No such file or directory), client: 172.71.95.82, server: www.ceerun.com, request: "GET /wp-content/uploads/woocommerce_ppcp_paypal_settings.log HTTP/2.0", host: "www.ceerun.com"
2026/08/24 23:46:21 [error] 9851#0: *1274934 open() "/www/data/wwwroot/2025_12_26_01/404.html" failed (2: No such file or directory), client: 172.71.95.82, server: www.ceerun.com, request: "GET /wp-content/uploads/woocommerce_ppcp_paypal_settings.log HTTP/2.0", host: "www.ceerun.com"
2026/08/24 23:46:22 [error] 9850#0: *1274935 open() "/www/data/wwwroot/2025_12_26_01/wp-content/uploads/woocommerce_ppcp_paypal_settings.zip" failed (2: No such file or directory), client: 104.23.166.145, server: www.ceerun.com, request: "GET /wp-content/uploads/woocommerce_ppcp_paypal_settings.zip HTTP/2.0", host: "www.ceerun.com"
2026/08/24 23:46:22 [error] 9850#0: *1274935 open() "/www/data/wwwroot/2025_12_26_01/404.html" failed (2: No such file or directory), client: 104.23.166.145, server: www.ceerun.com, request: "GET /wp-content/uploads/woocommerce_ppcp_paypal_settings.zip HTTP/2.0", host: "www.ceerun.com"
2026/08/24 23:46:40 [error] 9853#0: *1274965 open() "/www/data/wwwroot/2025_12_26_01/wp-content/uploads/woocommerce_ppcp_paypal_settings.tar.gz" failed (2: No such file or directory), client: 172.71.95.118, server: www.ceerun.com, request: "GET /wp-content/uploads/woocommerce_ppcp_paypal_settings.tar.gz HTTP/2.0", host: "www.ceerun.com"
2026/08/24 23:46:40 [error] 9853#0: *1274965 open() "/www/data/wwwroot/2025_12_26_01/404.html" failed (2: No such file or directory), client: 172.71.95.118, server: www.ceerun.com, request: "GET /wp-content/uploads/woocommerce_ppcp_paypal_settings.tar.gz HTTP/2.0", host: "www.ceerun.com"
2026/08/24 23:46:40 [error] 9850#0: *1274966 open() "/www/data/wwwroot/2025_12_26_01/wp-content/uploads/woocommerce_ppcp_paypal_settings.csv" failed (2: No such file or directory), client: 162.159.113.54, server: www.ceerun.com, request: "GET /wp-content/uploads/woocommerce_ppcp_paypal_settings.csv HTTP/2.0", host: "www.ceerun.com"
2026/08/24 23:46:40 [error] 9850#0: *1274966 open() "/www/data/wwwroot/2025_12_26_01/404.html" failed (2: No such file or directory), client: 162.159.113.54, server: www.ceerun.com, request: "GET /wp-content/uploads/woocommerce_ppcp_paypal_settings.csv HTTP/2.0", host: "www.ceerun.com"
2026/08/24 23:46:42 [error] 9853#0: *1274228 open() "/www/data/wwwroot/2025_12_26_01/tmp/woocommerce_ppcp_paypal_settings" failed (2: No such file or directory), client: 172.69.109.210, server: www.ceerun.com, request: "GET /tmp/woocommerce_ppcp_paypal_settings HTTP/2.0", host: "www.ceerun.com"
2026/08/24 23:46:42 [error] 9853#0: *1274228 open() "/www/data/wwwroot/2025_12_26_01/404.html" failed (2: No such file or directory), client: 172.69.109.210, server: www.ceerun.com, request: "GET /tmp/woocommerce_ppcp_paypal_settings HTTP/2.0", host: "www.ceerun.com"
2026/08/24 23:46:42 [error] 9853#0: *1274228 open() "/www/data/wwwroot/2025_12_26_01/tmp/woocommerce_ppcp_paypal_settings.sql" failed (2: No such file or directory), client: 172.69.109.210, server: www.ceerun.com, request: "GET /tmp/woocommerce_ppcp_paypal_settings.sql HTTP/2.0", host: "www.ceerun.com"
2026/08/24 23:46:42 [error] 9853#0: *1274228 open() "/www/data/wwwroot/2025_12_26_01/404.html" failed (2: No such file or directory), client: 172.69.109.210, server: www.ceerun.com, request: "GET /tmp/woocommerce_ppcp_paypal_settings.sql HTTP/2.0", host: "www.ceerun.com"
2026/08/24 23:46:42 [error] 9853#0: *1274228 open() "/www/data/wwwroot/2025_12_26_01/tmp/woocommerce_ppcp_paypal_settings.log" failed (2: No such file or directory), client: 172.69.109.210, server: www.ceerun.com, request: "GET /tmp/woocommerce_ppcp_paypal_settings.log HTTP/2.0", host: "www.ceerun.com"
2026/08/24 23:46:42 [error] 9853#0: *1274228 open() "/www/data/wwwroot/2025_12_26_01/404.html" failed (2: No such file or directory), client: 172.69.109.210, server: www.ceerun.com, request: "GET /tmp/woocommerce_ppcp_paypal_settings.log HTTP/2.0", host: "www.ceerun.com"
2026/08/24 23:46:43 [error] 9851#0: *1274968 open() "/www/data/wwwroot/2025_12_26_01/tmp/woocommerce_ppcp_paypal_settings.zip" failed (2: No such file or directory), client: 172.71.160.204, server: www.ceerun.com, request: "GET /tmp/woocommerce_ppcp_paypal_settings.zip HTTP/2.0", host: "www.ceerun.com"
2026/08/24 23:46:43 [error] 9851#0: *1274968 open() "/www/data/wwwroot/2025_12_26_01/404.html" failed (2: No such file or directory), client: 172.71.160.204, server: www.ceerun.com, request: "GET /tmp/woocommerce_ppcp_paypal_settings.zip HTTP/2.0", host: "www.ceerun.com"
2026/08/24 23:46:44 [error] 9853#0: *1274792 open() "/www/data/wwwroot/2025_12_26_01/tmp/woocommerce_ppcp_paypal_settings.txt" failed (2: No such file or directory), client: 104.23.239.145, server: www.ceerun.com, request: "GET /tmp/woocommerce_ppcp_paypal_settings.txt HTTP/2.0", host: "www.ceerun.com"
2026/08/24 23:46:44 [error] 9853#0: *1274792 open() "/www/data/wwwroot/2025_12_26_01/404.html" failed (2: No such file or directory), client: 104.23.239.145, server: www.ceerun.com, request: "GET /tmp/woocommerce_ppcp_paypal_settings.txt HTTP/2.0", host: "www.ceerun.com"
2026/08/24 23:46:45 [error] 9851#0: *1274934 open() "/www/data/wwwroot/2025_12_26_01/backup/woocommerce_wc_stripe_settings" failed (2: No such file or directory), client: 172.71.95.82, server: www.ceerun.com, request: "GET /backup/woocommerce_wc_stripe_settings HTTP/2.0", host: "www.ceerun.com"
2026/08/24 23:46:45 [error] 9851#0: *1274934 open() "/www/data/wwwroot/2025_12_26_01/404.html" failed (2: No such file or directory), client: 172.71.95.82, server: www.ceerun.com, request: "GET /backup/woocommerce_wc_stripe_settings HTTP/2.0", host: "www.ceerun.com"
2026/08/24 23:46:45 [error] 9853#0: *1274973 open() "/www/data/wwwroot/2025_12_26_01/tmp/woocommerce_ppcp_paypal_settings.tar.gz" failed (2: No such file or directory), client: 172.70.246.58, server: www.ceerun.com, request: "GET /tmp/woocommerce_ppcp_paypal_settings.tar.gz HTTP/2.0", host: "www.ceerun.com"
2026/08/24 23:46:45 [error] 9853#0: *1274973 open() "/www/data/wwwroot/2025_12_26_01/404.html" failed (2: No such file or directory), client: 172.70.246.58, server: www.ceerun.com, request: "GET /tmp/woocommerce_ppcp_paypal_settings.tar.gz HTTP/2.0", host: "www.ceerun.com"
2026/08/24 23:46:45 [error] 9851#0: *1274974 open() "/www/data/wwwroot/2025_12_26_01/tmp/woocommerce_ppcp_paypal_settings.csv" failed (2: No such file or directory), client: 172.69.109.51, server: www.ceerun.com, request: "GET /tmp/woocommerce_ppcp_paypal_settings.csv HTTP/2.0", host: "www.ceerun.com"
2026/08/24 23:46:45 [error] 9851#0: *1274974 open() "/www/data/wwwroot/2025_12_26_01/404.html" failed (2: No such file or directory), client: 172.69.109.51, server: www.ceerun.com, request: "GET /tmp/woocommerce_ppcp_paypal_settings.csv HTTP/2.0", host: "www.ceerun.com"
2026/08/24 23:46:45 [error] 9853#0: *1274765 open() "/www/data/wwwroot/2025_12_26_01/backup/woocommerce_wc_stripe_settings.sql" failed (2: No such file or directory), client: 104.23.170.98, server: www.ceerun.com, request: "GET /backup/woocommerce_wc_stripe_settings.sql HTTP/2.0", host: "www.ceerun.com"
2026/08/24 23:46:45 [error] 9853#0: *1274765 open() "/www/data/wwwroot/2025_12_26_01/404.html" failed (2: No such file or directory), client: 104.23.170.98, server: www.ceerun.com, request: "GET /backup/woocommerce_wc_stripe_settings.sql HTTP/2.0", host: "www.ceerun.com"
2026/08/24 23:46:48 [error] 9853#0: *1274228 open() "/www/data/wwwroot/2025_12_26_01/backup/woocommerce_wc_stripe_settings.txt" failed (2: No such file or directory), client: 172.69.109.210, server: www.ceerun.com, request: "GET /backup/woocommerce_wc_stripe_settings.txt HTTP/2.0", host: "www.ceerun.com"
2026/08/24 23:46:48 [error] 9853#0: *1274228 open() "/www/data/wwwroot/2025_12_26_01/404.html" failed (2: No such file or directory), client: 172.69.109.210, server: www.ceerun.com, request: "GET /backup/woocommerce_wc_stripe_settings.txt HTTP/2.0", host: "www.ceerun.com"
2026/08/24 23:46:48 [error] 9853#0: *1274228 open() "/www/data/wwwroot/2025_12_26_01/backup/woocommerce_wc_stripe_settings.log" failed (2: No such file or directory), client: 172.69.109.210, server: www.ceerun.com, request: "GET /backup/woocommerce_wc_stripe_settings.log HTTP/2.0", host: "www.ceerun.com"
2026/08/24 23:46:48 [error] 9853#0: *1274228 open() "/www/data/wwwroot/2025_12_26_01/404.html" failed (2: No such file or directory), client: 172.69.109.210, server: www.ceerun.com, request: "GET /backup/woocommerce_wc_stripe_settings.log HTTP/2.0", host: "www.ceerun.com"
2026/08/24 23:46:50 [error] 9853#0: *1274975 open() "/www/data/wwwroot/2025_12_26_01/backup/woocommerce_wc_stripe_settings.zip" failed (2: No such file or directory), client: 172.71.183.50, server: www.ceerun.com, request: "GET /backup/woocommerce_wc_stripe_settings.zip HTTP/2.0", host: "www.ceerun.com"
2026/08/24 23:46:50 [error] 9853#0: *1274975 open() "/www/data/wwwroot/2025_12_26_01/404.html" failed (2: No such file or directory), client: 172.71.183.50, server: www.ceerun.com, request: "GET /backup/woocommerce_wc_stripe_settings.zip HTTP/2.0", host: "www.ceerun.com"
2026/08/24 23:46:50 [error] 9853#0: *1274768 open() "/www/data/wwwroot/2025_12_26_01/wp-content/uploads/woocommerce_wc_stripe_settings" failed (2: No such file or directory), client: 172.71.160.42, server: www.ceerun.com, request: "GET /wp-content/uploads/woocommerce_wc_stripe_settings HTTP/2.0", host: "www.ceerun.com"
2026/08/24 23:46:50 [error] 9853#0: *1274768 open() "/www/data/wwwroot/2025_12_26_01/404.html" failed (2: No such file or directory), client: 172.71.160.42, server: www.ceerun.com, request: "GET /wp-content/uploads/woocommerce_wc_stripe_settings HTTP/2.0", host: "www.ceerun.com"
2026/08/24 23:46:51 [error] 9851#0: *1274976 open() "/www/data/wwwroot/2025_12_26_01/backup/woocommerce_wc_stripe_settings.csv" failed (2: No such file or directory), client: 141.101.76.188, server: www.ceerun.com, request: "GET /backup/woocommerce_wc_stripe_settings.csv HTTP/2.0", host: "www.ceerun.com"
2026/08/24 23:46:51 [error] 9851#0: *1274976 open() "/www/data/wwwroot/2025_12_26_01/404.html" failed (2: No such file or directory), client: 141.101.76.188, server: www.ceerun.com, request: "GET /backup/woocommerce_wc_stripe_settings.csv HTTP/2.0", host: "www.ceerun.com"
2026/08/24 23:46:51 [error] 9853#0: *1274884 open() "/www/data/wwwroot/2025_12_26_01/wp-content/uploads/woocommerce_wc_stripe_settings.sql" failed (2: No such file or directory), client: 162.158.111.252, server: www.ceerun.com, request: "GET /wp-content/uploads/woocommerce_wc_stripe_settings.sql HTTP/2.0", host: "www.ceerun.com"
2026/08/24 23:46:51 [error] 9853#0: *1274884 open() "/www/data/wwwroot/2025_12_26_01/404.html" failed (2: No such file or directory), client: 162.158.111.252, server: www.ceerun.com, request: "GET /wp-content/uploads/woocommerce_wc_stripe_settings.sql HTTP/2.0", host: "www.ceerun.com"
2026/08/24 23:46:52 [error] 9853#0: *1274228 open() "/www/data/wwwroot/2025_12_26_01/wp-content/uploads/woocommerce_wc_stripe_settings.log" failed (2: No such file or directory), client: 172.69.109.210, server: www.ceerun.com, request: "GET /wp-content/uploads/woocommerce_wc_stripe_settings.log HTTP/2.0", host: "www.ceerun.com"
2026/08/24 23:46:52 [error] 9853#0: *1274228 open() "/www/data/wwwroot/2025_12_26_01/404.html" failed (2: No such file or directory), client: 172.69.109.210, server: www.ceerun.com, request: "GET /wp-content/uploads/woocommerce_wc_stripe_settings.log HTTP/2.0", host: "www.ceerun.com"
2026/08/24 23:46:52 [error] 9851#0: *1274978 open() "/www/data/wwwroot/2025_12_26_01/wp-content/uploads/woocommerce_wc_stripe_settings.txt" failed (2: No such file or directory), client: 172.71.164.122, server: www.ceerun.com, request: "GET /wp-content/uploads/woocommerce_wc_stripe_settings.txt HTTP/2.0", host: "www.ceerun.com"
2026/08/24 23:46:52 [error] 9851#0: *1274978 open() "/www/data/wwwroot/2025_12_26_01/404.html" failed (2: No such file or directory), client: 172.71.164.122, server: www.ceerun.com, request: "GET /wp-content/uploads/woocommerce_wc_stripe_settings.txt HTTP/2.0", host: "www.ceerun.com"
2026/08/24 23:46:52 [error] 9851#0: *1274979 open() "/www/data/wwwroot/2025_12_26_01/wp-content/uploads/woocommerce_wc_stripe_settings.zip" failed (2: No such file or directory), client: 172.70.240.47, server: www.ceerun.com, request: "GET /wp-content/uploads/woocommerce_wc_stripe_settings.zip HTTP/2.0", host: "www.ceerun.com"
2026/08/24 23:46:52 [error] 9851#0: *1274979 open() "/www/data/wwwroot/2025_12_26_01/404.html" failed (2: No such file or directory), client: 172.70.240.47, server: www.ceerun.com, request: "GET /wp-content/uploads/woocommerce_wc_stripe_settings.zip HTTP/2.0", host: "www.ceerun.com"
2026/08/24 23:46:54 [error] 9853#0: *1274980 open() "/www/data/wwwroot/2025_12_26_01/backup/woocommerce_wc_stripe_settings.tar.gz" failed (2: No such file or directory), client: 172.69.109.150, server: www.ceerun.com, request: "GET /backup/woocommerce_wc_stripe_settings.tar.gz HTTP/2.0", host: "www.ceerun.com"
2026/08/24 23:46:54 [error] 9853#0: *1274980 open() "/www/data/wwwroot/2025_12_26_01/404.html" failed (2: No such file or directory), client: 172.69.109.150, server: www.ceerun.com, request: "GET /backup/woocommerce_wc_stripe_settings.tar.gz HTTP/2.0", host: "www.ceerun.com"
2026/08/24 23:46:54 [error] 9853#0: *1274981 open() "/www/data/wwwroot/2025_12_26_01/wp-content/uploads/woocommerce_wc_stripe_settings.tar.gz" failed (2: No such file or directory), client: 172.71.160.126, server: www.ceerun.com, request: "GET /wp-content/uploads/woocommerce_wc_stripe_settings.tar.gz HTTP/2.0", host: "www.ceerun.com"
2026/08/24 23:46:54 [error] 9853#0: *1274981 open() "/www/data/wwwroot/2025_12_26_01/404.html" failed (2: No such file or directory), client: 172.71.160.126, server: www.ceerun.com, request: "GET /wp-content/uploads/woocommerce_wc_stripe_settings.tar.gz HTTP/2.0", host: "www.ceerun.com"
2026/08/24 23:46:55 [error] 9853#0: *1274983 open() "/www/data/wwwroot/2025_12_26_01/wp-content/uploads/woocommerce_wc_stripe_settings.csv" failed (2: No such file or directory), client: 141.101.76.108, server: www.ceerun.com, request: "GET /wp-content/uploads/woocommerce_wc_stripe_settings.csv HTTP/2.0", host: "www.ceerun.com"
2026/08/24 23:46:55 [error] 9853#0: *1274983 open() "/www/data/wwwroot/2025_12_26_01/404.html" failed (2: No such file or directory), client: 141.101.76.108, server: www.ceerun.com, request: "GET /wp-content/uploads/woocommerce_wc_stripe_settings.csv HTTP/2.0", host: "www.ceerun.com"
2026/08/24 23:46:56 [error] 9853#0: *1274884 open() "/www/data/wwwroot/2025_12_26_01/tmp/woocommerce_wc_stripe_settings.sql" failed (2: No such file or directory), client: 162.158.111.252, server: www.ceerun.com, request: "GET /tmp/woocommerce_wc_stripe_settings.sql HTTP/2.0", host: "www.ceerun.com"
2026/08/24 23:46:56 [error] 9853#0: *1274884 open() "/www/data/wwwroot/2025_12_26_01/404.html" failed (2: No such file or directory), client: 162.158.111.252, server: www.ceerun.com, request: "GET /tmp/woocommerce_wc_stripe_settings.sql HTTP/2.0", host: "www.ceerun.com"
2026/08/24 23:46:57 [error] 9853#0: *1274792 open() "/www/data/wwwroot/2025_12_26_01/tmp/woocommerce_wc_stripe_settings.log" failed (2: No such file or directory), client: 104.23.239.145, server: www.ceerun.com, request: "GET /tmp/woocommerce_wc_stripe_settings.log HTTP/2.0", host: "www.ceerun.com"
2026/08/24 23:46:57 [error] 9853#0: *1274792 open() "/www/data/wwwroot/2025_12_26_01/404.html" failed (2: No such file or directory), client: 104.23.239.145, server: www.ceerun.com, request: "GET /tmp/woocommerce_wc_stripe_settings.log HTTP/2.0", host: "www.ceerun.com"
2026/08/24 23:46:57 [error] 9853#0: *1274228 open() "/www/data/wwwroot/2025_12_26_01/tmp/woocommerce_wc_stripe_settings.txt" failed (2: No such file or directory), client: 172.69.109.210, server: www.ceerun.com, request: "GET /tmp/woocommerce_wc_stripe_settings.txt HTTP/2.0", host: "www.ceerun.com"
2026/08/24 23:46:57 [error] 9853#0: *1274228 open() "/www/data/wwwroot/2025_12_26_01/404.html" failed (2: No such file or directory), client: 172.69.109.210, server: www.ceerun.com, request: "GET /tmp/woocommerce_wc_stripe_settings.txt HTTP/2.0", host: "www.ceerun.com"
2026/08/24 23:46:58 [error] 9851#0: *1274985 open() "/www/data/wwwroot/2025_12_26_01/tmp/woocommerce_wc_stripe_settings.zip" failed (2: No such file or directory), client: 172.68.194.152, server: www.ceerun.com, request: "GET /tmp/woocommerce_wc_stripe_settings.zip HTTP/2.0", host: "www.ceerun.com"
2026/08/24 23:46:58 [error] 9851#0: *1274985 open() "/www/data/wwwroot/2025_12_26_01/404.html" failed (2: No such file or directory), client: 172.68.194.152, server: www.ceerun.com, request: "GET /tmp/woocommerce_wc_stripe_settings.zip HTTP/2.0", host: "www.ceerun.com"
2026/08/24 23:46:58 [error] 9853#0: *1274986 open() "/www/data/wwwroot/2025_12_26_01/tmp/woocommerce_wc_stripe_settings.tar.gz" failed (2: No such file or directory), client: 162.159.113.121, server: www.ceerun.com, request: "GET /tmp/woocommerce_wc_stripe_settings.tar.gz HTTP/2.0", host: "www.ceerun.com"
2026/08/24 23:46:58 [error] 9853#0: *1274986 open() "/www/data/wwwroot/2025_12_26_01/404.html" failed (2: No such file or directory), client: 162.159.113.121, server: www.ceerun.com, request: "GET /tmp/woocommerce_wc_stripe_settings.tar.gz HTTP/2.0", host: "www.ceerun.com"
2026/08/24 23:46:59 [error] 9853#0: *1274768 open() "/www/data/wwwroot/2025_12_26_01/tmp/woocommerce_wc_stripe_settings" failed (2: No such file or directory), client: 172.71.160.42, server: www.ceerun.com, request: "GET /tmp/woocommerce_wc_stripe_settings HTTP/2.0", host: "www.ceerun.com"
2026/08/24 23:46:59 [error] 9853#0: *1274768 open() "/www/data/wwwroot/2025_12_26_01/404.html" failed (2: No such file or directory), client: 172.71.160.42, server: www.ceerun.com, request: "GET /tmp/woocommerce_wc_stripe_settings HTTP/2.0", host: "www.ceerun.com"
2026/08/24 23:46:59 [error] 9853#0: *1274228 open() "/www/data/wwwroot/2025_12_26_01/backup/woocommerce_payments_settings.sql" failed (2: No such file or directory), client: 172.69.109.210, server: www.ceerun.com, request: "GET /backup/woocommerce_payments_settings.sql HTTP/2.0", host: "www.ceerun.com"
2026/08/24 23:46:59 [error] 9853#0: *1274228 open() "/www/data/wwwroot/2025_12_26_01/404.html" failed (2: No such file or directory), client: 172.69.109.210, server: www.ceerun.com, request: "GET /backup/woocommerce_payments_settings.sql HTTP/2.0", host: "www.ceerun.com"
2026/08/24 23:46:59 [error] 9851#0: *1274988 open() "/www/data/wwwroot/2025_12_26_01/tmp/woocommerce_wc_stripe_settings.csv" failed (2: No such file or directory), client: 172.71.160.68, server: www.ceerun.com, request: "GET /tmp/woocommerce_wc_stripe_settings.csv HTTP/2.0", host: "www.ceerun.com"
2026/08/24 23:46:59 [error] 9851#0: *1274988 open() "/www/data/wwwroot/2025_12_26_01/404.html" failed (2: No such file or directory), client: 172.71.160.68, server: www.ceerun.com, request: "GET /tmp/woocommerce_wc_stripe_settings.csv HTTP/2.0", host: "www.ceerun.com"
2026/08/24 23:47:00 [error] 9853#0: *1274228 open() "/www/data/wwwroot/2025_12_26_01/backup/woocommerce_payments_settings" failed (2: No such file or directory), client: 172.69.109.210, server: www.ceerun.com, request: "GET /backup/woocommerce_payments_settings HTTP/2.0", host: "www.ceerun.com"
2026/08/24 23:47:00 [error] 9853#0: *1274228 open() "/www/data/wwwroot/2025_12_26_01/404.html" failed (2: No such file or directory), client: 172.69.109.210, server: www.ceerun.com, request: "GET /backup/woocommerce_payments_settings HTTP/2.0", host: "www.ceerun.com"
2026/08/24 23:47:00 [error] 9853#0: *1274765 open() "/www/data/wwwroot/2025_12_26_01/backup/woocommerce_payments_settings.txt" failed (2: No such file or directory), client: 104.23.170.98, server: www.ceerun.com, request: "GET /backup/woocommerce_payments_settings.txt HTTP/2.0", host: "www.ceerun.com"
2026/08/24 23:47:00 [error] 9853#0: *1274765 open() "/www/data/wwwroot/2025_12_26_01/404.html" failed (2: No such file or directory), client: 104.23.170.98, server: www.ceerun.com, request: "GET /backup/woocommerce_payments_settings.txt HTTP/2.0", host: "www.ceerun.com"
2026/08/24 23:47:10 [error] 9853#0: *1274792 open() "/www/data/wwwroot/2025_12_26_01/wp-content/uploads/woocommerce_payments_settings.sql" failed (2: No such file or directory), client: 104.23.239.145, server: www.ceerun.com, request: "GET /wp-content/uploads/woocommerce_payments_settings.sql HTTP/2.0", host: "www.ceerun.com"
2026/08/24 23:47:10 [error] 9853#0: *1274792 open() "/www/data/wwwroot/2025_12_26_01/404.html" failed (2: No such file or directory), client: 104.23.239.145, server: www.ceerun.com, request: "GET /wp-content/uploads/woocommerce_payments_settings.sql HTTP/2.0", host: "www.ceerun.com"
2026/08/24 23:47:10 [error] 9851#0: *1274934 open() "/www/data/wwwroot/2025_12_26_01/wp-content/uploads/woocommerce_payments_settings.log" failed (2: No such file or directory), client: 172.71.95.82, server: www.ceerun.com, request: "GET /wp-content/uploads/woocommerce_payments_settings.log HTTP/2.0", host: "www.ceerun.com"
2026/08/24 23:47:10 [error] 9851#0: *1274934 open() "/www/data/wwwroot/2025_12_26_01/404.html" failed (2: No such file or directory), client: 172.71.95.82, server: www.ceerun.com, request: "GET /wp-content/uploads/woocommerce_payments_settings.log HTTP/2.0", host: "www.ceerun.com"
2026/08/24 23:47:10 [error] 9851#0: *1275005 open() "/www/data/wwwroot/2025_12_26_01/backup/woocommerce_payments_settings.zip" failed (2: No such file or directory), client: 172.69.109.222, server: www.ceerun.com, request: "GET /backup/woocommerce_payments_settings.zip HTTP/2.0", host: "www.ceerun.com"
2026/08/24 23:47:10 [error] 9851#0: *1275005 open() "/www/data/wwwroot/2025_12_26_01/404.html" failed (2: No such file or directory), client: 172.69.109.222, server: www.ceerun.com, request: "GET /backup/woocommerce_payments_settings.zip HTTP/2.0", host: "www.ceerun.com"
2026/08/24 23:47:11 [error] 9851#0: *1274968 open() "/www/data/wwwroot/2025_12_26_01/backup/woocommerce_payments_settings.csv" failed (2: No such file or directory), client: 172.71.160.204, server: www.ceerun.com, request: "GET /backup/woocommerce_payments_settings.csv HTTP/2.0", host: "www.ceerun.com"
2026/08/24 23:47:11 [error] 9851#0: *1274968 open() "/www/data/wwwroot/2025_12_26_01/404.html" failed (2: No such file or directory), client: 172.71.160.204, server: www.ceerun.com, request: "GET /backup/woocommerce_payments_settings.csv HTTP/2.0", host: "www.ceerun.com"
2026/08/24 23:47:11 [error] 9853#0: *1274884 open() "/www/data/wwwroot/2025_12_26_01/backup/woocommerce_payments_settings.log" failed (2: No such file or directory), client: 162.158.111.252, server: www.ceerun.com, request: "GET /backup/woocommerce_payments_settings.log HTTP/2.0", host: "www.ceerun.com"
2026/08/24 23:47:11 [error] 9853#0: *1274884 open() "/www/data/wwwroot/2025_12_26_01/404.html" failed (2: No such file or directory), client: 162.158.111.252, server: www.ceerun.com, request: "GET /backup/woocommerce_payments_settings.log HTTP/2.0", host: "www.ceerun.com"
2026/08/24 23:47:12 [error] 9853#0: *1274792 open() "/www/data/wwwroot/2025_12_26_01/wp-content/uploads/woocommerce_payments_settings.txt" failed (2: No such file or directory), client: 104.23.239.145, server: www.ceerun.com, request: "GET /wp-content/uploads/woocommerce_payments_settings.txt HTTP/2.0", host: "www.ceerun.com"
2026/08/24 23:47:12 [error] 9853#0: *1274792 open() "/www/data/wwwroot/2025_12_26_01/404.html" failed (2: No such file or directory), client: 104.23.239.145, server: www.ceerun.com, request: "GET /wp-content/uploads/woocommerce_payments_settings.txt HTTP/2.0", host: "www.ceerun.com"
2026/08/24 23:47:12 [error] 9850#0: *1275014 open() "/www/data/wwwroot/2025_12_26_01/wp-content/uploads/woocommerce_payments_settings.tar.gz" failed (2: No such file or directory), client: 104.23.168.18, server: www.ceerun.com, request: "GET /wp-content/uploads/woocommerce_payments_settings.tar.gz HTTP/2.0", host: "www.ceerun.com"
2026/08/24 23:47:12 [error] 9850#0: *1275014 open() "/www/data/wwwroot/2025_12_26_01/404.html" failed (2: No such file or directory), client: 104.23.168.18, server: www.ceerun.com, request: "GET /wp-content/uploads/woocommerce_payments_settings.tar.gz HTTP/2.0", host: "www.ceerun.com"
2026/08/24 23:47:12 [error] 9852#0: *1275016 open() "/www/data/wwwroot/2025_12_26_01/wp-content/uploads/woocommerce_payments_settings.csv" failed (2: No such file or directory), client: 172.69.109.17, server: www.ceerun.com, request: "GET /wp-content/uploads/woocommerce_payments_settings.csv HTTP/2.0", host: "www.ceerun.com"
2026/08/24 23:47:12 [error] 9852#0: *1275016 open() "/www/data/wwwroot/2025_12_26_01/404.html" failed (2: No such file or directory), client: 172.69.109.17, server: www.ceerun.com, request: "GET /wp-content/uploads/woocommerce_payments_settings.csv HTTP/2.0", host: "www.ceerun.com"
2026/08/24 23:47:12 [error] 9851#0: *1274978 open() "/www/data/wwwroot/2025_12_26_01/wp-content/uploads/woocommerce_payments_settings" failed (2: No such file or directory), client: 172.71.164.122, server: www.ceerun.com, request: "GET /wp-content/uploads/woocommerce_payments_settings HTTP/2.0", host: "www.ceerun.com"
2026/08/24 23:47:12 [error] 9851#0: *1274978 open() "/www/data/wwwroot/2025_12_26_01/404.html" failed (2: No such file or directory), client: 172.71.164.122, server: www.ceerun.com, request: "GET /wp-content/uploads/woocommerce_payments_settings HTTP/2.0", host: "www.ceerun.com"
2026/08/24 23:47:14 [error] 9853#0: *1274792 open() "/www/data/wwwroot/2025_12_26_01/tmp/woocommerce_payments_settings" failed (2: No such file or directory), client: 104.23.239.145, server: www.ceerun.com, request: "GET /tmp/woocommerce_payments_settings HTTP/2.0", host: "www.ceerun.com"
2026/08/24 23:47:14 [error] 9853#0: *1274792 open() "/www/data/wwwroot/2025_12_26_01/404.html" failed (2: No such file or directory), client: 104.23.239.145, server: www.ceerun.com, request: "GET /tmp/woocommerce_payments_settings HTTP/2.0", host: "www.ceerun.com"
2026/08/24 23:47:14 [error] 9853#0: *1274228 open() "/www/data/wwwroot/2025_12_26_01/tmp/woocommerce_payments_settings.sql" failed (2: No such file or directory), client: 172.69.109.210, server: www.ceerun.com, request: "GET /tmp/woocommerce_payments_settings.sql HTTP/2.0", host: "www.ceerun.com"
2026/08/24 23:47:14 [error] 9853#0: *1274228 open() "/www/data/wwwroot/2025_12_26_01/404.html" failed (2: No such file or directory), client: 172.69.109.210, server: www.ceerun.com, request: "GET /tmp/woocommerce_payments_settings.sql HTTP/2.0", host: "www.ceerun.com"
2026/08/24 23:47:14 [error] 9851#0: *1274934 open() "/www/data/wwwroot/2025_12_26_01/tmp/woocommerce_payments_settings.log" failed (2: No such file or directory), client: 172.71.95.82, server: www.ceerun.com, request: "GET /tmp/woocommerce_payments_settings.log HTTP/2.0", host: "www.ceerun.com"
2026/08/24 23:47:14 [error] 9851#0: *1274934 open() "/www/data/wwwroot/2025_12_26_01/404.html" failed (2: No such file or directory), client: 172.71.95.82, server: www.ceerun.com, request: "GET /tmp/woocommerce_payments_settings.log HTTP/2.0", host: "www.ceerun.com"
2026/08/24 23:47:14 [error] 9853#0: *1275026 open() "/www/data/wwwroot/2025_12_26_01/backup/woocommerce_payments_settings.tar.gz" failed (2: No such file or directory), client: 172.71.98.118, server: www.ceerun.com, request: "GET /backup/woocommerce_payments_settings.tar.gz HTTP/2.0", host: "www.ceerun.com"
2026/08/24 23:47:14 [error] 9853#0: *1275026 open() "/www/data/wwwroot/2025_12_26_01/404.html" failed (2: No such file or directory), client: 172.71.98.118, server: www.ceerun.com, request: "GET /backup/woocommerce_payments_settings.tar.gz HTTP/2.0", host: "www.ceerun.com"
2026/08/24 23:47:16 [error] 9853#0: *1275032 open() "/www/data/wwwroot/2025_12_26_01/wp-content/uploads/woocommerce_payments_settings.zip" failed (2: No such file or directory), client: 172.69.109.238, server: www.ceerun.com, request: "GET /wp-content/uploads/woocommerce_payments_settings.zip HTTP/2.0", host: "www.ceerun.com"
2026/08/24 23:47:16 [error] 9853#0: *1275032 open() "/www/data/wwwroot/2025_12_26_01/404.html" failed (2: No such file or directory), client: 172.69.109.238, server: www.ceerun.com, request: "GET /wp-content/uploads/woocommerce_payments_settings.zip HTTP/2.0", host: "www.ceerun.com"
2026/08/24 23:47:22 [error] 9853#0: *1274228 open() "/www/data/wwwroot/2025_12_26_01/tmp/woocommerce_payments_settings.txt" failed (2: No such file or directory), client: 172.69.109.210, server: www.ceerun.com, request: "GET /tmp/woocommerce_payments_settings.txt HTTP/2.0", host: "www.ceerun.com"
2026/08/24 23:47:22 [error] 9853#0: *1274228 open() "/www/data/wwwroot/2025_12_26_01/404.html" failed (2: No such file or directory), client: 172.69.109.210, server: www.ceerun.com, request: "GET /tmp/woocommerce_payments_settings.txt HTTP/2.0", host: "www.ceerun.com"
2026/08/24 23:47:22 [error] 9853#0: *1274765 open() "/www/data/wwwroot/2025_12_26_01/backup/give_stripe_settings" failed (2: No such file or directory), client: 104.23.170.98, server: www.ceerun.com, request: "GET /backup/give_stripe_settings HTTP/2.0", host: "www.ceerun.com"
2026/08/24 23:47:22 [error] 9853#0: *1274765 open() "/www/data/wwwroot/2025_12_26_01/404.html" failed (2: No such file or directory), client: 104.23.170.98, server: www.ceerun.com, request: "GET /backup/give_stripe_settings HTTP/2.0", host: "www.ceerun.com"
2026/08/24 23:47:22 [error] 9853#0: *1274792 open() "/www/data/wwwroot/2025_12_26_01/backup/give_stripe_settings.sql" failed (2: No such file or directory), client: 104.23.239.145, server: www.ceerun.com, request: "GET /backup/give_stripe_settings.sql HTTP/2.0", host: "www.ceerun.com"
2026/08/24 23:47:22 [error] 9853#0: *1274792 open() "/www/data/wwwroot/2025_12_26_01/404.html" failed (2: No such file or directory), client: 104.23.239.145, server: www.ceerun.com, request: "GET /backup/give_stripe_settings.sql HTTP/2.0", host: "www.ceerun.com"
2026/08/24 23:47:23 [error] 9850#0: *1275047 open() "/www/data/wwwroot/2025_12_26_01/tmp/woocommerce_payments_settings.tar.gz" failed (2: No such file or directory), client: 141.101.76.9, server: www.ceerun.com, request: "GET /tmp/woocommerce_payments_settings.tar.gz HTTP/2.0", host: "www.ceerun.com"
2026/08/24 23:47:23 [error] 9850#0: *1275047 open() "/www/data/wwwroot/2025_12_26_01/404.html" failed (2: No such file or directory), client: 141.101.76.9, server: www.ceerun.com, request: "GET /tmp/woocommerce_payments_settings.tar.gz HTTP/2.0", host: "www.ceerun.com"
2026/08/24 23:47:23 [error] 9853#0: *1275048 open() "/www/data/wwwroot/2025_12_26_01/tmp/woocommerce_payments_settings.zip" failed (2: No such file or directory), client: 172.69.109.13, server: www.ceerun.com, request: "GET /tmp/woocommerce_payments_settings.zip HTTP/2.0", host: "www.ceerun.com"
2026/08/24 23:47:23 [error] 9853#0: *1275048 open() "/www/data/wwwroot/2025_12_26_01/404.html" failed (2: No such file or directory), client: 172.69.109.13, server: www.ceerun.com, request: "GET /tmp/woocommerce_payments_settings.zip HTTP/2.0", host: "www.ceerun.com"
2026/08/24 23:47:24 [error] 9853#0: *1275049 open() "/www/data/wwwroot/2025_12_26_01/backup/give_stripe_settings.log" failed (2: No such file or directory), client: 104.23.168.6, server: www.ceerun.com, request: "GET /backup/give_stripe_settings.log HTTP/2.0", host: "www.ceerun.com"
2026/08/24 23:47:24 [error] 9853#0: *1275049 open() "/www/data/wwwroot/2025_12_26_01/404.html" failed (2: No such file or directory), client: 104.23.168.6, server: www.ceerun.com, request: "GET /backup/give_stripe_settings.log HTTP/2.0", host: "www.ceerun.com"
2026/08/24 23:47:24 [error] 9851#0: *1274978 open() "/www/data/wwwroot/2025_12_26_01/backup/give_stripe_settings.txt" failed (2: No such file or directory), client: 172.71.164.122, server: www.ceerun.com, request: "GET /backup/give_stripe_settings.txt HTTP/2.0", host: "www.ceerun.com"
2026/08/24 23:47:24 [error] 9851#0: *1274978 open() "/www/data/wwwroot/2025_12_26_01/404.html" failed (2: No such file or directory), client: 172.71.164.122, server: www.ceerun.com, request: "GET /backup/give_stripe_settings.txt HTTP/2.0", host: "www.ceerun.com"
2026/08/24 23:47:26 [error] 9850#0: *1275051 open() "/www/data/wwwroot/2025_12_26_01/backup/give_stripe_settings.zip" failed (2: No such file or directory), client: 172.69.109.31, server: www.ceerun.com, request: "GET /backup/give_stripe_settings.zip HTTP/2.0", host: "www.ceerun.com"
2026/08/24 23:47:26 [error] 9850#0: *1275051 open() "/www/data/wwwroot/2025_12_26_01/404.html" failed (2: No such file or directory), client: 172.69.109.31, server: www.ceerun.com, request: "GET /backup/give_stripe_settings.zip HTTP/2.0", host: "www.ceerun.com"
2026/08/24 23:47:26 [error] 9853#0: *1274792 open() "/www/data/wwwroot/2025_12_26_01/wp-content/uploads/give_stripe_settings" failed (2: No such file or directory), client: 104.23.239.145, server: www.ceerun.com, request: "GET /wp-content/uploads/give_stripe_settings HTTP/2.0", host: "www.ceerun.com"
2026/08/24 23:47:26 [error] 9853#0: *1274792 open() "/www/data/wwwroot/2025_12_26_01/404.html" failed (2: No such file or directory), client: 104.23.239.145, server: www.ceerun.com, request: "GET /wp-content/uploads/give_stripe_settings HTTP/2.0", host: "www.ceerun.com"
2026/08/24 23:47:26 [error] 9850#0: *1275052 open() "/www/data/wwwroot/2025_12_26_01/backup/give_stripe_settings.csv" failed (2: No such file or directory), client: 141.101.76.191, server: www.ceerun.com, request: "GET /backup/give_stripe_settings.csv HTTP/2.0", host: "www.ceerun.com"
2026/08/24 23:47:26 [error] 9850#0: *1275052 open() "/www/data/wwwroot/2025_12_26_01/404.html" failed (2: No such file or directory), client: 141.101.76.191, server: www.ceerun.com, request: "GET /backup/give_stripe_settings.csv HTTP/2.0", host: "www.ceerun.com"
2026/08/24 23:47:26 [error] 9853#0: *1274228 open() "/www/data/wwwroot/2025_12_26_01/wp-content/uploads/give_stripe_settings.sql" failed (2: No such file or directory), client: 172.69.109.210, server: www.ceerun.com, request: "GET /wp-content/uploads/give_stripe_settings.sql HTTP/2.0", host: "www.ceerun.com"
2026/08/24 23:47:26 [error] 9853#0: *1274228 open() "/www/data/wwwroot/2025_12_26_01/404.html" failed (2: No such file or directory), client: 172.69.109.210, server: www.ceerun.com, request: "GET /wp-content/uploads/give_stripe_settings.sql HTTP/2.0", host: "www.ceerun.com"
2026/08/24 23:47:27 [error] 9853#0: *1274765 open() "/www/data/wwwroot/2025_12_26_01/wp-content/uploads/give_stripe_settings.log" failed (2: No such file or directory), client: 104.23.170.98, server: www.ceerun.com, request: "GET /wp-content/uploads/give_stripe_settings.log HTTP/2.0", host: "www.ceerun.com"
2026/08/24 23:47:27 [error] 9853#0: *1274765 open() "/www/data/wwwroot/2025_12_26_01/404.html" failed (2: No such file or directory), client: 104.23.170.98, server: www.ceerun.com, request: "GET /wp-content/uploads/give_stripe_settings.log HTTP/2.0", host: "www.ceerun.com"
2026/08/24 23:47:27 [error] 9853#0: *1275055 open() "/www/data/wwwroot/2025_12_26_01/tmp/woocommerce_payments_settings.csv" failed (2: No such file or directory), client: 172.71.160.74, server: www.ceerun.com, request: "GET /tmp/woocommerce_payments_settings.csv HTTP/2.0", host: "www.ceerun.com"
2026/08/24 23:47:27 [error] 9853#0: *1275055 open() "/www/data/wwwroot/2025_12_26_01/404.html" failed (2: No such file or directory), client: 172.71.160.74, server: www.ceerun.com, request: "GET /tmp/woocommerce_payments_settings.csv HTTP/2.0", host: "www.ceerun.com"
2026/08/24 23:47:27 [error] 9853#0: *1274228 open() "/www/data/wwwroot/2025_12_26_01/wp-content/uploads/give_stripe_settings.txt" failed (2: No such file or directory), client: 172.69.109.210, server: www.ceerun.com, request: "GET /wp-content/uploads/give_stripe_settings.txt HTTP/2.0", host: "www.ceerun.com"
2026/08/24 23:47:27 [error] 9853#0: *1274228 open() "/www/data/wwwroot/2025_12_26_01/404.html" failed (2: No such file or directory), client: 172.69.109.210, server: www.ceerun.com, request: "GET /wp-content/uploads/give_stripe_settings.txt HTTP/2.0", host: "www.ceerun.com"
2026/08/24 23:47:28 [error] 9850#0: *1275060 open() "/www/data/wwwroot/2025_12_26_01/wp-content/uploads/give_stripe_settings.zip" failed (2: No such file or directory), client: 172.70.248.133, server: www.ceerun.com, request: "GET /wp-content/uploads/give_stripe_settings.zip HTTP/2.0", host: "www.ceerun.com"
2026/08/24 23:47:28 [error] 9850#0: *1275060 open() "/www/data/wwwroot/2025_12_26_01/404.html" failed (2: No such file or directory), client: 172.70.248.133, server: www.ceerun.com, request: "GET /wp-content/uploads/give_stripe_settings.zip HTTP/2.0", host: "www.ceerun.com"
2026/08/24 23:47:29 [error] 9851#0: *1274934 open() "/www/data/wwwroot/2025_12_26_01/tmp/give_stripe_settings" failed (2: No such file or directory), client: 172.71.95.82, server: www.ceerun.com, request: "GET /tmp/give_stripe_settings HTTP/2.0", host: "www.ceerun.com"
2026/08/24 23:47:29 [error] 9851#0: *1274934 open() "/www/data/wwwroot/2025_12_26_01/404.html" failed (2: No such file or directory), client: 172.71.95.82, server: www.ceerun.com, request: "GET /tmp/give_stripe_settings HTTP/2.0", host: "www.ceerun.com"
2026/08/24 23:47:30 [error] 9853#0: *1275067 open() "/www/data/wwwroot/2025_12_26_01/wp-content/uploads/give_stripe_settings.tar.gz" failed (2: No such file or directory), client: 172.71.160.164, server: www.ceerun.com, request: "GET /wp-content/uploads/give_stripe_settings.tar.gz HTTP/2.0", host: "www.ceerun.com"
2026/08/24 23:47:30 [error] 9853#0: *1275067 open() "/www/data/wwwroot/2025_12_26_01/404.html" failed (2: No such file or directory), client: 172.71.160.164, server: www.ceerun.com, request: "GET /wp-content/uploads/give_stripe_settings.tar.gz HTTP/2.0", host: "www.ceerun.com"
2026/08/24 23:47:30 [error] 9853#0: *1275049 open() "/www/data/wwwroot/2025_12_26_01/tmp/give_stripe_settings.log" failed (2: No such file or directory), client: 104.23.168.6, server: www.ceerun.com, request: "GET /tmp/give_stripe_settings.log HTTP/2.0", host: "www.ceerun.com"
2026/08/24 23:47:30 [error] 9853#0: *1275049 open() "/www/data/wwwroot/2025_12_26_01/404.html" failed (2: No such file or directory), client: 104.23.168.6, server: www.ceerun.com, request: "GET /tmp/give_stripe_settings.log HTTP/2.0", host: "www.ceerun.com"
2026/08/24 23:47:30 [error] 9850#0: *1275071 open() "/www/data/wwwroot/2025_12_26_01/wp-content/uploads/give_stripe_settings.csv" failed (2: No such file or directory), client: 172.70.248.31, server: www.ceerun.com, request: "GET /wp-content/uploads/give_stripe_settings.csv HTTP/2.0", host: "www.ceerun.com"
2026/08/24 23:47:30 [error] 9850#0: *1275071 open() "/www/data/wwwroot/2025_12_26_01/404.html" failed (2: No such file or directory), client: 172.70.248.31, server: www.ceerun.com, request: "GET /wp-content/uploads/give_stripe_settings.csv HTTP/2.0", host: "www.ceerun.com"
2026/08/24 23:47:31 [error] 9853#0: *1274792 open() "/www/data/wwwroot/2025_12_26_01/tmp/give_stripe_settings.sql" failed (2: No such file or directory), client: 104.23.239.145, server: www.ceerun.com, request: "GET /tmp/give_stripe_settings.sql HTTP/2.0", host: "www.ceerun.com"
2026/08/24 23:47:31 [error] 9853#0: *1274792 open() "/www/data/wwwroot/2025_12_26_01/404.html" failed (2: No such file or directory), client: 104.23.239.145, server: www.ceerun.com, request: "GET /tmp/give_stripe_settings.sql HTTP/2.0", host: "www.ceerun.com"
2026/08/24 23:47:32 [error] 9853#0: *1274228 open() "/www/data/wwwroot/2025_12_26_01/tmp/give_stripe_settings.txt" failed (2: No such file or directory), client: 172.69.109.210, server: www.ceerun.com, request: "GET /tmp/give_stripe_settings.txt HTTP/2.0", host: "www.ceerun.com"
2026/08/24 23:47:32 [error] 9853#0: *1274228 open() "/www/data/wwwroot/2025_12_26_01/404.html" failed (2: No such file or directory), client: 172.69.109.210, server: www.ceerun.com, request: "GET /tmp/give_stripe_settings.txt HTTP/2.0", host: "www.ceerun.com"
2026/08/24 23:47:32 [error] 9850#0: *1275080 open() "/www/data/wwwroot/2025_12_26_01/backup/give_stripe_settings.tar.gz" failed (2: No such file or directory), client: 172.69.109.61, server: www.ceerun.com, request: "GET /backup/give_stripe_settings.tar.gz HTTP/2.0", host: "www.ceerun.com"
2026/08/24 23:47:32 [error] 9850#0: *1275080 open() "/www/data/wwwroot/2025_12_26_01/404.html" failed (2: No such file or directory), client: 172.69.109.61, server: www.ceerun.com, request: "GET /backup/give_stripe_settings.tar.gz HTTP/2.0", host: "www.ceerun.com"
2026/08/24 23:47:34 [error] 9851#0: *1275082 open() "/www/data/wwwroot/2025_12_26_01/tmp/give_stripe_settings.zip" failed (2: No such file or directory), client: 172.69.109.202, server: www.ceerun.com, request: "GET /tmp/give_stripe_settings.zip HTTP/2.0", host: "www.ceerun.com"
2026/08/24 23:47:34 [error] 9851#0: *1275082 open() "/www/data/wwwroot/2025_12_26_01/404.html" failed (2: No such file or directory), client: 172.69.109.202, server: www.ceerun.com, request: "GET /tmp/give_stripe_settings.zip HTTP/2.0", host: "www.ceerun.com"
2026/08/24 23:47:34 [error] 9853#0: *1275085 open() "/www/data/wwwroot/2025_12_26_01/tmp/give_stripe_settings.tar.gz" failed (2: No such file or directory), client: 162.158.110.33, server: www.ceerun.com, request: "GET /tmp/give_stripe_settings.tar.gz HTTP/2.0", host: "www.ceerun.com"
2026/08/24 23:47:34 [error] 9853#0: *1275085 open() "/www/data/wwwroot/2025_12_26_01/404.html" failed (2: No such file or directory), client: 162.158.110.33, server: www.ceerun.com, request: "GET /tmp/give_stripe_settings.tar.gz HTTP/2.0", host: "www.ceerun.com"
2026/08/24 23:47:35 [error] 9851#0: *1275087 open() "/www/data/wwwroot/2025_12_26_01/tmp/give_stripe_settings.csv" failed (2: No such file or directory), client: 162.159.113.39, server: www.ceerun.com, request: "GET /tmp/give_stripe_settings.csv HTTP/2.0", host: "www.ceerun.com"
2026/08/24 23:47:35 [error] 9851#0: *1275087 open() "/www/data/wwwroot/2025_12_26_01/404.html" failed (2: No such file or directory), client: 162.159.113.39, server: www.ceerun.com, request: "GET /tmp/give_stripe_settings.csv HTTP/2.0", host: "www.ceerun.com"
2026/08/24 23:47:36 [error] 9851#0: *1274978 open() "/www/data/wwwroot/2025_12_26_01/wp-content/uploads/woocommerce_stripe_sepa_settings" failed (2: No such file or directory), client: 172.71.164.122, server: www.ceerun.com, request: "GET /wp-content/uploads/woocommerce_stripe_sepa_settings HTTP/2.0", host: "www.ceerun.com"
2026/08/24 23:47:36 [error] 9851#0: *1274978 open() "/www/data/wwwroot/2025_12_26_01/404.html" failed (2: No such file or directory), client: 172.71.164.122, server: www.ceerun.com, request: "GET /wp-content/uploads/woocommerce_stripe_sepa_settings HTTP/2.0", host: "www.ceerun.com"
2026/08/24 23:47:38 [error] 9853#0: *1274765 open() "/www/data/wwwroot/2025_12_26_01/wp-content/uploads/woocommerce_stripe_sepa_settings.log" failed (2: No such file or directory), client: 104.23.170.98, server: www.ceerun.com, request: "GET /wp-content/uploads/woocommerce_stripe_sepa_settings.log HTTP/2.0", host: "www.ceerun.com"
2026/08/24 23:47:38 [error] 9853#0: *1274765 open() "/www/data/wwwroot/2025_12_26_01/404.html" failed (2: No such file or directory), client: 104.23.170.98, server: www.ceerun.com, request: "GET /wp-content/uploads/woocommerce_stripe_sepa_settings.log HTTP/2.0", host: "www.ceerun.com"
2026/08/24 23:47:39 [error] 9851#0: *1275101 open() "/www/data/wwwroot/2025_12_26_01/wp-content/uploads/woocommerce_stripe_sepa_settings.txt" failed (2: No such file or directory), client: 172.69.151.10, server: www.ceerun.com, request: "GET /wp-content/uploads/woocommerce_stripe_sepa_settings.txt HTTP/2.0", host: "www.ceerun.com"
2026/08/24 23:47:39 [error] 9851#0: *1275101 open() "/www/data/wwwroot/2025_12_26_01/404.html" failed (2: No such file or directory), client: 172.69.151.10, server: www.ceerun.com, request: "GET /wp-content/uploads/woocommerce_stripe_sepa_settings.txt HTTP/2.0", host: "www.ceerun.com"
2026/08/24 23:47:39 [error] 9853#0: *1275102 open() "/www/data/wwwroot/2025_12_26_01/wp-content/uploads/woocommerce_stripe_sepa_settings.sql" failed (2: No such file or directory), client: 172.71.148.161, server: www.ceerun.com, request: "GET /wp-content/uploads/woocommerce_stripe_sepa_settings.sql HTTP/2.0", host: "www.ceerun.com"
2026/08/24 23:47:39 [error] 9853#0: *1275102 open() "/www/data/wwwroot/2025_12_26_01/404.html" failed (2: No such file or directory), client: 172.71.148.161, server: www.ceerun.com, request: "GET /wp-content/uploads/woocommerce_stripe_sepa_settings.sql HTTP/2.0", host: "www.ceerun.com"
2026/08/24 23:47:40 [error] 9853#0: *1274792 open() "/www/data/wwwroot/2025_12_26_01/wp-content/uploads/woocommerce_stripe_klarna_settings" failed (2: No such file or directory), client: 104.23.239.145, server: www.ceerun.com, request: "GET /wp-content/uploads/woocommerce_stripe_klarna_settings HTTP/2.0", host: "www.ceerun.com"
2026/08/24 23:47:40 [error] 9853#0: *1274792 open() "/www/data/wwwroot/2025_12_26_01/404.html" failed (2: No such file or directory), client: 104.23.239.145, server: www.ceerun.com, request: "GET /wp-content/uploads/woocommerce_stripe_klarna_settings HTTP/2.0", host: "www.ceerun.com"
2026/08/24 23:47:40 [error] 9853#0: *1274228 open() "/www/data/wwwroot/2025_12_26_01/wp-content/uploads/woocommerce_stripe_klarna_settings.log" failed (2: No such file or directory), client: 172.69.109.210, server: www.ceerun.com, request: "GET /wp-content/uploads/woocommerce_stripe_klarna_settings.log HTTP/2.0", host: "www.ceerun.com"
2026/08/24 23:47:40 [error] 9853#0: *1274228 open() "/www/data/wwwroot/2025_12_26_01/404.html" failed (2: No such file or directory), client: 172.69.109.210, server: www.ceerun.com, request: "GET /wp-content/uploads/woocommerce_stripe_klarna_settings.log HTTP/2.0", host: "www.ceerun.com"
2026/08/24 23:47:42 [error] 9851#0: *1274978 open() "/www/data/wwwroot/2025_12_26_01/wp-content/uploads/woocommerce_stripe_klarna_settings.sql" failed (2: No such file or directory), client: 172.71.164.122, server: www.ceerun.com, request: "GET /wp-content/uploads/woocommerce_stripe_klarna_settings.sql HTTP/2.0", host: "www.ceerun.com"
2026/08/24 23:47:42 [error] 9851#0: *1274978 open() "/www/data/wwwroot/2025_12_26_01/404.html" failed (2: No such file or directory), client: 172.71.164.122, server: www.ceerun.com, request: "GET /wp-content/uploads/woocommerce_stripe_klarna_settings.sql HTTP/2.0", host: "www.ceerun.com"
