2026/08/24 23:36:21 [error] 9852#0: *1273665 open() "/www/data/wwwroot/2025_12_26_01/404.html" failed (2: No such file or directory), client: 172.71.160.42, server: www.ceerun.com, request: "GET /backup/wp2shell_opt_woocommerce_ppec_paypal_settings HTTP/2.0", host: "www.ceerun.com"
2026/08/24 23:36:21 [error] 9850#0: *1273772 open() "/www/data/wwwroot/2025_12_26_01/backups/opt_woocommerce_ppec_paypal_settings" failed (2: No such file or directory), client: 172.71.95.81, server: www.ceerun.com, request: "GET /backups/opt_woocommerce_ppec_paypal_settings HTTP/2.0", host: "www.ceerun.com"
2026/08/24 23:36:21 [error] 9850#0: *1273772 open() "/www/data/wwwroot/2025_12_26_01/404.html" failed (2: No such file or directory), client: 172.71.95.81, server: www.ceerun.com, request: "GET /backups/opt_woocommerce_ppec_paypal_settings HTTP/2.0", host: "www.ceerun.com"
2026/08/24 23:36:21 [error] 9851#0: *1273792 open() "/www/data/wwwroot/2025_12_26_01/backups/wp2shell_opt_woocommerce_ppec_paypal_settings" failed (2: No such file or directory), client: 162.159.113.121, server: www.ceerun.com, request: "GET /backups/wp2shell_opt_woocommerce_ppec_paypal_settings HTTP/2.0", host: "www.ceerun.com"
2026/08/24 23:36:21 [error] 9851#0: *1273792 open() "/www/data/wwwroot/2025_12_26_01/404.html" failed (2: No such file or directory), client: 162.159.113.121, server: www.ceerun.com, request: "GET /backups/wp2shell_opt_woocommerce_ppec_paypal_settings HTTP/2.0", host: "www.ceerun.com"
2026/08/24 23:36:21 [error] 9851#0: *1273799 open() "/www/data/wwwroot/2025_12_26_01/wp-content/opt_woocommerce_ppec_paypal_settings" failed (2: No such file or directory), client: 172.71.182.235, server: www.ceerun.com, request: "GET /wp-content/opt_woocommerce_ppec_paypal_settings HTTP/2.0", host: "www.ceerun.com"
2026/08/24 23:36:21 [error] 9851#0: *1273799 open() "/www/data/wwwroot/2025_12_26_01/404.html" failed (2: No such file or directory), client: 172.71.182.235, server: www.ceerun.com, request: "GET /wp-content/opt_woocommerce_ppec_paypal_settings HTTP/2.0", host: "www.ceerun.com"
2026/08/24 23:36:22 [error] 9853#0: *1273821 open() "/www/data/wwwroot/2025_12_26_01/tmp/woocommerce_stripe_api_settings" failed (2: No such file or directory), client: 172.71.172.81, server: www.ceerun.com, request: "GET /tmp/woocommerce_stripe_api_settings HTTP/2.0", host: "ceerun.com"
2026/08/24 23:36:22 [error] 9853#0: *1273821 open() "/www/data/wwwroot/2025_12_26_01/404.html" failed (2: No such file or directory), client: 172.71.172.81, server: www.ceerun.com, request: "GET /tmp/woocommerce_stripe_api_settings HTTP/2.0", host: "ceerun.com"
2026/08/24 23:36:22 [error] 9850#0: *1273838 open() "/www/data/wwwroot/2025_12_26_01/wp-content/uploads/woocommerce_stripe_api_settings.csv" failed (2: No such file or directory), client: 172.69.109.248, server: www.ceerun.com, request: "GET /wp-content/uploads/woocommerce_stripe_api_settings.csv HTTP/2.0", host: "ceerun.com"
2026/08/24 23:36:22 [error] 9850#0: *1273838 open() "/www/data/wwwroot/2025_12_26_01/404.html" failed (2: No such file or directory), client: 172.69.109.248, server: www.ceerun.com, request: "GET /wp-content/uploads/woocommerce_stripe_api_settings.csv HTTP/2.0", host: "ceerun.com"
2026/08/24 23:36:23 [error] 9850#0: *1273839 open() "/www/data/wwwroot/2025_12_26_01/tmp/woocommerce_stripe_api_settings.zip" failed (2: No such file or directory), client: 172.68.194.165, server: www.ceerun.com, request: "GET /tmp/woocommerce_stripe_api_settings.zip HTTP/2.0", host: "ceerun.com"
2026/08/24 23:36:23 [error] 9850#0: *1273839 open() "/www/data/wwwroot/2025_12_26_01/404.html" failed (2: No such file or directory), client: 172.68.194.165, server: www.ceerun.com, request: "GET /tmp/woocommerce_stripe_api_settings.zip HTTP/2.0", host: "ceerun.com"
2026/08/24 23:36:23 [error] 9853#0: *1273840 open() "/www/data/wwwroot/2025_12_26_01/tmp/woocommerce_stripe_api_settings.tar.gz" failed (2: No such file or directory), client: 162.159.113.152, server: www.ceerun.com, request: "GET /tmp/woocommerce_stripe_api_settings.tar.gz HTTP/2.0", host: "ceerun.com"
2026/08/24 23:36:23 [error] 9853#0: *1273840 open() "/www/data/wwwroot/2025_12_26_01/404.html" failed (2: No such file or directory), client: 162.159.113.152, server: www.ceerun.com, request: "GET /tmp/woocommerce_stripe_api_settings.tar.gz HTTP/2.0", host: "ceerun.com"
2026/08/24 23:36:24 [error] 9851#0: *1273816 open() "/www/data/wwwroot/2025_12_26_01/backup/woocommerce_paypal_settings" failed (2: No such file or directory), client: 172.69.109.110, server: www.ceerun.com, request: "GET /backup/woocommerce_paypal_settings HTTP/2.0", host: "ceerun.com"
2026/08/24 23:36:24 [error] 9851#0: *1273816 open() "/www/data/wwwroot/2025_12_26_01/404.html" failed (2: No such file or directory), client: 172.69.109.110, server: www.ceerun.com, request: "GET /backup/woocommerce_paypal_settings HTTP/2.0", host: "ceerun.com"
2026/08/24 23:36:24 [error] 9850#0: *1273842 open() "/www/data/wwwroot/2025_12_26_01/tmp/woocommerce_stripe_api_settings.csv" failed (2: No such file or directory), client: 172.71.164.170, server: www.ceerun.com, request: "GET /tmp/woocommerce_stripe_api_settings.csv HTTP/2.0", host: "ceerun.com"
2026/08/24 23:36:24 [error] 9850#0: *1273842 open() "/www/data/wwwroot/2025_12_26_01/404.html" failed (2: No such file or directory), client: 172.71.164.170, server: www.ceerun.com, request: "GET /tmp/woocommerce_stripe_api_settings.csv HTTP/2.0", host: "ceerun.com"
2026/08/24 23:36:25 [error] 9850#0: *1273815 open() "/www/data/wwwroot/2025_12_26_01/backup/woocommerce_paypal_settings.log" failed (2: No such file or directory), client: 172.69.109.110, server: www.ceerun.com, request: "GET /backup/woocommerce_paypal_settings.log HTTP/2.0", host: "ceerun.com"
2026/08/24 23:36:25 [error] 9850#0: *1273815 open() "/www/data/wwwroot/2025_12_26_01/404.html" failed (2: No such file or directory), client: 172.69.109.110, server: www.ceerun.com, request: "GET /backup/woocommerce_paypal_settings.log HTTP/2.0", host: "ceerun.com"
2026/08/24 23:36:25 [error] 9851#0: *1273818 open() "/www/data/wwwroot/2025_12_26_01/tmp/woocommerce_stripe_api_settings.log" failed (2: No such file or directory), client: 104.23.239.13, server: www.ceerun.com, request: "GET /tmp/woocommerce_stripe_api_settings.log HTTP/2.0", host: "ceerun.com"
2026/08/24 23:36:25 [error] 9851#0: *1273818 open() "/www/data/wwwroot/2025_12_26_01/404.html" failed (2: No such file or directory), client: 104.23.239.13, server: www.ceerun.com, request: "GET /tmp/woocommerce_stripe_api_settings.log HTTP/2.0", host: "ceerun.com"
2026/08/24 23:36:25 [error] 9850#0: *1273815 open() "/www/data/wwwroot/2025_12_26_01/backup/woocommerce_paypal_settings.sql" failed (2: No such file or directory), client: 172.69.109.110, server: www.ceerun.com, request: "GET /backup/woocommerce_paypal_settings.sql HTTP/2.0", host: "ceerun.com"
2026/08/24 23:36:25 [error] 9850#0: *1273815 open() "/www/data/wwwroot/2025_12_26_01/404.html" failed (2: No such file or directory), client: 172.69.109.110, server: www.ceerun.com, request: "GET /backup/woocommerce_paypal_settings.sql HTTP/2.0", host: "ceerun.com"
2026/08/24 23:36:25 [error] 9851#0: *1273583 open() "/www/data/wwwroot/2025_12_26_01/tmp/woocommerce_stripe_api_settings.txt" failed (2: No such file or directory), client: 172.69.150.79, server: www.ceerun.com, request: "GET /tmp/woocommerce_stripe_api_settings.txt HTTP/2.0", host: "ceerun.com"
2026/08/24 23:36:25 [error] 9851#0: *1273583 open() "/www/data/wwwroot/2025_12_26_01/404.html" failed (2: No such file or directory), client: 172.69.150.79, server: www.ceerun.com, request: "GET /tmp/woocommerce_stripe_api_settings.txt HTTP/2.0", host: "ceerun.com"
2026/08/24 23:36:25 [error] 9850#0: *1273846 open() "/www/data/wwwroot/2025_12_26_01/backup/woocommerce_paypal_settings.txt" failed (2: No such file or directory), client: 172.70.240.200, server: www.ceerun.com, request: "GET /backup/woocommerce_paypal_settings.txt HTTP/2.0", host: "ceerun.com"
2026/08/24 23:36:25 [error] 9850#0: *1273846 open() "/www/data/wwwroot/2025_12_26_01/404.html" failed (2: No such file or directory), client: 172.70.240.200, server: www.ceerun.com, request: "GET /backup/woocommerce_paypal_settings.txt HTTP/2.0", host: "ceerun.com"
2026/08/24 23:36:25 [error] 9850#0: *1273847 open() "/www/data/wwwroot/2025_12_26_01/tmp/woocommerce_stripe_api_settings.sql" failed (2: No such file or directory), client: 172.70.248.186, server: www.ceerun.com, request: "GET /tmp/woocommerce_stripe_api_settings.sql HTTP/2.0", host: "ceerun.com"
2026/08/24 23:36:25 [error] 9850#0: *1273847 open() "/www/data/wwwroot/2025_12_26_01/404.html" failed (2: No such file or directory), client: 172.70.248.186, server: www.ceerun.com, request: "GET /tmp/woocommerce_stripe_api_settings.sql HTTP/2.0", host: "ceerun.com"
2026/08/24 23:36:26 [error] 9850#0: *1273852 open() "/www/data/wwwroot/2025_12_26_01/backup/woocommerce_paypal_settings.zip" failed (2: No such file or directory), client: 162.158.110.33, server: www.ceerun.com, request: "GET /backup/woocommerce_paypal_settings.zip HTTP/2.0", host: "ceerun.com"
2026/08/24 23:36:26 [error] 9850#0: *1273852 open() "/www/data/wwwroot/2025_12_26_01/404.html" failed (2: No such file or directory), client: 162.158.110.33, server: www.ceerun.com, request: "GET /backup/woocommerce_paypal_settings.zip HTTP/2.0", host: "ceerun.com"
2026/08/24 23:36:28 [error] 9851#0: *1273856 open() "/www/data/wwwroot/2025_12_26_01/backup/woocommerce_paypal_settings.tar.gz" failed (2: No such file or directory), client: 172.71.102.237, server: www.ceerun.com, request: "GET /backup/woocommerce_paypal_settings.tar.gz HTTP/2.0", host: "ceerun.com"
2026/08/24 23:36:28 [error] 9851#0: *1273856 open() "/www/data/wwwroot/2025_12_26_01/404.html" failed (2: No such file or directory), client: 172.71.102.237, server: www.ceerun.com, request: "GET /backup/woocommerce_paypal_settings.tar.gz HTTP/2.0", host: "ceerun.com"
2026/08/24 23:36:29 [error] 9853#0: *1273859 open() "/www/data/wwwroot/2025_12_26_01/backup/woocommerce_paypal_settings.csv" failed (2: No such file or directory), client: 172.70.247.133, server: www.ceerun.com, request: "GET /backup/woocommerce_paypal_settings.csv HTTP/2.0", host: "ceerun.com"
2026/08/24 23:36:29 [error] 9853#0: *1273859 open() "/www/data/wwwroot/2025_12_26_01/404.html" failed (2: No such file or directory), client: 172.70.247.133, server: www.ceerun.com, request: "GET /backup/woocommerce_paypal_settings.csv HTTP/2.0", host: "ceerun.com"
2026/08/24 23:36:29 [error] 9851#0: *1273818 open() "/www/data/wwwroot/2025_12_26_01/wp-content/uploads/woocommerce_paypal_settings" failed (2: No such file or directory), client: 104.23.239.13, server: www.ceerun.com, request: "GET /wp-content/uploads/woocommerce_paypal_settings HTTP/2.0", host: "ceerun.com"
2026/08/24 23:36:29 [error] 9851#0: *1273818 open() "/www/data/wwwroot/2025_12_26_01/404.html" failed (2: No such file or directory), client: 104.23.239.13, server: www.ceerun.com, request: "GET /wp-content/uploads/woocommerce_paypal_settings HTTP/2.0", host: "ceerun.com"
2026/08/24 23:36:29 [error] 9851#0: *1273816 open() "/www/data/wwwroot/2025_12_26_01/wp-content/uploads/woocommerce_paypal_settings.sql" failed (2: No such file or directory), client: 172.69.109.110, server: www.ceerun.com, request: "GET /wp-content/uploads/woocommerce_paypal_settings.sql HTTP/2.0", host: "ceerun.com"
2026/08/24 23:36:29 [error] 9851#0: *1273816 open() "/www/data/wwwroot/2025_12_26_01/404.html" failed (2: No such file or directory), client: 172.69.109.110, server: www.ceerun.com, request: "GET /wp-content/uploads/woocommerce_paypal_settings.sql HTTP/2.0", host: "ceerun.com"
2026/08/24 23:36:29 [error] 9852#0: *1273806 open() "/www/data/wwwroot/2025_12_26_01/wp-content/uploads/woocommerce_paypal_settings.log" failed (2: No such file or directory), client: 172.71.160.178, server: www.ceerun.com, request: "GET /wp-content/uploads/woocommerce_paypal_settings.log HTTP/2.0", host: "ceerun.com"
2026/08/24 23:36:29 [error] 9852#0: *1273806 open() "/www/data/wwwroot/2025_12_26_01/404.html" failed (2: No such file or directory), client: 172.71.160.178, server: www.ceerun.com, request: "GET /wp-content/uploads/woocommerce_paypal_settings.log HTTP/2.0", host: "ceerun.com"
2026/08/24 23:36:31 [error] 9851#0: *1273583 open() "/www/data/wwwroot/2025_12_26_01/wp-content/uploads/woocommerce_paypal_settings.txt" failed (2: No such file or directory), client: 172.69.150.79, server: www.ceerun.com, request: "GET /wp-content/uploads/woocommerce_paypal_settings.txt HTTP/2.0", host: "ceerun.com"
2026/08/24 23:36:31 [error] 9851#0: *1273583 open() "/www/data/wwwroot/2025_12_26_01/404.html" failed (2: No such file or directory), client: 172.69.150.79, server: www.ceerun.com, request: "GET /wp-content/uploads/woocommerce_paypal_settings.txt HTTP/2.0", host: "ceerun.com"
2026/08/24 23:36:31 [error] 9853#0: *1273764 open() "/www/data/wwwroot/2025_12_26_01/wp-content/wp2shell_opt_woocommerce_ppec_paypal_settings" failed (2: No such file or directory), client: 172.71.247.160, server: www.ceerun.com, request: "GET /wp-content/wp2shell_opt_woocommerce_ppec_paypal_settings HTTP/2.0", host: "www.ceerun.com"
2026/08/24 23:36:31 [error] 9853#0: *1273764 open() "/www/data/wwwroot/2025_12_26_01/404.html" failed (2: No such file or directory), client: 172.71.247.160, server: www.ceerun.com, request: "GET /wp-content/wp2shell_opt_woocommerce_ppec_paypal_settings HTTP/2.0", host: "www.ceerun.com"
2026/08/24 23:36:32 [error] 9852#0: *1273861 open() "/www/data/wwwroot/2025_12_26_01/wp-content/uploads/woocommerce_paypal_settings.zip" failed (2: No such file or directory), client: 104.23.239.37, server: www.ceerun.com, request: "GET /wp-content/uploads/woocommerce_paypal_settings.zip HTTP/2.0", host: "ceerun.com"
2026/08/24 23:36:32 [error] 9852#0: *1273861 open() "/www/data/wwwroot/2025_12_26_01/404.html" failed (2: No such file or directory), client: 104.23.239.37, server: www.ceerun.com, request: "GET /wp-content/uploads/woocommerce_paypal_settings.zip HTTP/2.0", host: "ceerun.com"
2026/08/24 23:36:35 [error] 9853#0: *1273764 open() "/www/data/wwwroot/2025_12_26_01/wp2shell_opt_woocommerce_ppcp-gateway_settings" failed (2: No such file or directory), client: 172.71.247.160, server: www.ceerun.com, request: "GET /wp2shell_opt_woocommerce_ppcp-gateway_settings HTTP/2.0", host: "www.ceerun.com"
2026/08/24 23:36:35 [error] 9853#0: *1273764 open() "/www/data/wwwroot/2025_12_26_01/404.html" failed (2: No such file or directory), client: 172.71.247.160, server: www.ceerun.com, request: "GET /wp2shell_opt_woocommerce_ppcp-gateway_settings HTTP/2.0", host: "www.ceerun.com"
2026/08/24 23:36:37 [error] 9851#0: *1273799 open() "/www/data/wwwroot/2025_12_26_01/backup/opt_woocommerce_ppcp-gateway_settings" failed (2: No such file or directory), client: 172.71.182.235, server: www.ceerun.com, request: "GET /backup/opt_woocommerce_ppcp-gateway_settings HTTP/2.0", host: "www.ceerun.com"
2026/08/24 23:36:37 [error] 9851#0: *1273799 open() "/www/data/wwwroot/2025_12_26_01/404.html" failed (2: No such file or directory), client: 172.71.182.235, server: www.ceerun.com, request: "GET /backup/opt_woocommerce_ppcp-gateway_settings HTTP/2.0", host: "www.ceerun.com"
2026/08/24 23:36:37 [error] 9851#0: *1273800 open() "/www/data/wwwroot/2025_12_26_01/backups/opt_woocommerce_ppcp-gateway_settings" failed (2: No such file or directory), client: 104.23.166.6, server: www.ceerun.com, request: "GET /backups/opt_woocommerce_ppcp-gateway_settings HTTP/2.0", host: "www.ceerun.com"
2026/08/24 23:36:37 [error] 9851#0: *1273800 open() "/www/data/wwwroot/2025_12_26_01/404.html" failed (2: No such file or directory), client: 104.23.166.6, server: www.ceerun.com, request: "GET /backups/opt_woocommerce_ppcp-gateway_settings HTTP/2.0", host: "www.ceerun.com"
2026/08/24 23:36:38 [error] 9852#0: *1273665 open() "/www/data/wwwroot/2025_12_26_01/backups/wp2shell_opt_woocommerce_ppcp-gateway_settings" failed (2: No such file or directory), client: 172.71.160.42, server: www.ceerun.com, request: "GET /backups/wp2shell_opt_woocommerce_ppcp-gateway_settings HTTP/2.0", host: "www.ceerun.com"
2026/08/24 23:36:38 [error] 9852#0: *1273665 open() "/www/data/wwwroot/2025_12_26_01/404.html" failed (2: No such file or directory), client: 172.71.160.42, server: www.ceerun.com, request: "GET /backups/wp2shell_opt_woocommerce_ppcp-gateway_settings HTTP/2.0", host: "www.ceerun.com"
2026/08/24 23:36:41 [error] 9850#0: *1273847 open() "/www/data/wwwroot/2025_12_26_01/backup/woocommerce_ppec_paypal_settings" failed (2: No such file or directory), client: 172.70.248.186, server: www.ceerun.com, request: "GET /backup/woocommerce_ppec_paypal_settings HTTP/2.0", host: "ceerun.com"
2026/08/24 23:36:41 [error] 9850#0: *1273847 open() "/www/data/wwwroot/2025_12_26_01/404.html" failed (2: No such file or directory), client: 172.70.248.186, server: www.ceerun.com, request: "GET /backup/woocommerce_ppec_paypal_settings HTTP/2.0", host: "ceerun.com"
2026/08/24 23:36:42 [error] 9852#0: *1273806 open() "/www/data/wwwroot/2025_12_26_01/backup/woocommerce_ppec_paypal_settings.sql" failed (2: No such file or directory), client: 172.71.160.178, server: www.ceerun.com, request: "GET /backup/woocommerce_ppec_paypal_settings.sql HTTP/2.0", host: "ceerun.com"
2026/08/24 23:36:42 [error] 9852#0: *1273806 open() "/www/data/wwwroot/2025_12_26_01/404.html" failed (2: No such file or directory), client: 172.71.160.178, server: www.ceerun.com, request: "GET /backup/woocommerce_ppec_paypal_settings.sql HTTP/2.0", host: "ceerun.com"
2026/08/24 23:36:44 [error] 9853#0: *1273784 open() "/www/data/wwwroot/2025_12_26_01/wp-content/uploads/opt_woocommerce_ppec_paypal_settings" failed (2: No such file or directory), client: 104.23.239.144, server: www.ceerun.com, request: "GET /wp-content/uploads/opt_woocommerce_ppec_paypal_settings HTTP/2.0", host: "www.ceerun.com"
2026/08/24 23:36:44 [error] 9853#0: *1273784 open() "/www/data/wwwroot/2025_12_26_01/404.html" failed (2: No such file or directory), client: 104.23.239.144, server: www.ceerun.com, request: "GET /wp-content/uploads/opt_woocommerce_ppec_paypal_settings HTTP/2.0", host: "www.ceerun.com"
2026/08/24 23:36:44 [error] 9850#0: *1273772 open() "/www/data/wwwroot/2025_12_26_01/opt_woocommerce_ppcp-gateway_settings" failed (2: No such file or directory), client: 172.71.95.81, server: www.ceerun.com, request: "GET /opt_woocommerce_ppcp-gateway_settings HTTP/2.0", host: "www.ceerun.com"
2026/08/24 23:36:44 [error] 9850#0: *1273772 open() "/www/data/wwwroot/2025_12_26_01/404.html" failed (2: No such file or directory), client: 172.71.95.81, server: www.ceerun.com, request: "GET /opt_woocommerce_ppcp-gateway_settings HTTP/2.0", host: "www.ceerun.com"
2026/08/24 23:36:44 [error] 9852#0: *1273665 open() "/www/data/wwwroot/2025_12_26_01/wp-content/uploads/wp2shell_opt_woocommerce_ppec_paypal_settings" failed (2: No such file or directory), client: 172.71.160.42, server: www.ceerun.com, request: "GET /wp-content/uploads/wp2shell_opt_woocommerce_ppec_paypal_settings HTTP/2.0", host: "www.ceerun.com"
2026/08/24 23:36:44 [error] 9852#0: *1273665 open() "/www/data/wwwroot/2025_12_26_01/404.html" failed (2: No such file or directory), client: 172.71.160.42, server: www.ceerun.com, request: "GET /wp-content/uploads/wp2shell_opt_woocommerce_ppec_paypal_settings HTTP/2.0", host: "www.ceerun.com"
2026/08/24 23:36:45 [error] 9851#0: *1273817 open() "/www/data/wwwroot/2025_12_26_01/tmp/woocommerce_paypal_settings.log" failed (2: No such file or directory), client: 172.70.242.224, server: www.ceerun.com, request: "GET /tmp/woocommerce_paypal_settings.log HTTP/2.0", host: "ceerun.com"
2026/08/24 23:36:45 [error] 9851#0: *1273817 open() "/www/data/wwwroot/2025_12_26_01/404.html" failed (2: No such file or directory), client: 172.70.242.224, server: www.ceerun.com, request: "GET /tmp/woocommerce_paypal_settings.log HTTP/2.0", host: "ceerun.com"
2026/08/24 23:36:45 [error] 9851#0: *1273873 open() "/www/data/wwwroot/2025_12_26_01/wp-content/uploads/woocommerce_paypal_settings.tar.gz" failed (2: No such file or directory), client: 172.68.192.175, server: www.ceerun.com, request: "GET /wp-content/uploads/woocommerce_paypal_settings.tar.gz HTTP/2.0", host: "ceerun.com"
2026/08/24 23:36:45 [error] 9851#0: *1273873 open() "/www/data/wwwroot/2025_12_26_01/404.html" failed (2: No such file or directory), client: 172.68.192.175, server: www.ceerun.com, request: "GET /wp-content/uploads/woocommerce_paypal_settings.tar.gz HTTP/2.0", host: "ceerun.com"
2026/08/24 23:36:45 [error] 9851#0: *1273874 open() "/www/data/wwwroot/2025_12_26_01/wp-content/uploads/woocommerce_paypal_settings.csv" failed (2: No such file or directory), client: 172.68.194.170, server: www.ceerun.com, request: "GET /wp-content/uploads/woocommerce_paypal_settings.csv HTTP/2.0", host: "ceerun.com"
2026/08/24 23:36:45 [error] 9851#0: *1273874 open() "/www/data/wwwroot/2025_12_26_01/404.html" failed (2: No such file or directory), client: 172.68.194.170, server: www.ceerun.com, request: "GET /wp-content/uploads/woocommerce_paypal_settings.csv HTTP/2.0", host: "ceerun.com"
2026/08/24 23:36:46 [error] 9851#0: *1273875 open() "/www/data/wwwroot/2025_12_26_01/tmp/woocommerce_paypal_settings.tar.gz" failed (2: No such file or directory), client: 162.158.95.35, server: www.ceerun.com, request: "GET /tmp/woocommerce_paypal_settings.tar.gz HTTP/2.0", host: "ceerun.com"
2026/08/24 23:36:46 [error] 9851#0: *1273875 open() "/www/data/wwwroot/2025_12_26_01/404.html" failed (2: No such file or directory), client: 162.158.95.35, server: www.ceerun.com, request: "GET /tmp/woocommerce_paypal_settings.tar.gz HTTP/2.0", host: "ceerun.com"
2026/08/24 23:36:47 [error] 9851#0: *1273792 open() "/www/data/wwwroot/2025_12_26_01/backup/wp2shell_opt_woocommerce_ppcp-gateway_settings" failed (2: No such file or directory), client: 162.159.113.121, server: www.ceerun.com, request: "GET /backup/wp2shell_opt_woocommerce_ppcp-gateway_settings HTTP/2.0", host: "www.ceerun.com"
2026/08/24 23:36:47 [error] 9851#0: *1273792 open() "/www/data/wwwroot/2025_12_26_01/404.html" failed (2: No such file or directory), client: 162.159.113.121, server: www.ceerun.com, request: "GET /backup/wp2shell_opt_woocommerce_ppcp-gateway_settings HTTP/2.0", host: "www.ceerun.com"
2026/08/24 23:36:48 [error] 9853#0: *1273879 open() "/www/data/wwwroot/2025_12_26_01/backup/woocommerce_ppec_paypal_settings.tar.gz" failed (2: No such file or directory), client: 172.69.109.224, server: www.ceerun.com, request: "GET /backup/woocommerce_ppec_paypal_settings.tar.gz HTTP/2.0", host: "ceerun.com"
2026/08/24 23:36:48 [error] 9853#0: *1273879 open() "/www/data/wwwroot/2025_12_26_01/404.html" failed (2: No such file or directory), client: 172.69.109.224, server: www.ceerun.com, request: "GET /backup/woocommerce_ppec_paypal_settings.tar.gz HTTP/2.0", host: "ceerun.com"
2026/08/24 23:36:48 [error] 9851#0: *1273818 open() "/www/data/wwwroot/2025_12_26_01/tmp/woocommerce_paypal_settings" failed (2: No such file or directory), client: 104.23.239.13, server: www.ceerun.com, request: "GET /tmp/woocommerce_paypal_settings HTTP/2.0", host: "ceerun.com"
2026/08/24 23:36:48 [error] 9851#0: *1273818 open() "/www/data/wwwroot/2025_12_26_01/404.html" failed (2: No such file or directory), client: 104.23.239.13, server: www.ceerun.com, request: "GET /tmp/woocommerce_paypal_settings HTTP/2.0", host: "ceerun.com"
2026/08/24 23:36:48 [error] 9851#0: *1273881 open() "/www/data/wwwroot/2025_12_26_01/tmp/woocommerce_paypal_settings.sql" failed (2: No such file or directory), client: 104.23.172.53, server: www.ceerun.com, request: "GET /tmp/woocommerce_paypal_settings.sql HTTP/2.0", host: "ceerun.com"
2026/08/24 23:36:48 [error] 9851#0: *1273881 open() "/www/data/wwwroot/2025_12_26_01/404.html" failed (2: No such file or directory), client: 104.23.172.53, server: www.ceerun.com, request: "GET /tmp/woocommerce_paypal_settings.sql HTTP/2.0", host: "ceerun.com"
2026/08/24 23:36:48 [error] 9852#0: *1273880 open() "/www/data/wwwroot/2025_12_26_01/tmp/woocommerce_paypal_settings.zip" failed (2: No such file or directory), client: 172.71.160.164, server: www.ceerun.com, request: "GET /tmp/woocommerce_paypal_settings.zip HTTP/2.0", host: "ceerun.com"
2026/08/24 23:36:48 [error] 9852#0: *1273880 open() "/www/data/wwwroot/2025_12_26_01/404.html" failed (2: No such file or directory), client: 172.71.160.164, server: www.ceerun.com, request: "GET /tmp/woocommerce_paypal_settings.zip HTTP/2.0", host: "ceerun.com"
2026/08/24 23:36:49 [error] 9852#0: *1273882 open() "/www/data/wwwroot/2025_12_26_01/tmp/woocommerce_paypal_settings.csv" failed (2: No such file or directory), client: 172.69.109.230, server: www.ceerun.com, request: "GET /tmp/woocommerce_paypal_settings.csv HTTP/2.0", host: "ceerun.com"
2026/08/24 23:36:49 [error] 9852#0: *1273882 open() "/www/data/wwwroot/2025_12_26_01/404.html" failed (2: No such file or directory), client: 172.69.109.230, server: www.ceerun.com, request: "GET /tmp/woocommerce_paypal_settings.csv HTTP/2.0", host: "ceerun.com"
2026/08/24 23:36:49 [error] 9850#0: *1273815 open() "/www/data/wwwroot/2025_12_26_01/tmp/woocommerce_paypal_settings.txt" failed (2: No such file or directory), client: 172.69.109.110, server: www.ceerun.com, request: "GET /tmp/woocommerce_paypal_settings.txt HTTP/2.0", host: "ceerun.com"
2026/08/24 23:36:49 [error] 9850#0: *1273815 open() "/www/data/wwwroot/2025_12_26_01/404.html" failed (2: No such file or directory), client: 172.69.109.110, server: www.ceerun.com, request: "GET /tmp/woocommerce_paypal_settings.txt HTTP/2.0", host: "ceerun.com"
2026/08/24 23:36:49 [error] 9851#0: *1273818 open() "/www/data/wwwroot/2025_12_26_01/backup/woocommerce_ppec_paypal_settings.log" failed (2: No such file or directory), client: 104.23.239.13, server: www.ceerun.com, request: "GET /backup/woocommerce_ppec_paypal_settings.log HTTP/2.0", host: "ceerun.com"
2026/08/24 23:36:49 [error] 9851#0: *1273818 open() "/www/data/wwwroot/2025_12_26_01/404.html" failed (2: No such file or directory), client: 104.23.239.13, server: www.ceerun.com, request: "GET /backup/woocommerce_ppec_paypal_settings.log HTTP/2.0", host: "ceerun.com"
2026/08/24 23:36:49 [error] 9853#0: *1273821 open() "/www/data/wwwroot/2025_12_26_01/backup/woocommerce_ppec_paypal_settings.txt" failed (2: No such file or directory), client: 172.71.172.81, server: www.ceerun.com, request: "GET /backup/woocommerce_ppec_paypal_settings.txt HTTP/2.0", host: "ceerun.com"
2026/08/24 23:36:49 [error] 9853#0: *1273821 open() "/www/data/wwwroot/2025_12_26_01/404.html" failed (2: No such file or directory), client: 172.71.172.81, server: www.ceerun.com, request: "GET /backup/woocommerce_ppec_paypal_settings.txt HTTP/2.0", host: "ceerun.com"
2026/08/24 23:36:50 [error] 9853#0: *1273883 open() "/www/data/wwwroot/2025_12_26_01/backup/woocommerce_ppec_paypal_settings.zip" failed (2: No such file or directory), client: 172.71.148.137, server: www.ceerun.com, request: "GET /backup/woocommerce_ppec_paypal_settings.zip HTTP/2.0", host: "ceerun.com"
2026/08/24 23:36:50 [error] 9853#0: *1273883 open() "/www/data/wwwroot/2025_12_26_01/404.html" failed (2: No such file or directory), client: 172.71.148.137, server: www.ceerun.com, request: "GET /backup/woocommerce_ppec_paypal_settings.zip HTTP/2.0", host: "ceerun.com"
2026/08/24 23:36:50 [error] 9853#0: *1273884 open() "/www/data/wwwroot/2025_12_26_01/backup/woocommerce_ppec_paypal_settings.csv" failed (2: No such file or directory), client: 172.70.240.78, server: www.ceerun.com, request: "GET /backup/woocommerce_ppec_paypal_settings.csv HTTP/2.0", host: "ceerun.com"
2026/08/24 23:36:50 [error] 9853#0: *1273884 open() "/www/data/wwwroot/2025_12_26_01/404.html" failed (2: No such file or directory), client: 172.70.240.78, server: www.ceerun.com, request: "GET /backup/woocommerce_ppec_paypal_settings.csv HTTP/2.0", host: "ceerun.com"
2026/08/24 23:36:50 [error] 9851#0: *1273817 open() "/www/data/wwwroot/2025_12_26_01/wp-content/uploads/woocommerce_ppec_paypal_settings" failed (2: No such file or directory), client: 172.70.242.224, server: www.ceerun.com, request: "GET /wp-content/uploads/woocommerce_ppec_paypal_settings HTTP/2.0", host: "ceerun.com"
2026/08/24 23:36:50 [error] 9851#0: *1273817 open() "/www/data/wwwroot/2025_12_26_01/404.html" failed (2: No such file or directory), client: 172.70.242.224, server: www.ceerun.com, request: "GET /wp-content/uploads/woocommerce_ppec_paypal_settings HTTP/2.0", host: "ceerun.com"
2026/08/24 23:36:51 [error] 9853#0: *1273764 open() "/www/data/wwwroot/2025_12_26_01/wp-content/uploads/wp2shell_opt_woocommerce_ppcp-gateway_settings" failed (2: No such file or directory), client: 172.71.247.160, server: www.ceerun.com, request: "GET /wp-content/uploads/wp2shell_opt_woocommerce_ppcp-gateway_settings HTTP/2.0", host: "www.ceerun.com"
2026/08/24 23:36:51 [error] 9853#0: *1273764 open() "/www/data/wwwroot/2025_12_26_01/404.html" failed (2: No such file or directory), client: 172.71.247.160, server: www.ceerun.com, request: "GET /wp-content/uploads/wp2shell_opt_woocommerce_ppcp-gateway_settings HTTP/2.0", host: "www.ceerun.com"
2026/08/24 23:36:51 [error] 9851#0: *1273799 open() "/www/data/wwwroot/2025_12_26_01/wp2shell_opt_woocommerce_ppcp_settings" failed (2: No such file or directory), client: 172.71.182.235, server: www.ceerun.com, request: "GET /wp2shell_opt_woocommerce_ppcp_settings HTTP/2.0", host: "www.ceerun.com"
2026/08/24 23:36:51 [error] 9851#0: *1273799 open() "/www/data/wwwroot/2025_12_26_01/404.html" failed (2: No such file or directory), client: 172.71.182.235, server: www.ceerun.com, request: "GET /wp2shell_opt_woocommerce_ppcp_settings HTTP/2.0", host: "www.ceerun.com"
2026/08/24 23:36:51 [error] 9851#0: *1273800 open() "/www/data/wwwroot/2025_12_26_01/backup/opt_woocommerce_ppcp_settings" failed (2: No such file or directory), client: 104.23.166.6, server: www.ceerun.com, request: "GET /backup/opt_woocommerce_ppcp_settings HTTP/2.0", host: "www.ceerun.com"
2026/08/24 23:36:51 [error] 9851#0: *1273800 open() "/www/data/wwwroot/2025_12_26_01/404.html" failed (2: No such file or directory), client: 104.23.166.6, server: www.ceerun.com, request: "GET /backup/opt_woocommerce_ppcp_settings HTTP/2.0", host: "www.ceerun.com"
2026/08/24 23:36:51 [error] 9851#0: *1273887 open() "/www/data/wwwroot/2025_12_26_01/opt_woocommerce_ppcp_settings" failed (2: No such file or directory), client: 104.23.170.98, server: www.ceerun.com, request: "GET /opt_woocommerce_ppcp_settings HTTP/2.0", host: "www.ceerun.com"
2026/08/24 23:36:51 [error] 9851#0: *1273887 open() "/www/data/wwwroot/2025_12_26_01/404.html" failed (2: No such file or directory), client: 104.23.170.98, server: www.ceerun.com, request: "GET /opt_woocommerce_ppcp_settings HTTP/2.0", host: "www.ceerun.com"
2026/08/24 23:36:53 [error] 9851#0: *1273818 open() "/www/data/wwwroot/2025_12_26_01/wp-content/uploads/woocommerce_ppec_paypal_settings.sql" failed (2: No such file or directory), client: 104.23.239.13, server: www.ceerun.com, request: "GET /wp-content/uploads/woocommerce_ppec_paypal_settings.sql HTTP/2.0", host: "ceerun.com"
2026/08/24 23:36:53 [error] 9851#0: *1273818 open() "/www/data/wwwroot/2025_12_26_01/404.html" failed (2: No such file or directory), client: 104.23.239.13, server: www.ceerun.com, request: "GET /wp-content/uploads/woocommerce_ppec_paypal_settings.sql HTTP/2.0", host: "ceerun.com"
2026/08/24 23:36:53 [error] 9851#0: *1273818 open() "/www/data/wwwroot/2025_12_26_01/wp-content/uploads/woocommerce_ppec_paypal_settings.log" failed (2: No such file or directory), client: 104.23.239.13, server: www.ceerun.com, request: "GET /wp-content/uploads/woocommerce_ppec_paypal_settings.log HTTP/2.0", host: "ceerun.com"
2026/08/24 23:36:53 [error] 9851#0: *1273818 open() "/www/data/wwwroot/2025_12_26_01/404.html" failed (2: No such file or directory), client: 104.23.239.13, server: www.ceerun.com, request: "GET /wp-content/uploads/woocommerce_ppec_paypal_settings.log HTTP/2.0", host: "ceerun.com"
2026/08/24 23:36:53 [error] 9851#0: *1273881 open() "/www/data/wwwroot/2025_12_26_01/wp-content/uploads/woocommerce_ppec_paypal_settings.txt" failed (2: No such file or directory), client: 104.23.172.53, server: www.ceerun.com, request: "GET /wp-content/uploads/woocommerce_ppec_paypal_settings.txt HTTP/2.0", host: "ceerun.com"
2026/08/24 23:36:53 [error] 9851#0: *1273881 open() "/www/data/wwwroot/2025_12_26_01/404.html" failed (2: No such file or directory), client: 104.23.172.53, server: www.ceerun.com, request: "GET /wp-content/uploads/woocommerce_ppec_paypal_settings.txt HTTP/2.0", host: "ceerun.com"
2026/08/24 23:36:54 [error] 9853#0: *1273890 open() "/www/data/wwwroot/2025_12_26_01/wp-content/uploads/woocommerce_ppec_paypal_settings.zip" failed (2: No such file or directory), client: 172.69.109.204, server: www.ceerun.com, request: "GET /wp-content/uploads/woocommerce_ppec_paypal_settings.zip HTTP/2.0", host: "ceerun.com"
2026/08/24 23:36:54 [error] 9853#0: *1273890 open() "/www/data/wwwroot/2025_12_26_01/404.html" failed (2: No such file or directory), client: 172.69.109.204, server: www.ceerun.com, request: "GET /wp-content/uploads/woocommerce_ppec_paypal_settings.zip HTTP/2.0", host: "ceerun.com"
2026/08/24 23:36:54 [error] 9852#0: *1273891 open() "/www/data/wwwroot/2025_12_26_01/wp-content/uploads/woocommerce_ppec_paypal_settings.tar.gz" failed (2: No such file or directory), client: 172.70.240.197, server: www.ceerun.com, request: "GET /wp-content/uploads/woocommerce_ppec_paypal_settings.tar.gz HTTP/2.0", host: "ceerun.com"
2026/08/24 23:36:54 [error] 9852#0: *1273891 open() "/www/data/wwwroot/2025_12_26_01/404.html" failed (2: No such file or directory), client: 172.70.240.197, server: www.ceerun.com, request: "GET /wp-content/uploads/woocommerce_ppec_paypal_settings.tar.gz HTTP/2.0", host: "ceerun.com"
2026/08/24 23:36:54 [error] 9852#0: *1273665 open() "/www/data/wwwroot/2025_12_26_01/wp-content/opt_woocommerce_ppcp-gateway_settings" failed (2: No such file or directory), client: 172.71.160.42, server: www.ceerun.com, request: "GET /wp-content/opt_woocommerce_ppcp-gateway_settings HTTP/2.0", host: "www.ceerun.com"
2026/08/24 23:36:54 [error] 9852#0: *1273665 open() "/www/data/wwwroot/2025_12_26_01/404.html" failed (2: No such file or directory), client: 172.71.160.42, server: www.ceerun.com, request: "GET /wp-content/opt_woocommerce_ppcp-gateway_settings HTTP/2.0", host: "www.ceerun.com"
2026/08/24 23:36:54 [error] 9852#0: *1273665 open() "/www/data/wwwroot/2025_12_26_01/wp-content/uploads/opt_woocommerce_ppcp-gateway_settings" failed (2: No such file or directory), client: 172.71.160.42, server: www.ceerun.com, request: "GET /wp-content/uploads/opt_woocommerce_ppcp-gateway_settings HTTP/2.0", host: "www.ceerun.com"
2026/08/24 23:36:54 [error] 9852#0: *1273665 open() "/www/data/wwwroot/2025_12_26_01/404.html" failed (2: No such file or directory), client: 172.71.160.42, server: www.ceerun.com, request: "GET /wp-content/uploads/opt_woocommerce_ppcp-gateway_settings HTTP/2.0", host: "www.ceerun.com"
2026/08/24 23:36:55 [error] 9851#0: *1273892 open() "/www/data/wwwroot/2025_12_26_01/wp-content/wp2shell_opt_woocommerce_ppcp-gateway_settings" failed (2: No such file or directory), client: 172.69.109.210, server: www.ceerun.com, request: "GET /wp-content/wp2shell_opt_woocommerce_ppcp-gateway_settings HTTP/2.0", host: "www.ceerun.com"
2026/08/24 23:36:55 [error] 9851#0: *1273892 open() "/www/data/wwwroot/2025_12_26_01/404.html" failed (2: No such file or directory), client: 172.69.109.210, server: www.ceerun.com, request: "GET /wp-content/wp2shell_opt_woocommerce_ppcp-gateway_settings HTTP/2.0", host: "www.ceerun.com"
2026/08/24 23:36:56 [error] 9851#0: *1273818 open() "/www/data/wwwroot/2025_12_26_01/tmp/woocommerce_ppec_paypal_settings" failed (2: No such file or directory), client: 104.23.239.13, server: www.ceerun.com, request: "GET /tmp/woocommerce_ppec_paypal_settings HTTP/2.0", host: "ceerun.com"
2026/08/24 23:36:56 [error] 9851#0: *1273818 open() "/www/data/wwwroot/2025_12_26_01/404.html" failed (2: No such file or directory), client: 104.23.239.13, server: www.ceerun.com, request: "GET /tmp/woocommerce_ppec_paypal_settings HTTP/2.0", host: "ceerun.com"
2026/08/24 23:36:56 [error] 9853#0: *1273821 open() "/www/data/wwwroot/2025_12_26_01/tmp/woocommerce_ppec_paypal_settings.sql" failed (2: No such file or directory), client: 172.71.172.81, server: www.ceerun.com, request: "GET /tmp/woocommerce_ppec_paypal_settings.sql HTTP/2.0", host: "ceerun.com"
2026/08/24 23:36:56 [error] 9853#0: *1273821 open() "/www/data/wwwroot/2025_12_26_01/404.html" failed (2: No such file or directory), client: 172.71.172.81, server: www.ceerun.com, request: "GET /tmp/woocommerce_ppec_paypal_settings.sql HTTP/2.0", host: "ceerun.com"
2026/08/24 23:36:56 [error] 9851#0: *1273893 open() "/www/data/wwwroot/2025_12_26_01/wp-content/uploads/woocommerce_ppec_paypal_settings.csv" failed (2: No such file or directory), client: 172.71.164.24, server: www.ceerun.com, request: "GET /wp-content/uploads/woocommerce_ppec_paypal_settings.csv HTTP/2.0", host: "ceerun.com"
2026/08/24 23:36:56 [error] 9851#0: *1273893 open() "/www/data/wwwroot/2025_12_26_01/404.html" failed (2: No such file or directory), client: 172.71.164.24, server: www.ceerun.com, request: "GET /wp-content/uploads/woocommerce_ppec_paypal_settings.csv HTTP/2.0", host: "ceerun.com"
2026/08/24 23:36:56 [error] 9851#0: *1273881 open() "/www/data/wwwroot/2025_12_26_01/tmp/woocommerce_ppec_paypal_settings.log" failed (2: No such file or directory), client: 104.23.172.53, server: www.ceerun.com, request: "GET /tmp/woocommerce_ppec_paypal_settings.log HTTP/2.0", host: "ceerun.com"
2026/08/24 23:36:56 [error] 9851#0: *1273881 open() "/www/data/wwwroot/2025_12_26_01/404.html" failed (2: No such file or directory), client: 104.23.172.53, server: www.ceerun.com, request: "GET /tmp/woocommerce_ppec_paypal_settings.log HTTP/2.0", host: "ceerun.com"
2026/08/24 23:36:57 [error] 9851#0: *1273818 open() "/www/data/wwwroot/2025_12_26_01/tmp/woocommerce_ppec_paypal_settings.txt" failed (2: No such file or directory), client: 104.23.239.13, server: www.ceerun.com, request: "GET /tmp/woocommerce_ppec_paypal_settings.txt HTTP/2.0", host: "ceerun.com"
2026/08/24 23:36:57 [error] 9851#0: *1273818 open() "/www/data/wwwroot/2025_12_26_01/404.html" failed (2: No such file or directory), client: 104.23.239.13, server: www.ceerun.com, request: "GET /tmp/woocommerce_ppec_paypal_settings.txt HTTP/2.0", host: "ceerun.com"
2026/08/24 23:36:57 [error] 9852#0: *1273894 open() "/www/data/wwwroot/2025_12_26_01/tmp/woocommerce_ppec_paypal_settings.tar.gz" failed (2: No such file or directory), client: 172.70.248.67, server: www.ceerun.com, request: "GET /tmp/woocommerce_ppec_paypal_settings.tar.gz HTTP/2.0", host: "ceerun.com"
2026/08/24 23:36:57 [error] 9852#0: *1273894 open() "/www/data/wwwroot/2025_12_26_01/404.html" failed (2: No such file or directory), client: 172.70.248.67, server: www.ceerun.com, request: "GET /tmp/woocommerce_ppec_paypal_settings.tar.gz HTTP/2.0", host: "ceerun.com"
2026/08/24 23:36:58 [error] 9851#0: *1273895 open() "/www/data/wwwroot/2025_12_26_01/tmp/woocommerce_ppec_paypal_settings.csv" failed (2: No such file or directory), client: 162.158.94.178, server: www.ceerun.com, request: "GET /tmp/woocommerce_ppec_paypal_settings.csv HTTP/2.0", host: "ceerun.com"
2026/08/24 23:36:58 [error] 9851#0: *1273895 open() "/www/data/wwwroot/2025_12_26_01/404.html" failed (2: No such file or directory), client: 162.158.94.178, server: www.ceerun.com, request: "GET /tmp/woocommerce_ppec_paypal_settings.csv HTTP/2.0", host: "ceerun.com"
2026/08/24 23:36:58 [error] 9851#0: *1273896 open() "/www/data/wwwroot/2025_12_26_01/tmp/woocommerce_ppec_paypal_settings.zip" failed (2: No such file or directory), client: 172.71.160.60, server: www.ceerun.com, request: "GET /tmp/woocommerce_ppec_paypal_settings.zip HTTP/2.0", host: "ceerun.com"
2026/08/24 23:36:58 [error] 9851#0: *1273896 open() "/www/data/wwwroot/2025_12_26_01/404.html" failed (2: No such file or directory), client: 172.71.160.60, server: www.ceerun.com, request: "GET /tmp/woocommerce_ppec_paypal_settings.zip HTTP/2.0", host: "ceerun.com"
2026/08/24 23:36:58 [error] 9853#0: *1273764 open() "/www/data/wwwroot/2025_12_26_01/backup/wp2shell_opt_woocommerce_ppcp_settings" failed (2: No such file or directory), client: 172.71.247.160, server: www.ceerun.com, request: "GET /backup/wp2shell_opt_woocommerce_ppcp_settings HTTP/2.0", host: "www.ceerun.com"
2026/08/24 23:36:58 [error] 9853#0: *1273764 open() "/www/data/wwwroot/2025_12_26_01/404.html" failed (2: No such file or directory), client: 172.71.247.160, server: www.ceerun.com, request: "GET /backup/wp2shell_opt_woocommerce_ppcp_settings HTTP/2.0", host: "www.ceerun.com"
2026/08/24 23:36:58 [error] 9851#0: *1273816 open() "/www/data/wwwroot/2025_12_26_01/backup/woocommerce_ppcp-gateway_settings" failed (2: No such file or directory), client: 172.69.109.110, server: www.ceerun.com, request: "GET /backup/woocommerce_ppcp-gateway_settings HTTP/2.0", host: "ceerun.com"
2026/08/24 23:36:58 [error] 9851#0: *1273816 open() "/www/data/wwwroot/2025_12_26_01/404.html" failed (2: No such file or directory), client: 172.69.109.110, server: www.ceerun.com, request: "GET /backup/woocommerce_ppcp-gateway_settings HTTP/2.0", host: "ceerun.com"
2026/08/24 23:36:59 [error] 9850#0: *1273847 open() "/www/data/wwwroot/2025_12_26_01/backup/woocommerce_ppcp-gateway_settings.sql" failed (2: No such file or directory), client: 172.70.248.186, server: www.ceerun.com, request: "GET /backup/woocommerce_ppcp-gateway_settings.sql HTTP/2.0", host: "ceerun.com"
2026/08/24 23:36:59 [error] 9850#0: *1273847 open() "/www/data/wwwroot/2025_12_26_01/404.html" failed (2: No such file or directory), client: 172.70.248.186, server: www.ceerun.com, request: "GET /backup/woocommerce_ppcp-gateway_settings.sql HTTP/2.0", host: "ceerun.com"
2026/08/24 23:37:00 [error] 9851#0: *1273818 open() "/www/data/wwwroot/2025_12_26_01/backup/woocommerce_ppcp-gateway_settings.txt" failed (2: No such file or directory), client: 104.23.239.13, server: www.ceerun.com, request: "GET /backup/woocommerce_ppcp-gateway_settings.txt HTTP/2.0", host: "ceerun.com"
2026/08/24 23:37:00 [error] 9851#0: *1273818 open() "/www/data/wwwroot/2025_12_26_01/404.html" failed (2: No such file or directory), client: 104.23.239.13, server: www.ceerun.com, request: "GET /backup/woocommerce_ppcp-gateway_settings.txt HTTP/2.0", host: "ceerun.com"
2026/08/24 23:37:00 [error] 9852#0: *1273665 open() "/www/data/wwwroot/2025_12_26_01/backups/wp2shell_opt_woocommerce_ppcp_settings" failed (2: No such file or directory), client: 172.71.160.42, server: www.ceerun.com, request: "GET /backups/wp2shell_opt_woocommerce_ppcp_settings HTTP/2.0", host: "www.ceerun.com"
2026/08/24 23:37:00 [error] 9852#0: *1273665 open() "/www/data/wwwroot/2025_12_26_01/404.html" failed (2: No such file or directory), client: 172.71.160.42, server: www.ceerun.com, request: "GET /backups/wp2shell_opt_woocommerce_ppcp_settings HTTP/2.0", host: "www.ceerun.com"
2026/08/24 23:37:01 [error] 9853#0: *1273821 open() "/www/data/wwwroot/2025_12_26_01/backup/woocommerce_ppcp-gateway_settings.log" failed (2: No such file or directory), client: 172.71.172.81, server: www.ceerun.com, request: "GET /backup/woocommerce_ppcp-gateway_settings.log HTTP/2.0", host: "ceerun.com"
2026/08/24 23:37:01 [error] 9853#0: *1273821 open() "/www/data/wwwroot/2025_12_26_01/404.html" failed (2: No such file or directory), client: 172.71.172.81, server: www.ceerun.com, request: "GET /backup/woocommerce_ppcp-gateway_settings.log HTTP/2.0", host: "ceerun.com"
2026/08/24 23:37:01 [error] 9851#0: *1273817 open() "/www/data/wwwroot/2025_12_26_01/wp-content/uploads/woocommerce_ppcp-gateway_settings" failed (2: No such file or directory), client: 172.70.242.224, server: www.ceerun.com, request: "GET /wp-content/uploads/woocommerce_ppcp-gateway_settings HTTP/2.0", host: "ceerun.com"
2026/08/24 23:37:01 [error] 9851#0: *1273817 open() "/www/data/wwwroot/2025_12_26_01/404.html" failed (2: No such file or directory), client: 172.70.242.224, server: www.ceerun.com, request: "GET /wp-content/uploads/woocommerce_ppcp-gateway_settings HTTP/2.0", host: "ceerun.com"
2026/08/24 23:37:01 [error] 9851#0: *1273907 open() "/www/data/wwwroot/2025_12_26_01/backup/woocommerce_ppcp-gateway_settings.zip" failed (2: No such file or directory), client: 172.71.98.104, server: www.ceerun.com, request: "GET /backup/woocommerce_ppcp-gateway_settings.zip HTTP/2.0", host: "ceerun.com"
2026/08/24 23:37:01 [error] 9851#0: *1273907 open() "/www/data/wwwroot/2025_12_26_01/404.html" failed (2: No such file or directory), client: 172.71.98.104, server: www.ceerun.com, request: "GET /backup/woocommerce_ppcp-gateway_settings.zip HTTP/2.0", host: "ceerun.com"
2026/08/24 23:37:02 [error] 9850#0: *1273912 open() "/www/data/wwwroot/2025_12_26_01/backup/woocommerce_ppcp-gateway_settings.tar.gz" failed (2: No such file or directory), client: 104.23.239.66, server: www.ceerun.com, request: "GET /backup/woocommerce_ppcp-gateway_settings.tar.gz HTTP/2.0", host: "ceerun.com"
2026/08/24 23:37:02 [error] 9850#0: *1273912 open() "/www/data/wwwroot/2025_12_26_01/404.html" failed (2: No such file or directory), client: 104.23.239.66, server: www.ceerun.com, request: "GET /backup/woocommerce_ppcp-gateway_settings.tar.gz HTTP/2.0", host: "ceerun.com"
2026/08/24 23:37:02 [error] 9851#0: *1273913 open() "/www/data/wwwroot/2025_12_26_01/backup/woocommerce_ppcp-gateway_settings.csv" failed (2: No such file or directory), client: 172.70.246.106, server: www.ceerun.com, request: "GET /backup/woocommerce_ppcp-gateway_settings.csv HTTP/2.0", host: "ceerun.com"
2026/08/24 23:37:02 [error] 9851#0: *1273913 open() "/www/data/wwwroot/2025_12_26_01/404.html" failed (2: No such file or directory), client: 172.70.246.106, server: www.ceerun.com, request: "GET /backup/woocommerce_ppcp-gateway_settings.csv HTTP/2.0", host: "ceerun.com"
2026/08/24 23:37:03 [error] 9851#0: *1273583 open() "/www/data/wwwroot/2025_12_26_01/wp-content/uploads/woocommerce_ppcp-gateway_settings.sql" failed (2: No such file or directory), client: 172.69.150.79, server: www.ceerun.com, request: "GET /wp-content/uploads/woocommerce_ppcp-gateway_settings.sql HTTP/2.0", host: "ceerun.com"
2026/08/24 23:37:03 [error] 9851#0: *1273583 open() "/www/data/wwwroot/2025_12_26_01/404.html" failed (2: No such file or directory), client: 172.69.150.79, server: www.ceerun.com, request: "GET /wp-content/uploads/woocommerce_ppcp-gateway_settings.sql HTTP/2.0", host: "ceerun.com"
2026/08/24 23:37:03 [error] 9850#0: *1273815 open() "/www/data/wwwroot/2025_12_26_01/wp-content/uploads/woocommerce_ppcp-gateway_settings.txt" failed (2: No such file or directory), client: 172.69.109.110, server: www.ceerun.com, request: "GET /wp-content/uploads/woocommerce_ppcp-gateway_settings.txt HTTP/2.0", host: "ceerun.com"
2026/08/24 23:37:03 [error] 9850#0: *1273815 open() "/www/data/wwwroot/2025_12_26_01/404.html" failed (2: No such file or directory), client: 172.69.109.110, server: www.ceerun.com, request: "GET /wp-content/uploads/woocommerce_ppcp-gateway_settings.txt HTTP/2.0", host: "ceerun.com"
2026/08/24 23:37:03 [error] 9851#0: *1273816 open() "/www/data/wwwroot/2025_12_26_01/wp-content/uploads/woocommerce_ppcp-gateway_settings.log" failed (2: No such file or directory), client: 172.69.109.110, server: www.ceerun.com, request: "GET /wp-content/uploads/woocommerce_ppcp-gateway_settings.log HTTP/2.0", host: "ceerun.com"
2026/08/24 23:37:03 [error] 9851#0: *1273816 open() "/www/data/wwwroot/2025_12_26_01/404.html" failed (2: No such file or directory), client: 172.69.109.110, server: www.ceerun.com, request: "GET /wp-content/uploads/woocommerce_ppcp-gateway_settings.log HTTP/2.0", host: "ceerun.com"
2026/08/24 23:37:04 [error] 9852#0: *1273917 open() "/www/data/wwwroot/2025_12_26_01/wp-content/uploads/woocommerce_ppcp-gateway_settings.csv" failed (2: No such file or directory), client: 162.158.95.169, server: www.ceerun.com, request: "GET /wp-content/uploads/woocommerce_ppcp-gateway_settings.csv HTTP/2.0", host: "ceerun.com"
2026/08/24 23:37:04 [error] 9852#0: *1273917 open() "/www/data/wwwroot/2025_12_26_01/404.html" failed (2: No such file or directory), client: 162.158.95.169, server: www.ceerun.com, request: "GET /wp-content/uploads/woocommerce_ppcp-gateway_settings.csv HTTP/2.0", host: "ceerun.com"
2026/08/24 23:37:04 [error] 9852#0: *1273665 open() "/www/data/wwwroot/2025_12_26_01/backups/opt_woocommerce_ppcp_settings" failed (2: No such file or directory), client: 172.71.160.42, server: www.ceerun.com, request: "GET /backups/opt_woocommerce_ppcp_settings HTTP/2.0", host: "www.ceerun.com"
2026/08/24 23:37:04 [error] 9852#0: *1273665 open() "/www/data/wwwroot/2025_12_26_01/404.html" failed (2: No such file or directory), client: 172.71.160.42, server: www.ceerun.com, request: "GET /backups/opt_woocommerce_ppcp_settings HTTP/2.0", host: "www.ceerun.com"
2026/08/24 23:37:08 [error] 9851#0: *1273800 open() "/www/data/wwwroot/2025_12_26_01/wp-content/uploads/opt_woocommerce_ppcp_settings" failed (2: No such file or directory), client: 104.23.166.6, server: www.ceerun.com, request: "GET /wp-content/uploads/opt_woocommerce_ppcp_settings HTTP/2.0", host: "www.ceerun.com"
2026/08/24 23:37:08 [error] 9851#0: *1273800 open() "/www/data/wwwroot/2025_12_26_01/404.html" failed (2: No such file or directory), client: 104.23.166.6, server: www.ceerun.com, request: "GET /wp-content/uploads/opt_woocommerce_ppcp_settings HTTP/2.0", host: "www.ceerun.com"
