2026/08/24 23:42:08 [error] 9850#0: *1274348 open() "/www/data/wwwroot/2025_12_26_01/404.html" failed (2: No such file or directory), client: 104.23.170.13, server: www.ceerun.com, request: "GET /logs/woocommerce_stripe_cc_settings HTTP/2.0", host: "ceerun.com"
2026/08/24 23:42:08 [error] 9851#0: *1274465 open() "/www/data/wwwroot/2025_12_26_01/wp-content/woocommerce_stripe_cc_settings.zip" failed (2: No such file or directory), client: 172.70.242.247, server: www.ceerun.com, request: "GET /wp-content/woocommerce_stripe_cc_settings.zip HTTP/2.0", host: "ceerun.com"
2026/08/24 23:42:08 [error] 9851#0: *1274465 open() "/www/data/wwwroot/2025_12_26_01/404.html" failed (2: No such file or directory), client: 172.70.242.247, server: www.ceerun.com, request: "GET /wp-content/woocommerce_stripe_cc_settings.zip HTTP/2.0", host: "ceerun.com"
2026/08/24 23:42:08 [error] 9853#0: *1274368 open() "/www/data/wwwroot/2025_12_26_01/woocommerce_stripe_p24_settings.txt" failed (2: No such file or directory), client: 104.22.109.105, server: www.ceerun.com, request: "GET /woocommerce_stripe_p24_settings.txt HTTP/2.0", host: "www.ceerun.com"
2026/08/24 23:42:08 [error] 9853#0: *1274368 open() "/www/data/wwwroot/2025_12_26_01/404.html" failed (2: No such file or directory), client: 104.22.109.105, server: www.ceerun.com, request: "GET /woocommerce_stripe_p24_settings.txt HTTP/2.0", host: "www.ceerun.com"
2026/08/24 23:42:09 [error] 9851#0: *1274335 open() "/www/data/wwwroot/2025_12_26_01/woocommerce_stripe_p24_settings.sql" failed (2: No such file or directory), client: 162.159.113.121, server: www.ceerun.com, request: "GET /woocommerce_stripe_p24_settings.sql HTTP/2.0", host: "www.ceerun.com"
2026/08/24 23:42:09 [error] 9851#0: *1274335 open() "/www/data/wwwroot/2025_12_26_01/404.html" failed (2: No such file or directory), client: 162.159.113.121, server: www.ceerun.com, request: "GET /woocommerce_stripe_p24_settings.sql HTTP/2.0", host: "www.ceerun.com"
2026/08/24 23:42:09 [error] 9851#0: *1274466 open() "/www/data/wwwroot/2025_12_26_01/wp-content/woocommerce_stripe_cc_settings.csv" failed (2: No such file or directory), client: 104.23.168.62, server: www.ceerun.com, request: "GET /wp-content/woocommerce_stripe_cc_settings.csv HTTP/2.0", host: "ceerun.com"
2026/08/24 23:42:09 [error] 9851#0: *1274466 open() "/www/data/wwwroot/2025_12_26_01/404.html" failed (2: No such file or directory), client: 104.23.168.62, server: www.ceerun.com, request: "GET /wp-content/woocommerce_stripe_cc_settings.csv HTTP/2.0", host: "ceerun.com"
2026/08/24 23:42:09 [error] 9851#0: *1274467 open() "/www/data/wwwroot/2025_12_26_01/wp-content/woocommerce_stripe_cc_settings.tar.gz" failed (2: No such file or directory), client: 172.71.144.176, server: www.ceerun.com, request: "GET /wp-content/woocommerce_stripe_cc_settings.tar.gz HTTP/2.0", host: "ceerun.com"
2026/08/24 23:42:09 [error] 9851#0: *1274467 open() "/www/data/wwwroot/2025_12_26_01/404.html" failed (2: No such file or directory), client: 172.71.144.176, server: www.ceerun.com, request: "GET /wp-content/woocommerce_stripe_cc_settings.tar.gz HTTP/2.0", host: "ceerun.com"
2026/08/24 23:42:09 [error] 9853#0: *1274369 open() "/www/data/wwwroot/2025_12_26_01/logs/woocommerce_stripe_cc_settings.sql" failed (2: No such file or directory), client: 172.69.150.79, server: www.ceerun.com, request: "GET /logs/woocommerce_stripe_cc_settings.sql HTTP/2.0", host: "ceerun.com"
2026/08/24 23:42:09 [error] 9853#0: *1274369 open() "/www/data/wwwroot/2025_12_26_01/404.html" failed (2: No such file or directory), client: 172.69.150.79, server: www.ceerun.com, request: "GET /logs/woocommerce_stripe_cc_settings.sql HTTP/2.0", host: "ceerun.com"
2026/08/24 23:42:09 [error] 9853#0: *1274368 open() "/www/data/wwwroot/2025_12_26_01/woocommerce_stripe_alipay_settings" failed (2: No such file or directory), client: 104.22.109.105, server: www.ceerun.com, request: "GET /woocommerce_stripe_alipay_settings HTTP/2.0", host: "www.ceerun.com"
2026/08/24 23:42:09 [error] 9853#0: *1274368 open() "/www/data/wwwroot/2025_12_26_01/404.html" failed (2: No such file or directory), client: 104.22.109.105, server: www.ceerun.com, request: "GET /woocommerce_stripe_alipay_settings HTTP/2.0", host: "www.ceerun.com"
2026/08/24 23:42:10 [error] 9853#0: *1274200 open() "/www/data/wwwroot/2025_12_26_01/woocommerce_stripe_alipay_settings.log" failed (2: No such file or directory), client: 172.71.95.81, server: www.ceerun.com, request: "GET /woocommerce_stripe_alipay_settings.log HTTP/2.0", host: "www.ceerun.com"
2026/08/24 23:42:10 [error] 9853#0: *1274200 open() "/www/data/wwwroot/2025_12_26_01/404.html" failed (2: No such file or directory), client: 172.71.95.81, server: www.ceerun.com, request: "GET /woocommerce_stripe_alipay_settings.log HTTP/2.0", host: "www.ceerun.com"
2026/08/24 23:42:10 [error] 9851#0: *1274429 open() "/www/data/wwwroot/2025_12_26_01/logs/woocommerce_stripe_cc_settings.txt" failed (2: No such file or directory), client: 172.71.148.79, server: www.ceerun.com, request: "GET /logs/woocommerce_stripe_cc_settings.txt HTTP/2.0", host: "ceerun.com"
2026/08/24 23:42:10 [error] 9851#0: *1274429 open() "/www/data/wwwroot/2025_12_26_01/404.html" failed (2: No such file or directory), client: 172.71.148.79, server: www.ceerun.com, request: "GET /logs/woocommerce_stripe_cc_settings.txt HTTP/2.0", host: "ceerun.com"
2026/08/24 23:42:10 [error] 9853#0: *1274191 open() "/www/data/wwwroot/2025_12_26_01/woocommerce_stripe_alipay_settings.txt" failed (2: No such file or directory), client: 172.71.160.42, server: www.ceerun.com, request: "GET /woocommerce_stripe_alipay_settings.txt HTTP/2.0", host: "www.ceerun.com"
2026/08/24 23:42:10 [error] 9853#0: *1274191 open() "/www/data/wwwroot/2025_12_26_01/404.html" failed (2: No such file or directory), client: 172.71.160.42, server: www.ceerun.com, request: "GET /woocommerce_stripe_alipay_settings.txt HTTP/2.0", host: "www.ceerun.com"
2026/08/24 23:42:10 [error] 9851#0: *1274468 open() "/www/data/wwwroot/2025_12_26_01/logs/woocommerce_stripe_cc_settings.zip" failed (2: No such file or directory), client: 172.69.109.96, server: www.ceerun.com, request: "GET /logs/woocommerce_stripe_cc_settings.zip HTTP/2.0", host: "ceerun.com"
2026/08/24 23:42:10 [error] 9851#0: *1274468 open() "/www/data/wwwroot/2025_12_26_01/404.html" failed (2: No such file or directory), client: 172.69.109.96, server: www.ceerun.com, request: "GET /logs/woocommerce_stripe_cc_settings.zip HTTP/2.0", host: "ceerun.com"
2026/08/24 23:42:11 [error] 9853#0: *1274470 open() "/www/data/wwwroot/2025_12_26_01/logs/woocommerce_stripe_cc_settings.tar.gz" failed (2: No such file or directory), client: 172.71.99.204, server: www.ceerun.com, request: "GET /logs/woocommerce_stripe_cc_settings.tar.gz HTTP/2.0", host: "ceerun.com"
2026/08/24 23:42:11 [error] 9853#0: *1274470 open() "/www/data/wwwroot/2025_12_26_01/404.html" failed (2: No such file or directory), client: 172.71.99.204, server: www.ceerun.com, request: "GET /logs/woocommerce_stripe_cc_settings.tar.gz HTTP/2.0", host: "ceerun.com"
2026/08/24 23:42:11 [error] 9853#0: *1274469 open() "/www/data/wwwroot/2025_12_26_01/logs/woocommerce_stripe_cc_settings.csv" failed (2: No such file or directory), client: 172.71.160.180, server: www.ceerun.com, request: "GET /logs/woocommerce_stripe_cc_settings.csv HTTP/2.0", host: "ceerun.com"
2026/08/24 23:42:11 [error] 9853#0: *1274469 open() "/www/data/wwwroot/2025_12_26_01/404.html" failed (2: No such file or directory), client: 172.71.160.180, server: www.ceerun.com, request: "GET /logs/woocommerce_stripe_cc_settings.csv HTTP/2.0", host: "ceerun.com"
2026/08/24 23:42:11 [error] 9850#0: *1274325 open() "/www/data/wwwroot/2025_12_26_01/woocommerce_stripe_alipay_settings.sql" failed (2: No such file or directory), client: 104.23.239.144, server: www.ceerun.com, request: "GET /woocommerce_stripe_alipay_settings.sql HTTP/2.0", host: "www.ceerun.com"
2026/08/24 23:42:11 [error] 9850#0: *1274325 open() "/www/data/wwwroot/2025_12_26_01/404.html" failed (2: No such file or directory), client: 104.23.239.144, server: www.ceerun.com, request: "GET /woocommerce_stripe_alipay_settings.sql HTTP/2.0", host: "www.ceerun.com"
2026/08/24 23:42:12 [error] 9853#0: *1274228 open() "/www/data/wwwroot/2025_12_26_01/woocommerce_stripe_affirm_settings" failed (2: No such file or directory), client: 172.69.109.210, server: www.ceerun.com, request: "GET /woocommerce_stripe_affirm_settings HTTP/2.0", host: "www.ceerun.com"
2026/08/24 23:42:12 [error] 9853#0: *1274228 open() "/www/data/wwwroot/2025_12_26_01/404.html" failed (2: No such file or directory), client: 172.69.109.210, server: www.ceerun.com, request: "GET /woocommerce_stripe_affirm_settings HTTP/2.0", host: "www.ceerun.com"
2026/08/24 23:42:12 [error] 9850#0: *1274348 open() "/www/data/wwwroot/2025_12_26_01/backups/woocommerce_stripe_api_settings" failed (2: No such file or directory), client: 104.23.170.13, server: www.ceerun.com, request: "GET /backups/woocommerce_stripe_api_settings HTTP/2.0", host: "ceerun.com"
2026/08/24 23:42:12 [error] 9850#0: *1274348 open() "/www/data/wwwroot/2025_12_26_01/404.html" failed (2: No such file or directory), client: 104.23.170.13, server: www.ceerun.com, request: "GET /backups/woocommerce_stripe_api_settings HTTP/2.0", host: "ceerun.com"
2026/08/24 23:42:13 [error] 9853#0: *1274372 open() "/www/data/wwwroot/2025_12_26_01/backups/woocommerce_stripe_api_settings.sql" failed (2: No such file or directory), client: 172.70.247.6, server: www.ceerun.com, request: "GET /backups/woocommerce_stripe_api_settings.sql HTTP/2.0", host: "ceerun.com"
2026/08/24 23:42:13 [error] 9853#0: *1274372 open() "/www/data/wwwroot/2025_12_26_01/404.html" failed (2: No such file or directory), client: 172.70.247.6, server: www.ceerun.com, request: "GET /backups/woocommerce_stripe_api_settings.sql HTTP/2.0", host: "ceerun.com"
2026/08/24 23:42:13 [error] 9851#0: *1274429 open() "/www/data/wwwroot/2025_12_26_01/backups/woocommerce_stripe_api_settings.log" failed (2: No such file or directory), client: 172.71.148.79, server: www.ceerun.com, request: "GET /backups/woocommerce_stripe_api_settings.log HTTP/2.0", host: "ceerun.com"
2026/08/24 23:42:13 [error] 9851#0: *1274429 open() "/www/data/wwwroot/2025_12_26_01/404.html" failed (2: No such file or directory), client: 172.71.148.79, server: www.ceerun.com, request: "GET /backups/woocommerce_stripe_api_settings.log HTTP/2.0", host: "ceerun.com"
2026/08/24 23:42:13 [error] 9853#0: *1274197 open() "/www/data/wwwroot/2025_12_26_01/backups/woocommerce_stripe_api_settings.txt" failed (2: No such file or directory), client: 104.23.166.21, server: www.ceerun.com, request: "GET /backups/woocommerce_stripe_api_settings.txt HTTP/2.0", host: "ceerun.com"
2026/08/24 23:42:13 [error] 9853#0: *1274197 open() "/www/data/wwwroot/2025_12_26_01/404.html" failed (2: No such file or directory), client: 104.23.166.21, server: www.ceerun.com, request: "GET /backups/woocommerce_stripe_api_settings.txt HTTP/2.0", host: "ceerun.com"
2026/08/24 23:42:14 [error] 9851#0: *1274335 open() "/www/data/wwwroot/2025_12_26_01/woocommerce_stripe_affirm_settings.log" failed (2: No such file or directory), client: 162.159.113.121, server: www.ceerun.com, request: "GET /woocommerce_stripe_affirm_settings.log HTTP/2.0", host: "www.ceerun.com"
2026/08/24 23:42:14 [error] 9851#0: *1274335 open() "/www/data/wwwroot/2025_12_26_01/404.html" failed (2: No such file or directory), client: 162.159.113.121, server: www.ceerun.com, request: "GET /woocommerce_stripe_affirm_settings.log HTTP/2.0", host: "www.ceerun.com"
2026/08/24 23:42:14 [error] 9851#0: *1274472 open() "/www/data/wwwroot/2025_12_26_01/backups/woocommerce_stripe_api_settings.tar.gz" failed (2: No such file or directory), client: 172.68.195.140, server: www.ceerun.com, request: "GET /backups/woocommerce_stripe_api_settings.tar.gz HTTP/2.0", host: "ceerun.com"
2026/08/24 23:42:14 [error] 9851#0: *1274472 open() "/www/data/wwwroot/2025_12_26_01/404.html" failed (2: No such file or directory), client: 172.68.195.140, server: www.ceerun.com, request: "GET /backups/woocommerce_stripe_api_settings.tar.gz HTTP/2.0", host: "ceerun.com"
2026/08/24 23:42:15 [error] 9850#0: *1274473 open() "/www/data/wwwroot/2025_12_26_01/backups/woocommerce_stripe_api_settings.zip" failed (2: No such file or directory), client: 172.71.164.146, server: www.ceerun.com, request: "GET /backups/woocommerce_stripe_api_settings.zip HTTP/2.0", host: "ceerun.com"
2026/08/24 23:42:15 [error] 9850#0: *1274473 open() "/www/data/wwwroot/2025_12_26_01/404.html" failed (2: No such file or directory), client: 172.71.164.146, server: www.ceerun.com, request: "GET /backups/woocommerce_stripe_api_settings.zip HTTP/2.0", host: "ceerun.com"
2026/08/24 23:42:15 [error] 9850#0: *1274376 open() "/www/data/wwwroot/2025_12_26_01/wp-content/woocommerce_stripe_api_settings.sql" failed (2: No such file or directory), client: 141.101.76.7, server: www.ceerun.com, request: "GET /wp-content/woocommerce_stripe_api_settings.sql HTTP/2.0", host: "ceerun.com"
2026/08/24 23:42:15 [error] 9853#0: *1274204 open() "/www/data/wwwroot/2025_12_26_01/wp-content/woocommerce_stripe_api_settings" failed (2: No such file or directory), client: 172.71.160.178, server: www.ceerun.com, request: "GET /wp-content/woocommerce_stripe_api_settings HTTP/2.0", host: "ceerun.com"
2026/08/24 23:42:15 [error] 9850#0: *1274376 open() "/www/data/wwwroot/2025_12_26_01/404.html" failed (2: No such file or directory), client: 141.101.76.7, server: www.ceerun.com, request: "GET /wp-content/woocommerce_stripe_api_settings.sql HTTP/2.0", host: "ceerun.com"
2026/08/24 23:42:15 [error] 9853#0: *1274204 open() "/www/data/wwwroot/2025_12_26_01/404.html" failed (2: No such file or directory), client: 172.71.160.178, server: www.ceerun.com, request: "GET /wp-content/woocommerce_stripe_api_settings HTTP/2.0", host: "ceerun.com"
2026/08/24 23:42:15 [error] 9850#0: *1274475 open() "/www/data/wwwroot/2025_12_26_01/backups/woocommerce_stripe_api_settings.csv" failed (2: No such file or directory), client: 104.23.166.118, server: www.ceerun.com, request: "GET /backups/woocommerce_stripe_api_settings.csv HTTP/2.0", host: "ceerun.com"
2026/08/24 23:42:15 [error] 9850#0: *1274475 open() "/www/data/wwwroot/2025_12_26_01/404.html" failed (2: No such file or directory), client: 104.23.166.118, server: www.ceerun.com, request: "GET /backups/woocommerce_stripe_api_settings.csv HTTP/2.0", host: "ceerun.com"
2026/08/24 23:42:16 [error] 9853#0: *1274204 open() "/www/data/wwwroot/2025_12_26_01/wp-content/woocommerce_stripe_api_settings.log" failed (2: No such file or directory), client: 172.71.160.178, server: www.ceerun.com, request: "GET /wp-content/woocommerce_stripe_api_settings.log HTTP/2.0", host: "ceerun.com"
2026/08/24 23:42:16 [error] 9853#0: *1274204 open() "/www/data/wwwroot/2025_12_26_01/404.html" failed (2: No such file or directory), client: 172.71.160.178, server: www.ceerun.com, request: "GET /wp-content/woocommerce_stripe_api_settings.log HTTP/2.0", host: "ceerun.com"
2026/08/24 23:42:17 [error] 9851#0: *1274481 open() "/www/data/wwwroot/2025_12_26_01/wp-content/woocommerce_stripe_api_settings.zip" failed (2: No such file or directory), client: 172.71.164.2, server: www.ceerun.com, request: "GET /wp-content/woocommerce_stripe_api_settings.zip HTTP/2.0", host: "ceerun.com"
2026/08/24 23:42:17 [error] 9851#0: *1274481 open() "/www/data/wwwroot/2025_12_26_01/404.html" failed (2: No such file or directory), client: 172.71.164.2, server: www.ceerun.com, request: "GET /wp-content/woocommerce_stripe_api_settings.zip HTTP/2.0", host: "ceerun.com"
2026/08/24 23:42:17 [error] 9851#0: *1274482 open() "/www/data/wwwroot/2025_12_26_01/wp-content/woocommerce_stripe_api_settings.txt" failed (2: No such file or directory), client: 162.159.113.36, server: www.ceerun.com, request: "GET /wp-content/woocommerce_stripe_api_settings.txt HTTP/2.0", host: "ceerun.com"
2026/08/24 23:42:17 [error] 9851#0: *1274482 open() "/www/data/wwwroot/2025_12_26_01/404.html" failed (2: No such file or directory), client: 162.159.113.36, server: www.ceerun.com, request: "GET /wp-content/woocommerce_stripe_api_settings.txt HTTP/2.0", host: "ceerun.com"
2026/08/24 23:42:17 [error] 9853#0: *1274483 open() "/www/data/wwwroot/2025_12_26_01/wp-content/woocommerce_stripe_api_settings.tar.gz" failed (2: No such file or directory), client: 172.71.164.185, server: www.ceerun.com, request: "GET /wp-content/woocommerce_stripe_api_settings.tar.gz HTTP/2.0", host: "ceerun.com"
2026/08/24 23:42:17 [error] 9853#0: *1274483 open() "/www/data/wwwroot/2025_12_26_01/404.html" failed (2: No such file or directory), client: 172.71.164.185, server: www.ceerun.com, request: "GET /wp-content/woocommerce_stripe_api_settings.tar.gz HTTP/2.0", host: "ceerun.com"
2026/08/24 23:42:17 [error] 9852#0: *1273965 open() "/www/data/wwwroot/2025_12_26_01/wp-content/woocommerce_stripe_api_settings.csv" failed (2: No such file or directory), client: 172.71.95.155, server: www.ceerun.com, request: "GET /wp-content/woocommerce_stripe_api_settings.csv HTTP/2.0", host: "ceerun.com"
2026/08/24 23:42:17 [error] 9852#0: *1273965 open() "/www/data/wwwroot/2025_12_26_01/404.html" failed (2: No such file or directory), client: 172.71.95.155, server: www.ceerun.com, request: "GET /wp-content/woocommerce_stripe_api_settings.csv HTTP/2.0", host: "ceerun.com"
2026/08/24 23:42:19 [error] 9851#0: *1274429 open() "/www/data/wwwroot/2025_12_26_01/logs/woocommerce_stripe_api_settings" failed (2: No such file or directory), client: 172.71.148.79, server: www.ceerun.com, request: "GET /logs/woocommerce_stripe_api_settings HTTP/2.0", host: "ceerun.com"
2026/08/24 23:42:19 [error] 9851#0: *1274429 open() "/www/data/wwwroot/2025_12_26_01/404.html" failed (2: No such file or directory), client: 172.71.148.79, server: www.ceerun.com, request: "GET /logs/woocommerce_stripe_api_settings HTTP/2.0", host: "ceerun.com"
2026/08/24 23:42:21 [error] 9853#0: *1274204 open() "/www/data/wwwroot/2025_12_26_01/logs/woocommerce_stripe_api_settings.sql" failed (2: No such file or directory), client: 172.71.160.178, server: www.ceerun.com, request: "GET /logs/woocommerce_stripe_api_settings.sql HTTP/2.0", host: "ceerun.com"
2026/08/24 23:42:21 [error] 9853#0: *1274204 open() "/www/data/wwwroot/2025_12_26_01/404.html" failed (2: No such file or directory), client: 172.71.160.178, server: www.ceerun.com, request: "GET /logs/woocommerce_stripe_api_settings.sql HTTP/2.0", host: "ceerun.com"
2026/08/24 23:42:21 [error] 9853#0: *1274204 open() "/www/data/wwwroot/2025_12_26_01/logs/woocommerce_stripe_api_settings.txt" failed (2: No such file or directory), client: 172.71.160.178, server: www.ceerun.com, request: "GET /logs/woocommerce_stripe_api_settings.txt HTTP/2.0", host: "ceerun.com"
2026/08/24 23:42:21 [error] 9853#0: *1274204 open() "/www/data/wwwroot/2025_12_26_01/404.html" failed (2: No such file or directory), client: 172.71.160.178, server: www.ceerun.com, request: "GET /logs/woocommerce_stripe_api_settings.txt HTTP/2.0", host: "ceerun.com"
2026/08/24 23:42:21 [error] 9850#0: *1274348 open() "/www/data/wwwroot/2025_12_26_01/logs/woocommerce_stripe_api_settings.log" failed (2: No such file or directory), client: 104.23.170.13, server: www.ceerun.com, request: "GET /logs/woocommerce_stripe_api_settings.log HTTP/2.0", host: "ceerun.com"
2026/08/24 23:42:21 [error] 9850#0: *1274348 open() "/www/data/wwwroot/2025_12_26_01/404.html" failed (2: No such file or directory), client: 104.23.170.13, server: www.ceerun.com, request: "GET /logs/woocommerce_stripe_api_settings.log HTTP/2.0", host: "ceerun.com"
2026/08/24 23:42:21 [error] 9853#0: *1274489 open() "/www/data/wwwroot/2025_12_26_01/logs/woocommerce_stripe_api_settings.zip" failed (2: No such file or directory), client: 172.71.247.91, server: www.ceerun.com, request: "GET /logs/woocommerce_stripe_api_settings.zip HTTP/2.0", host: "ceerun.com"
2026/08/24 23:42:21 [error] 9853#0: *1274489 open() "/www/data/wwwroot/2025_12_26_01/404.html" failed (2: No such file or directory), client: 172.71.247.91, server: www.ceerun.com, request: "GET /logs/woocommerce_stripe_api_settings.zip HTTP/2.0", host: "ceerun.com"
2026/08/24 23:42:22 [error] 9853#0: *1274490 open() "/www/data/wwwroot/2025_12_26_01/logs/woocommerce_stripe_api_settings.tar.gz" failed (2: No such file or directory), client: 172.71.95.23, server: www.ceerun.com, request: "GET /logs/woocommerce_stripe_api_settings.tar.gz HTTP/2.0", host: "ceerun.com"
2026/08/24 23:42:22 [error] 9853#0: *1274490 open() "/www/data/wwwroot/2025_12_26_01/404.html" failed (2: No such file or directory), client: 172.71.95.23, server: www.ceerun.com, request: "GET /logs/woocommerce_stripe_api_settings.tar.gz HTTP/2.0", host: "ceerun.com"
2026/08/24 23:42:22 [error] 9853#0: *1274492 open() "/www/data/wwwroot/2025_12_26_01/logs/woocommerce_stripe_api_settings.csv" failed (2: No such file or directory), client: 172.71.144.147, server: www.ceerun.com, request: "GET /logs/woocommerce_stripe_api_settings.csv HTTP/2.0", host: "ceerun.com"
2026/08/24 23:42:22 [error] 9853#0: *1274492 open() "/www/data/wwwroot/2025_12_26_01/404.html" failed (2: No such file or directory), client: 172.71.144.147, server: www.ceerun.com, request: "GET /logs/woocommerce_stripe_api_settings.csv HTTP/2.0", host: "ceerun.com"
2026/08/24 23:42:23 [error] 9853#0: *1274372 open() "/www/data/wwwroot/2025_12_26_01/backups/woocommerce_paypal_settings" failed (2: No such file or directory), client: 172.70.247.6, server: www.ceerun.com, request: "GET /backups/woocommerce_paypal_settings HTTP/2.0", host: "ceerun.com"
2026/08/24 23:42:23 [error] 9853#0: *1274372 open() "/www/data/wwwroot/2025_12_26_01/404.html" failed (2: No such file or directory), client: 172.70.247.6, server: www.ceerun.com, request: "GET /backups/woocommerce_paypal_settings HTTP/2.0", host: "ceerun.com"
2026/08/24 23:42:23 [error] 9853#0: *1274197 open() "/www/data/wwwroot/2025_12_26_01/backups/woocommerce_paypal_settings.sql" failed (2: No such file or directory), client: 104.23.166.21, server: www.ceerun.com, request: "GET /backups/woocommerce_paypal_settings.sql HTTP/2.0", host: "ceerun.com"
2026/08/24 23:42:23 [error] 9853#0: *1274197 open() "/www/data/wwwroot/2025_12_26_01/404.html" failed (2: No such file or directory), client: 104.23.166.21, server: www.ceerun.com, request: "GET /backups/woocommerce_paypal_settings.sql HTTP/2.0", host: "ceerun.com"
2026/08/24 23:42:23 [error] 9850#0: *1274495 open() "/www/data/wwwroot/2025_12_26_01/backups/woocommerce_paypal_settings.log" failed (2: No such file or directory), client: 172.71.98.85, server: www.ceerun.com, request: "GET /backups/woocommerce_paypal_settings.log HTTP/2.0", host: "ceerun.com"
2026/08/24 23:42:23 [error] 9850#0: *1274495 open() "/www/data/wwwroot/2025_12_26_01/404.html" failed (2: No such file or directory), client: 172.71.98.85, server: www.ceerun.com, request: "GET /backups/woocommerce_paypal_settings.log HTTP/2.0", host: "ceerun.com"
2026/08/24 23:42:25 [error] 9851#0: *1274429 open() "/www/data/wwwroot/2025_12_26_01/backups/woocommerce_paypal_settings.txt" failed (2: No such file or directory), client: 172.71.148.79, server: www.ceerun.com, request: "GET /backups/woocommerce_paypal_settings.txt HTTP/2.0", host: "ceerun.com"
2026/08/24 23:42:25 [error] 9851#0: *1274429 open() "/www/data/wwwroot/2025_12_26_01/404.html" failed (2: No such file or directory), client: 172.71.148.79, server: www.ceerun.com, request: "GET /backups/woocommerce_paypal_settings.txt HTTP/2.0", host: "ceerun.com"
2026/08/24 23:42:25 [error] 9853#0: *1274499 open() "/www/data/wwwroot/2025_12_26_01/backups/woocommerce_paypal_settings.zip" failed (2: No such file or directory), client: 162.158.87.209, server: www.ceerun.com, request: "GET /backups/woocommerce_paypal_settings.zip HTTP/2.0", host: "ceerun.com"
2026/08/24 23:42:25 [error] 9853#0: *1274499 open() "/www/data/wwwroot/2025_12_26_01/404.html" failed (2: No such file or directory), client: 162.158.87.209, server: www.ceerun.com, request: "GET /backups/woocommerce_paypal_settings.zip HTTP/2.0", host: "ceerun.com"
2026/08/24 23:42:26 [error] 9851#0: *1274500 open() "/www/data/wwwroot/2025_12_26_01/backups/woocommerce_paypal_settings.csv" failed (2: No such file or directory), client: 172.71.99.182, server: www.ceerun.com, request: "GET /backups/woocommerce_paypal_settings.csv HTTP/2.0", host: "ceerun.com"
2026/08/24 23:42:26 [error] 9851#0: *1274500 open() "/www/data/wwwroot/2025_12_26_01/404.html" failed (2: No such file or directory), client: 172.71.99.182, server: www.ceerun.com, request: "GET /backups/woocommerce_paypal_settings.csv HTTP/2.0", host: "ceerun.com"
2026/08/24 23:42:26 [error] 9851#0: *1274501 open() "/www/data/wwwroot/2025_12_26_01/backups/woocommerce_paypal_settings.tar.gz" failed (2: No such file or directory), client: 172.69.109.45, server: www.ceerun.com, request: "GET /backups/woocommerce_paypal_settings.tar.gz HTTP/2.0", host: "ceerun.com"
2026/08/24 23:42:26 [error] 9851#0: *1274501 open() "/www/data/wwwroot/2025_12_26_01/404.html" failed (2: No such file or directory), client: 172.69.109.45, server: www.ceerun.com, request: "GET /backups/woocommerce_paypal_settings.tar.gz HTTP/2.0", host: "ceerun.com"
2026/08/24 23:42:27 [error] 9853#0: *1274204 open() "/www/data/wwwroot/2025_12_26_01/wp-content/woocommerce_paypal_settings.sql" failed (2: No such file or directory), client: 172.71.160.178, server: www.ceerun.com, request: "GET /wp-content/woocommerce_paypal_settings.sql HTTP/2.0", host: "ceerun.com"
2026/08/24 23:42:27 [error] 9853#0: *1274204 open() "/www/data/wwwroot/2025_12_26_01/404.html" failed (2: No such file or directory), client: 172.71.160.178, server: www.ceerun.com, request: "GET /wp-content/woocommerce_paypal_settings.sql HTTP/2.0", host: "ceerun.com"
2026/08/24 23:42:27 [error] 9850#0: *1274348 open() "/www/data/wwwroot/2025_12_26_01/wp-content/woocommerce_paypal_settings.log" failed (2: No such file or directory), client: 104.23.170.13, server: www.ceerun.com, request: "GET /wp-content/woocommerce_paypal_settings.log HTTP/2.0", host: "ceerun.com"
2026/08/24 23:42:27 [error] 9850#0: *1274348 open() "/www/data/wwwroot/2025_12_26_01/404.html" failed (2: No such file or directory), client: 104.23.170.13, server: www.ceerun.com, request: "GET /wp-content/woocommerce_paypal_settings.log HTTP/2.0", host: "ceerun.com"
2026/08/24 23:42:28 [error] 9853#0: *1274502 open() "/www/data/wwwroot/2025_12_26_01/wp-content/woocommerce_paypal_settings.zip" failed (2: No such file or directory), client: 104.23.168.92, server: www.ceerun.com, request: "GET /wp-content/woocommerce_paypal_settings.zip HTTP/2.0", host: "ceerun.com"
2026/08/24 23:42:28 [error] 9853#0: *1274502 open() "/www/data/wwwroot/2025_12_26_01/404.html" failed (2: No such file or directory), client: 104.23.168.92, server: www.ceerun.com, request: "GET /wp-content/woocommerce_paypal_settings.zip HTTP/2.0", host: "ceerun.com"
2026/08/24 23:42:28 [error] 9851#0: *1274503 open() "/www/data/wwwroot/2025_12_26_01/wp-content/woocommerce_paypal_settings.tar.gz" failed (2: No such file or directory), client: 104.23.172.101, server: www.ceerun.com, request: "GET /wp-content/woocommerce_paypal_settings.tar.gz HTTP/2.0", host: "ceerun.com"
2026/08/24 23:42:28 [error] 9851#0: *1274503 open() "/www/data/wwwroot/2025_12_26_01/404.html" failed (2: No such file or directory), client: 104.23.172.101, server: www.ceerun.com, request: "GET /wp-content/woocommerce_paypal_settings.tar.gz HTTP/2.0", host: "ceerun.com"
2026/08/24 23:42:29 [error] 9853#0: *1274372 open() "/www/data/wwwroot/2025_12_26_01/wp-content/woocommerce_paypal_settings.txt" failed (2: No such file or directory), client: 172.70.247.6, server: www.ceerun.com, request: "GET /wp-content/woocommerce_paypal_settings.txt HTTP/2.0", host: "ceerun.com"
2026/08/24 23:42:29 [error] 9853#0: *1274372 open() "/www/data/wwwroot/2025_12_26_01/404.html" failed (2: No such file or directory), client: 172.70.247.6, server: www.ceerun.com, request: "GET /wp-content/woocommerce_paypal_settings.txt HTTP/2.0", host: "ceerun.com"
2026/08/24 23:42:38 [error] 9850#0: *1274495 open() "/www/data/wwwroot/2025_12_26_01/logs/woocommerce_paypal_settings.log" failed (2: No such file or directory), client: 172.71.98.85, server: www.ceerun.com, request: "GET /logs/woocommerce_paypal_settings.log HTTP/2.0", host: "ceerun.com"
2026/08/24 23:42:38 [error] 9850#0: *1274495 open() "/www/data/wwwroot/2025_12_26_01/404.html" failed (2: No such file or directory), client: 172.71.98.85, server: www.ceerun.com, request: "GET /logs/woocommerce_paypal_settings.log HTTP/2.0", host: "ceerun.com"
2026/08/24 23:42:39 [error] 9851#0: *1274530 open() "/www/data/wwwroot/2025_12_26_01/wp-content/woocommerce_paypal_settings.csv" failed (2: No such file or directory), client: 172.71.246.3, server: www.ceerun.com, request: "GET /wp-content/woocommerce_paypal_settings.csv HTTP/2.0", host: "ceerun.com"
2026/08/24 23:42:39 [error] 9851#0: *1274530 open() "/www/data/wwwroot/2025_12_26_01/404.html" failed (2: No such file or directory), client: 172.71.246.3, server: www.ceerun.com, request: "GET /wp-content/woocommerce_paypal_settings.csv HTTP/2.0", host: "ceerun.com"
2026/08/24 23:42:39 [error] 9853#0: *1274204 open() "/www/data/wwwroot/2025_12_26_01/logs/woocommerce_paypal_settings" failed (2: No such file or directory), client: 172.71.160.178, server: www.ceerun.com, request: "GET /logs/woocommerce_paypal_settings HTTP/2.0", host: "ceerun.com"
2026/08/24 23:42:39 [error] 9853#0: *1274204 open() "/www/data/wwwroot/2025_12_26_01/404.html" failed (2: No such file or directory), client: 172.71.160.178, server: www.ceerun.com, request: "GET /logs/woocommerce_paypal_settings HTTP/2.0", host: "ceerun.com"
2026/08/24 23:42:39 [error] 9850#0: *1274348 open() "/www/data/wwwroot/2025_12_26_01/logs/woocommerce_paypal_settings.sql" failed (2: No such file or directory), client: 104.23.170.13, server: www.ceerun.com, request: "GET /logs/woocommerce_paypal_settings.sql HTTP/2.0", host: "ceerun.com"
2026/08/24 23:42:39 [error] 9850#0: *1274348 open() "/www/data/wwwroot/2025_12_26_01/404.html" failed (2: No such file or directory), client: 104.23.170.13, server: www.ceerun.com, request: "GET /logs/woocommerce_paypal_settings.sql HTTP/2.0", host: "ceerun.com"
2026/08/24 23:42:40 [error] 9851#0: *1274533 open() "/www/data/wwwroot/2025_12_26_01/logs/woocommerce_paypal_settings.tar.gz" failed (2: No such file or directory), client: 172.69.109.150, server: www.ceerun.com, request: "GET /logs/woocommerce_paypal_settings.tar.gz HTTP/2.0", host: "ceerun.com"
2026/08/24 23:42:40 [error] 9851#0: *1274533 open() "/www/data/wwwroot/2025_12_26_01/404.html" failed (2: No such file or directory), client: 172.69.109.150, server: www.ceerun.com, request: "GET /logs/woocommerce_paypal_settings.tar.gz HTTP/2.0", host: "ceerun.com"
2026/08/24 23:42:41 [error] 9853#0: *1274372 open() "/www/data/wwwroot/2025_12_26_01/logs/woocommerce_paypal_settings.txt" failed (2: No such file or directory), client: 172.70.247.6, server: www.ceerun.com, request: "GET /logs/woocommerce_paypal_settings.txt HTTP/2.0", host: "ceerun.com"
2026/08/24 23:42:41 [error] 9853#0: *1274372 open() "/www/data/wwwroot/2025_12_26_01/404.html" failed (2: No such file or directory), client: 172.70.247.6, server: www.ceerun.com, request: "GET /logs/woocommerce_paypal_settings.txt HTTP/2.0", host: "ceerun.com"
2026/08/24 23:42:42 [error] 9853#0: *1274369 open() "/www/data/wwwroot/2025_12_26_01/backups/woocommerce_ppec_paypal_settings" failed (2: No such file or directory), client: 172.69.150.79, server: www.ceerun.com, request: "GET /backups/woocommerce_ppec_paypal_settings HTTP/2.0", host: "ceerun.com"
2026/08/24 23:42:42 [error] 9853#0: *1274369 open() "/www/data/wwwroot/2025_12_26_01/404.html" failed (2: No such file or directory), client: 172.69.150.79, server: www.ceerun.com, request: "GET /backups/woocommerce_ppec_paypal_settings HTTP/2.0", host: "ceerun.com"
2026/08/24 23:42:42 [error] 9851#0: *1274482 open() "/www/data/wwwroot/2025_12_26_01/backups/woocommerce_ppec_paypal_settings.log" failed (2: No such file or directory), client: 162.159.113.36, server: www.ceerun.com, request: "GET /backups/woocommerce_ppec_paypal_settings.log HTTP/2.0", host: "ceerun.com"
2026/08/24 23:42:42 [error] 9851#0: *1274482 open() "/www/data/wwwroot/2025_12_26_01/404.html" failed (2: No such file or directory), client: 162.159.113.36, server: www.ceerun.com, request: "GET /backups/woocommerce_ppec_paypal_settings.log HTTP/2.0", host: "ceerun.com"
2026/08/24 23:42:42 [error] 9850#0: *1274540 open() "/www/data/wwwroot/2025_12_26_01/logs/woocommerce_paypal_settings.csv" failed (2: No such file or directory), client: 172.71.183.48, server: www.ceerun.com, request: "GET /logs/woocommerce_paypal_settings.csv HTTP/2.0", host: "ceerun.com"
2026/08/24 23:42:42 [error] 9850#0: *1274540 open() "/www/data/wwwroot/2025_12_26_01/404.html" failed (2: No such file or directory), client: 172.71.183.48, server: www.ceerun.com, request: "GET /logs/woocommerce_paypal_settings.csv HTTP/2.0", host: "ceerun.com"
2026/08/24 23:42:43 [error] 9851#0: *1274429 open() "/www/data/wwwroot/2025_12_26_01/backups/woocommerce_ppec_paypal_settings.txt" failed (2: No such file or directory), client: 172.71.148.79, server: www.ceerun.com, request: "GET /backups/woocommerce_ppec_paypal_settings.txt HTTP/2.0", host: "ceerun.com"
2026/08/24 23:42:43 [error] 9851#0: *1274429 open() "/www/data/wwwroot/2025_12_26_01/404.html" failed (2: No such file or directory), client: 172.71.148.79, server: www.ceerun.com, request: "GET /backups/woocommerce_ppec_paypal_settings.txt HTTP/2.0", host: "ceerun.com"
2026/08/24 23:42:44 [error] 9851#0: *1274545 open() "/www/data/wwwroot/2025_12_26_01/backups/woocommerce_ppec_paypal_settings.tar.gz" failed (2: No such file or directory), client: 172.70.243.12, server: www.ceerun.com, request: "GET /backups/woocommerce_ppec_paypal_settings.tar.gz HTTP/2.0", host: "ceerun.com"
2026/08/24 23:42:44 [error] 9851#0: *1274545 open() "/www/data/wwwroot/2025_12_26_01/404.html" failed (2: No such file or directory), client: 172.70.243.12, server: www.ceerun.com, request: "GET /backups/woocommerce_ppec_paypal_settings.tar.gz HTTP/2.0", host: "ceerun.com"
2026/08/24 23:42:44 [error] 9851#0: *1274546 open() "/www/data/wwwroot/2025_12_26_01/backups/woocommerce_ppec_paypal_settings.zip" failed (2: No such file or directory), client: 104.23.166.172, server: www.ceerun.com, request: "GET /backups/woocommerce_ppec_paypal_settings.zip HTTP/2.0", host: "ceerun.com"
2026/08/24 23:42:44 [error] 9851#0: *1274546 open() "/www/data/wwwroot/2025_12_26_01/404.html" failed (2: No such file or directory), client: 104.23.166.172, server: www.ceerun.com, request: "GET /backups/woocommerce_ppec_paypal_settings.zip HTTP/2.0", host: "ceerun.com"
2026/08/24 23:42:46 [error] 9850#0: *1274552 open() "/www/data/wwwroot/2025_12_26_01/logs/woocommerce_paypal_settings.zip" failed (2: No such file or directory), client: 172.71.102.27, server: www.ceerun.com, request: "GET /logs/woocommerce_paypal_settings.zip HTTP/2.0", host: "ceerun.com"
2026/08/24 23:42:46 [error] 9850#0: *1274552 open() "/www/data/wwwroot/2025_12_26_01/404.html" failed (2: No such file or directory), client: 172.71.102.27, server: www.ceerun.com, request: "GET /logs/woocommerce_paypal_settings.zip HTTP/2.0", host: "ceerun.com"
2026/08/24 23:42:46 [error] 9850#0: *1274555 open() "/www/data/wwwroot/2025_12_26_01/backups/woocommerce_ppec_paypal_settings.csv" failed (2: No such file or directory), client: 172.71.148.162, server: www.ceerun.com, request: "GET /backups/woocommerce_ppec_paypal_settings.csv HTTP/2.0", host: "ceerun.com"
2026/08/24 23:42:46 [error] 9850#0: *1274555 open() "/www/data/wwwroot/2025_12_26_01/404.html" failed (2: No such file or directory), client: 172.71.148.162, server: www.ceerun.com, request: "GET /backups/woocommerce_ppec_paypal_settings.csv HTTP/2.0", host: "ceerun.com"
2026/08/24 23:42:46 [error] 9850#0: *1274348 open() "/www/data/wwwroot/2025_12_26_01/backups/woocommerce_ppec_paypal_settings.sql" failed (2: No such file or directory), client: 104.23.170.13, server: www.ceerun.com, request: "GET /backups/woocommerce_ppec_paypal_settings.sql HTTP/2.0", host: "ceerun.com"
2026/08/24 23:42:46 [error] 9850#0: *1274348 open() "/www/data/wwwroot/2025_12_26_01/404.html" failed (2: No such file or directory), client: 104.23.170.13, server: www.ceerun.com, request: "GET /backups/woocommerce_ppec_paypal_settings.sql HTTP/2.0", host: "ceerun.com"
2026/08/24 23:42:48 [error] 9851#0: *1274429 open() "/www/data/wwwroot/2025_12_26_01/wp-content/woocommerce_ppec_paypal_settings" failed (2: No such file or directory), client: 172.71.148.79, server: www.ceerun.com, request: "GET /wp-content/woocommerce_ppec_paypal_settings HTTP/2.0", host: "ceerun.com"
2026/08/24 23:42:48 [error] 9851#0: *1274429 open() "/www/data/wwwroot/2025_12_26_01/404.html" failed (2: No such file or directory), client: 172.71.148.79, server: www.ceerun.com, request: "GET /wp-content/woocommerce_ppec_paypal_settings HTTP/2.0", host: "ceerun.com"
2026/08/24 23:42:48 [error] 9853#0: *1274368 open() "/www/data/wwwroot/2025_12_26_01/woocommerce_stripe_affirm_settings.txt" failed (2: No such file or directory), client: 104.22.109.105, server: www.ceerun.com, request: "GET /woocommerce_stripe_affirm_settings.txt HTTP/2.0", host: "www.ceerun.com"
2026/08/24 23:42:48 [error] 9853#0: *1274368 open() "/www/data/wwwroot/2025_12_26_01/404.html" failed (2: No such file or directory), client: 104.22.109.105, server: www.ceerun.com, request: "GET /woocommerce_stripe_affirm_settings.txt HTTP/2.0", host: "www.ceerun.com"
2026/08/24 23:42:48 [error] 9853#0: *1274369 open() "/www/data/wwwroot/2025_12_26_01/wp-content/woocommerce_ppec_paypal_settings.sql" failed (2: No such file or directory), client: 172.69.150.79, server: www.ceerun.com, request: "GET /wp-content/woocommerce_ppec_paypal_settings.sql HTTP/2.0", host: "ceerun.com"
2026/08/24 23:42:48 [error] 9853#0: *1274369 open() "/www/data/wwwroot/2025_12_26_01/404.html" failed (2: No such file or directory), client: 172.69.150.79, server: www.ceerun.com, request: "GET /wp-content/woocommerce_ppec_paypal_settings.sql HTTP/2.0", host: "ceerun.com"
2026/08/24 23:42:48 [error] 9853#0: *1274226 open() "/www/data/wwwroot/2025_12_26_01/woocommerce_stripe_afterpay_clearpay_settings" failed (2: No such file or directory), client: 172.69.109.210, server: www.ceerun.com, request: "GET /woocommerce_stripe_afterpay_clearpay_settings HTTP/2.0", host: "www.ceerun.com"
2026/08/24 23:42:48 [error] 9853#0: *1274226 open() "/www/data/wwwroot/2025_12_26_01/404.html" failed (2: No such file or directory), client: 172.69.109.210, server: www.ceerun.com, request: "GET /woocommerce_stripe_afterpay_clearpay_settings HTTP/2.0", host: "www.ceerun.com"
2026/08/24 23:42:49 [error] 9850#0: *1274558 open() "/www/data/wwwroot/2025_12_26_01/woocommerce_stripe_affirm_settings.sql" failed (2: No such file or directory), client: 104.22.109.105, server: www.ceerun.com, request: "GET /woocommerce_stripe_affirm_settings.sql HTTP/2.0", host: "www.ceerun.com"
2026/08/24 23:42:49 [error] 9850#0: *1274558 open() "/www/data/wwwroot/2025_12_26_01/404.html" failed (2: No such file or directory), client: 104.22.109.105, server: www.ceerun.com, request: "GET /woocommerce_stripe_affirm_settings.sql HTTP/2.0", host: "www.ceerun.com"
2026/08/24 23:42:49 [error] 9850#0: *1274376 open() "/www/data/wwwroot/2025_12_26_01/wp-content/woocommerce_ppec_paypal_settings.log" failed (2: No such file or directory), client: 141.101.76.7, server: www.ceerun.com, request: "GET /wp-content/woocommerce_ppec_paypal_settings.log HTTP/2.0", host: "ceerun.com"
2026/08/24 23:42:49 [error] 9850#0: *1274376 open() "/www/data/wwwroot/2025_12_26_01/404.html" failed (2: No such file or directory), client: 141.101.76.7, server: www.ceerun.com, request: "GET /wp-content/woocommerce_ppec_paypal_settings.log HTTP/2.0", host: "ceerun.com"
2026/08/24 23:42:50 [error] 9850#0: *1274348 open() "/www/data/wwwroot/2025_12_26_01/wp-content/woocommerce_ppec_paypal_settings.txt" failed (2: No such file or directory), client: 104.23.170.13, server: www.ceerun.com, request: "GET /wp-content/woocommerce_ppec_paypal_settings.txt HTTP/2.0", host: "ceerun.com"
2026/08/24 23:42:50 [error] 9850#0: *1274348 open() "/www/data/wwwroot/2025_12_26_01/404.html" failed (2: No such file or directory), client: 104.23.170.13, server: www.ceerun.com, request: "GET /wp-content/woocommerce_ppec_paypal_settings.txt HTTP/2.0", host: "ceerun.com"
2026/08/24 23:42:50 [error] 9851#0: *1274244 open() "/www/data/wwwroot/2025_12_26_01/woocommerce_stripe_afterpay_clearpay_settings.log" failed (2: No such file or directory), client: 104.23.170.98, server: www.ceerun.com, request: "GET /woocommerce_stripe_afterpay_clearpay_settings.log HTTP/2.0", host: "www.ceerun.com"
2026/08/24 23:42:50 [error] 9851#0: *1274244 open() "/www/data/wwwroot/2025_12_26_01/404.html" failed (2: No such file or directory), client: 104.23.170.98, server: www.ceerun.com, request: "GET /woocommerce_stripe_afterpay_clearpay_settings.log HTTP/2.0", host: "www.ceerun.com"
2026/08/24 23:42:52 [error] 9851#0: *1274567 open() "/www/data/wwwroot/2025_12_26_01/wp-content/woocommerce_ppec_paypal_settings.zip" failed (2: No such file or directory), client: 172.71.164.83, server: www.ceerun.com, request: "GET /wp-content/woocommerce_ppec_paypal_settings.zip HTTP/2.0", host: "ceerun.com"
2026/08/24 23:42:52 [error] 9851#0: *1274567 open() "/www/data/wwwroot/2025_12_26_01/404.html" failed (2: No such file or directory), client: 172.71.164.83, server: www.ceerun.com, request: "GET /wp-content/woocommerce_ppec_paypal_settings.zip HTTP/2.0", host: "ceerun.com"
2026/08/24 23:42:53 [error] 9850#0: *1274348 open() "/www/data/wwwroot/2025_12_26_01/logs/woocommerce_ppec_paypal_settings" failed (2: No such file or directory), client: 104.23.170.13, server: www.ceerun.com, request: "GET /logs/woocommerce_ppec_paypal_settings HTTP/2.0", host: "ceerun.com"
2026/08/24 23:42:53 [error] 9850#0: *1274348 open() "/www/data/wwwroot/2025_12_26_01/404.html" failed (2: No such file or directory), client: 104.23.170.13, server: www.ceerun.com, request: "GET /logs/woocommerce_ppec_paypal_settings HTTP/2.0", host: "ceerun.com"
2026/08/24 23:42:53 [error] 9851#0: *1274568 open() "/www/data/wwwroot/2025_12_26_01/wp-content/woocommerce_ppec_paypal_settings.tar.gz" failed (2: No such file or directory), client: 162.158.94.157, server: www.ceerun.com, request: "GET /wp-content/woocommerce_ppec_paypal_settings.tar.gz HTTP/2.0", host: "ceerun.com"
2026/08/24 23:42:53 [error] 9851#0: *1274568 open() "/www/data/wwwroot/2025_12_26_01/404.html" failed (2: No such file or directory), client: 162.158.94.157, server: www.ceerun.com, request: "GET /wp-content/woocommerce_ppec_paypal_settings.tar.gz HTTP/2.0", host: "ceerun.com"
2026/08/24 23:42:53 [error] 9850#0: *1274223 open() "/www/data/wwwroot/2025_12_26_01/woocommerce_stripe_afterpay_clearpay_settings.txt" failed (2: No such file or directory), client: 104.23.166.7, server: www.ceerun.com, request: "GET /woocommerce_stripe_afterpay_clearpay_settings.txt HTTP/2.0", host: "www.ceerun.com"
2026/08/24 23:42:53 [error] 9850#0: *1274223 open() "/www/data/wwwroot/2025_12_26_01/404.html" failed (2: No such file or directory), client: 104.23.166.7, server: www.ceerun.com, request: "GET /woocommerce_stripe_afterpay_clearpay_settings.txt HTTP/2.0", host: "www.ceerun.com"
2026/08/24 23:42:53 [error] 9853#0: *1274462 open() "/www/data/wwwroot/2025_12_26_01/woocommerce_stripe_link_settings" failed (2: No such file or directory), client: 104.23.172.110, server: www.ceerun.com, request: "GET /woocommerce_stripe_link_settings HTTP/2.0", host: "www.ceerun.com"
2026/08/24 23:42:53 [error] 9853#0: *1274462 open() "/www/data/wwwroot/2025_12_26_01/404.html" failed (2: No such file or directory), client: 104.23.172.110, server: www.ceerun.com, request: "GET /woocommerce_stripe_link_settings HTTP/2.0", host: "www.ceerun.com"
2026/08/24 23:42:53 [error] 9853#0: *1274461 open() "/www/data/wwwroot/2025_12_26_01/woocommerce_stripe_link_settings.txt" failed (2: No such file or directory), client: 172.70.247.214, server: www.ceerun.com, request: "GET /woocommerce_stripe_link_settings.txt HTTP/2.0", host: "www.ceerun.com"
2026/08/24 23:42:53 [error] 9853#0: *1274461 open() "/www/data/wwwroot/2025_12_26_01/404.html" failed (2: No such file or directory), client: 172.70.247.214, server: www.ceerun.com, request: "GET /woocommerce_stripe_link_settings.txt HTTP/2.0", host: "www.ceerun.com"
2026/08/24 23:42:53 [error] 9853#0: *1274197 open() "/www/data/wwwroot/2025_12_26_01/logs/woocommerce_ppec_paypal_settings.sql" failed (2: No such file or directory), client: 104.23.166.21, server: www.ceerun.com, request: "GET /logs/woocommerce_ppec_paypal_settings.sql HTTP/2.0", host: "ceerun.com"
2026/08/24 23:42:53 [error] 9853#0: *1274197 open() "/www/data/wwwroot/2025_12_26_01/404.html" failed (2: No such file or directory), client: 104.23.166.21, server: www.ceerun.com, request: "GET /logs/woocommerce_ppec_paypal_settings.sql HTTP/2.0", host: "ceerun.com"
2026/08/24 23:42:53 [error] 9853#0: *1274228 open() "/www/data/wwwroot/2025_12_26_01/woocommerce_stripe_afterpay_clearpay_settings.sql" failed (2: No such file or directory), client: 172.69.109.210, server: www.ceerun.com, request: "GET /woocommerce_stripe_afterpay_clearpay_settings.sql HTTP/2.0", host: "www.ceerun.com"
2026/08/24 23:42:53 [error] 9853#0: *1274228 open() "/www/data/wwwroot/2025_12_26_01/404.html" failed (2: No such file or directory), client: 172.69.109.210, server: www.ceerun.com, request: "GET /woocommerce_stripe_afterpay_clearpay_settings.sql HTTP/2.0", host: "www.ceerun.com"
2026/08/24 23:42:53 [error] 9851#0: *1274244 open() "/www/data/wwwroot/2025_12_26_01/woocommerce_stripe_link_settings.sql" failed (2: No such file or directory), client: 104.23.170.98, server: www.ceerun.com, request: "GET /woocommerce_stripe_link_settings.sql HTTP/2.0", host: "www.ceerun.com"
2026/08/24 23:42:53 [error] 9851#0: *1274244 open() "/www/data/wwwroot/2025_12_26_01/404.html" failed (2: No such file or directory), client: 104.23.170.98, server: www.ceerun.com, request: "GET /woocommerce_stripe_link_settings.sql HTTP/2.0", host: "www.ceerun.com"
2026/08/24 23:42:53 [error] 9853#0: *1274228 open() "/www/data/wwwroot/2025_12_26_01/woocommerce_stripe_link_settings.log" failed (2: No such file or directory), client: 172.69.109.210, server: www.ceerun.com, request: "GET /woocommerce_stripe_link_settings.log HTTP/2.0", host: "www.ceerun.com"
2026/08/24 23:42:53 [error] 9853#0: *1274228 open() "/www/data/wwwroot/2025_12_26_01/404.html" failed (2: No such file or directory), client: 172.69.109.210, server: www.ceerun.com, request: "GET /woocommerce_stripe_link_settings.log HTTP/2.0", host: "www.ceerun.com"
2026/08/24 23:42:53 [error] 9853#0: *1274191 open() "/www/data/wwwroot/2025_12_26_01/woocommerce_stripe_us_bank_account_settings" failed (2: No such file or directory), client: 172.71.160.42, server: www.ceerun.com, request: "GET /woocommerce_stripe_us_bank_account_settings HTTP/2.0", host: "www.ceerun.com"
2026/08/24 23:42:53 [error] 9853#0: *1274191 open() "/www/data/wwwroot/2025_12_26_01/404.html" failed (2: No such file or directory), client: 172.71.160.42, server: www.ceerun.com, request: "GET /woocommerce_stripe_us_bank_account_settings HTTP/2.0", host: "www.ceerun.com"
2026/08/24 23:42:53 [error] 9851#0: *1274482 open() "/www/data/wwwroot/2025_12_26_01/logs/woocommerce_ppec_paypal_settings.txt" failed (2: No such file or directory), client: 162.159.113.36, server: www.ceerun.com, request: "GET /logs/woocommerce_ppec_paypal_settings.txt HTTP/2.0", host: "ceerun.com"
2026/08/24 23:42:53 [error] 9851#0: *1274482 open() "/www/data/wwwroot/2025_12_26_01/404.html" failed (2: No such file or directory), client: 162.159.113.36, server: www.ceerun.com, request: "GET /logs/woocommerce_ppec_paypal_settings.txt HTTP/2.0", host: "ceerun.com"
2026/08/24 23:42:53 [error] 9853#0: *1274569 open() "/www/data/wwwroot/2025_12_26_01/wp-content/woocommerce_ppec_paypal_settings.csv" failed (2: No such file or directory), client: 104.22.123.2, server: www.ceerun.com, request: "GET /wp-content/woocommerce_ppec_paypal_settings.csv HTTP/2.0", host: "ceerun.com"
2026/08/24 23:42:53 [error] 9853#0: *1274569 open() "/www/data/wwwroot/2025_12_26_01/404.html" failed (2: No such file or directory), client: 104.22.123.2, server: www.ceerun.com, request: "GET /wp-content/woocommerce_ppec_paypal_settings.csv HTTP/2.0", host: "ceerun.com"
2026/08/24 23:42:53 [error] 9853#0: *1274368 open() "/www/data/wwwroot/2025_12_26_01/woocommerce_stripe_us_bank_account_settings.log" failed (2: No such file or directory), client: 104.22.109.105, server: www.ceerun.com, request: "GET /woocommerce_stripe_us_bank_account_settings.log HTTP/2.0", host: "www.ceerun.com"
2026/08/24 23:42:53 [error] 9853#0: *1274368 open() "/www/data/wwwroot/2025_12_26_01/404.html" failed (2: No such file or directory), client: 104.22.109.105, server: www.ceerun.com, request: "GET /woocommerce_stripe_us_bank_account_settings.log HTTP/2.0", host: "www.ceerun.com"
2026/08/24 23:42:53 [error] 9853#0: *1274570 open() "/www/data/wwwroot/2025_12_26_01/logs/woocommerce_ppec_paypal_settings.zip" failed (2: No such file or directory), client: 172.71.172.36, server: www.ceerun.com, request: "GET /logs/woocommerce_ppec_paypal_settings.zip HTTP/2.0", host: "ceerun.com"
