2026/08/24 23:40:15 [error] 9853#0: *1274197 open() "/www/data/wwwroot/2025_12_26_01/wp-content/uploads/woocommerce_stripe_link_settings.log" failed (2: No such file or directory), client: 104.23.166.21, server: www.ceerun.com, request: "GET /wp-content/uploads/woocommerce_stripe_link_settings.log HTTP/2.0", host: "ceerun.com"
2026/08/24 23:40:15 [error] 9853#0: *1274197 open() "/www/data/wwwroot/2025_12_26_01/404.html" failed (2: No such file or directory), client: 104.23.166.21, server: www.ceerun.com, request: "GET /wp-content/uploads/woocommerce_stripe_link_settings.log HTTP/2.0", host: "ceerun.com"
2026/08/24 23:40:15 [error] 9853#0: *1274220 open() "/www/data/wwwroot/2025_12_26_01/wp-content/uploads/woocommerce_stripe_afterpay_clearpay_settings.txt" failed (2: No such file or directory), client: 172.70.242.225, server: www.ceerun.com, request: "GET /wp-content/uploads/woocommerce_stripe_afterpay_clearpay_settings.txt HTTP/2.0", host: "ceerun.com"
2026/08/24 23:40:15 [error] 9853#0: *1274220 open() "/www/data/wwwroot/2025_12_26_01/404.html" failed (2: No such file or directory), client: 172.70.242.225, server: www.ceerun.com, request: "GET /wp-content/uploads/woocommerce_stripe_afterpay_clearpay_settings.txt HTTP/2.0", host: "ceerun.com"
2026/08/24 23:40:15 [error] 9851#0: *1273816 open() "/www/data/wwwroot/2025_12_26_01/wp-content/uploads/woocommerce_stripe_affirm_settings.log" failed (2: No such file or directory), client: 172.69.109.110, server: www.ceerun.com, request: "GET /wp-content/uploads/woocommerce_stripe_affirm_settings.log HTTP/2.0", host: "ceerun.com"
2026/08/24 23:40:15 [error] 9851#0: *1273816 open() "/www/data/wwwroot/2025_12_26_01/404.html" failed (2: No such file or directory), client: 172.69.109.110, server: www.ceerun.com, request: "GET /wp-content/uploads/woocommerce_stripe_affirm_settings.log HTTP/2.0", host: "ceerun.com"
2026/08/24 23:40:15 [error] 9851#0: *1273816 open() "/www/data/wwwroot/2025_12_26_01/wp-content/uploads/woocommerce_stripe_affirm_settings.txt" failed (2: No such file or directory), client: 172.69.109.110, server: www.ceerun.com, request: "GET /wp-content/uploads/woocommerce_stripe_affirm_settings.txt HTTP/2.0", host: "ceerun.com"
2026/08/24 23:40:15 [error] 9851#0: *1273816 open() "/www/data/wwwroot/2025_12_26_01/404.html" failed (2: No such file or directory), client: 172.69.109.110, server: www.ceerun.com, request: "GET /wp-content/uploads/woocommerce_stripe_affirm_settings.txt HTTP/2.0", host: "ceerun.com"
2026/08/24 23:40:16 [error] 9851#0: *1274212 open() "/www/data/wwwroot/2025_12_26_01/wp-content/uploads/woocommerce_stripe_link_settings.txt" failed (2: No such file or directory), client: 162.159.113.36, server: www.ceerun.com, request: "GET /wp-content/uploads/woocommerce_stripe_link_settings.txt HTTP/2.0", host: "ceerun.com"
2026/08/24 23:40:16 [error] 9851#0: *1274212 open() "/www/data/wwwroot/2025_12_26_01/404.html" failed (2: No such file or directory), client: 162.159.113.36, server: www.ceerun.com, request: "GET /wp-content/uploads/woocommerce_stripe_link_settings.txt HTTP/2.0", host: "ceerun.com"
2026/08/24 23:40:16 [error] 9851#0: *1274174 open() "/www/data/wwwroot/2025_12_26_01/wp-content/uploads/woocommerce_stripe_link_settings.sql" failed (2: No such file or directory), client: 104.23.168.96, server: www.ceerun.com, request: "GET /wp-content/uploads/woocommerce_stripe_link_settings.sql HTTP/2.0", host: "ceerun.com"
2026/08/24 23:40:16 [error] 9851#0: *1274174 open() "/www/data/wwwroot/2025_12_26_01/404.html" failed (2: No such file or directory), client: 104.23.168.96, server: www.ceerun.com, request: "GET /wp-content/uploads/woocommerce_stripe_link_settings.sql HTTP/2.0", host: "ceerun.com"
2026/08/24 23:40:17 [error] 9851#0: *1274198 open() "/www/data/wwwroot/2025_12_26_01/wp-content/uploads/woocommerce_stripe_us_bank_account_settings" failed (2: No such file or directory), client: 172.71.103.174, server: www.ceerun.com, request: "GET /wp-content/uploads/woocommerce_stripe_us_bank_account_settings HTTP/2.0", host: "ceerun.com"
2026/08/24 23:40:17 [error] 9851#0: *1274198 open() "/www/data/wwwroot/2025_12_26_01/404.html" failed (2: No such file or directory), client: 172.71.103.174, server: www.ceerun.com, request: "GET /wp-content/uploads/woocommerce_stripe_us_bank_account_settings HTTP/2.0", host: "ceerun.com"
2026/08/24 23:40:18 [error] 9850#0: *1273815 open() "/www/data/wwwroot/2025_12_26_01/wp-content/uploads/woocommerce_stripe_us_bank_account_settings.log" failed (2: No such file or directory), client: 172.69.109.110, server: www.ceerun.com, request: "GET /wp-content/uploads/woocommerce_stripe_us_bank_account_settings.log HTTP/2.0", host: "ceerun.com"
2026/08/24 23:40:18 [error] 9850#0: *1273815 open() "/www/data/wwwroot/2025_12_26_01/404.html" failed (2: No such file or directory), client: 172.69.109.110, server: www.ceerun.com, request: "GET /wp-content/uploads/woocommerce_stripe_us_bank_account_settings.log HTTP/2.0", host: "ceerun.com"
2026/08/24 23:40:20 [error] 9851#0: *1273816 open() "/www/data/wwwroot/2025_12_26_01/wp-content/uploads/woocommerce_stripe_afterpay_clearpay_settings.sql" failed (2: No such file or directory), client: 172.69.109.110, server: www.ceerun.com, request: "GET /wp-content/uploads/woocommerce_stripe_afterpay_clearpay_settings.sql HTTP/2.0", host: "ceerun.com"
2026/08/24 23:40:20 [error] 9851#0: *1273816 open() "/www/data/wwwroot/2025_12_26_01/404.html" failed (2: No such file or directory), client: 172.69.109.110, server: www.ceerun.com, request: "GET /wp-content/uploads/woocommerce_stripe_afterpay_clearpay_settings.sql HTTP/2.0", host: "ceerun.com"
2026/08/24 23:40:22 [error] 9853#0: *1274237 open() "/www/data/wwwroot/2025_12_26_01/wp-json/wc/v3/payment_gateways/stripe_afterpay_clearpay" failed (2: No such file or directory), client: 172.70.248.101, server: www.ceerun.com, request: "GET /wp-json/wc/v3/payment_gateways/stripe_afterpay_clearpay HTTP/2.0", host: "www.ceerun.com"
2026/08/24 23:40:22 [error] 9853#0: *1274237 open() "/www/data/wwwroot/2025_12_26_01/404.html" failed (2: No such file or directory), client: 172.70.248.101, server: www.ceerun.com, request: "GET /wp-json/wc/v3/payment_gateways/stripe_afterpay_clearpay HTTP/2.0", host: "www.ceerun.com"
2026/08/24 23:40:23 [error] 9853#0: *1274200 open() "/www/data/wwwroot/2025_12_26_01/wp-json/wc/v3/payment_gateways/stripe_alipay" failed (2: No such file or directory), client: 172.71.95.81, server: www.ceerun.com, request: "GET /wp-json/wc/v3/payment_gateways/stripe_alipay HTTP/2.0", host: "www.ceerun.com"
2026/08/24 23:40:23 [error] 9853#0: *1274200 open() "/www/data/wwwroot/2025_12_26_01/404.html" failed (2: No such file or directory), client: 172.71.95.81, server: www.ceerun.com, request: "GET /wp-json/wc/v3/payment_gateways/stripe_alipay HTTP/2.0", host: "www.ceerun.com"
2026/08/24 23:40:23 [error] 9852#0: *1274222 open() "/www/data/wwwroot/2025_12_26_01/wp-json/wc/v3/payment_gateways/stripe_affirm" failed (2: No such file or directory), client: 104.23.166.6, server: www.ceerun.com, request: "GET /wp-json/wc/v3/payment_gateways/stripe_affirm HTTP/2.0", host: "www.ceerun.com"
2026/08/24 23:40:23 [error] 9852#0: *1274222 open() "/www/data/wwwroot/2025_12_26_01/404.html" failed (2: No such file or directory), client: 104.23.166.6, server: www.ceerun.com, request: "GET /wp-json/wc/v3/payment_gateways/stripe_affirm HTTP/2.0", host: "www.ceerun.com"
2026/08/24 23:40:23 [error] 9853#0: *1274243 open() "/www/data/wwwroot/2025_12_26_01/wp-json/wc/v3/payment_gateways/stripe_us_bank_account" failed (2: No such file or directory), client: 172.70.240.94, server: www.ceerun.com, request: "GET /wp-json/wc/v3/payment_gateways/stripe_us_bank_account HTTP/2.0", host: "www.ceerun.com"
2026/08/24 23:40:23 [error] 9853#0: *1274243 open() "/www/data/wwwroot/2025_12_26_01/404.html" failed (2: No such file or directory), client: 172.70.240.94, server: www.ceerun.com, request: "GET /wp-json/wc/v3/payment_gateways/stripe_us_bank_account HTTP/2.0", host: "www.ceerun.com"
2026/08/24 23:40:23 [error] 9851#0: *1274244 open() "/www/data/wwwroot/2025_12_26_01/wp-json/wc/v3/payment_gateways/stripe_klarna" failed (2: No such file or directory), client: 104.23.170.98, server: www.ceerun.com, request: "GET /wp-json/wc/v3/payment_gateways/stripe_klarna HTTP/2.0", host: "www.ceerun.com"
2026/08/24 23:40:23 [error] 9851#0: *1274244 open() "/www/data/wwwroot/2025_12_26_01/404.html" failed (2: No such file or directory), client: 104.23.170.98, server: www.ceerun.com, request: "GET /wp-json/wc/v3/payment_gateways/stripe_klarna HTTP/2.0", host: "www.ceerun.com"
2026/08/24 23:40:23 [error] 9851#0: *1274245 open() "/www/data/wwwroot/2025_12_26_01/wp-json/wc/v3/payment_gateways/stripe_sepa" failed (2: No such file or directory), client: 172.71.102.156, server: www.ceerun.com, request: "GET /wp-json/wc/v3/payment_gateways/stripe_sepa HTTP/2.0", host: "www.ceerun.com"
2026/08/24 23:40:23 [error] 9851#0: *1274245 open() "/www/data/wwwroot/2025_12_26_01/404.html" failed (2: No such file or directory), client: 172.71.102.156, server: www.ceerun.com, request: "GET /wp-json/wc/v3/payment_gateways/stripe_sepa HTTP/2.0", host: "www.ceerun.com"
2026/08/24 23:40:23 [error] 9852#0: *1274248 open() "/www/data/wwwroot/2025_12_26_01/wp-json/wc/v3/payment_gateways/stripe_link" failed (2: No such file or directory), client: 172.71.148.160, server: www.ceerun.com, request: "GET /wp-json/wc/v3/payment_gateways/stripe_link HTTP/2.0", host: "www.ceerun.com"
2026/08/24 23:40:23 [error] 9852#0: *1274248 open() "/www/data/wwwroot/2025_12_26_01/404.html" failed (2: No such file or directory), client: 172.71.148.160, server: www.ceerun.com, request: "GET /wp-json/wc/v3/payment_gateways/stripe_link HTTP/2.0", host: "www.ceerun.com"
2026/08/24 23:40:23 [error] 9853#0: *1274228 open() "/www/data/wwwroot/2025_12_26_01/wp-json/wc/v3/payment_gateways/stripe_p24" failed (2: No such file or directory), client: 172.69.109.210, server: www.ceerun.com, request: "GET /wp-json/wc/v3/payment_gateways/stripe_p24 HTTP/2.0", host: "www.ceerun.com"
2026/08/24 23:40:23 [error] 9853#0: *1274228 open() "/www/data/wwwroot/2025_12_26_01/404.html" failed (2: No such file or directory), client: 172.69.109.210, server: www.ceerun.com, request: "GET /wp-json/wc/v3/payment_gateways/stripe_p24 HTTP/2.0", host: "www.ceerun.com"
2026/08/24 23:40:23 [error] 9853#0: *1274249 open() "/www/data/wwwroot/2025_12_26_01/wp-json/wc/v3/payment_gateways/stripe_bancontact" failed (2: No such file or directory), client: 172.70.240.94, server: www.ceerun.com, request: "GET /wp-json/wc/v3/payment_gateways/stripe_bancontact HTTP/2.0", host: "www.ceerun.com"
2026/08/24 23:40:23 [error] 9853#0: *1274249 open() "/www/data/wwwroot/2025_12_26_01/404.html" failed (2: No such file or directory), client: 172.70.240.94, server: www.ceerun.com, request: "GET /wp-json/wc/v3/payment_gateways/stripe_bancontact HTTP/2.0", host: "www.ceerun.com"
2026/08/24 23:40:24 [error] 9853#0: *1274228 open() "/www/data/wwwroot/2025_12_26_01/wp-json/wc/v3/payment_gateways/stripe_cashapp" failed (2: No such file or directory), client: 172.69.109.210, server: www.ceerun.com, request: "GET /wp-json/wc/v3/payment_gateways/stripe_cashapp HTTP/2.0", host: "www.ceerun.com"
2026/08/24 23:40:24 [error] 9853#0: *1274228 open() "/www/data/wwwroot/2025_12_26_01/404.html" failed (2: No such file or directory), client: 172.69.109.210, server: www.ceerun.com, request: "GET /wp-json/wc/v3/payment_gateways/stripe_cashapp HTTP/2.0", host: "www.ceerun.com"
2026/08/24 23:40:24 [error] 9853#0: *1274200 open() "/www/data/wwwroot/2025_12_26_01/wp-json/wc/v3/payment_gateways/stripe_upe" failed (2: No such file or directory), client: 172.71.95.81, server: www.ceerun.com, request: "GET /wp-json/wc/v3/payment_gateways/stripe_upe HTTP/2.0", host: "www.ceerun.com"
2026/08/24 23:40:24 [error] 9853#0: *1274200 open() "/www/data/wwwroot/2025_12_26_01/404.html" failed (2: No such file or directory), client: 172.71.95.81, server: www.ceerun.com, request: "GET /wp-json/wc/v3/payment_gateways/stripe_upe HTTP/2.0", host: "www.ceerun.com"
2026/08/24 23:40:25 [error] 9853#0: *1274243 open() "/www/data/wwwroot/2025_12_26_01/wp-json/wc/v3/payment_gateways/stripe_ideal" failed (2: No such file or directory), client: 172.70.240.94, server: www.ceerun.com, request: "GET /wp-json/wc/v3/payment_gateways/stripe_ideal HTTP/2.0", host: "www.ceerun.com"
2026/08/24 23:40:25 [error] 9853#0: *1274243 open() "/www/data/wwwroot/2025_12_26_01/404.html" failed (2: No such file or directory), client: 172.70.240.94, server: www.ceerun.com, request: "GET /wp-json/wc/v3/payment_gateways/stripe_ideal HTTP/2.0", host: "www.ceerun.com"
2026/08/24 23:40:31 [error] 9853#0: *1274200 open() "/www/data/wwwroot/2025_12_26_01/wp-json/wc/v3/payment_gateways/woocommerce_payments_affirm" failed (2: No such file or directory), client: 172.71.95.81, server: www.ceerun.com, request: "GET /wp-json/wc/v3/payment_gateways/woocommerce_payments_affirm HTTP/2.0", host: "www.ceerun.com"
2026/08/24 23:40:31 [error] 9853#0: *1274200 open() "/www/data/wwwroot/2025_12_26_01/404.html" failed (2: No such file or directory), client: 172.71.95.81, server: www.ceerun.com, request: "GET /wp-json/wc/v3/payment_gateways/woocommerce_payments_affirm HTTP/2.0", host: "www.ceerun.com"
2026/08/24 23:40:32 [error] 9853#0: *1274226 open() "/www/data/wwwroot/2025_12_26_01/tmp/opt_woocommerce_stripe_settings" failed (2: No such file or directory), client: 172.69.109.210, server: www.ceerun.com, request: "GET /tmp/opt_woocommerce_stripe_settings HTTP/2.0", host: "www.ceerun.com"
2026/08/24 23:40:32 [error] 9853#0: *1274226 open() "/www/data/wwwroot/2025_12_26_01/404.html" failed (2: No such file or directory), client: 172.69.109.210, server: www.ceerun.com, request: "GET /tmp/opt_woocommerce_stripe_settings HTTP/2.0", host: "www.ceerun.com"
2026/08/24 23:40:32 [error] 9853#0: *1274249 open() "/www/data/wwwroot/2025_12_26_01/tmp/wp2shell_opt_woocommerce_stripe_settings" failed (2: No such file or directory), client: 172.70.240.94, server: www.ceerun.com, request: "GET /tmp/wp2shell_opt_woocommerce_stripe_settings HTTP/2.0", host: "www.ceerun.com"
2026/08/24 23:40:32 [error] 9853#0: *1274249 open() "/www/data/wwwroot/2025_12_26_01/404.html" failed (2: No such file or directory), client: 172.70.240.94, server: www.ceerun.com, request: "GET /tmp/wp2shell_opt_woocommerce_stripe_settings HTTP/2.0", host: "www.ceerun.com"
2026/08/24 23:40:32 [error] 9850#0: *1274223 open() "/www/data/wwwroot/2025_12_26_01/logs/wp2shell_opt_woocommerce_stripe_settings" failed (2: No such file or directory), client: 104.23.166.7, server: www.ceerun.com, request: "GET /logs/wp2shell_opt_woocommerce_stripe_settings HTTP/2.0", host: "www.ceerun.com"
2026/08/24 23:40:32 [error] 9850#0: *1274223 open() "/www/data/wwwroot/2025_12_26_01/404.html" failed (2: No such file or directory), client: 104.23.166.7, server: www.ceerun.com, request: "GET /logs/wp2shell_opt_woocommerce_stripe_settings HTTP/2.0", host: "www.ceerun.com"
2026/08/24 23:40:32 [error] 9853#0: *1274228 open() "/www/data/wwwroot/2025_12_26_01/tmp/opt_woocommerce_stripe_cc_settings" failed (2: No such file or directory), client: 172.69.109.210, server: www.ceerun.com, request: "GET /tmp/opt_woocommerce_stripe_cc_settings HTTP/2.0", host: "www.ceerun.com"
2026/08/24 23:40:32 [error] 9853#0: *1274228 open() "/www/data/wwwroot/2025_12_26_01/404.html" failed (2: No such file or directory), client: 172.69.109.210, server: www.ceerun.com, request: "GET /tmp/opt_woocommerce_stripe_cc_settings HTTP/2.0", host: "www.ceerun.com"
2026/08/24 23:40:32 [error] 9851#0: *1274244 open() "/www/data/wwwroot/2025_12_26_01/logs/opt_woocommerce_stripe_cc_settings" failed (2: No such file or directory), client: 104.23.170.98, server: www.ceerun.com, request: "GET /logs/opt_woocommerce_stripe_cc_settings HTTP/2.0", host: "www.ceerun.com"
2026/08/24 23:40:32 [error] 9851#0: *1274244 open() "/www/data/wwwroot/2025_12_26_01/404.html" failed (2: No such file or directory), client: 104.23.170.98, server: www.ceerun.com, request: "GET /logs/opt_woocommerce_stripe_cc_settings HTTP/2.0", host: "www.ceerun.com"
2026/08/24 23:40:32 [error] 9852#0: *1274248 open() "/www/data/wwwroot/2025_12_26_01/logs/wp2shell_opt_woocommerce_stripe_api_settings" failed (2: No such file or directory), client: 172.71.148.160, server: www.ceerun.com, request: "GET /logs/wp2shell_opt_woocommerce_stripe_api_settings HTTP/2.0", host: "www.ceerun.com"
2026/08/24 23:40:32 [error] 9852#0: *1274248 open() "/www/data/wwwroot/2025_12_26_01/404.html" failed (2: No such file or directory), client: 172.71.148.160, server: www.ceerun.com, request: "GET /logs/wp2shell_opt_woocommerce_stripe_api_settings HTTP/2.0", host: "www.ceerun.com"
2026/08/24 23:40:32 [error] 9851#0: *1274245 open() "/www/data/wwwroot/2025_12_26_01/logs/opt_woocommerce_stripe_api_settings" failed (2: No such file or directory), client: 172.71.102.156, server: www.ceerun.com, request: "GET /logs/opt_woocommerce_stripe_api_settings HTTP/2.0", host: "www.ceerun.com"
2026/08/24 23:40:32 [error] 9851#0: *1274245 open() "/www/data/wwwroot/2025_12_26_01/404.html" failed (2: No such file or directory), client: 172.71.102.156, server: www.ceerun.com, request: "GET /logs/opt_woocommerce_stripe_api_settings HTTP/2.0", host: "www.ceerun.com"
2026/08/24 23:40:32 [error] 9853#0: *1274243 open() "/www/data/wwwroot/2025_12_26_01/tmp/wp2shell_opt_woocommerce_stripe_cc_settings" failed (2: No such file or directory), client: 172.70.240.94, server: www.ceerun.com, request: "GET /tmp/wp2shell_opt_woocommerce_stripe_cc_settings HTTP/2.0", host: "www.ceerun.com"
2026/08/24 23:40:32 [error] 9853#0: *1274243 open() "/www/data/wwwroot/2025_12_26_01/404.html" failed (2: No such file or directory), client: 172.70.240.94, server: www.ceerun.com, request: "GET /tmp/wp2shell_opt_woocommerce_stripe_cc_settings HTTP/2.0", host: "www.ceerun.com"
2026/08/24 23:40:32 [error] 9853#0: *1274200 open() "/www/data/wwwroot/2025_12_26_01/logs/wp2shell_opt_woocommerce_stripe_cc_settings" failed (2: No such file or directory), client: 172.71.95.81, server: www.ceerun.com, request: "GET /logs/wp2shell_opt_woocommerce_stripe_cc_settings HTTP/2.0", host: "www.ceerun.com"
2026/08/24 23:40:32 [error] 9853#0: *1274200 open() "/www/data/wwwroot/2025_12_26_01/404.html" failed (2: No such file or directory), client: 172.71.95.81, server: www.ceerun.com, request: "GET /logs/wp2shell_opt_woocommerce_stripe_cc_settings HTTP/2.0", host: "www.ceerun.com"
2026/08/24 23:40:33 [error] 9852#0: *1274222 open() "/www/data/wwwroot/2025_12_26_01/tmp/wp2shell_opt_woocommerce_stripe_api_settings" failed (2: No such file or directory), client: 104.23.166.6, server: www.ceerun.com, request: "GET /tmp/wp2shell_opt_woocommerce_stripe_api_settings HTTP/2.0", host: "www.ceerun.com"
2026/08/24 23:40:33 [error] 9852#0: *1274222 open() "/www/data/wwwroot/2025_12_26_01/404.html" failed (2: No such file or directory), client: 104.23.166.6, server: www.ceerun.com, request: "GET /tmp/wp2shell_opt_woocommerce_stripe_api_settings HTTP/2.0", host: "www.ceerun.com"
2026/08/24 23:40:33 [error] 9850#0: *1274223 open() "/www/data/wwwroot/2025_12_26_01/tmp/opt_woocommerce_stripe_api_settings" failed (2: No such file or directory), client: 104.23.166.7, server: www.ceerun.com, request: "GET /tmp/opt_woocommerce_stripe_api_settings HTTP/2.0", host: "www.ceerun.com"
2026/08/24 23:40:33 [error] 9850#0: *1274223 open() "/www/data/wwwroot/2025_12_26_01/404.html" failed (2: No such file or directory), client: 104.23.166.7, server: www.ceerun.com, request: "GET /tmp/opt_woocommerce_stripe_api_settings HTTP/2.0", host: "www.ceerun.com"
2026/08/24 23:40:33 [error] 9853#0: *1274224 open() "/www/data/wwwroot/2025_12_26_01/logs/opt_woocommerce_wc_stripe_settings" failed (2: No such file or directory), client: 172.71.98.36, server: www.ceerun.com, request: "GET /logs/opt_woocommerce_wc_stripe_settings HTTP/2.0", host: "www.ceerun.com"
2026/08/24 23:40:33 [error] 9853#0: *1274224 open() "/www/data/wwwroot/2025_12_26_01/404.html" failed (2: No such file or directory), client: 172.71.98.36, server: www.ceerun.com, request: "GET /logs/opt_woocommerce_wc_stripe_settings HTTP/2.0", host: "www.ceerun.com"
2026/08/24 23:40:34 [error] 9851#0: *1274202 open() "/www/data/wwwroot/2025_12_26_01/logs/opt_woocommerce_stripe_settings" failed (2: No such file or directory), client: 172.71.164.122, server: www.ceerun.com, request: "GET /logs/opt_woocommerce_stripe_settings HTTP/2.0", host: "www.ceerun.com"
2026/08/24 23:40:34 [error] 9851#0: *1274202 open() "/www/data/wwwroot/2025_12_26_01/404.html" failed (2: No such file or directory), client: 172.71.164.122, server: www.ceerun.com, request: "GET /logs/opt_woocommerce_stripe_settings HTTP/2.0", host: "www.ceerun.com"
2026/08/24 23:40:35 [error] 9853#0: *1274200 open() "/www/data/wwwroot/2025_12_26_01/logs/wp2shell_opt_woocommerce_wc_stripe_settings" failed (2: No such file or directory), client: 172.71.95.81, server: www.ceerun.com, request: "GET /logs/wp2shell_opt_woocommerce_wc_stripe_settings HTTP/2.0", host: "www.ceerun.com"
2026/08/24 23:40:35 [error] 9853#0: *1274200 open() "/www/data/wwwroot/2025_12_26_01/404.html" failed (2: No such file or directory), client: 172.71.95.81, server: www.ceerun.com, request: "GET /logs/wp2shell_opt_woocommerce_wc_stripe_settings HTTP/2.0", host: "www.ceerun.com"
2026/08/24 23:40:37 [error] 9853#0: *1274224 open() "/www/data/wwwroot/2025_12_26_01/tmp/opt_woocommerce_wc_stripe_settings" failed (2: No such file or directory), client: 172.71.98.36, server: www.ceerun.com, request: "GET /tmp/opt_woocommerce_wc_stripe_settings HTTP/2.0", host: "www.ceerun.com"
2026/08/24 23:40:37 [error] 9853#0: *1274224 open() "/www/data/wwwroot/2025_12_26_01/404.html" failed (2: No such file or directory), client: 172.71.98.36, server: www.ceerun.com, request: "GET /tmp/opt_woocommerce_wc_stripe_settings HTTP/2.0", host: "www.ceerun.com"
2026/08/24 23:40:38 [error] 9852#0: *1274222 open() "/www/data/wwwroot/2025_12_26_01/tmp/wp2shell_opt_woocommerce_wc_stripe_settings" failed (2: No such file or directory), client: 104.23.166.6, server: www.ceerun.com, request: "GET /tmp/wp2shell_opt_woocommerce_wc_stripe_settings HTTP/2.0", host: "www.ceerun.com"
2026/08/24 23:40:38 [error] 9852#0: *1274222 open() "/www/data/wwwroot/2025_12_26_01/404.html" failed (2: No such file or directory), client: 104.23.166.6, server: www.ceerun.com, request: "GET /tmp/wp2shell_opt_woocommerce_wc_stripe_settings HTTP/2.0", host: "www.ceerun.com"
2026/08/24 23:40:38 [error] 9852#0: *1274222 open() "/www/data/wwwroot/2025_12_26_01/logs/opt_give_stripe_settings" failed (2: No such file or directory), client: 104.23.166.6, server: www.ceerun.com, request: "GET /logs/opt_give_stripe_settings HTTP/2.0", host: "www.ceerun.com"
2026/08/24 23:40:38 [error] 9852#0: *1274222 open() "/www/data/wwwroot/2025_12_26_01/404.html" failed (2: No such file or directory), client: 104.23.166.6, server: www.ceerun.com, request: "GET /logs/opt_give_stripe_settings HTTP/2.0", host: "www.ceerun.com"
2026/08/24 23:40:38 [error] 9853#0: *1274249 open() "/www/data/wwwroot/2025_12_26_01/logs/wp2shell_opt_give_stripe_settings" failed (2: No such file or directory), client: 172.70.240.94, server: www.ceerun.com, request: "GET /logs/wp2shell_opt_give_stripe_settings HTTP/2.0", host: "www.ceerun.com"
2026/08/24 23:40:38 [error] 9853#0: *1274249 open() "/www/data/wwwroot/2025_12_26_01/404.html" failed (2: No such file or directory), client: 172.70.240.94, server: www.ceerun.com, request: "GET /logs/wp2shell_opt_give_stripe_settings HTTP/2.0", host: "www.ceerun.com"
2026/08/24 23:40:38 [error] 9853#0: *1274200 open() "/www/data/wwwroot/2025_12_26_01/tmp/wp2shell_opt_give_stripe_settings" failed (2: No such file or directory), client: 172.71.95.81, server: www.ceerun.com, request: "GET /tmp/wp2shell_opt_give_stripe_settings HTTP/2.0", host: "www.ceerun.com"
2026/08/24 23:40:38 [error] 9853#0: *1274200 open() "/www/data/wwwroot/2025_12_26_01/404.html" failed (2: No such file or directory), client: 172.71.95.81, server: www.ceerun.com, request: "GET /tmp/wp2shell_opt_give_stripe_settings HTTP/2.0", host: "www.ceerun.com"
2026/08/24 23:40:38 [error] 9853#0: *1274226 open() "/www/data/wwwroot/2025_12_26_01/tmp/opt_give_stripe_settings" failed (2: No such file or directory), client: 172.69.109.210, server: www.ceerun.com, request: "GET /tmp/opt_give_stripe_settings HTTP/2.0", host: "www.ceerun.com"
2026/08/24 23:40:38 [error] 9853#0: *1274226 open() "/www/data/wwwroot/2025_12_26_01/404.html" failed (2: No such file or directory), client: 172.69.109.210, server: www.ceerun.com, request: "GET /tmp/opt_give_stripe_settings HTTP/2.0", host: "www.ceerun.com"
2026/08/24 23:40:39 [error] 9853#0: *1274228 open() "/www/data/wwwroot/2025_12_26_01/wp-json/wc-admin/options" failed (2: No such file or directory), client: 172.69.109.210, server: www.ceerun.com, request: "GET /wp-json/wc-admin/options?options=woocommerce_stripe_cc_settings,woocommerce_ppcp_settings HTTP/2.0", host: "www.ceerun.com"
2026/08/24 23:40:39 [error] 9853#0: *1274228 open() "/www/data/wwwroot/2025_12_26_01/404.html" failed (2: No such file or directory), client: 172.69.109.210, server: www.ceerun.com, request: "GET /wp-json/wc-admin/options?options=woocommerce_stripe_cc_settings,woocommerce_ppcp_settings HTTP/2.0", host: "www.ceerun.com"
2026/08/24 23:40:55 [error] 9850#0: *1274223 open() "/www/data/wwwroot/2025_12_26_01/logs/wp2shell_opt_woocommerce_paypal_settings" failed (2: No such file or directory), client: 104.23.166.7, server: www.ceerun.com, request: "GET /logs/wp2shell_opt_woocommerce_paypal_settings HTTP/2.0", host: "www.ceerun.com"
2026/08/24 23:40:55 [error] 9850#0: *1274223 open() "/www/data/wwwroot/2025_12_26_01/404.html" failed (2: No such file or directory), client: 104.23.166.7, server: www.ceerun.com, request: "GET /logs/wp2shell_opt_woocommerce_paypal_settings HTTP/2.0", host: "www.ceerun.com"
2026/08/24 23:41:02 [error] 9853#0: *1274324 open() "/www/data/wwwroot/2025_12_26_01/logs/wp2shell_opt_woocommerce_ppcp_settings" failed (2: No such file or directory), client: 172.71.247.160, server: www.ceerun.com, request: "GET /logs/wp2shell_opt_woocommerce_ppcp_settings HTTP/2.0", host: "www.ceerun.com"
2026/08/24 23:41:02 [error] 9853#0: *1274324 open() "/www/data/wwwroot/2025_12_26_01/404.html" failed (2: No such file or directory), client: 172.71.247.160, server: www.ceerun.com, request: "GET /logs/wp2shell_opt_woocommerce_ppcp_settings HTTP/2.0", host: "www.ceerun.com"
2026/08/24 23:41:03 [error] 9853#0: *1274191 open() "/www/data/wwwroot/2025_12_26_01/tmp/wp2shell_opt_woocommerce_ppcp_settings" failed (2: No such file or directory), client: 172.71.160.42, server: www.ceerun.com, request: "GET /tmp/wp2shell_opt_woocommerce_ppcp_settings HTTP/2.0", host: "www.ceerun.com"
2026/08/24 23:41:03 [error] 9853#0: *1274191 open() "/www/data/wwwroot/2025_12_26_01/404.html" failed (2: No such file or directory), client: 172.71.160.42, server: www.ceerun.com, request: "GET /tmp/wp2shell_opt_woocommerce_ppcp_settings HTTP/2.0", host: "www.ceerun.com"
2026/08/24 23:41:05 [error] 9853#0: *1274226 open() "/www/data/wwwroot/2025_12_26_01/tmp/opt_woocommerce_ppcp_paypal_settings" failed (2: No such file or directory), client: 172.69.109.210, server: www.ceerun.com, request: "GET /tmp/opt_woocommerce_ppcp_paypal_settings HTTP/2.0", host: "www.ceerun.com"
2026/08/24 23:41:05 [error] 9853#0: *1274226 open() "/www/data/wwwroot/2025_12_26_01/404.html" failed (2: No such file or directory), client: 172.69.109.210, server: www.ceerun.com, request: "GET /tmp/opt_woocommerce_ppcp_paypal_settings HTTP/2.0", host: "www.ceerun.com"
2026/08/24 23:41:05 [error] 9851#0: *1274202 open() "/www/data/wwwroot/2025_12_26_01/logs/opt_woocommerce_ppcp_paypal_settings" failed (2: No such file or directory), client: 172.71.164.122, server: www.ceerun.com, request: "GET /logs/opt_woocommerce_ppcp_paypal_settings HTTP/2.0", host: "www.ceerun.com"
2026/08/24 23:41:05 [error] 9851#0: *1274202 open() "/www/data/wwwroot/2025_12_26_01/404.html" failed (2: No such file or directory), client: 172.71.164.122, server: www.ceerun.com, request: "GET /logs/opt_woocommerce_ppcp_paypal_settings HTTP/2.0", host: "www.ceerun.com"
2026/08/24 23:41:06 [error] 9850#0: *1274325 open() "/www/data/wwwroot/2025_12_26_01/logs/wp2shell_opt_woocommerce_ppcp_paypal_settings" failed (2: No such file or directory), client: 104.23.239.144, server: www.ceerun.com, request: "GET /logs/wp2shell_opt_woocommerce_ppcp_paypal_settings HTTP/2.0", host: "www.ceerun.com"
2026/08/24 23:41:06 [error] 9850#0: *1274325 open() "/www/data/wwwroot/2025_12_26_01/404.html" failed (2: No such file or directory), client: 104.23.239.144, server: www.ceerun.com, request: "GET /logs/wp2shell_opt_woocommerce_ppcp_paypal_settings HTTP/2.0", host: "www.ceerun.com"
2026/08/24 23:41:06 [error] 9853#0: *1274326 open() "/www/data/wwwroot/2025_12_26_01/tmp/wp2shell_opt_woocommerce_ppcp_paypal_settings" failed (2: No such file or directory), client: 104.23.168.6, server: www.ceerun.com, request: "GET /tmp/wp2shell_opt_woocommerce_ppcp_paypal_settings HTTP/2.0", host: "www.ceerun.com"
2026/08/24 23:41:06 [error] 9853#0: *1274326 open() "/www/data/wwwroot/2025_12_26_01/404.html" failed (2: No such file or directory), client: 104.23.168.6, server: www.ceerun.com, request: "GET /tmp/wp2shell_opt_woocommerce_ppcp_paypal_settings HTTP/2.0", host: "www.ceerun.com"
2026/08/24 23:41:07 [error] 9851#0: *1274244 open() "/www/data/wwwroot/2025_12_26_01/logs/opt_woocommerce_payments_settings" failed (2: No such file or directory), client: 104.23.170.98, server: www.ceerun.com, request: "GET /logs/opt_woocommerce_payments_settings HTTP/2.0", host: "www.ceerun.com"
2026/08/24 23:41:07 [error] 9851#0: *1274244 open() "/www/data/wwwroot/2025_12_26_01/404.html" failed (2: No such file or directory), client: 104.23.170.98, server: www.ceerun.com, request: "GET /logs/opt_woocommerce_payments_settings HTTP/2.0", host: "www.ceerun.com"
2026/08/24 23:41:09 [error] 9853#0: *1274228 open() "/www/data/wwwroot/2025_12_26_01/logs/wp2shell_opt_woocommerce_payments_settings" failed (2: No such file or directory), client: 172.69.109.210, server: www.ceerun.com, request: "GET /logs/wp2shell_opt_woocommerce_payments_settings HTTP/2.0", host: "www.ceerun.com"
2026/08/24 23:41:09 [error] 9853#0: *1274228 open() "/www/data/wwwroot/2025_12_26_01/404.html" failed (2: No such file or directory), client: 172.69.109.210, server: www.ceerun.com, request: "GET /logs/wp2shell_opt_woocommerce_payments_settings HTTP/2.0", host: "www.ceerun.com"
2026/08/24 23:41:09 [error] 9853#0: *1274326 open() "/www/data/wwwroot/2025_12_26_01/tmp/opt_woocommerce_payments_settings" failed (2: No such file or directory), client: 104.23.168.6, server: www.ceerun.com, request: "GET /tmp/opt_woocommerce_payments_settings HTTP/2.0", host: "www.ceerun.com"
2026/08/24 23:41:09 [error] 9853#0: *1274326 open() "/www/data/wwwroot/2025_12_26_01/404.html" failed (2: No such file or directory), client: 104.23.168.6, server: www.ceerun.com, request: "GET /tmp/opt_woocommerce_payments_settings HTTP/2.0", host: "www.ceerun.com"
2026/08/24 23:41:10 [error] 9850#0: *1274325 open() "/www/data/wwwroot/2025_12_26_01/tmp/wp2shell_opt_woocommerce_payments_settings" failed (2: No such file or directory), client: 104.23.239.144, server: www.ceerun.com, request: "GET /tmp/wp2shell_opt_woocommerce_payments_settings HTTP/2.0", host: "www.ceerun.com"
2026/08/24 23:41:10 [error] 9850#0: *1274325 open() "/www/data/wwwroot/2025_12_26_01/404.html" failed (2: No such file or directory), client: 104.23.239.144, server: www.ceerun.com, request: "GET /tmp/wp2shell_opt_woocommerce_payments_settings HTTP/2.0", host: "www.ceerun.com"
2026/08/24 23:41:10 [error] 9851#0: *1274335 open() "/www/data/wwwroot/2025_12_26_01/woocommerce_stripe_settings.log" failed (2: No such file or directory), client: 162.159.113.121, server: www.ceerun.com, request: "GET /woocommerce_stripe_settings.log HTTP/2.0", host: "www.ceerun.com"
2026/08/24 23:41:10 [error] 9851#0: *1274335 open() "/www/data/wwwroot/2025_12_26_01/404.html" failed (2: No such file or directory), client: 162.159.113.121, server: www.ceerun.com, request: "GET /woocommerce_stripe_settings.log HTTP/2.0", host: "www.ceerun.com"
2026/08/24 23:41:10 [error] 9853#0: *1274226 open() "/www/data/wwwroot/2025_12_26_01/woocommerce_stripe_settings.txt" failed (2: No such file or directory), client: 172.69.109.210, server: www.ceerun.com, request: "GET /woocommerce_stripe_settings.txt HTTP/2.0", host: "www.ceerun.com"
2026/08/24 23:41:10 [error] 9853#0: *1274226 open() "/www/data/wwwroot/2025_12_26_01/404.html" failed (2: No such file or directory), client: 172.69.109.210, server: www.ceerun.com, request: "GET /woocommerce_stripe_settings.txt HTTP/2.0", host: "www.ceerun.com"
2026/08/24 23:41:11 [error] 9850#0: *1273815 open() "/www/data/wwwroot/2025_12_26_01/wp-content/uploads/woocommerce_stripe_applepay_settings.sql" failed (2: No such file or directory), client: 172.69.109.110, server: www.ceerun.com, request: "GET /wp-content/uploads/woocommerce_stripe_applepay_settings.sql HTTP/2.0", host: "ceerun.com"
2026/08/24 23:41:11 [error] 9850#0: *1273815 open() "/www/data/wwwroot/2025_12_26_01/404.html" failed (2: No such file or directory), client: 172.69.109.110, server: www.ceerun.com, request: "GET /wp-content/uploads/woocommerce_stripe_applepay_settings.sql HTTP/2.0", host: "ceerun.com"
2026/08/24 23:41:11 [error] 9853#0: *1274338 open() "/www/data/wwwroot/2025_12_26_01/wp-content/uploads/woocommerce_stripe_applepay_settings.txt" failed (2: No such file or directory), client: 104.23.239.12, server: www.ceerun.com, request: "GET /wp-content/uploads/woocommerce_stripe_applepay_settings.txt HTTP/2.0", host: "ceerun.com"
2026/08/24 23:41:11 [error] 9853#0: *1274338 open() "/www/data/wwwroot/2025_12_26_01/404.html" failed (2: No such file or directory), client: 104.23.239.12, server: www.ceerun.com, request: "GET /wp-content/uploads/woocommerce_stripe_applepay_settings.txt HTTP/2.0", host: "ceerun.com"
2026/08/24 23:41:11 [error] 9853#0: *1274228 open() "/www/data/wwwroot/2025_12_26_01/woocommerce_stripe_cc_settings.log" failed (2: No such file or directory), client: 172.69.109.210, server: www.ceerun.com, request: "GET /woocommerce_stripe_cc_settings.log HTTP/2.0", host: "www.ceerun.com"
2026/08/24 23:41:11 [error] 9853#0: *1274228 open() "/www/data/wwwroot/2025_12_26_01/404.html" failed (2: No such file or directory), client: 172.69.109.210, server: www.ceerun.com, request: "GET /woocommerce_stripe_cc_settings.log HTTP/2.0", host: "www.ceerun.com"
2026/08/24 23:41:12 [error] 9850#0: *1274340 open() "/www/data/wwwroot/2025_12_26_01/woocommerce_stripe_settings.tar.gz" failed (2: No such file or directory), client: 172.71.98.57, server: www.ceerun.com, request: "GET /woocommerce_stripe_settings.tar.gz HTTP/2.0", host: "www.ceerun.com"
2026/08/24 23:41:12 [error] 9850#0: *1274340 open() "/www/data/wwwroot/2025_12_26_01/404.html" failed (2: No such file or directory), client: 172.71.98.57, server: www.ceerun.com, request: "GET /woocommerce_stripe_settings.tar.gz HTTP/2.0", host: "www.ceerun.com"
2026/08/24 23:41:12 [error] 9850#0: *1274341 open() "/www/data/wwwroot/2025_12_26_01/woocommerce_stripe_settings.zip" failed (2: No such file or directory), client: 141.101.76.39, server: www.ceerun.com, request: "GET /woocommerce_stripe_settings.zip HTTP/2.0", host: "www.ceerun.com"
2026/08/24 23:41:12 [error] 9850#0: *1274341 open() "/www/data/wwwroot/2025_12_26_01/404.html" failed (2: No such file or directory), client: 141.101.76.39, server: www.ceerun.com, request: "GET /woocommerce_stripe_settings.zip HTTP/2.0", host: "www.ceerun.com"
2026/08/24 23:41:12 [error] 9853#0: *1274343 open() "/www/data/wwwroot/2025_12_26_01/woocommerce_stripe_settings.csv" failed (2: No such file or directory), client: 172.71.99.15, server: www.ceerun.com, request: "GET /woocommerce_stripe_settings.csv HTTP/2.0", host: "www.ceerun.com"
2026/08/24 23:41:12 [error] 9853#0: *1274343 open() "/www/data/wwwroot/2025_12_26_01/404.html" failed (2: No such file or directory), client: 172.71.99.15, server: www.ceerun.com, request: "GET /woocommerce_stripe_settings.csv HTTP/2.0", host: "www.ceerun.com"
2026/08/24 23:41:13 [error] 9852#0: *1273965 open() "/www/data/wwwroot/2025_12_26_01/wp-content/uploads/woocommerce_woocommerce_payments_settings.txt" failed (2: No such file or directory), client: 172.71.95.155, server: www.ceerun.com, request: "GET /wp-content/uploads/woocommerce_woocommerce_payments_settings.txt HTTP/2.0", host: "ceerun.com"
2026/08/24 23:41:13 [error] 9852#0: *1273965 open() "/www/data/wwwroot/2025_12_26_01/404.html" failed (2: No such file or directory), client: 172.71.95.155, server: www.ceerun.com, request: "GET /wp-content/uploads/woocommerce_woocommerce_payments_settings.txt HTTP/2.0", host: "ceerun.com"
2026/08/24 23:41:13 [error] 9851#0: *1274174 open() "/www/data/wwwroot/2025_12_26_01/wp-content/uploads/woocommerce_stripe_googlepay_settings.log" failed (2: No such file or directory), client: 104.23.168.96, server: www.ceerun.com, request: "GET /wp-content/uploads/woocommerce_stripe_googlepay_settings.log HTTP/2.0", host: "ceerun.com"
2026/08/24 23:41:13 [error] 9851#0: *1274174 open() "/www/data/wwwroot/2025_12_26_01/404.html" failed (2: No such file or directory), client: 104.23.168.96, server: www.ceerun.com, request: "GET /wp-content/uploads/woocommerce_stripe_googlepay_settings.log HTTP/2.0", host: "ceerun.com"
2026/08/24 23:41:13 [error] 9853#0: *1274197 open() "/www/data/wwwroot/2025_12_26_01/wp-content/uploads/woocommerce_woocommerce_payments_settings" failed (2: No such file or directory), client: 104.23.166.21, server: www.ceerun.com, request: "GET /wp-content/uploads/woocommerce_woocommerce_payments_settings HTTP/2.0", host: "ceerun.com"
2026/08/24 23:41:13 [error] 9853#0: *1274197 open() "/www/data/wwwroot/2025_12_26_01/404.html" failed (2: No such file or directory), client: 104.23.166.21, server: www.ceerun.com, request: "GET /wp-content/uploads/woocommerce_woocommerce_payments_settings HTTP/2.0", host: "ceerun.com"
2026/08/24 23:41:13 [error] 9853#0: *1274204 open() "/www/data/wwwroot/2025_12_26_01/wp-content/uploads/woocommerce_stripe_googlepay_settings.txt" failed (2: No such file or directory), client: 172.71.160.178, server: www.ceerun.com, request: "GET /wp-content/uploads/woocommerce_stripe_googlepay_settings.txt HTTP/2.0", host: "ceerun.com"
2026/08/24 23:41:13 [error] 9853#0: *1274204 open() "/www/data/wwwroot/2025_12_26_01/404.html" failed (2: No such file or directory), client: 172.71.160.178, server: www.ceerun.com, request: "GET /wp-content/uploads/woocommerce_stripe_googlepay_settings.txt HTTP/2.0", host: "ceerun.com"
2026/08/24 23:41:13 [error] 9853#0: *1274204 open() "/www/data/wwwroot/2025_12_26_01/wp-content/uploads/woocommerce_woocommerce_payments_settings.log" failed (2: No such file or directory), client: 172.71.160.178, server: www.ceerun.com, request: "GET /wp-content/uploads/woocommerce_woocommerce_payments_settings.log HTTP/2.0", host: "ceerun.com"
2026/08/24 23:41:13 [error] 9853#0: *1274204 open() "/www/data/wwwroot/2025_12_26_01/404.html" failed (2: No such file or directory), client: 172.71.160.178, server: www.ceerun.com, request: "GET /wp-content/uploads/woocommerce_woocommerce_payments_settings.log HTTP/2.0", host: "ceerun.com"
2026/08/24 23:41:14 [error] 9853#0: *1274200 open() "/www/data/wwwroot/2025_12_26_01/woocommerce_stripe_cc_settings.txt" failed (2: No such file or directory), client: 172.71.95.81, server: www.ceerun.com, request: "GET /woocommerce_stripe_cc_settings.txt HTTP/2.0", host: "www.ceerun.com"
2026/08/24 23:41:14 [error] 9853#0: *1274200 open() "/www/data/wwwroot/2025_12_26_01/404.html" failed (2: No such file or directory), client: 172.71.95.81, server: www.ceerun.com, request: "GET /woocommerce_stripe_cc_settings.txt HTTP/2.0", host: "www.ceerun.com"
2026/08/24 23:41:14 [error] 9850#0: *1274348 open() "/www/data/wwwroot/2025_12_26_01/wp-content/uploads/woocommerce_woocommerce_payments_settings.sql" failed (2: No such file or directory), client: 104.23.170.13, server: www.ceerun.com, request: "GET /wp-content/uploads/woocommerce_woocommerce_payments_settings.sql HTTP/2.0", host: "ceerun.com"
2026/08/24 23:41:14 [error] 9850#0: *1274348 open() "/www/data/wwwroot/2025_12_26_01/404.html" failed (2: No such file or directory), client: 104.23.170.13, server: www.ceerun.com, request: "GET /wp-content/uploads/woocommerce_woocommerce_payments_settings.sql HTTP/2.0", host: "ceerun.com"
2026/08/24 23:41:14 [error] 9853#0: *1274226 open() "/www/data/wwwroot/2025_12_26_01/woocommerce_stripe_api_settings.txt" failed (2: No such file or directory), client: 172.69.109.210, server: www.ceerun.com, request: "GET /woocommerce_stripe_api_settings.txt HTTP/2.0", host: "www.ceerun.com"
2026/08/24 23:41:14 [error] 9853#0: *1274226 open() "/www/data/wwwroot/2025_12_26_01/404.html" failed (2: No such file or directory), client: 172.69.109.210, server: www.ceerun.com, request: "GET /woocommerce_stripe_api_settings.txt HTTP/2.0", host: "www.ceerun.com"
2026/08/24 23:41:14 [error] 9850#0: *1274325 open() "/www/data/wwwroot/2025_12_26_01/woocommerce_stripe_api_settings.log" failed (2: No such file or directory), client: 104.23.239.144, server: www.ceerun.com, request: "GET /woocommerce_stripe_api_settings.log HTTP/2.0", host: "www.ceerun.com"
2026/08/24 23:41:14 [error] 9850#0: *1274325 open() "/www/data/wwwroot/2025_12_26_01/404.html" failed (2: No such file or directory), client: 104.23.239.144, server: www.ceerun.com, request: "GET /woocommerce_stripe_api_settings.log HTTP/2.0", host: "www.ceerun.com"
2026/08/24 23:41:14 [error] 9853#0: *1274349 open() "/www/data/wwwroot/2025_12_26_01/woocommerce_stripe_cc_settings.tar.gz" failed (2: No such file or directory), client: 141.101.76.80, server: www.ceerun.com, request: "GET /woocommerce_stripe_cc_settings.tar.gz HTTP/2.0", host: "www.ceerun.com"
2026/08/24 23:41:14 [error] 9853#0: *1274349 open() "/www/data/wwwroot/2025_12_26_01/404.html" failed (2: No such file or directory), client: 141.101.76.80, server: www.ceerun.com, request: "GET /woocommerce_stripe_cc_settings.tar.gz HTTP/2.0", host: "www.ceerun.com"
2026/08/24 23:41:14 [error] 9853#0: *1274350 open() "/www/data/wwwroot/2025_12_26_01/woocommerce_stripe_cc_settings.zip" failed (2: No such file or directory), client: 172.69.109.4, server: www.ceerun.com, request: "GET /woocommerce_stripe_cc_settings.zip HTTP/2.0", host: "www.ceerun.com"
2026/08/24 23:41:14 [error] 9853#0: *1274350 open() "/www/data/wwwroot/2025_12_26_01/404.html" failed (2: No such file or directory), client: 172.69.109.4, server: www.ceerun.com, request: "GET /woocommerce_stripe_cc_settings.zip HTTP/2.0", host: "www.ceerun.com"
2026/08/24 23:41:15 [error] 9850#0: *1274351 open() "/www/data/wwwroot/2025_12_26_01/woocommerce_stripe_api_settings.zip" failed (2: No such file or directory), client: 172.69.109.212, server: www.ceerun.com, request: "GET /woocommerce_stripe_api_settings.zip HTTP/2.0", host: "www.ceerun.com"
2026/08/24 23:41:15 [error] 9850#0: *1274351 open() "/www/data/wwwroot/2025_12_26_01/404.html" failed (2: No such file or directory), client: 172.69.109.212, server: www.ceerun.com, request: "GET /woocommerce_stripe_api_settings.zip HTTP/2.0", host: "www.ceerun.com"
2026/08/24 23:41:15 [error] 9851#0: *1274335 open() "/www/data/wwwroot/2025_12_26_01/woocommerce_paypal_settings.log" failed (2: No such file or directory), client: 162.159.113.121, server: www.ceerun.com, request: "GET /woocommerce_paypal_settings.log HTTP/2.0", host: "www.ceerun.com"
2026/08/24 23:41:15 [error] 9851#0: *1274335 open() "/www/data/wwwroot/2025_12_26_01/404.html" failed (2: No such file or directory), client: 162.159.113.121, server: www.ceerun.com, request: "GET /woocommerce_paypal_settings.log HTTP/2.0", host: "www.ceerun.com"
2026/08/24 23:41:15 [error] 9853#0: *1274352 open() "/www/data/wwwroot/2025_12_26_01/woocommerce_stripe_cc_settings.csv" failed (2: No such file or directory), client: 172.69.109.17, server: www.ceerun.com, request: "GET /woocommerce_stripe_cc_settings.csv HTTP/2.0", host: "www.ceerun.com"
2026/08/24 23:41:15 [error] 9853#0: *1274352 open() "/www/data/wwwroot/2025_12_26_01/404.html" failed (2: No such file or directory), client: 172.69.109.17, server: www.ceerun.com, request: "GET /woocommerce_stripe_cc_settings.csv HTTP/2.0", host: "www.ceerun.com"
2026/08/24 23:41:15 [error] 9850#0: *1274353 open() "/www/data/wwwroot/2025_12_26_01/woocommerce_stripe_api_settings.csv" failed (2: No such file or directory), client: 104.23.166.101, server: www.ceerun.com, request: "GET /woocommerce_stripe_api_settings.csv HTTP/2.0", host: "www.ceerun.com"
2026/08/24 23:41:15 [error] 9850#0: *1274353 open() "/www/data/wwwroot/2025_12_26_01/404.html" failed (2: No such file or directory), client: 104.23.166.101, server: www.ceerun.com, request: "GET /woocommerce_stripe_api_settings.csv HTTP/2.0", host: "www.ceerun.com"
2026/08/24 23:41:15 [error] 9853#0: *1274228 open() "/www/data/wwwroot/2025_12_26_01/woocommerce_paypal_settings.txt" failed (2: No such file or directory), client: 172.69.109.210, server: www.ceerun.com, request: "GET /woocommerce_paypal_settings.txt HTTP/2.0", host: "www.ceerun.com"
2026/08/24 23:41:15 [error] 9853#0: *1274228 open() "/www/data/wwwroot/2025_12_26_01/404.html" failed (2: No such file or directory), client: 172.69.109.210, server: www.ceerun.com, request: "GET /woocommerce_paypal_settings.txt HTTP/2.0", host: "www.ceerun.com"
2026/08/24 23:41:15 [error] 9853#0: *1274354 open() "/www/data/wwwroot/2025_12_26_01/woocommerce_stripe_api_settings.tar.gz" failed (2: No such file or directory), client: 172.71.99.193, server: www.ceerun.com, request: "GET /woocommerce_stripe_api_settings.tar.gz HTTP/2.0", host: "www.ceerun.com"
2026/08/24 23:41:15 [error] 9853#0: *1274354 open() "/www/data/wwwroot/2025_12_26_01/404.html" failed (2: No such file or directory), client: 172.71.99.193, server: www.ceerun.com, request: "GET /woocommerce_stripe_api_settings.tar.gz HTTP/2.0", host: "www.ceerun.com"
2026/08/24 23:41:15 [error] 9850#0: *1274348 open() "/www/data/wwwroot/2025_12_26_01/wp-content/uploads/woocommerce_angelleye_ppcp_settings" failed (2: No such file or directory), client: 104.23.170.13, server: www.ceerun.com, request: "GET /wp-content/uploads/woocommerce_angelleye_ppcp_settings HTTP/2.0", host: "ceerun.com"
2026/08/24 23:41:15 [error] 9850#0: *1274348 open() "/www/data/wwwroot/2025_12_26_01/404.html" failed (2: No such file or directory), client: 104.23.170.13, server: www.ceerun.com, request: "GET /wp-content/uploads/woocommerce_angelleye_ppcp_settings HTTP/2.0", host: "ceerun.com"
2026/08/24 23:41:16 [error] 9853#0: *1274355 open() "/www/data/wwwroot/2025_12_26_01/woocommerce_paypal_settings.zip" failed (2: No such file or directory), client: 104.23.172.82, server: www.ceerun.com, request: "GET /woocommerce_paypal_settings.zip HTTP/2.0", host: "www.ceerun.com"
2026/08/24 23:41:16 [error] 9853#0: *1274355 open() "/www/data/wwwroot/2025_12_26_01/404.html" failed (2: No such file or directory), client: 104.23.172.82, server: www.ceerun.com, request: "GET /woocommerce_paypal_settings.zip HTTP/2.0", host: "www.ceerun.com"
2026/08/24 23:41:16 [error] 9851#0: *1274356 open() "/www/data/wwwroot/2025_12_26_01/woocommerce_paypal_settings.tar.gz" failed (2: No such file or directory), client: 172.70.242.253, server: www.ceerun.com, request: "GET /woocommerce_paypal_settings.tar.gz HTTP/2.0", host: "www.ceerun.com"
2026/08/24 23:41:16 [error] 9851#0: *1274356 open() "/www/data/wwwroot/2025_12_26_01/404.html" failed (2: No such file or directory), client: 172.70.242.253, server: www.ceerun.com, request: "GET /woocommerce_paypal_settings.tar.gz HTTP/2.0", host: "www.ceerun.com"
2026/08/24 23:41:16 [error] 9851#0: *1274362 open() "/www/data/wwwroot/2025_12_26_01/woocommerce_paypal_settings.csv" failed (2: No such file or directory), client: 104.23.166.66, server: www.ceerun.com, request: "GET /woocommerce_paypal_settings.csv HTTP/2.0", host: "www.ceerun.com"
2026/08/24 23:41:16 [error] 9851#0: *1274362 open() "/www/data/wwwroot/2025_12_26_01/404.html" failed (2: No such file or directory), client: 104.23.166.66, server: www.ceerun.com, request: "GET /woocommerce_paypal_settings.csv HTTP/2.0", host: "www.ceerun.com"
2026/08/24 23:41:17 [error] 9850#0: *1274348 open() "/www/data/wwwroot/2025_12_26_01/wp-content/uploads/woocommerce_angelleye_ppcp_settings.log" failed (2: No such file or directory), client: 104.23.170.13, server: www.ceerun.com, request: "GET /wp-content/uploads/woocommerce_angelleye_ppcp_settings.log HTTP/2.0", host: "ceerun.com"
2026/08/24 23:41:17 [error] 9850#0: *1274348 open() "/www/data/wwwroot/2025_12_26_01/404.html" failed (2: No such file or directory), client: 104.23.170.13, server: www.ceerun.com, request: "GET /wp-content/uploads/woocommerce_angelleye_ppcp_settings.log HTTP/2.0", host: "ceerun.com"
2026/08/24 23:41:18 [error] 9852#0: *1273965 open() "/www/data/wwwroot/2025_12_26_01/wp-content/uploads/woocommerce_angelleye_ppcp_settings.txt" failed (2: No such file or directory), client: 172.71.95.155, server: www.ceerun.com, request: "GET /wp-content/uploads/woocommerce_angelleye_ppcp_settings.txt HTTP/2.0", host: "ceerun.com"
2026/08/24 23:41:18 [error] 9852#0: *1273965 open() "/www/data/wwwroot/2025_12_26_01/404.html" failed (2: No such file or directory), client: 172.71.95.155, server: www.ceerun.com, request: "GET /wp-content/uploads/woocommerce_angelleye_ppcp_settings.txt HTTP/2.0", host: "ceerun.com"
