57.141.10.7 - - [23/Aug/2026:02:52:45 +0800] "HEAD / HTTP/1.1" 200 0 "-" "facebookexternalhit/1.1 (+http://www.facebook.com/externalhit_uatext.php)"
66.249.64.110 - - [23/Aug/2026:02:52:47 +0800] "GET /?list_13/&ext_leixing=%E5%8C%96%E5%AD%A6%09&ext_dizhi=%E5%B8%82%E5%9C%BA%E8%90%A5%E9%94%80&ext_feiyong=1%E4%B8%AA%E6%9C%88&ext_tese=%09%E8%AE%BA%E6%96%87%09 HTTP/1.1" 200 4855 "-" "Mozilla/5.0 (Linux; Android 6.0.1; Nexus 5X Build/MMB29P) AppleWebKit/537.36 (KHTML, like Gecko) Chrome/151.0.7922.137 Mobile Safari/537.36 (compatible; Googlebot/2.1; +http://www.google.com/bot.html)"
66.249.64.110 - - [23/Aug/2026:02:52:52 +0800] "GET /?list_13/&ext_tese=%09%E8%AE%BA%E6%96%87%09&ext_feiyong=1%E4%B8%AA%E6%9C%88&ext_leixing=%09%E9%80%9A%E4%BF%A1&ext_dizhi=%E8%88%AA%E7%A9%BA%E8%88%AA%E5%A4%A9%09 HTTP/1.1" 200 4873 "-" "Mozilla/5.0 (Linux; Android 6.0.1; Nexus 5X Build/MMB29P) AppleWebKit/537.36 (KHTML, like Gecko) Chrome/151.0.7922.137 Mobile Safari/537.36 (compatible; Googlebot/2.1; +http://www.google.com/bot.html)"
207.46.13.14 - - [23/Aug/2026:02:53:12 +0800] "GET /?list_13/&ext_dizhi=%09%E7%BD%91%E7%BB%9C%E5%B7%A5%E7%A8%8B&ext_leixing=%09%E7%89%A9%E7%90%86%09&ext_tese=%09%E5%BA%94%E7%94%A8%E7%A0%94%E7%A9%B6&ext_feiyong=1%E4%B8%AA%E6%9C%88 HTTP/1.1" 200 4872 "-" "Mozilla/5.0 AppleWebKit/537.36 (KHTML, like Gecko; compatible; bingbot/2.0; +http://www.bing.com/bingbot.htm) Chrome/116.0.1938.76 Safari/537.36"
66.249.64.97 - - [23/Aug/2026:02:53:20 +0800] "GET /?list_13/&ext_feiyong=1%E4%B8%AA%E6%9C%88&ext_leixing=%09%E7%BB%8F%E6%B5%8E&ext_tese=%09%E5%AD%A6%E6%9C%AF%E6%8A%A5%E5%91%8A%09&ext_dizhi=%E4%BA%BA%E5%B7%A5%E6%99%BA%E8%83%BD%09 HTTP/1.1" 200 4857 "-" "Mozilla/5.0 (Linux; Android 6.0.1; Nexus 5X Build/MMB29P) AppleWebKit/537.36 (KHTML, like Gecko) Chrome/151.0.7922.137 Mobile Safari/537.36 (compatible; Googlebot/2.1; +http://www.google.com/bot.html)"
66.249.64.96 - - [23/Aug/2026:02:53:25 +0800] "GET /?list_13/&ext_tese=%09%E5%BA%94%E7%94%A8%E7%A0%94%E7%A9%B6&ext_leixing=%09%E9%87%91%E8%9E%8D&ext_dizhi=%E7%A4%BE%E4%BC%9A%E7%A7%91%E5%AD%A6 HTTP/1.1" 200 4842 "-" "Mozilla/5.0 (Linux; Android 6.0.1; Nexus 5X Build/MMB29P) AppleWebKit/537.36 (KHTML, like Gecko) Chrome/151.0.7922.137 Mobile Safari/537.36 (compatible; Googlebot/2.1; +http://www.google.com/bot.html)"
66.249.64.110 - - [23/Aug/2026:02:53:31 +0800] "GET /?list_13/&ext_feiyong=1%E5%91%A8%09&ext_tese=%09%E8%AE%BA%E6%96%87%09&ext_leixing=%E6%95%B0%E5%AD%A6&ext_dizhi=%E7%94%B5%E5%AD%90%E7%94%B5%E6%B0%94%09 HTTP/1.1" 200 4844 "-" "Mozilla/5.0 (Linux; Android 6.0.1; Nexus 5X Build/MMB29P) AppleWebKit/537.36 (KHTML, like Gecko) Chrome/151.0.7922.137 Mobile Safari/537.36 (compatible; Googlebot/2.1; +http://www.google.com/bot.html)"
66.249.64.110 - - [23/Aug/2026:02:53:40 +0800] "GET /?list_13/&ext_feiyong=1%E4%B8%AA%E6%9C%88&ext_leixing=%E5%8C%96%E5%AD%A6%09&ext_tese=%E4%B8%93%E5%88%A9&ext_dizhi=%09%E6%95%B0%E5%AD%97%E7%BB%8F%E6%B5%8E HTTP/1.1" 200 4833 "-" "Mozilla/5.0 (Linux; Android 6.0.1; Nexus 5X Build/MMB29P) AppleWebKit/537.36 (KHTML, like Gecko) Chrome/151.0.7922.137 Mobile Safari/537.36 (compatible; Googlebot/2.1; +http://www.google.com/bot.html)"
66.249.64.97 - - [23/Aug/2026:02:54:07 +0800] "GET /?list_13/&ext_feiyong=1%E4%B8%AA%E6%9C%88&ext_leixing=%09%E9%87%91%E8%9E%8D&ext_tese=%E4%B8%93%E5%88%A9&ext_dizhi=%09%E6%95%B0%E5%AD%97%E7%BB%8F%E6%B5%8E HTTP/1.1" 200 4846 "-" "Mozilla/5.0 (Linux; Android 6.0.1; Nexus 5X Build/MMB29P) AppleWebKit/537.36 (KHTML, like Gecko) Chrome/151.0.7922.137 Mobile Safari/537.36 (compatible; Googlebot/2.1; +http://www.google.com/bot.html)"
66.249.64.110 - - [23/Aug/2026:02:54:47 +0800] "GET /?list_13/&ext_dizhi=%E5%B8%82%E5%9C%BA%E8%90%A5%E9%94%80&ext_tese=%E4%B8%93%E5%88%A9&ext_leixing=%09%E8%AE%A1%E7%AE%97%E6%9C%BA&ext_feiyong=%091%E4%B8%AA%E6%9C%88%E4%BB%A5%E4%B8%8A HTTP/1.1" 200 4879 "-" "Mozilla/5.0 (Linux; Android 6.0.1; Nexus 5X Build/MMB29P) AppleWebKit/537.36 (KHTML, like Gecko) Chrome/151.0.7922.137 Mobile Safari/537.36 (compatible; Googlebot/2.1; +http://www.google.com/bot.html)"
66.249.64.110 - - [23/Aug/2026:02:54:52 +0800] "GET /?list_13/&ext_dizhi=%09%E4%BF%A1%E6%81%AF%E6%8A%80%E6%9C%AF&ext_tese=%E7%90%86%E8%AE%BA%E7%A0%94%E7%A9%B6&ext_feiyong=1%E4%B8%AA%E6%9C%88&ext_leixing=%09%E9%80%9A%E4%BF%A1 HTTP/1.1" 200 4880 "-" "Mozilla/5.0 (Linux; Android 6.0.1; Nexus 5X Build/MMB29P) AppleWebKit/537.36 (KHTML, like Gecko) Chrome/151.0.7922.137 Mobile Safari/537.36 (compatible; Googlebot/2.1; +http://www.google.com/bot.html)"
66.249.64.110 - - [23/Aug/2026:02:54:57 +0800] "GET /?list_13/&ext_dizhi=%E6%95%B0%E5%AD%A6%E5%88%86%E6%9E%90%09&ext_tese=%E6%A8%A1%E5%9E%8B&ext_feiyong=1%E4%B8%AA%E6%9C%88&ext_leixing=%09%E7%89%A9%E7%90%86%09 HTTP/1.1" 200 4867 "-" "Mozilla/5.0 (Linux; Android 6.0.1; Nexus 5X Build/MMB29P) AppleWebKit/537.36 (KHTML, like Gecko) Chrome/151.0.7922.137 Mobile Safari/537.36 (compatible; Googlebot/2.1; +http://www.google.com/bot.html)"
66.249.64.110 - - [23/Aug/2026:02:55:03 +0800] "GET /?list_13/&ext_leixing=%E6%95%B0%E5%AD%A6&ext_feiyong=%091%E4%B8%AA%E6%9C%88%E4%BB%A5%E4%B8%8A&ext_dizhi=%E9%80%9A%E4%BF%A1%E5%B7%A5%E7%A8%8B HTTP/1.1" 200 4831 "-" "Mozilla/5.0 (Linux; Android 6.0.1; Nexus 5X Build/MMB29P) AppleWebKit/537.36 (KHTML, like Gecko) Chrome/151.0.7922.137 Mobile Safari/537.36 (compatible; Googlebot/2.1; +http://www.google.com/bot.html)"
66.249.64.110 - - [23/Aug/2026:02:55:14 +0800] "GET /?list_13/&ext_dizhi=%09%E7%BD%91%E7%BB%9C%E5%B7%A5%E7%A8%8B&ext_feiyong=%091%E4%B8%AA%E6%9C%88%E4%BB%A5%E4%B8%8A&ext_leixing=%09%E8%AE%A1%E7%AE%97%E6%9C%BA&ext_tese=%E4%B8%93%E5%88%A9 HTTP/1.1" 200 4878 "-" "Mozilla/5.0 (Linux; Android 6.0.1; Nexus 5X Build/MMB29P) AppleWebKit/537.36 (KHTML, like Gecko) Chrome/151.0.7922.137 Mobile Safari/537.36 (compatible; Googlebot/2.1; +http://www.google.com/bot.html)"
113.226.109.100 - - [23/Aug/2026:02:55:17 +0800] "GET http://www.haosixiang.cn:80/ HTTP/1.1" 404 150 "-" "Mozilla/5.0 (compatible; domain-name-detection/1.0)"
113.226.109.100 - - [23/Aug/2026:02:55:17 +0800] "GET http://www.haosixiang.cn:80/ HTTP/1.1" 404 150 "-" "Mozilla/5.0 (compatible; domain-name-detection/1.0)"
66.249.64.110 - - [23/Aug/2026:02:55:31 +0800] "GET /?list_13/&ext_feiyong=1%E4%B8%AA%E6%9C%88&ext_leixing=%09%E8%AE%A1%E7%AE%97%E6%9C%BA&ext_tese=%E4%B8%93%E5%88%A9&ext_dizhi=%09%E6%95%B0%E5%AD%97%E7%BB%8F%E6%B5%8E HTTP/1.1" 200 4847 "-" "Mozilla/5.0 (Linux; Android 6.0.1; Nexus 5X Build/MMB29P) AppleWebKit/537.36 (KHTML, like Gecko) Chrome/151.0.7922.137 Mobile Safari/537.36 (compatible; Googlebot/2.1; +http://www.google.com/bot.html)"
57.141.22.34 - - [23/Aug/2026:02:55:35 +0800] "HEAD / HTTP/1.1" 200 0 "-" "facebookexternalhit/1.1 (+http://www.facebook.com/externalhit_uatext.php)"
116.22.30.232 - - [23/Aug/2026:02:55:41 +0800] "GET http://www.haosixiang.cn:80/ HTTP/1.1" 404 150 "-" "Mozilla/5.0 (compatible; domain-name-detection/1.0)"
116.22.30.232 - - [23/Aug/2026:02:55:42 +0800] "GET http://www.haosixiang.cn:80/ HTTP/1.1" 404 150 "-" "Mozilla/5.0 (compatible; domain-name-detection/1.0)"
91.132.95.68 - - [23/Aug/2026:02:55:45 +0800] "GET / HTTP/1.1" 404 150 "-" "Mozilla/5.0 (compatible; domain-name-detection/1.0)"
91.132.95.68 - - [23/Aug/2026:02:55:45 +0800] "GET / HTTP/1.1" 404 150 "-" "Mozilla/5.0 (compatible; domain-name-detection/1.0)"
85.208.96.198 - - [23/Aug/2026:02:55:47 +0800] "GET /template/show.php/2026072089935082.shtml HTTP/1.1" 403 46 "-" "Mozilla/5.0 (compatible; SemrushBot/7~bl; +http://www.semrush.com/bot.html)"
66.249.64.97 - - [23/Aug/2026:02:55:48 +0800] "GET /?list_13/&ext_dizhi=%E5%B8%82%E5%9C%BA%E8%90%A5%E9%94%80&ext_tese=%E8%BD%AF%E8%91%97%09&ext_leixing=%09%E8%AE%A1%E7%AE%97%E6%9C%BA&ext_feiyong=1%E5%91%A8%09 HTTP/1.1" 200 4874 "-" "Mozilla/5.0 (Linux; Android 6.0.1; Nexus 5X Build/MMB29P) AppleWebKit/537.36 (KHTML, like Gecko) Chrome/151.0.7922.137 Mobile Safari/537.36 (compatible; Googlebot/2.1; +http://www.google.com/bot.html)"
66.249.64.96 - - [23/Aug/2026:02:56:04 +0800] "GET /?list_13/&ext_leixing=%E6%95%B0%E5%AD%A6&ext_dizhi=%09&ext_tese=%E7%90%86%E8%AE%BA%E7%A0%94%E7%A9%B6&ext_feiyong=1%E5%91%A8%09 HTTP/1.1" 200 4855 "-" "Mozilla/5.0 (Linux; Android 6.0.1; Nexus 5X Build/MMB29P) AppleWebKit/537.36 (KHTML, like Gecko) Chrome/151.0.7922.137 Mobile Safari/537.36 (compatible; Googlebot/2.1; +http://www.google.com/bot.html)"
43.159.141.150 - - [23/Aug/2026:02:57:01 +0800] "GET / HTTP/1.1" 200 7977 "-" "Mozilla/5.0 (iPhone; CPU iPhone OS 13_2_3 like Mac OS X) AppleWebKit/605.1.15 (KHTML, like Gecko) Version/13.0.3 Mobile/15E148 Safari/604.1"
66.249.64.110 - - [23/Aug/2026:02:57:06 +0800] "GET /?list_13/&ext_tese=%09%E5%BA%94%E7%94%A8%E7%A0%94%E7%A9%B6&ext_feiyong=1%E5%91%A8%09&ext_dizhi=%09%E7%BD%91%E7%BB%9C%E5%B7%A5%E7%A8%8B&ext_leixing=%E6%95%B0%E5%AD%A6 HTTP/1.1" 200 4844 "-" "Mozilla/5.0 (Linux; Android 6.0.1; Nexus 5X Build/MMB29P) AppleWebKit/537.36 (KHTML, like Gecko) Chrome/151.0.7922.137 Mobile Safari/537.36 (compatible; Googlebot/2.1; +http://www.google.com/bot.html)"
66.249.64.110 - - [23/Aug/2026:02:57:16 +0800] "GET /?list_13/&ext_dizhi=%E4%BA%BA%E5%B7%A5%E6%99%BA%E8%83%BD%09&ext_feiyong=1%E4%B8%AA%E6%9C%88&ext_leixing=%E5%8C%96%E5%AD%A6%09&ext_tese=%09%E8%AE%BA%E6%96%87%09 HTTP/1.1" 200 4855 "-" "Mozilla/5.0 (Linux; Android 6.0.1; Nexus 5X Build/MMB29P) AppleWebKit/537.36 (KHTML, like Gecko) Chrome/151.0.7922.137 Mobile Safari/537.36 (compatible; Googlebot/2.1; +http://www.google.com/bot.html)"
66.249.64.110 - - [23/Aug/2026:02:57:25 +0800] "GET /?list_13/&ext_feiyong=%091%E4%B8%AA%E6%9C%88%E4%BB%A5%E4%B8%8A&ext_leixing=%09%E9%80%9A%E4%BF%A1&ext_tese=%09%E5%BA%94%E7%94%A8%E7%A0%94%E7%A9%B6&ext_dizhi=%E5%B8%82%E5%9C%BA%E8%90%A5%E9%94%80 HTTP/1.1" 200 4881 "-" "Mozilla/5.0 (Linux; Android 6.0.1; Nexus 5X Build/MMB29P) AppleWebKit/537.36 (KHTML, like Gecko) Chrome/151.0.7922.137 Mobile Safari/537.36 (compatible; Googlebot/2.1; +http://www.google.com/bot.html)"
52.167.144.187 - - [23/Aug/2026:02:57:27 +0800] "GET /?list_13/&ext_leixing=%09%E7%89%A9%E7%90%86%09&ext_tese=%09%E5%BA%94%E7%94%A8%E7%A0%94%E7%A9%B6&ext_feiyong=1%E5%91%A8%09&ext_dizhi=%09%E4%BF%A1%E6%81%AF%E6%8A%80%E6%9C%AF HTTP/1.1" 200 4841 "-" "Mozilla/5.0 AppleWebKit/537.36 (KHTML, like Gecko; compatible; bingbot/2.0; +http://www.bing.com/bingbot.htm) Chrome/116.0.1938.76 Safari/537.36"
66.249.64.110 - - [23/Aug/2026:02:57:35 +0800] "GET /?list_13/&ext_dizhi=%E8%88%AA%E7%A9%BA%E8%88%AA%E5%A4%A9%09&ext_feiyong=1%E5%91%A8%09&ext_leixing=%09%E9%80%9A%E4%BF%A1&ext_tese=%09%E5%BA%94%E7%94%A8%E7%A0%94%E7%A9%B6 HTTP/1.1" 200 4859 "-" "Mozilla/5.0 (Linux; Android 6.0.1; Nexus 5X Build/MMB29P) AppleWebKit/537.36 (KHTML, like Gecko) Chrome/151.0.7922.137 Mobile Safari/537.36 (compatible; Googlebot/2.1; +http://www.google.com/bot.html)"
66.249.64.110 - - [23/Aug/2026:02:57:49 +0800] "GET /?list_13/&ext_feiyong=1%E5%91%A8%09&ext_leixing=%09%E9%80%9A%E4%BF%A1 HTTP/1.1" 200 4772 "-" "Mozilla/5.0 (Linux; Android 6.0.1; Nexus 5X Build/MMB29P) AppleWebKit/537.36 (KHTML, like Gecko) Chrome/151.0.7922.137 Mobile Safari/537.36 (compatible; Googlebot/2.1; +http://www.google.com/bot.html)"
66.249.64.96 - - [23/Aug/2026:02:58:00 +0800] "GET /?list_13/&ext_dizhi=%E8%88%AA%E7%A9%BA%E8%88%AA%E5%A4%A9%09&ext_feiyong=1%E5%91%A8%09&ext_leixing=%09%E7%89%A9%E7%90%86%09&ext_tese=%E4%B8%93%E5%88%A9 HTTP/1.1" 200 4852 "-" "Mozilla/5.0 (Linux; Android 6.0.1; Nexus 5X Build/MMB29P) AppleWebKit/537.36 (KHTML, like Gecko) Chrome/151.0.7922.137 Mobile Safari/537.36 (compatible; Googlebot/2.1; +http://www.google.com/bot.html)"
57.141.4.48 - - [23/Aug/2026:02:58:21 +0800] "HEAD / HTTP/1.1" 200 0 "-" "facebookexternalhit/1.1 (+http://www.facebook.com/externalhit_uatext.php)"
66.249.64.96 - - [23/Aug/2026:02:58:29 +0800] "GET /?list_13/&ext_tese=%E6%A8%A1%E5%9E%8B&ext_feiyong=1%E5%91%A8%09&ext_dizhi=%E5%B8%82%E5%9C%BA%E8%90%A5%E9%94%80&ext_leixing=%09%E8%AE%A1%E7%AE%97%E6%9C%BA HTTP/1.1" 200 4855 "-" "Mozilla/5.0 (Linux; Android 6.0.1; Nexus 5X Build/MMB29P) AppleWebKit/537.36 (KHTML, like Gecko) Chrome/151.0.7922.137 Mobile Safari/537.36 (compatible; Googlebot/2.1; +http://www.google.com/bot.html)"
66.249.64.110 - - [23/Aug/2026:02:59:11 +0800] "GET /?list_13/&ext_tese=%E6%A8%A1%E5%9E%8B&ext_feiyong=1%E5%91%A8%09&ext_dizhi=%E5%B8%82%E5%9C%BA%E8%90%A5%E9%94%80&ext_leixing=%09%E7%89%A9%E7%90%86%09 HTTP/1.1" 200 4852 "-" "Mozilla/5.0 (Linux; Android 6.0.1; Nexus 5X Build/MMB29P) AppleWebKit/537.36 (KHTML, like Gecko) Chrome/151.0.7922.137 Mobile Safari/537.36 (compatible; Googlebot/2.1; +http://www.google.com/bot.html)"
66.249.64.96 - - [23/Aug/2026:02:59:17 +0800] "GET /?list_13/&ext_dizhi=%09%E8%BD%AF%E4%BB%B6%E5%B7%A5%E7%A8%8B%09&ext_tese=%E8%BD%AF%E8%91%97%09&ext_leixing=%09%E7%BB%8F%E6%B5%8E&ext_feiyong=1%E5%91%A8%09 HTTP/1.1" 200 4857 "-" "Mozilla/5.0 (Linux; Android 6.0.1; Nexus 5X Build/MMB29P) AppleWebKit/537.36 (KHTML, like Gecko) Chrome/151.0.7922.137 Mobile Safari/537.36 (compatible; Googlebot/2.1; +http://www.google.com/bot.html)"
66.249.64.110 - - [23/Aug/2026:02:59:26 +0800] "GET /?list_13/&ext_dizhi=%E5%A4%A7%E6%95%B0%E6%8D%AE%09&ext_tese=%09%E5%BA%94%E7%94%A8%E7%A0%94%E7%A9%B6&ext_feiyong=1%E4%B8%AA%E6%9C%88&ext_leixing=%E5%8C%96%E5%AD%A6%09 HTTP/1.1" 200 4879 "-" "Mozilla/5.0 (Linux; Android 6.0.1; Nexus 5X Build/MMB29P) AppleWebKit/537.36 (KHTML, like Gecko) Chrome/151.0.7922.137 Mobile Safari/537.36 (compatible; Googlebot/2.1; +http://www.google.com/bot.html)"
66.249.64.110 - - [23/Aug/2026:02:59:32 +0800] "GET /?list_13/&ext_tese=%E6%A8%A1%E5%9E%8B&ext_feiyong=1%E5%91%A8%09&ext_dizhi=%E5%B8%82%E5%9C%BA%E8%90%A5%E9%94%80&ext_leixing=%E7%94%9F%E7%89%A9 HTTP/1.1" 200 4848 "-" "Mozilla/5.0 (Linux; Android 6.0.1; Nexus 5X Build/MMB29P) AppleWebKit/537.36 (KHTML, like Gecko) Chrome/151.0.7922.137 Mobile Safari/537.36 (compatible; Googlebot/2.1; +http://www.google.com/bot.html)"
66.249.64.110 - - [23/Aug/2026:02:59:56 +0800] "GET /?list_13/&ext_tese=%E6%A8%A1%E5%9E%8B&ext_feiyong=1%E5%91%A8%09&ext_dizhi=%E5%B8%82%E5%9C%BA%E8%90%A5%E9%94%80&ext_leixing=%09%E9%80%9A%E4%BF%A1 HTTP/1.1" 200 4849 "-" "Mozilla/5.0 (Linux; Android 6.0.1; Nexus 5X Build/MMB29P) AppleWebKit/537.36 (KHTML, like Gecko) Chrome/151.0.7922.137 Mobile Safari/537.36 (compatible; Googlebot/2.1; +http://www.google.com/bot.html)"
66.249.64.110 - - [23/Aug/2026:03:00:02 +0800] "GET /?list_13/&ext_dizhi=%09&ext_tese=%09%E5%BA%94%E7%94%A8%E7%A0%94%E7%A9%B6&ext_feiyong=1%E4%B8%AA%E6%9C%88&ext_leixing=%09%E7%89%A9%E7%90%86%09 HTTP/1.1" 200 4868 "-" "Mozilla/5.0 (Linux; Android 6.0.1; Nexus 5X Build/MMB29P) AppleWebKit/537.36 (KHTML, like Gecko) Chrome/151.0.7922.137 Mobile Safari/537.36 (compatible; Googlebot/2.1; +http://www.google.com/bot.html)"
157.55.39.60 - - [23/Aug/2026:03:00:23 +0800] "GET /?list_13/&ext_feiyong=1%E5%91%A8%09&ext_leixing=%09%E7%BB%8F%E6%B5%8E&ext_tese=%09%E8%AE%BA%E6%96%87%09&ext_dizhi=%09%E6%95%B0%E5%AD%97%E7%BB%8F%E6%B5%8E HTTP/1.1" 200 4851 "-" "Mozilla/5.0 AppleWebKit/537.36 (KHTML, like Gecko; compatible; bingbot/2.0; +http://www.bing.com/bingbot.htm) Chrome/116.0.1938.76 Safari/537.36"
66.249.64.97 - - [23/Aug/2026:03:00:56 +0800] "GET /?list_13/&ext_leixing=%E6%95%B0%E5%AD%A6&ext_dizhi=%E6%95%B0%E5%AD%A6%E5%88%86%E6%9E%90%09&ext_tese=%09%E8%AE%BA%E6%96%87%09&ext_feiyong=1%E4%B8%AA%E6%9C%88 HTTP/1.1" 200 4876 "-" "Mozilla/5.0 (Linux; Android 6.0.1; Nexus 5X Build/MMB29P) AppleWebKit/537.36 (KHTML, like Gecko) Chrome/151.0.7922.137 Mobile Safari/537.36 (compatible; Googlebot/2.1; +http://www.google.com/bot.html)"
157.55.39.60 - - [23/Aug/2026:03:01:03 +0800] "GET /?list_13/&ext_dizhi=%09&ext_leixing=%E5%8C%96%E5%AD%A6%09&ext_tese=%09%E5%BA%94%E7%94%A8%E7%A0%94%E7%A9%B6 HTTP/1.1" 200 4818 "-" "Mozilla/5.0 AppleWebKit/537.36 (KHTML, like Gecko; compatible; bingbot/2.0; +http://www.bing.com/bingbot.htm) Chrome/116.0.1938.76 Safari/537.36"
57.141.16.123 - - [23/Aug/2026:03:01:13 +0800] "HEAD / HTTP/1.1" 200 0 "-" "facebookexternalhit/1.1 (+http://www.facebook.com/externalhit_uatext.php)"
66.249.64.96 - - [23/Aug/2026:03:01:13 +0800] "GET /?list_13/&ext_dizhi=%E6%95%B0%E6%8D%AE%E7%BB%9F%E8%AE%A1%09&ext_tese=%09%E8%AE%BA%E6%96%87%09&ext_leixing=%E6%95%B0%E5%AD%A6&ext_feiyong=1%E4%B8%AA%E6%9C%88 HTTP/1.1" 200 4870 "-" "Mozilla/5.0 (Linux; Android 6.0.1; Nexus 5X Build/MMB29P) AppleWebKit/537.36 (KHTML, like Gecko) Chrome/151.0.7922.137 Mobile Safari/537.36 (compatible; Googlebot/2.1; +http://www.google.com/bot.html)"
66.249.64.110 - - [23/Aug/2026:03:01:19 +0800] "GET /?list_13/&ext_dizhi=%09%E4%BF%A1%E6%81%AF%E6%8A%80%E6%9C%AF&ext_tese=%09%E5%BA%94%E7%94%A8%E7%A0%94%E7%A9%B6&ext_feiyong=1%E4%B8%AA%E6%9C%88&ext_leixing=%E7%94%9F%E7%89%A9 HTTP/1.1" 200 4880 "-" "Mozilla/5.0 (Linux; Android 6.0.1; Nexus 5X Build/MMB29P) AppleWebKit/537.36 (KHTML, like Gecko) Chrome/151.0.7922.137 Mobile Safari/537.36 (compatible; Googlebot/2.1; +http://www.google.com/bot.html)"
66.249.64.110 - - [23/Aug/2026:03:01:24 +0800] "GET /?list_13/&ext_feiyong=%091%E4%B8%AA%E6%9C%88%E4%BB%A5%E4%B8%8A&ext_dizhi=%09%E6%95%B0%E5%AD%97%E7%BB%8F%E6%B5%8E&ext_leixing=%09%E9%87%91%E8%9E%8D HTTP/1.1" 200 4855 "-" "Mozilla/5.0 (Linux; Android 6.0.1; Nexus 5X Build/MMB29P) AppleWebKit/537.36 (KHTML, like Gecko) Chrome/151.0.7922.137 Mobile Safari/537.36 (compatible; Googlebot/2.1; +http://www.google.com/bot.html)"
66.249.64.110 - - [23/Aug/2026:03:01:29 +0800] "GET /?list_13/&ext_dizhi=%E6%95%B0%E6%8D%AE%E7%BB%9F%E8%AE%A1%09&ext_tese=%E4%B8%93%E5%88%A9&ext_leixing=%09%E7%89%A9%E7%90%86%09 HTTP/1.1" 200 4838 "-" "Mozilla/5.0 (Linux; Android 6.0.1; Nexus 5X Build/MMB29P) AppleWebKit/537.36 (KHTML, like Gecko) Chrome/151.0.7922.137 Mobile Safari/537.36 (compatible; Googlebot/2.1; +http://www.google.com/bot.html)"
66.249.64.110 - - [23/Aug/2026:03:01:34 +0800] "GET /?list_13/&ext_tese=%09%E5%BA%94%E7%94%A8%E7%A0%94%E7%A9%B6&ext_dizhi=%E9%87%91%E8%9E%8D%E7%AE%A1%E7%90%86&ext_feiyong=1%E4%B8%AA%E6%9C%88&ext_leixing=%E6%95%B0%E5%AD%A6 HTTP/1.1" 200 4879 "-" "Mozilla/5.0 (Linux; Android 6.0.1; Nexus 5X Build/MMB29P) AppleWebKit/537.36 (KHTML, like Gecko) Chrome/151.0.7922.137 Mobile Safari/537.36 (compatible; Googlebot/2.1; +http://www.google.com/bot.html)"
66.249.64.110 - - [23/Aug/2026:03:01:40 +0800] "GET /?list_13/&ext_feiyong=1%E4%B8%AA%E6%9C%88&ext_leixing=%09%E9%80%9A%E4%BF%A1&ext_tese=%E4%B8%93%E5%88%A9&ext_dizhi=%E5%95%86%E5%8A%A1%E7%AE%A1%E7%90%86%09 HTTP/1.1" 200 4837 "-" "Mozilla/5.0 (Linux; Android 6.0.1; Nexus 5X Build/MMB29P) AppleWebKit/537.36 (KHTML, like Gecko) Chrome/151.0.7922.137 Mobile Safari/537.36 (compatible; Googlebot/2.1; +http://www.google.com/bot.html)"
66.249.64.110 - - [23/Aug/2026:03:01:53 +0800] "GET /?list_13/&ext_tese=%E8%BD%AF%E8%91%97%09&ext_dizhi=%E9%87%91%E8%9E%8D%E7%AE%A1%E7%90%86&ext_feiyong=1%E4%B8%AA%E6%9C%88&ext_leixing=%E6%95%B0%E5%AD%A6 HTTP/1.1" 200 4860 "-" "Mozilla/5.0 (Linux; Android 6.0.1; Nexus 5X Build/MMB29P) AppleWebKit/537.36 (KHTML, like Gecko) Chrome/151.0.7922.137 Mobile Safari/537.36 (compatible; Googlebot/2.1; +http://www.google.com/bot.html)"
66.249.64.97 - - [23/Aug/2026:03:02:14 +0800] "GET /?list_13/&ext_leixing=%E6%95%B0%E5%AD%A6&ext_tese=%E4%B8%93%E5%88%A9&ext_feiyong=1%E4%B8%AA%E6%9C%88&ext_dizhi=%09%E7%BD%91%E7%BB%9C%E5%B7%A5%E7%A8%8B HTTP/1.1" 200 4831 "-" "Mozilla/5.0 (Linux; Android 6.0.1; Nexus 5X Build/MMB29P) AppleWebKit/537.36 (KHTML, like Gecko) Chrome/151.0.7922.137 Mobile Safari/537.36 (compatible; Googlebot/2.1; +http://www.google.com/bot.html)"
66.249.64.110 - - [23/Aug/2026:03:02:39 +0800] "GET /?list_13/&ext_tese=%E4%B8%93%E5%88%A9&ext_leixing=%E6%95%B0%E5%AD%A6&ext_feiyong=1%E5%91%A8%09&ext_dizhi=%E9%87%91%E8%9E%8D%E7%AE%A1%E7%90%86 HTTP/1.1" 200 4840 "-" "Mozilla/5.0 (Linux; Android 6.0.1; Nexus 5X Build/MMB29P) AppleWebKit/537.36 (KHTML, like Gecko) Chrome/151.0.7922.137 Mobile Safari/537.36 (compatible; Googlebot/2.1; +http://www.google.com/bot.html)"
66.249.64.110 - - [23/Aug/2026:03:02:44 +0800] "GET /?list_13/&ext_tese=%E6%A8%A1%E5%9E%8B&ext_leixing=%E6%95%B0%E5%AD%A6&ext_feiyong=1%E4%B8%AA%E6%9C%88&ext_dizhi=%09%E6%95%B0%E5%AD%97%E7%BB%8F%E6%B5%8E HTTP/1.1" 200 4849 "-" "Mozilla/5.0 (Linux; Android 6.0.1; Nexus 5X Build/MMB29P) AppleWebKit/537.36 (KHTML, like Gecko) Chrome/151.0.7922.137 Mobile Safari/537.36 (compatible; Googlebot/2.1; +http://www.google.com/bot.html)"
66.249.64.110 - - [23/Aug/2026:03:02:53 +0800] "GET /?list_13/&ext_tese=%E4%B8%93%E5%88%A9&ext_leixing=%E5%8C%96%E5%AD%A6%09&ext_feiyong=1%E4%B8%AA%E6%9C%88&ext_dizhi=%E9%87%91%E8%9E%8D%E7%AE%A1%E7%90%86 HTTP/1.1" 200 4844 "-" "Mozilla/5.0 (Linux; Android 6.0.1; Nexus 5X Build/MMB29P) AppleWebKit/537.36 (KHTML, like Gecko) Chrome/151.0.7922.137 Mobile Safari/537.36 (compatible; Googlebot/2.1; +http://www.google.com/bot.html)"
66.249.64.110 - - [23/Aug/2026:03:03:40 +0800] "GET /?list_13/&ext_tese=%E4%B8%93%E5%88%A9&ext_leixing=%E6%95%B0%E5%AD%A6&ext_feiyong=1%E4%B8%AA%E6%9C%88&ext_dizhi=%E6%95%B0%E5%AD%A6%E5%88%86%E6%9E%90%09 HTTP/1.1" 200 4841 "-" "Mozilla/5.0 (Linux; Android 6.0.1; Nexus 5X Build/MMB29P) AppleWebKit/537.36 (KHTML, like Gecko) Chrome/151.0.7922.137 Mobile Safari/537.36 (compatible; Googlebot/2.1; +http://www.google.com/bot.html)"
66.249.64.110 - - [23/Aug/2026:03:03:46 +0800] "GET /?list_13/&ext_dizhi=%E9%87%91%E8%9E%8D%E7%AE%A1%E7%90%86&ext_tese=%09%E8%AE%BA%E6%96%87%09&ext_feiyong=%091%E4%B8%AA%E6%9C%88%E4%BB%A5%E4%B8%8A&ext_leixing=%E5%8C%96%E5%AD%A6%09 HTTP/1.1" 200 4886 "-" "Mozilla/5.0 (Linux; Android 6.0.1; Nexus 5X Build/MMB29P) AppleWebKit/537.36 (KHTML, like Gecko) Chrome/151.0.7922.137 Mobile Safari/537.36 (compatible; Googlebot/2.1; +http://www.google.com/bot.html)"
66.249.64.110 - - [23/Aug/2026:03:03:55 +0800] "GET /?list_13/&ext_tese=%E4%B8%93%E5%88%A9&ext_leixing=%E6%95%B0%E5%AD%A6&ext_feiyong=1%E4%B8%AA%E6%9C%88&ext_dizhi=%09%E4%BF%A1%E6%81%AF%E6%8A%80%E6%9C%AF HTTP/1.1" 200 4834 "-" "Mozilla/5.0 (Linux; Android 6.0.1; Nexus 5X Build/MMB29P) AppleWebKit/537.36 (KHTML, like Gecko) Chrome/151.0.7922.137 Mobile Safari/537.36 (compatible; Googlebot/2.1; +http://www.google.com/bot.html)"
66.249.64.96 - - [23/Aug/2026:03:04:19 +0800] "GET /?list_13/&ext_tese=%E4%B8%93%E5%88%A9&ext_leixing=%E6%95%B0%E5%AD%A6&ext_feiyong=1%E4%B8%AA%E6%9C%88&ext_dizhi=%E6%95%B0%E6%8D%AE%E7%BB%9F%E8%AE%A1%09 HTTP/1.1" 200 4836 "-" "Mozilla/5.0 (Linux; Android 6.0.1; Nexus 5X Build/MMB29P) AppleWebKit/537.36 (KHTML, like Gecko) Chrome/151.0.7922.137 Mobile Safari/537.36 (compatible; Googlebot/2.1; +http://www.google.com/bot.html)"
52.167.144.18 - - [23/Aug/2026:03:04:28 +0800] "GET /?list_13/&ext_feiyong=1%E5%91%A8%09&ext_leixing=%09%E8%AE%A1%E7%AE%97%E6%9C%BA&ext_dizhi=%09%E8%BD%AF%E4%BB%B6%E5%B7%A5%E7%A8%8B%09&ext_tese=%09%E5%BA%94%E7%94%A8%E7%A0%94%E7%A9%B6 HTTP/1.1" 200 4870 "-" "Mozilla/5.0 AppleWebKit/537.36 (KHTML, like Gecko; compatible; bingbot/2.0; +http://www.bing.com/bingbot.htm) Chrome/116.0.1938.76 Safari/537.36"
66.249.64.110 - - [23/Aug/2026:03:04:49 +0800] "GET /?list_13/&ext_feiyong=1%E4%B8%AA%E6%9C%88&ext_tese=%E8%BD%AF%E8%91%97%09&ext_dizhi=%E9%80%9A%E4%BF%A1%E5%B7%A5%E7%A8%8B&ext_leixing=%E6%95%B0%E5%AD%A6 HTTP/1.1" 200 4849 "-" "Mozilla/5.0 (Linux; Android 6.0.1; Nexus 5X Build/MMB29P) AppleWebKit/537.36 (KHTML, like Gecko) Chrome/151.0.7922.137 Mobile Safari/537.36 (compatible; Googlebot/2.1; +http://www.google.com/bot.html)"
66.249.64.110 - - [23/Aug/2026:03:04:54 +0800] "GET /?list_13/&ext_leixing=%09%E9%87%91%E8%9E%8D&ext_dizhi=%E7%A4%BE%E4%BC%9A%E7%A7%91%E5%AD%A6&ext_tese=%E6%A8%A1%E5%9E%8B&ext_feiyong=%091%E4%B8%AA%E6%9C%88%E4%BB%A5%E4%B8%8A HTTP/1.1" 200 4880 "-" "Mozilla/5.0 (Linux; Android 6.0.1; Nexus 5X Build/MMB29P) AppleWebKit/537.36 (KHTML, like Gecko) Chrome/151.0.7922.137 Mobile Safari/537.36 (compatible; Googlebot/2.1; +http://www.google.com/bot.html)"
66.249.64.97 - - [23/Aug/2026:03:05:27 +0800] "GET /?list_13/&ext_feiyong=1%E4%B8%AA%E6%9C%88&ext_tese=%E6%A8%A1%E5%9E%8B&ext_dizhi=%E9%80%9A%E4%BF%A1%E5%B7%A5%E7%A8%8B&ext_leixing=%E5%8C%96%E5%AD%A6%09 HTTP/1.1" 200 4847 "-" "Mozilla/5.0 (Linux; Android 6.0.1; Nexus 5X Build/MMB29P) AppleWebKit/537.36 (KHTML, like Gecko) Chrome/151.0.7922.137 Mobile Safari/537.36 (compatible; Googlebot/2.1; +http://www.google.com/bot.html)"
66.249.64.110 - - [23/Aug/2026:03:05:34 +0800] "GET /?list_13/&ext_tese=%E4%B8%93%E5%88%A9&ext_feiyong=1%E5%91%A8%09&ext_leixing=%E7%94%9F%E7%89%A9&ext_dizhi=%E6%95%B0%E6%8D%AE%E7%BB%9F%E8%AE%A1%09 HTTP/1.1" 200 4842 "-" "Mozilla/5.0 (Linux; Android 6.0.1; Nexus 5X Build/MMB29P) AppleWebKit/537.36 (KHTML, like Gecko) Chrome/151.0.7922.137 Mobile Safari/537.36 (compatible; Googlebot/2.1; +http://www.google.com/bot.html)"
66.249.64.110 - - [23/Aug/2026:03:05:42 +0800] "GET /?list_13/&ext_feiyong=1%E4%B8%AA%E6%9C%88&ext_dizhi=%E6%95%B0%E6%8D%AE%E7%BB%9F%E8%AE%A1%09&ext_leixing=%09%E8%AE%A1%E7%AE%97%E6%9C%BA&ext_tese=%E8%BD%AF%E8%91%97%09 HTTP/1.1" 200 4857 "-" "Mozilla/5.0 (Linux; Android 6.0.1; Nexus 5X Build/MMB29P) AppleWebKit/537.36 (KHTML, like Gecko) Chrome/151.0.7922.137 Mobile Safari/537.36 (compatible; Googlebot/2.1; +http://www.google.com/bot.html)"
66.249.64.110 - - [23/Aug/2026:03:05:48 +0800] "GET /?list_13/&ext_dizhi=%E5%95%86%E5%8A%A1%E7%AE%A1%E7%90%86%09&ext_tese=%E4%B8%93%E5%88%A9&ext_leixing=%09%E7%89%A9%E7%90%86%09 HTTP/1.1" 200 4824 "-" "Mozilla/5.0 (Linux; Android 6.0.1; Nexus 5X Build/MMB29P) AppleWebKit/537.36 (KHTML, like Gecko) Chrome/151.0.7922.137 Mobile Safari/537.36 (compatible; Googlebot/2.1; +http://www.google.com/bot.html)"
66.249.64.110 - - [23/Aug/2026:03:05:53 +0800] "GET /?list_13/&ext_feiyong=%091%E4%B8%AA%E6%9C%88%E4%BB%A5%E4%B8%8A&ext_tese=%E6%A8%A1%E5%9E%8B&ext_dizhi=%E9%80%9A%E4%BF%A1%E5%B7%A5%E7%A8%8B&ext_leixing=%E6%95%B0%E5%AD%A6 HTTP/1.1" 200 4847 "-" "Mozilla/5.0 (Linux; Android 6.0.1; Nexus 5X Build/MMB29P) AppleWebKit/537.36 (KHTML, like Gecko) Chrome/151.0.7922.137 Mobile Safari/537.36 (compatible; Googlebot/2.1; +http://www.google.com/bot.html)"
66.249.64.110 - - [23/Aug/2026:03:05:59 +0800] "GET /?list_13/&ext_tese=%09%E5%BA%94%E7%94%A8%E7%A0%94%E7%A9%B6&ext_feiyong=1%E5%91%A8%09&ext_dizhi=%E9%87%91%E8%9E%8D%E7%AE%A1%E7%90%86 HTTP/1.1" 200 4798 "-" "Mozilla/5.0 (Linux; Android 6.0.1; Nexus 5X Build/MMB29P) AppleWebKit/537.36 (KHTML, like Gecko) Chrome/151.0.7922.137 Mobile Safari/537.36 (compatible; Googlebot/2.1; +http://www.google.com/bot.html)"
66.249.64.96 - - [23/Aug/2026:03:06:16 +0800] "GET /?list_13/&ext_feiyong=1%E4%B8%AA%E6%9C%88&ext_tese=%09%E5%BA%94%E7%94%A8%E7%A0%94%E7%A9%B6&ext_dizhi=%E9%80%9A%E4%BF%A1%E5%B7%A5%E7%A8%8B&ext_leixing=%E6%95%B0%E5%AD%A6 HTTP/1.1" 200 4853 "-" "Mozilla/5.0 (Linux; Android 6.0.1; Nexus 5X Build/MMB29P) AppleWebKit/537.36 (KHTML, like Gecko) Chrome/151.0.7922.137 Mobile Safari/537.36 (compatible; Googlebot/2.1; +http://www.google.com/bot.html)"
66.249.64.110 - - [23/Aug/2026:03:06:45 +0800] "GET /?list_13/&ext_tese=%E6%A8%A1%E5%9E%8B&ext_dizhi=%09%E6%95%B0%E5%AD%97%E7%BB%8F%E6%B5%8E&ext_leixing=%E7%94%9F%E7%89%A9&ext_feiyong=1%E4%B8%AA%E6%9C%88 HTTP/1.1" 200 4859 "-" "Mozilla/5.0 (Linux; Android 6.0.1; Nexus 5X Build/MMB29P) AppleWebKit/537.36 (KHTML, like Gecko) Chrome/151.0.7922.137 Mobile Safari/537.36 (compatible; Googlebot/2.1; +http://www.google.com/bot.html)"
52.167.144.18 - - [23/Aug/2026:03:06:48 +0800] "GET /?list_13/&ext_leixing=%09%E7%89%A9%E7%90%86%09&ext_feiyong=1%E5%91%A8%09&ext_tese=%E7%90%86%E8%AE%BA%E7%A0%94%E7%A9%B6 HTTP/1.1" 200 4825 "-" "Mozilla/5.0 AppleWebKit/537.36 (KHTML, like Gecko; compatible; bingbot/2.0; +http://www.bing.com/bingbot.htm) Chrome/116.0.1938.76 Safari/537.36"
57.141.12.40 - - [23/Aug/2026:03:07:07 +0800] "HEAD / HTTP/1.1" 200 0 "-" "facebookexternalhit/1.1 (+http://www.facebook.com/externalhit_uatext.php)"
66.249.64.96 - - [23/Aug/2026:03:07:15 +0800] "GET /?list_13/&ext_tese=%E6%A8%A1%E5%9E%8B&ext_dizhi=%E8%88%AA%E7%A9%BA%E8%88%AA%E5%A4%A9%09&ext_leixing=%E7%94%9F%E7%89%A9&ext_feiyong=1%E4%B8%AA%E6%9C%88 HTTP/1.1" 200 4862 "-" "Mozilla/5.0 (Linux; Android 6.0.1; Nexus 5X Build/MMB29P) AppleWebKit/537.36 (KHTML, like Gecko) Chrome/151.0.7922.137 Mobile Safari/537.36 (compatible; Googlebot/2.1; +http://www.google.com/bot.html)"
66.249.64.97 - - [23/Aug/2026:03:08:04 +0800] "GET /?list_13/&ext_tese=%E8%BD%AF%E8%91%97%09&ext_dizhi=%E9%87%91%E8%9E%8D%E7%AE%A1%E7%90%86&ext_leixing=%E7%94%9F%E7%89%A9&ext_feiyong=1%E4%B8%AA%E6%9C%88 HTTP/1.1" 200 4869 "-" "Mozilla/5.0 (Linux; Android 6.0.1; Nexus 5X Build/MMB29P) AppleWebKit/537.36 (KHTML, like Gecko) Chrome/151.0.7922.137 Mobile Safari/537.36 (compatible; Googlebot/2.1; +http://www.google.com/bot.html)"
66.249.64.110 - - [23/Aug/2026:03:08:09 +0800] "GET /?list_13/&ext_dizhi=%E6%95%B0%E5%AD%A6%E5%88%86%E6%9E%90%09&ext_tese=%E4%B8%93%E5%88%A9&ext_leixing=%E5%8C%96%E5%AD%A6%09&ext_feiyong=1%E4%B8%AA%E6%9C%88 HTTP/1.1" 200 4856 "-" "Mozilla/5.0 (Linux; Android 6.0.1; Nexus 5X Build/MMB29P) AppleWebKit/537.36 (KHTML, like Gecko) Chrome/151.0.7922.137 Mobile Safari/537.36 (compatible; Googlebot/2.1; +http://www.google.com/bot.html)"
66.249.64.110 - - [23/Aug/2026:03:08:18 +0800] "GET /?list_13/&ext_tese=%09%E5%BA%94%E7%94%A8%E7%A0%94%E7%A9%B6&ext_dizhi=%E9%87%91%E8%9E%8D%E7%AE%A1%E7%90%86&ext_leixing=%E7%94%9F%E7%89%A9&ext_feiyong=1%E4%B8%AA%E6%9C%88 HTTP/1.1" 200 4882 "-" "Mozilla/5.0 (Linux; Android 6.0.1; Nexus 5X Build/MMB29P) AppleWebKit/537.36 (KHTML, like Gecko) Chrome/151.0.7922.137 Mobile Safari/537.36 (compatible; Googlebot/2.1; +http://www.google.com/bot.html)"
66.249.64.110 - - [23/Aug/2026:03:08:23 +0800] "GET /?list_13/&ext_feiyong=%091%E4%B8%AA%E6%9C%88%E4%BB%A5%E4%B8%8A&ext_dizhi=%09%E7%BD%91%E7%BB%9C%E5%B7%A5%E7%A8%8B&ext_leixing=%09%E8%AE%A1%E7%AE%97%E6%9C%BA&ext_tese=%09%E5%AD%A6%E6%9C%AF%E6%8A%A5%E5%91%8A%09 HTTP/1.1" 200 4884 "-" "Mozilla/5.0 (Linux; Android 6.0.1; Nexus 5X Build/MMB29P) AppleWebKit/537.36 (KHTML, like Gecko) Chrome/151.0.7922.137 Mobile Safari/537.36 (compatible; Googlebot/2.1; +http://www.google.com/bot.html)"
66.249.64.110 - - [23/Aug/2026:03:08:41 +0800] "GET /?list_13/&ext_tese=%E6%A8%A1%E5%9E%8B&ext_dizhi=%E6%9C%BA%E5%99%A8%E4%BA%BA%09&ext_leixing=%E7%94%9F%E7%89%A9&ext_feiyong=1%E4%B8%AA%E6%9C%88 HTTP/1.1" 200 4842 "-" "Mozilla/5.0 (Linux; Android 6.0.1; Nexus 5X Build/MMB29P) AppleWebKit/537.36 (KHTML, like Gecko) Chrome/151.0.7922.137 Mobile Safari/537.36 (compatible; Googlebot/2.1; +http://www.google.com/bot.html)"
66.249.64.110 - - [23/Aug/2026:03:08:46 +0800] "GET /?list_13/&ext_dizhi=%09%E8%BD%AF%E4%BB%B6%E5%B7%A5%E7%A8%8B%09&ext_tese=%09%E8%AE%BA%E6%96%87%09&ext_feiyong=1%E5%91%A8%09&ext_leixing=%09%E8%AE%A1%E7%AE%97%E6%9C%BA HTTP/1.1" 200 4871 "-" "Mozilla/5.0 (Linux; Android 6.0.1; Nexus 5X Build/MMB29P) AppleWebKit/537.36 (KHTML, like Gecko) Chrome/151.0.7922.137 Mobile Safari/537.36 (compatible; Googlebot/2.1; +http://www.google.com/bot.html)"
66.249.64.96 - - [23/Aug/2026:03:09:10 +0800] "GET /?list_13/&ext_tese=%E6%A8%A1%E5%9E%8B&ext_dizhi=%E5%A4%A7%E6%95%B0%E6%8D%AE%09&ext_leixing=%E7%94%9F%E7%89%A9&ext_feiyong=1%E4%B8%AA%E6%9C%88 HTTP/1.1" 200 4854 "-" "Mozilla/5.0 (Linux; Android 6.0.1; Nexus 5X Build/MMB29P) AppleWebKit/537.36 (KHTML, like Gecko) Chrome/151.0.7922.137 Mobile Safari/537.36 (compatible; Googlebot/2.1; +http://www.google.com/bot.html)"
66.249.64.96 - - [23/Aug/2026:03:09:26 +0800] "GET /?list_13/&ext_feiyong=1%E4%B8%AA%E6%9C%88&ext_leixing=%09%E9%80%9A%E4%BF%A1&ext_tese=%E4%B8%93%E5%88%A9&ext_dizhi=%09%E4%BF%A1%E6%81%AF%E6%8A%80%E6%9C%AF HTTP/1.1" 200 4844 "-" "Mozilla/5.0 (Linux; Android 6.0.1; Nexus 5X Build/MMB29P) AppleWebKit/537.36 (KHTML, like Gecko) Chrome/151.0.7922.137 Mobile Safari/537.36 (compatible; Googlebot/2.1; +http://www.google.com/bot.html)"
66.249.64.110 - - [23/Aug/2026:03:09:43 +0800] "GET /?list_13/&ext_tese=%E6%A8%A1%E5%9E%8B&ext_dizhi=%09%E6%9C%BA%E6%A2%B0%E5%B7%A5%E7%A8%8B%09&ext_leixing=%E7%94%9F%E7%89%A9&ext_feiyong=1%E4%B8%AA%E6%9C%88 HTTP/1.1" 200 4859 "-" "Mozilla/5.0 (Linux; Android 6.0.1; Nexus 5X Build/MMB29P) AppleWebKit/537.36 (KHTML, like Gecko) Chrome/151.0.7922.137 Mobile Safari/537.36 (compatible; Googlebot/2.1; +http://www.google.com/bot.html)"
66.249.64.110 - - [23/Aug/2026:03:10:08 +0800] "GET /?list_13/&ext_tese=%E6%A8%A1%E5%9E%8B&ext_dizhi=%E9%80%9A%E4%BF%A1%E5%B7%A5%E7%A8%8B&ext_leixing=%E6%95%B0%E5%AD%A6&ext_feiyong=%091%E4%B8%AA%E6%9C%88%E4%BB%A5%E4%B8%8A HTTP/1.1" 200 4863 "-" "Mozilla/5.0 (Linux; Android 6.0.1; Nexus 5X Build/MMB29P) AppleWebKit/537.36 (KHTML, like Gecko) Chrome/151.0.7922.137 Mobile Safari/537.36 (compatible; Googlebot/2.1; +http://www.google.com/bot.html)"
66.249.64.96 - - [23/Aug/2026:03:10:38 +0800] "GET /?list_13/&ext_tese=%E6%A8%A1%E5%9E%8B&ext_dizhi=%E9%80%9A%E4%BF%A1%E5%B7%A5%E7%A8%8B&ext_leixing=%09%E7%89%A9%E7%90%86%09&ext_feiyong=1%E4%B8%AA%E6%9C%88 HTTP/1.1" 200 4859 "-" "Mozilla/5.0 (Linux; Android 6.0.1; Nexus 5X Build/MMB29P) AppleWebKit/537.36 (KHTML, like Gecko) Chrome/151.0.7922.137 Mobile Safari/537.36 (compatible; Googlebot/2.1; +http://www.google.com/bot.html)"
66.249.64.96 - - [23/Aug/2026:03:10:43 +0800] "GET /?list_13/&ext_leixing=%E6%95%B0%E5%AD%A6&ext_dizhi=%E5%9F%BA%E5%9B%A0%E5%B7%A5%E7%A8%8B&ext_feiyong=%091%E4%B8%AA%E6%9C%88%E4%BB%A5%E4%B8%8A&ext_tese=%E7%90%86%E8%AE%BA%E7%A0%94%E7%A9%B6 HTTP/1.1" 200 4877 "-" "Mozilla/5.0 (Linux; Android 6.0.1; Nexus 5X Build/MMB29P) AppleWebKit/537.36 (KHTML, like Gecko) Chrome/151.0.7922.137 Mobile Safari/537.36 (compatible; Googlebot/2.1; +http://www.google.com/bot.html)"
66.249.64.96 - - [23/Aug/2026:03:11:06 +0800] "GET /?list_13/&ext_tese=%E6%A8%A1%E5%9E%8B&ext_dizhi=%E9%80%9A%E4%BF%A1%E5%B7%A5%E7%A8%8B&ext_leixing=%09%E7%BB%8F%E6%B5%8E&ext_feiyong=1%E4%B8%AA%E6%9C%88 HTTP/1.1" 200 4858 "-" "Mozilla/5.0 (Linux; Android 6.0.1; Nexus 5X Build/MMB29P) AppleWebKit/537.36 (KHTML, like Gecko) Chrome/151.0.7922.137 Mobile Safari/537.36 (compatible; Googlebot/2.1; +http://www.google.com/bot.html)"
66.249.64.96 - - [23/Aug/2026:03:11:26 +0800] "GET /?list_13/&ext_dizhi=%E5%B8%82%E5%9C%BA%E8%90%A5%E9%94%80&ext_leixing=%09%E9%87%91%E8%9E%8D&ext_tese=%E8%BD%AF%E8%91%97%09 HTTP/1.1" 200 4843 "-" "Mozilla/5.0 (Linux; Android 6.0.1; Nexus 5X Build/MMB29P) AppleWebKit/537.36 (KHTML, like Gecko) Chrome/151.0.7922.137 Mobile Safari/537.36 (compatible; Googlebot/2.1; +http://www.google.com/bot.html)"
185.191.171.14 - - [23/Aug/2026:03:12:21 +0800] "GET /2026072130858659.shtml HTTP/1.1" 404 150 "-" "Mozilla/5.0 (compatible; SemrushBot/7~bl; +http://www.semrush.com/bot.html)"
66.249.64.110 - - [23/Aug/2026:03:12:32 +0800] "GET /?list_13/&ext_tese=%E8%BD%AF%E8%91%97%09&ext_feiyong=%091%E4%B8%AA%E6%9C%88%E4%BB%A5%E4%B8%8A&ext_dizhi=%E6%95%B0%E6%8D%AE%E7%BB%9F%E8%AE%A1%09&ext_leixing=%09%E9%87%91%E8%9E%8D HTTP/1.1" 200 4857 "-" "Mozilla/5.0 (Linux; Android 6.0.1; Nexus 5X Build/MMB29P) AppleWebKit/537.36 (KHTML, like Gecko) Chrome/151.0.7922.137 Mobile Safari/537.36 (compatible; Googlebot/2.1; +http://www.google.com/bot.html)"
40.77.167.50 - - [23/Aug/2026:03:12:48 +0800] "GET /?list_13/&ext_dizhi=%E6%95%B0%E6%8D%AE%E7%BB%9F%E8%AE%A1%09&ext_tese=%09%E8%AE%BA%E6%96%87%09&ext_feiyong=1%E5%91%A8%09 HTTP/1.1" 200 4816 "-" "Mozilla/5.0 AppleWebKit/537.36 (KHTML, like Gecko; compatible; bingbot/2.0; +http://www.bing.com/bingbot.htm) Chrome/116.0.1938.76 Safari/537.36"
66.249.64.97 - - [23/Aug/2026:03:13:41 +0800] "GET /?list_13/&ext_leixing=%09%E9%80%9A%E4%BF%A1&ext_tese=%E6%A8%A1%E5%9E%8B&ext_dizhi=%09%E6%95%B0%E6%8D%AE%E5%A4%84%E7%90%86&ext_feiyong=1%E4%B8%AA%E6%9C%88 HTTP/1.1" 200 4860 "-" "Mozilla/5.0 (Linux; Android 6.0.1; Nexus 5X Build/MMB29P) AppleWebKit/537.36 (KHTML, like Gecko) Chrome/151.0.7922.137 Mobile Safari/537.36 (compatible; Googlebot/2.1; +http://www.google.com/bot.html)"
40.77.167.50 - - [23/Aug/2026:03:13:48 +0800] "GET /?list_13/&ext_dizhi=%09%E8%BD%AF%E4%BB%B6%E5%B7%A5%E7%A8%8B%09&ext_leixing=%09%E7%BB%8F%E6%B5%8E&ext_feiyong=1%E4%B8%AA%E6%9C%88&ext_tese=%09%E8%AE%BA%E6%96%87%09 HTTP/1.1" 200 4868 "-" "Mozilla/5.0 AppleWebKit/537.36 (KHTML, like Gecko; compatible; bingbot/2.0; +http://www.bing.com/bingbot.htm) Chrome/116.0.1938.76 Safari/537.36"
40.77.167.50 - - [23/Aug/2026:03:13:48 +0800] "GET /?list_13/&ext_feiyong=1%E5%91%A8%09&ext_leixing=%09%E7%BB%8F%E6%B5%8E&ext_dizhi=%09%E8%BD%AF%E4%BB%B6%E5%B7%A5%E7%A8%8B%09&ext_tese=%E4%B8%93%E5%88%A9 HTTP/1.1" 200 4863 "-" "Mozilla/5.0 AppleWebKit/537.36 (KHTML, like Gecko; compatible; bingbot/2.0; +http://www.bing.com/bingbot.htm) Chrome/116.0.1938.76 Safari/537.36"
66.249.64.110 - - [23/Aug/2026:03:13:50 +0800] "GET /?list_13/&ext_leixing=%E7%94%9F%E7%89%A9&ext_tese=%E7%90%86%E8%AE%BA%E7%A0%94%E7%A9%B6&ext_feiyong=1%E4%B8%AA%E6%9C%88&ext_dizhi=%09%E6%95%B0%E5%AD%97%E7%BB%8F%E6%B5%8E HTTP/1.1" 200 4864 "-" "Mozilla/5.0 (Linux; Android 6.0.1; Nexus 5X Build/MMB29P) AppleWebKit/537.36 (KHTML, like Gecko) Chrome/151.0.7922.137 Mobile Safari/537.36 (compatible; Googlebot/2.1; +http://www.google.com/bot.html)"
66.249.64.110 - - [23/Aug/2026:03:13:56 +0800] "GET /?list_13/&ext_dizhi=%09%E8%BD%AF%E4%BB%B6%E5%B7%A5%E7%A8%8B%09&ext_tese=%09%E8%AE%BA%E6%96%87%09&ext_feiyong=1%E4%B8%AA%E6%9C%88&ext_leixing=%09%E8%AE%A1%E7%AE%97%E6%9C%BA HTTP/1.1" 200 4887 "-" "Mozilla/5.0 (Linux; Android 6.0.1; Nexus 5X Build/MMB29P) AppleWebKit/537.36 (KHTML, like Gecko) Chrome/151.0.7922.137 Mobile Safari/537.36 (compatible; Googlebot/2.1; +http://www.google.com/bot.html)"
52.167.144.193 - - [23/Aug/2026:03:13:59 +0800] "GET /?list_13/&ext_dizhi=%09%E6%95%B0%E6%8D%AE%E5%A4%84%E7%90%86&ext_leixing=%09%E7%89%A9%E7%90%86%09&ext_tese=%09%E5%AD%A6%E6%9C%AF%E6%8A%A5%E5%91%8A%09 HTTP/1.1" 200 4837 "-" "Mozilla/5.0 AppleWebKit/537.36 (KHTML, like Gecko; compatible; bingbot/2.0; +http://www.bing.com/bingbot.htm) Chrome/116.0.1938.76 Safari/537.36"
66.249.64.96 - - [23/Aug/2026:03:14:19 +0800] "GET /?list_13/&ext_leixing=%09%E8%AE%A1%E7%AE%97%E6%9C%BA&ext_dizhi=%E6%95%B0%E5%AD%A6%E5%88%86%E6%9E%90%09&ext_tese=%09%E5%BA%94%E7%94%A8%E7%A0%94%E7%A9%B6&ext_feiyong=1%E5%91%A8%09 HTTP/1.1" 200 4867 "-" "Mozilla/5.0 (Linux; Android 6.0.1; Nexus 5X Build/MMB29P) AppleWebKit/537.36 (KHTML, like Gecko) Chrome/151.0.7922.137 Mobile Safari/537.36 (compatible; Googlebot/2.1; +http://www.google.com/bot.html)"
66.249.64.96 - - [23/Aug/2026:03:14:30 +0800] "GET /?list_13/&ext_tese=%E6%A8%A1%E5%9E%8B&ext_leixing=%E7%94%9F%E7%89%A9 HTTP/1.1" 200 4777 "-" "Mozilla/5.0 (Linux; Android 6.0.1; Nexus 5X Build/MMB29P) AppleWebKit/537.36 (KHTML, like Gecko) Chrome/151.0.7922.137 Mobile Safari/537.36 (compatible; Googlebot/2.1; +http://www.google.com/bot.html)"
66.249.64.110 - - [23/Aug/2026:03:15:06 +0800] "GET /?list_13/&ext_tese=%09%E8%AE%BA%E6%96%87%09&ext_feiyong=%091%E4%B8%AA%E6%9C%88%E4%BB%A5%E4%B8%8A&ext_dizhi=%E9%80%9A%E4%BF%A1%E5%B7%A5%E7%A8%8B&ext_leixing=%E5%8C%96%E5%AD%A6%09 HTTP/1.1" 200 4861 "-" "Mozilla/5.0 (Linux; Android 6.0.1; Nexus 5X Build/MMB29P) AppleWebKit/537.36 (KHTML, like Gecko) Chrome/151.0.7922.137 Mobile Safari/537.36 (compatible; Googlebot/2.1; +http://www.google.com/bot.html)"
66.249.64.110 - - [23/Aug/2026:03:15:14 +0800] "GET /?list_13/&ext_dizhi=%E8%88%AA%E7%A9%BA%E8%88%AA%E5%A4%A9%09&ext_tese=%09%E8%AE%BA%E6%96%87%09&ext_leixing=%E6%95%B0%E5%AD%A6&ext_feiyong=1%E4%B8%AA%E6%9C%88 HTTP/1.1" 200 4869 "-" "Mozilla/5.0 (Linux; Android 6.0.1; Nexus 5X Build/MMB29P) AppleWebKit/537.36 (KHTML, like Gecko) Chrome/151.0.7922.137 Mobile Safari/537.36 (compatible; Googlebot/2.1; +http://www.google.com/bot.html)"
66.249.64.97 - - [23/Aug/2026:03:16:04 +0800] "GET /?list_13/&ext_dizhi=%E9%87%91%E8%9E%8D%E7%AE%A1%E7%90%86&ext_feiyong=1%E5%91%A8%09&ext_tese=%09%E8%AE%BA%E6%96%87%09&ext_leixing=%E6%95%B0%E5%AD%A6 HTTP/1.1" 200 4864 "-" "Mozilla/5.0 (Linux; Android 6.0.1; Nexus 5X Build/MMB29P) AppleWebKit/537.36 (KHTML, like Gecko) Chrome/151.0.7922.137 Mobile Safari/537.36 (compatible; Googlebot/2.1; +http://www.google.com/bot.html)"
66.249.64.96 - - [23/Aug/2026:03:16:09 +0800] "GET /?list_13/&ext_feiyong=%091%E4%B8%AA%E6%9C%88%E4%BB%A5%E4%B8%8A&ext_leixing=%09%E9%80%9A%E4%BF%A1&ext_tese=%09%E5%BA%94%E7%94%A8%E7%A0%94%E7%A9%B6&ext_dizhi=%09%E4%BF%A1%E6%81%AF%E6%8A%80%E6%9C%AF HTTP/1.1" 200 4883 "-" "Mozilla/5.0 (Linux; Android 6.0.1; Nexus 5X Build/MMB29P) AppleWebKit/537.36 (KHTML, like Gecko) Chrome/151.0.7922.137 Mobile Safari/537.36 (compatible; Googlebot/2.1; +http://www.google.com/bot.html)"
17.246.19.238 - - [23/Aug/2026:03:16:27 +0800] "GET /index.php/20260721717558-92000.shtml HTTP/1.1" 301 5 "-" "Mozilla/5.0 (Macintosh; Intel Mac OS X 10_15_7) AppleWebKit/605.1.15 (KHTML, like Gecko) Version/17.4 Safari/605.1.15 (Applebot/0.1; +http://www.apple.com/go/applebot)"
66.249.64.97 - - [23/Aug/2026:03:17:18 +0800] "GET /?list_13/&ext_dizhi=%09%E8%BD%AF%E4%BB%B6%E5%B7%A5%E7%A8%8B%09&ext_feiyong=%091%E4%B8%AA%E6%9C%88%E4%BB%A5%E4%B8%8A&ext_leixing=%09%E9%80%9A%E4%BF%A1&ext_tese=%09%E5%BA%94%E7%94%A8%E7%A0%94%E7%A9%B6 HTTP/1.1" 200 4891 "-" "Mozilla/5.0 (Linux; Android 6.0.1; Nexus 5X Build/MMB29P) AppleWebKit/537.36 (KHTML, like Gecko) Chrome/151.0.7922.137 Mobile Safari/537.36 (compatible; Googlebot/2.1; +http://www.google.com/bot.html)"
66.249.64.110 - - [23/Aug/2026:03:18:24 +0800] "GET /?list_13/&ext_tese=%E6%A8%A1%E5%9E%8B&ext_leixing=%E5%8C%96%E5%AD%A6%09&ext_dizhi=%E9%87%91%E8%9E%8D%E7%AE%A1%E7%90%86&ext_feiyong=1%E5%91%A8%09 HTTP/1.1" 200 4849 "-" "Mozilla/5.0 (Linux; Android 6.0.1; Nexus 5X Build/MMB29P) AppleWebKit/537.36 (KHTML, like Gecko) Chrome/151.0.7922.137 Mobile Safari/537.36 (compatible; Googlebot/2.1; +http://www.google.com/bot.html)"
66.249.64.110 - - [23/Aug/2026:03:18:29 +0800] "GET /?list_13/&ext_leixing=%E5%8C%96%E5%AD%A6%09&ext_dizhi=%E5%B8%82%E5%9C%BA%E8%90%A5%E9%94%80&ext_feiyong=1%E4%B8%AA%E6%9C%88&ext_tese=%09%E5%BA%94%E7%94%A8%E7%A0%94%E7%A9%B6 HTTP/1.1" 200 4868 "-" "Mozilla/5.0 (Linux; Android 6.0.1; Nexus 5X Build/MMB29P) AppleWebKit/537.36 (KHTML, like Gecko) Chrome/151.0.7922.137 Mobile Safari/537.36 (compatible; Googlebot/2.1; +http://www.google.com/bot.html)"
17.241.227.222 - - [23/Aug/2026:03:19:13 +0800] "GET /template/show.php/20260720-85150660.shtml HTTP/1.1" 403 46 "-" "Mozilla/5.0 (Macintosh; Intel Mac OS X 10_15_7) AppleWebKit/605.1.15 (KHTML, like Gecko) Version/17.4 Safari/605.1.15 (Applebot/0.1; +http://www.apple.com/go/applebot)"
66.249.64.96 - - [23/Aug/2026:03:19:23 +0800] "GET /?list_13/&ext_feiyong=1%E4%B8%AA%E6%9C%88&ext_leixing=%E7%94%9F%E7%89%A9&ext_dizhi=%E6%95%B0%E5%AD%A6%E5%88%86%E6%9E%90%09&ext_tese=%09%E8%AE%BA%E6%96%87%09 HTTP/1.1" 200 4860 "-" "Mozilla/5.0 (Linux; Android 6.0.1; Nexus 5X Build/MMB29P) AppleWebKit/537.36 (KHTML, like Gecko) Chrome/151.0.7922.137 Mobile Safari/537.36 (compatible; Googlebot/2.1; +http://www.google.com/bot.html)"
40.77.167.50 - - [23/Aug/2026:03:19:29 +0800] "GET /?list_13/&ext_dizhi=%E5%B8%82%E5%9C%BA%E8%90%A5%E9%94%80&ext_feiyong=1%E5%91%A8%09&ext_leixing=%09%E9%80%9A%E4%BF%A1 HTTP/1.1" 200 4822 "-" "Mozilla/5.0 AppleWebKit/537.36 (KHTML, like Gecko; compatible; bingbot/2.0; +http://www.bing.com/bingbot.htm) Chrome/116.0.1938.76 Safari/537.36"
66.249.64.96 - - [23/Aug/2026:03:19:33 +0800] "GET /?list_13/&ext_feiyong=%091%E4%B8%AA%E6%9C%88%E4%BB%A5%E4%B8%8A&ext_dizhi=%09%E6%95%B0%E5%AD%97%E7%BB%8F%E6%B5%8E&ext_leixing=%09%E9%87%91%E8%9E%8D&ext_tese=%E7%90%86%E8%AE%BA%E7%A0%94%E7%A9%B6 HTTP/1.1" 200 4902 "-" "Mozilla/5.0 (Linux; Android 6.0.1; Nexus 5X Build/MMB29P) AppleWebKit/537.36 (KHTML, like Gecko) Chrome/151.0.7922.137 Mobile Safari/537.36 (compatible; Googlebot/2.1; +http://www.google.com/bot.html)"
216.244.66.247 - - [23/Aug/2026:03:20:17 +0800] "GET /?list_13/&ext_dizhi=%E6%95%B0%E5%AD%A6%E5%88%86%E6%9E%90%09&ext_feiyong=1%E4%B8%AA%E6%9C%88 HTTP/1.1" 200 18628 "-" "Mozilla/5.0 (compatible; DotBot/1.2; +https://opensiteexplorer.org/dotbot; help@moz.com)"
216.244.66.247 - - [23/Aug/2026:03:20:22 +0800] "GET /?list_13/&ext_dizhi=%E8%88%AA%E7%A9%BA%E8%88%AA%E5%A4%A9%09&ext_feiyong=1%E5%91%A8%09 HTTP/1.1" 200 18385 "-" "Mozilla/5.0 (compatible; DotBot/1.2; +https://opensiteexplorer.org/dotbot; help@moz.com)"
66.249.64.96 - - [23/Aug/2026:03:21:41 +0800] "GET /?list_13/&ext_dizhi=%09%E6%9C%BA%E6%A2%B0%E5%B7%A5%E7%A8%8B%09&ext_tese=%E4%B8%93%E5%88%A9&ext_leixing=%09%E7%89%A9%E7%90%86%09 HTTP/1.1" 200 4848 "-" "Mozilla/5.0 (Linux; Android 6.0.1; Nexus 5X Build/MMB29P) AppleWebKit/537.36 (KHTML, like Gecko) Chrome/151.0.7922.137 Mobile Safari/537.36 (compatible; Googlebot/2.1; +http://www.google.com/bot.html)"
207.46.13.107 - - [23/Aug/2026:03:21:55 +0800] "GET /?list_13/&ext_dizhi=%E5%A4%A7%E6%95%B0%E6%8D%AE%09&ext_leixing=%09%E8%AE%A1%E7%AE%97%E6%9C%BA&ext_tese=%09%E5%AD%A6%E6%9C%AF%E6%8A%A5%E5%91%8A%09 HTTP/1.1" 200 4849 "-" "Mozilla/5.0 AppleWebKit/537.36 (KHTML, like Gecko; compatible; bingbot/2.0; +http://www.bing.com/bingbot.htm) Chrome/116.0.1938.76 Safari/537.36"
66.249.64.96 - - [23/Aug/2026:03:21:58 +0800] "GET /?list_13/&ext_dizhi=%E8%88%AA%E7%A9%BA%E8%88%AA%E5%A4%A9%09&ext_feiyong=%091%E4%B8%AA%E6%9C%88%E4%BB%A5%E4%B8%8A&ext_leixing=%E5%8C%96%E5%AD%A6%09&ext_tese=%E7%90%86%E8%AE%BA%E7%A0%94%E7%A9%B6 HTTP/1.1" 200 4880 "-" "Mozilla/5.0 (Linux; Android 6.0.1; Nexus 5X Build/MMB29P) AppleWebKit/537.36 (KHTML, like Gecko) Chrome/151.0.7922.137 Mobile Safari/537.36 (compatible; Googlebot/2.1; +http://www.google.com/bot.html)"
66.249.64.110 - - [23/Aug/2026:03:22:18 +0800] "GET /?list_13/&ext_feiyong=1%E4%B8%AA%E6%9C%88&ext_leixing=%09%E7%BB%8F%E6%B5%8E&ext_tese=%09%E5%AD%A6%E6%9C%AF%E6%8A%A5%E5%91%8A%09&ext_dizhi=%E6%95%B0%E6%8D%AE%E7%BB%9F%E8%AE%A1%09 HTTP/1.1" 200 4855 "-" "Mozilla/5.0 (Linux; Android 6.0.1; Nexus 5X Build/MMB29P) AppleWebKit/537.36 (KHTML, like Gecko) Chrome/151.0.7922.137 Mobile Safari/537.36 (compatible; Googlebot/2.1; +http://www.google.com/bot.html)"
66.249.64.110 - - [23/Aug/2026:03:22:26 +0800] "GET /?list_13/&ext_tese=%E6%A8%A1%E5%9E%8B&ext_feiyong=1%E5%91%A8%09&ext_dizhi=%E9%87%91%E8%9E%8D%E7%AE%A1%E7%90%86&ext_leixing=%E6%95%B0%E5%AD%A6 HTTP/1.1" 200 4838 "-" "Mozilla/5.0 (Linux; Android 6.0.1; Nexus 5X Build/MMB29P) AppleWebKit/537.36 (KHTML, like Gecko) Chrome/151.0.7922.137 Mobile Safari/537.36 (compatible; Googlebot/2.1; +http://www.google.com/bot.html)"
216.244.66.247 - - [23/Aug/2026:03:23:02 +0800] "GET /?list_13/&ext_dizhi=%E9%80%9A%E4%BF%A1%E5%B7%A5%E7%A8%8B&ext_feiyong=1%E4%B8%AA%E6%9C%88 HTTP/1.1" 200 18580 "-" "Mozilla/5.0 (compatible; DotBot/1.2; +https://opensiteexplorer.org/dotbot; help@moz.com)"
66.249.64.96 - - [23/Aug/2026:03:24:19 +0800] "GET /?list_13/&ext_dizhi=%E7%A4%BE%E4%BC%9A%E7%A7%91%E5%AD%A6&ext_tese=%09%E5%AD%A6%E6%9C%AF%E6%8A%A5%E5%91%8A%09&ext_leixing=%09%E8%AE%A1%E7%AE%97%E6%9C%BA&ext_feiyong=1%E4%B8%AA%E6%9C%88 HTTP/1.1" 200 4895 "-" "Mozilla/5.0 (Linux; Android 6.0.1; Nexus 5X Build/MMB29P) AppleWebKit/537.36 (KHTML, like Gecko) Chrome/151.0.7922.137 Mobile Safari/537.36 (compatible; Googlebot/2.1; +http://www.google.com/bot.html)"
66.249.64.110 - - [23/Aug/2026:03:24:29 +0800] "GET /?list_13/&ext_feiyong=1%E4%B8%AA%E6%9C%88&ext_leixing=%09%E9%80%9A%E4%BF%A1&ext_tese=%E4%B8%93%E5%88%A9&ext_dizhi=%E6%95%B0%E5%AD%A6%E5%88%86%E6%9E%90%09 HTTP/1.1" 200 4842 "-" "Mozilla/5.0 (Linux; Android 6.0.1; Nexus 5X Build/MMB29P) AppleWebKit/537.36 (KHTML, like Gecko) Chrome/151.0.7922.137 Mobile Safari/537.36 (compatible; Googlebot/2.1; +http://www.google.com/bot.html)"
118.24.135.34 - - [23/Aug/2026:03:25:07 +0800] "GET / HTTP/1.1" 200 7977 "-" "Mozilla/5.0 (iPhone; CPU iPhone OS 13_2_3 like Mac OS X) AppleWebKit/605.1.15 (KHTML, like Gecko) Version/13.0.3 Mobile/15E148 Safari/604.1"
66.249.64.97 - - [23/Aug/2026:03:25:10 +0800] "GET /?list_13/&ext_dizhi=%09%E4%BF%A1%E6%81%AF%E6%8A%80%E6%9C%AF&ext_tese=%E8%BD%AF%E8%91%97%09&ext_feiyong=1%E4%B8%AA%E6%9C%88&ext_leixing=%E7%94%9F%E7%89%A9 HTTP/1.1" 200 4865 "-" "Mozilla/5.0 (Linux; Android 6.0.1; Nexus 5X Build/MMB29P) AppleWebKit/537.36 (KHTML, like Gecko) Chrome/151.0.7922.137 Mobile Safari/537.36 (compatible; Googlebot/2.1; +http://www.google.com/bot.html)"
66.249.64.96 - - [23/Aug/2026:03:25:19 +0800] "GET /?list_13/&ext_leixing=%E6%95%B0%E5%AD%A6&ext_tese=%E8%BD%AF%E8%91%97%09&ext_feiyong=1%E4%B8%AA%E6%9C%88&ext_dizhi=%E5%B8%82%E5%9C%BA%E8%90%A5%E9%94%80 HTTP/1.1" 200 4841 "-" "Mozilla/5.0 (Linux; Android 6.0.1; Nexus 5X Build/MMB29P) AppleWebKit/537.36 (KHTML, like Gecko) Chrome/151.0.7922.137 Mobile Safari/537.36 (compatible; Googlebot/2.1; +http://www.google.com/bot.html)"
52.167.144.20 - - [23/Aug/2026:03:25:20 +0800] "GET /?list_13/&ext_dizhi=%09%E6%95%B0%E6%8D%AE%E5%A4%84%E7%90%86&ext_tese=%09%E5%AD%A6%E6%9C%AF%E6%8A%A5%E5%91%8A%09&ext_leixing=%09%E8%AE%A1%E7%AE%97%E6%9C%BA&ext_feiyong=1%E5%91%A8%09 HTTP/1.1" 200 4866 "-" "Mozilla/5.0 AppleWebKit/537.36 (KHTML, like Gecko; compatible; bingbot/2.0; +http://www.bing.com/bingbot.htm) Chrome/116.0.1938.76 Safari/537.36"
66.249.64.96 - - [23/Aug/2026:03:26:12 +0800] "GET /?list_13/&ext_tese=%09%E8%AE%BA%E6%96%87%09&ext_feiyong=%091%E4%B8%AA%E6%9C%88%E4%BB%A5%E4%B8%8A&ext_dizhi=%09%E7%BD%91%E7%BB%9C%E5%B7%A5%E7%A8%8B&ext_leixing=%09%E9%87%91%E8%9E%8D HTTP/1.1" 200 4860 "-" "Mozilla/5.0 (Linux; Android 6.0.1; Nexus 5X Build/MMB29P) AppleWebKit/537.36 (KHTML, like Gecko) Chrome/151.0.7922.137 Mobile Safari/537.36 (compatible; Googlebot/2.1; +http://www.google.com/bot.html)"
66.249.64.96 - - [23/Aug/2026:03:27:16 +0800] "GET /?list_13/&ext_dizhi=%E5%A4%A7%E6%95%B0%E6%8D%AE%09&ext_tese=%09%E8%AE%BA%E6%96%87%09&ext_leixing=%09%E8%AE%A1%E7%AE%97%E6%9C%BA HTTP/1.1" 200 4843 "-" "Mozilla/5.0 (Linux; Android 6.0.1; Nexus 5X Build/MMB29P) AppleWebKit/537.36 (KHTML, like Gecko) Chrome/151.0.7922.137 Mobile Safari/537.36 (compatible; Googlebot/2.1; +http://www.google.com/bot.html)"
52.167.144.20 - - [23/Aug/2026:03:27:30 +0800] "GET /?list_13/&ext_dizhi=%09%E6%9C%BA%E6%A2%B0%E5%B7%A5%E7%A8%8B%09&ext_leixing=%09%E7%BB%8F%E6%B5%8E&ext_tese=%09%E5%BA%94%E7%94%A8%E7%A0%94%E7%A9%B6&ext_feiyong=1%E5%91%A8%09 HTTP/1.1" 200 4868 "-" "Mozilla/5.0 AppleWebKit/537.36 (KHTML, like Gecko; compatible; bingbot/2.0; +http://www.bing.com/bingbot.htm) Chrome/116.0.1938.76 Safari/537.36"
