66.249.64.96 - - [23/Aug/2026:11:09:04 +0800] "GET /?list_13/&ext_leixing=%09%E9%80%9A%E4%BF%A1&ext_dizhi=%E7%94%B5%E5%AD%90%E7%94%B5%E6%B0%94%09&ext_feiyong=1%E5%91%A8%09&ext_tese=%E6%A8%A1%E5%9E%8B HTTP/1.1" 200 4842 "-" "Mozilla/5.0 (Linux; Android 6.0.1; Nexus 5X Build/MMB29P) AppleWebKit/537.36 (KHTML, like Gecko) Chrome/151.0.7922.137 Mobile Safari/537.36 (compatible; Googlebot/2.1; +http://www.google.com/bot.html)"
66.249.64.96 - - [23/Aug/2026:11:09:46 +0800] "GET /?list_13/&ext_dizhi=%09%E8%BD%AF%E4%BB%B6%E5%B7%A5%E7%A8%8B%09&ext_tese=%09%E5%BA%94%E7%94%A8%E7%A0%94%E7%A9%B6&ext_leixing=%09%E7%89%A9%E7%90%86%09 HTTP/1.1" 200 4848 "-" "Mozilla/5.0 (Linux; Android 6.0.1; Nexus 5X Build/MMB29P) AppleWebKit/537.36 (KHTML, like Gecko) Chrome/151.0.7922.137 Mobile Safari/537.36 (compatible; Googlebot/2.1; +http://www.google.com/bot.html)"
66.249.64.97 - - [23/Aug/2026:11:10:01 +0800] "GET /?list_13/&ext_leixing=%09%E8%AE%A1%E7%AE%97%E6%9C%BA&ext_dizhi=%E7%94%B5%E5%AD%90%E7%94%B5%E6%B0%94%09&ext_tese=%09%E5%AD%A6%E6%9C%AF%E6%8A%A5%E5%91%8A%09&ext_feiyong=1%E5%91%A8%09 HTTP/1.1" 200 4875 "-" "Mozilla/5.0 (Linux; Android 6.0.1; Nexus 5X Build/MMB29P) AppleWebKit/537.36 (KHTML, like Gecko) Chrome/151.0.7922.137 Mobile Safari/537.36 (compatible; Googlebot/2.1; +http://www.google.com/bot.html)"
57.141.12.41 - - [23/Aug/2026:11:10:20 +0800] "HEAD / HTTP/1.1" 200 0 "-" "facebookexternalhit/1.1 (+http://www.facebook.com/externalhit_uatext.php)"
66.249.64.96 - - [23/Aug/2026:11:10:40 +0800] "GET /?list_13/&ext_dizhi=%09%E8%BD%AF%E4%BB%B6%E5%B7%A5%E7%A8%8B%09&ext_tese=%09%E5%BA%94%E7%94%A8%E7%A0%94%E7%A9%B6&ext_feiyong=%091%E4%B8%AA%E6%9C%88%E4%BB%A5%E4%B8%8A&ext_leixing=%09%E9%87%91%E8%9E%8D HTTP/1.1" 200 4896 "-" "Mozilla/5.0 (Linux; Android 6.0.1; Nexus 5X Build/MMB29P) AppleWebKit/537.36 (KHTML, like Gecko) Chrome/151.0.7922.137 Mobile Safari/537.36 (compatible; Googlebot/2.1; +http://www.google.com/bot.html)"
52.167.144.211 - - [23/Aug/2026:11:10:43 +0800] "GET /?list_13/&ext_leixing=%09%E7%BB%8F%E6%B5%8E&ext_feiyong=1%E5%91%A8%09&ext_dizhi=%E9%87%91%E8%9E%8D%E7%AE%A1%E7%90%86 HTTP/1.1" 200 4825 "-" "Mozilla/5.0 AppleWebKit/537.36 (KHTML, like Gecko; compatible; bingbot/2.0; +http://www.bing.com/bingbot.htm) Chrome/116.0.1938.76 Safari/537.36"
66.249.64.97 - - [23/Aug/2026:11:11:04 +0800] "GET /?list_13/&ext_tese=%E4%B8%93%E5%88%A9&ext_feiyong=1%E5%91%A8%09&ext_dizhi=%E7%94%B5%E5%AD%90%E7%94%B5%E6%B0%94%09&ext_leixing=%09%E7%BB%8F%E6%B5%8E HTTP/1.1" 200 4835 "-" "Mozilla/5.0 (Linux; Android 6.0.1; Nexus 5X Build/MMB29P) AppleWebKit/537.36 (KHTML, like Gecko) Chrome/151.0.7922.137 Mobile Safari/537.36 (compatible; Googlebot/2.1; +http://www.google.com/bot.html)"
66.249.64.110 - - [23/Aug/2026:11:11:20 +0800] "GET /?list_13/&ext_leixing=%09%E9%80%9A%E4%BF%A1&ext_dizhi=%09%E6%95%B0%E6%8D%AE%E5%A4%84%E7%90%86&ext_feiyong=1%E4%B8%AA%E6%9C%88&ext_tese=%E4%B8%93%E5%88%A9 HTTP/1.1" 200 4860 "-" "Mozilla/5.0 (Linux; Android 6.0.1; Nexus 5X Build/MMB29P) AppleWebKit/537.36 (KHTML, like Gecko) Chrome/151.0.7922.137 Mobile Safari/537.36 (compatible; Googlebot/2.1; +http://www.google.com/bot.html)"
66.249.64.110 - - [23/Aug/2026:11:11:29 +0800] "GET /?list_13/&ext_tese=%E4%B8%93%E5%88%A9&ext_feiyong=1%E5%91%A8%09&ext_dizhi=%09%E8%BD%AF%E4%BB%B6%E5%B7%A5%E7%A8%8B%09&ext_leixing=%09%E7%BB%8F%E6%B5%8E HTTP/1.1" 200 4839 "-" "Mozilla/5.0 (Linux; Android 6.0.1; Nexus 5X Build/MMB29P) AppleWebKit/537.36 (KHTML, like Gecko) Chrome/151.0.7922.137 Mobile Safari/537.36 (compatible; Googlebot/2.1; +http://www.google.com/bot.html)"
66.249.64.110 - - [23/Aug/2026:11:11:59 +0800] "GET /?list_13/&ext_leixing=%09%E8%AE%A1%E7%AE%97%E6%9C%BA&ext_dizhi=%E7%94%B5%E5%AD%90%E7%94%B5%E6%B0%94%09&ext_tese=%09%E5%BA%94%E7%94%A8%E7%A0%94%E7%A9%B6 HTTP/1.1" 200 4853 "-" "Mozilla/5.0 (Linux; Android 6.0.1; Nexus 5X Build/MMB29P) AppleWebKit/537.36 (KHTML, like Gecko) Chrome/151.0.7922.137 Mobile Safari/537.36 (compatible; Googlebot/2.1; +http://www.google.com/bot.html)"
66.249.64.110 - - [23/Aug/2026:11:12:11 +0800] "GET /?list_13/&ext_tese=%E4%B8%93%E5%88%A9&ext_feiyong=1%E5%91%A8%09&ext_dizhi=%E6%95%B0%E6%8D%AE%E7%BB%9F%E8%AE%A1%09&ext_leixing=%09%E7%BB%8F%E6%B5%8E HTTP/1.1" 200 4835 "-" "Mozilla/5.0 (Linux; Android 6.0.1; Nexus 5X Build/MMB29P) AppleWebKit/537.36 (KHTML, like Gecko) Chrome/151.0.7922.137 Mobile Safari/537.36 (compatible; Googlebot/2.1; +http://www.google.com/bot.html)"
110.249.202.162 - - [23/Aug/2026:11:12:25 +0800] "GET /robots.txt HTTP/1.1" 200 37 "-" "Mozilla/5.0 (Linux; Android 5.0) AppleWebKit/537.36 (KHTML, like Gecko) Mobile Safari/537.36 (compatible; Bytespider; https://zhanzhang.toutiao.com/)"
66.249.64.96 - - [23/Aug/2026:11:12:26 +0800] "GET /?list_13/&ext_dizhi=%09%E8%BD%AF%E4%BB%B6%E5%B7%A5%E7%A8%8B%09&ext_tese=%E4%B8%93%E5%88%A9&ext_leixing=%09%E8%AE%A1%E7%AE%97%E6%9C%BA HTTP/1.1" 200 4839 "-" "Mozilla/5.0 (Linux; Android 6.0.1; Nexus 5X Build/MMB29P) AppleWebKit/537.36 (KHTML, like Gecko) Chrome/151.0.7922.137 Mobile Safari/537.36 (compatible; Googlebot/2.1; +http://www.google.com/bot.html)"
66.249.64.110 - - [23/Aug/2026:11:12:40 +0800] "GET /?list_13/&ext_dizhi=%09%E8%BD%AF%E4%BB%B6%E5%B7%A5%E7%A8%8B%09&ext_tese=%09%E8%AE%BA%E6%96%87%09&ext_feiyong=%091%E4%B8%AA%E6%9C%88%E4%BB%A5%E4%B8%8A&ext_leixing=%09%E8%AE%A1%E7%AE%97%E6%9C%BA HTTP/1.1" 200 4890 "-" "Mozilla/5.0 (Linux; Android 6.0.1; Nexus 5X Build/MMB29P) AppleWebKit/537.36 (KHTML, like Gecko) Chrome/151.0.7922.137 Mobile Safari/537.36 (compatible; Googlebot/2.1; +http://www.google.com/bot.html)"
66.249.64.97 - - [23/Aug/2026:11:13:00 +0800] "GET /?list_13/&ext_leixing=%09%E8%AE%A1%E7%AE%97%E6%9C%BA&ext_dizhi=%E7%94%B5%E5%AD%90%E7%94%B5%E6%B0%94%09&ext_tese=%E8%BD%AF%E8%91%97%09&ext_feiyong=1%E5%91%A8%09 HTTP/1.1" 200 4856 "-" "Mozilla/5.0 (Linux; Android 6.0.1; Nexus 5X Build/MMB29P) AppleWebKit/537.36 (KHTML, like Gecko) Chrome/151.0.7922.137 Mobile Safari/537.36 (compatible; Googlebot/2.1; +http://www.google.com/bot.html)"
185.191.171.5 - - [23/Aug/2026:11:13:03 +0800] "GET /robots.txt HTTP/1.1" 200 37 "-" "Mozilla/5.0 (compatible; SemrushBot/7~bl; +http://www.semrush.com/bot.html)"
185.191.171.18 - - [23/Aug/2026:11:13:04 +0800] "GET /template/app.php/2026072087396879.shtml HTTP/1.1" 404 150 "-" "Mozilla/5.0 (compatible; SemrushBot/7~bl; +http://www.semrush.com/bot.html)"
66.249.64.110 - - [23/Aug/2026:11:13:23 +0800] "GET /?list_13/&ext_tese=%E4%B8%93%E5%88%A9&ext_feiyong=1%E5%91%A8%09&ext_dizhi=%E6%9C%BA%E5%99%A8%E4%BA%BA%09&ext_leixing=%09%E7%BB%8F%E6%B5%8E HTTP/1.1" 200 4830 "-" "Mozilla/5.0 (Linux; Android 6.0.1; Nexus 5X Build/MMB29P) AppleWebKit/537.36 (KHTML, like Gecko) Chrome/151.0.7922.137 Mobile Safari/537.36 (compatible; Googlebot/2.1; +http://www.google.com/bot.html)"
66.249.64.110 - - [23/Aug/2026:11:13:55 +0800] "GET /?list_13/&ext_dizhi=%09%E8%BD%AF%E4%BB%B6%E5%B7%A5%E7%A8%8B%09&ext_tese=%09%E5%BA%94%E7%94%A8%E7%A0%94%E7%A9%B6&ext_feiyong=%091%E4%B8%AA%E6%9C%88%E4%BB%A5%E4%B8%8A&ext_leixing=%09%E9%80%9A%E4%BF%A1 HTTP/1.1" 200 4894 "-" "Mozilla/5.0 (Linux; Android 6.0.1; Nexus 5X Build/MMB29P) AppleWebKit/537.36 (KHTML, like Gecko) Chrome/151.0.7922.137 Mobile Safari/537.36 (compatible; Googlebot/2.1; +http://www.google.com/bot.html)"
66.249.64.96 - - [23/Aug/2026:11:14:10 +0800] "GET /?list_13/&ext_leixing=%09%E8%AE%A1%E7%AE%97%E6%9C%BA&ext_dizhi=%E7%94%B5%E5%AD%90%E7%94%B5%E6%B0%94%09&ext_tese=%E6%A8%A1%E5%9E%8B&ext_feiyong=1%E5%91%A8%09 HTTP/1.1" 200 4853 "-" "Mozilla/5.0 (Linux; Android 6.0.1; Nexus 5X Build/MMB29P) AppleWebKit/537.36 (KHTML, like Gecko) Chrome/151.0.7922.137 Mobile Safari/537.36 (compatible; Googlebot/2.1; +http://www.google.com/bot.html)"
66.249.64.96 - - [23/Aug/2026:11:14:11 +0800] "GET /?list_13/&ext_tese=%E4%B8%93%E5%88%A9&ext_dizhi=%09%E7%BD%91%E7%BB%9C%E5%B7%A5%E7%A8%8B&ext_leixing=%E7%94%9F%E7%89%A9&ext_feiyong=1%E4%B8%AA%E6%9C%88 HTTP/1.1" 200 4846 "-" "Mozilla/5.0 (Linux; Android 6.0.1; Nexus 5X Build/MMB29P) AppleWebKit/537.36 (KHTML, like Gecko) Chrome/151.0.7922.137 Mobile Safari/537.36 (compatible; Googlebot/2.1; +http://www.google.com/bot.html)"
66.249.64.110 - - [23/Aug/2026:11:14:49 +0800] "GET /?list_13/&ext_tese=%09%E5%BA%94%E7%94%A8%E7%A0%94%E7%A9%B6&ext_feiyong=1%E5%91%A8%09&ext_dizhi=%E7%A4%BE%E4%BC%9A%E7%A7%91%E5%AD%A6&ext_leixing=%09%E7%BB%8F%E6%B5%8E HTTP/1.1" 200 4854 "-" "Mozilla/5.0 (Linux; Android 6.0.1; Nexus 5X Build/MMB29P) AppleWebKit/537.36 (KHTML, like Gecko) Chrome/151.0.7922.137 Mobile Safari/537.36 (compatible; Googlebot/2.1; +http://www.google.com/bot.html)"
66.249.64.96 - - [23/Aug/2026:11:14:50 +0800] "GET /?list_13/&ext_dizhi=%E6%9C%BA%E5%99%A8%E4%BA%BA%09&ext_leixing=%09%E9%80%9A%E4%BF%A1&ext_feiyong=%091%E4%B8%AA%E6%9C%88%E4%BB%A5%E4%B8%8A&ext_tese=%E8%BD%AF%E8%91%97%09 HTTP/1.1" 200 4864 "-" "Mozilla/5.0 (Linux; Android 6.0.1; Nexus 5X Build/MMB29P) AppleWebKit/537.36 (KHTML, like Gecko) Chrome/151.0.7922.137 Mobile Safari/537.36 (compatible; Googlebot/2.1; +http://www.google.com/bot.html)"
52.167.144.211 - - [23/Aug/2026:11:14:54 +0800] "GET /?list_13/&ext_dizhi=%E5%95%86%E5%8A%A1%E7%AE%A1%E7%90%86%09&ext_leixing=%09%E7%BB%8F%E6%B5%8E HTTP/1.1" 200 4777 "-" "Mozilla/5.0 AppleWebKit/537.36 (KHTML, like Gecko; compatible; bingbot/2.0; +http://www.bing.com/bingbot.htm) Chrome/116.0.1938.76 Safari/537.36"
66.249.64.110 - - [23/Aug/2026:11:15:33 +0800] "GET /?list_13/&ext_tese=%E4%B8%93%E5%88%A9&ext_feiyong=1%E5%91%A8%09&ext_dizhi=%E5%A4%A7%E6%95%B0%E6%8D%AE%09&ext_leixing=%09%E7%BB%8F%E6%B5%8E HTTP/1.1" 200 4836 "-" "Mozilla/5.0 (Linux; Android 6.0.1; Nexus 5X Build/MMB29P) AppleWebKit/537.36 (KHTML, like Gecko) Chrome/151.0.7922.137 Mobile Safari/537.36 (compatible; Googlebot/2.1; +http://www.google.com/bot.html)"
66.249.64.96 - - [23/Aug/2026:11:15:43 +0800] "GET /?list_13/&ext_dizhi=%09%E8%BD%AF%E4%BB%B6%E5%B7%A5%E7%A8%8B%09&ext_tese=%09%E5%BA%94%E7%94%A8%E7%A0%94%E7%A9%B6&ext_feiyong=%091%E4%B8%AA%E6%9C%88%E4%BB%A5%E4%B8%8A&ext_leixing=%09%E7%89%A9%E7%90%86%09 HTTP/1.1" 200 4894 "-" "Mozilla/5.0 (Linux; Android 6.0.1; Nexus 5X Build/MMB29P) AppleWebKit/537.36 (KHTML, like Gecko) Chrome/151.0.7922.137 Mobile Safari/537.36 (compatible; Googlebot/2.1; +http://www.google.com/bot.html)"
66.249.64.97 - - [23/Aug/2026:11:16:01 +0800] "GET /?list_13/&ext_tese=%E4%B8%93%E5%88%A9&ext_feiyong=1%E5%91%A8%09&ext_dizhi=%09&ext_leixing=%09%E7%BB%8F%E6%B5%8E HTTP/1.1" 200 4824 "-" "Mozilla/5.0 (Linux; Android 6.0.1; Nexus 5X Build/MMB29P) AppleWebKit/537.36 (KHTML, like Gecko) Chrome/151.0.7922.137 Mobile Safari/537.36 (compatible; Googlebot/2.1; +http://www.google.com/bot.html)"
66.249.64.110 - - [23/Aug/2026:11:16:01 +0800] "GET /?list_13/&ext_feiyong=%091%E4%B8%AA%E6%9C%88%E4%BB%A5%E4%B8%8A&ext_dizhi=%E9%87%91%E8%9E%8D%E7%AE%A1%E7%90%86&ext_leixing=%09%E7%BB%8F%E6%B5%8E&ext_tese=%E6%A8%A1%E5%9E%8B HTTP/1.1" 200 4889 "-" "Mozilla/5.0 (Linux; Android 6.0.1; Nexus 5X Build/MMB29P) AppleWebKit/537.36 (KHTML, like Gecko) Chrome/151.0.7922.137 Mobile Safari/537.36 (compatible; Googlebot/2.1; +http://www.google.com/bot.html)"
66.249.64.96 - - [23/Aug/2026:11:16:19 +0800] "GET /?list_13/&ext_dizhi=%09%E8%BD%AF%E4%BB%B6%E5%B7%A5%E7%A8%8B%09&ext_tese=%09%E8%AE%BA%E6%96%87%09&ext_leixing=%09%E8%AE%A1%E7%AE%97%E6%9C%BA HTTP/1.1" 200 4851 "-" "Mozilla/5.0 (Linux; Android 6.0.1; Nexus 5X Build/MMB29P) AppleWebKit/537.36 (KHTML, like Gecko) Chrome/151.0.7922.137 Mobile Safari/537.36 (compatible; Googlebot/2.1; +http://www.google.com/bot.html)"
157.55.39.12 - - [23/Aug/2026:11:16:30 +0800] "GET /?list_13/&ext_dizhi=%09%E6%9C%BA%E6%A2%B0%E5%B7%A5%E7%A8%8B%09&ext_tese=%09%E5%BA%94%E7%94%A8%E7%A0%94%E7%A9%B6&ext_feiyong=1%E4%B8%AA%E6%9C%88&ext_leixing=%09%E9%80%9A%E4%BF%A1 HTTP/1.1" 200 4884 "-" "Mozilla/5.0 AppleWebKit/537.36 (KHTML, like Gecko; compatible; bingbot/2.0; +http://www.bing.com/bingbot.htm) Chrome/116.0.1938.76 Safari/537.36"
66.249.64.96 - - [23/Aug/2026:11:16:40 +0800] "GET /?list_13/&ext_leixing=%09%E8%AE%A1%E7%AE%97%E6%9C%BA&ext_dizhi=%E5%A4%A7%E6%95%B0%E6%8D%AE%09&ext_tese=%09%E5%BA%94%E7%94%A8%E7%A0%94%E7%A9%B6 HTTP/1.1" 200 4849 "-" "Mozilla/5.0 (Linux; Android 6.0.1; Nexus 5X Build/MMB29P) AppleWebKit/537.36 (KHTML, like Gecko) Chrome/151.0.7922.137 Mobile Safari/537.36 (compatible; Googlebot/2.1; +http://www.google.com/bot.html)"
66.249.64.96 - - [23/Aug/2026:11:17:00 +0800] "GET /?list_13/&ext_leixing=%09%E8%AE%A1%E7%AE%97%E6%9C%BA&ext_dizhi=%E5%A4%A7%E6%95%B0%E6%8D%AE%09&ext_tese=%E6%A8%A1%E5%9E%8B&ext_feiyong=1%E5%91%A8%09 HTTP/1.1" 200 4858 "-" "Mozilla/5.0 (Linux; Android 6.0.1; Nexus 5X Build/MMB29P) AppleWebKit/537.36 (KHTML, like Gecko) Chrome/151.0.7922.137 Mobile Safari/537.36 (compatible; Googlebot/2.1; +http://www.google.com/bot.html)"
66.249.64.110 - - [23/Aug/2026:11:17:01 +0800] "GET /?list_13/&ext_feiyong=%091%E4%B8%AA%E6%9C%88%E4%BB%A5%E4%B8%8A&ext_dizhi=%09%E6%9C%BA%E6%A2%B0%E5%B7%A5%E7%A8%8B%09 HTTP/1.1" 200 4782 "-" "Mozilla/5.0 (Linux; Android 6.0.1; Nexus 5X Build/MMB29P) AppleWebKit/537.36 (KHTML, like Gecko) Chrome/151.0.7922.137 Mobile Safari/537.36 (compatible; Googlebot/2.1; +http://www.google.com/bot.html)"
66.249.64.110 - - [23/Aug/2026:11:17:16 +0800] "GET /?list_13/&ext_tese=%09%E5%AD%A6%E6%9C%AF%E6%8A%A5%E5%91%8A%09&ext_feiyong=1%E5%91%A8%09&ext_dizhi=%E7%A4%BE%E4%BC%9A%E7%A7%91%E5%AD%A6&ext_leixing=%09%E7%BB%8F%E6%B5%8E HTTP/1.1" 200 4858 "-" "Mozilla/5.0 (Linux; Android 6.0.1; Nexus 5X Build/MMB29P) AppleWebKit/537.36 (KHTML, like Gecko) Chrome/151.0.7922.137 Mobile Safari/537.36 (compatible; Googlebot/2.1; +http://www.google.com/bot.html)"
66.249.64.110 - - [23/Aug/2026:11:17:34 +0800] "GET /?list_13/&ext_tese=%E4%B8%93%E5%88%A9&ext_feiyong=1%E5%91%A8%09&ext_dizhi=%E5%9F%BA%E5%9B%A0%E5%B7%A5%E7%A8%8B&ext_leixing=%09%E7%BB%8F%E6%B5%8E HTTP/1.1" 200 4836 "-" "Mozilla/5.0 (Linux; Android 6.0.1; Nexus 5X Build/MMB29P) AppleWebKit/537.36 (KHTML, like Gecko) Chrome/151.0.7922.137 Mobile Safari/537.36 (compatible; Googlebot/2.1; +http://www.google.com/bot.html)"
66.249.64.110 - - [23/Aug/2026:11:17:56 +0800] "GET /?list_13/&ext_leixing=%09%E8%AE%A1%E7%AE%97%E6%9C%BA&ext_dizhi=%E5%A4%A7%E6%95%B0%E6%8D%AE%09&ext_feiyong=1%E5%91%A8%09 HTTP/1.1" 200 4825 "-" "Mozilla/5.0 (Linux; Android 6.0.1; Nexus 5X Build/MMB29P) AppleWebKit/537.36 (KHTML, like Gecko) Chrome/151.0.7922.137 Mobile Safari/537.36 (compatible; Googlebot/2.1; +http://www.google.com/bot.html)"
47.82.54.82 - - [23/Aug/2026:11:17:57 +0800] "GET /?ext_dizhi=%09%E6%9C%BA%E6%A2%B0%E5%B7%A5%E7%A8%8B%09&list_13%2F= HTTP/1.1" 301 5 "-" "Mozilla/5.0 (Windows NT 10.0; Win64; x64) AppleWebKit/537.36 (KHTML, like Gecko) Chrome/141.0.0.0 Safari/537.36"
47.82.54.82 - - [23/Aug/2026:11:17:57 +0800] "GET / HTTP/1.1" 200 7977 "http://www.haosixiang.cn/?ext_dizhi=%09%E6%9C%BA%E6%A2%B0%E5%B7%A5%E7%A8%8B%09&list_13%2F=" "Mozilla/5.0 (Windows NT 10.0; Win64; x64) AppleWebKit/537.36 (KHTML, like Gecko) Chrome/141.0.0.0 Safari/537.36"
66.249.64.110 - - [23/Aug/2026:11:18:14 +0800] "GET /?list_13/&ext_tese=%E4%B8%93%E5%88%A9&ext_feiyong=1%E5%91%A8%09&ext_dizhi=%09%E6%9C%BA%E6%A2%B0%E5%B7%A5%E7%A8%8B%09&ext_leixing=%09%E7%BB%8F%E6%B5%8E HTTP/1.1" 200 4841 "-" "Mozilla/5.0 (Linux; Android 6.0.1; Nexus 5X Build/MMB29P) AppleWebKit/537.36 (KHTML, like Gecko) Chrome/151.0.7922.137 Mobile Safari/537.36 (compatible; Googlebot/2.1; +http://www.google.com/bot.html)"
66.249.64.96 - - [23/Aug/2026:11:18:15 +0800] "GET /?list_13/&ext_dizhi=%E9%80%9A%E4%BF%A1%E5%B7%A5%E7%A8%8B&ext_tese=%E6%A8%A1%E5%9E%8B&ext_leixing=%09%E9%87%91%E8%9E%8D&ext_feiyong=1%E4%B8%AA%E6%9C%88 HTTP/1.1" 200 4870 "-" "Mozilla/5.0 (Linux; Android 6.0.1; Nexus 5X Build/MMB29P) AppleWebKit/537.36 (KHTML, like Gecko) Chrome/151.0.7922.137 Mobile Safari/537.36 (compatible; Googlebot/2.1; +http://www.google.com/bot.html)"
66.249.64.110 - - [23/Aug/2026:11:18:16 +0800] "GET /?list_13/&ext_leixing=%E7%94%9F%E7%89%A9&ext_tese=%E6%A8%A1%E5%9E%8B&ext_feiyong=1%E5%91%A8%09&ext_dizhi=%E7%A4%BE%E4%BC%9A%E7%A7%91%E5%AD%A6 HTTP/1.1" 200 4832 "-" "Mozilla/5.0 (Linux; Android 6.0.1; Nexus 5X Build/MMB29P) AppleWebKit/537.36 (KHTML, like Gecko) Chrome/151.0.7922.137 Mobile Safari/537.36 (compatible; Googlebot/2.1; +http://www.google.com/bot.html)"
66.249.64.110 - - [23/Aug/2026:11:18:32 +0800] "GET /?list_13/&ext_leixing=%09%E8%AE%A1%E7%AE%97%E6%9C%BA&ext_dizhi=%E5%A4%A7%E6%95%B0%E6%8D%AE%09&ext_tese=%09%E5%BA%94%E7%94%A8%E7%A0%94%E7%A9%B6&ext_feiyong=1%E4%B8%AA%E6%9C%88 HTTP/1.1" 200 4883 "-" "Mozilla/5.0 (Linux; Android 6.0.1; Nexus 5X Build/MMB29P) AppleWebKit/537.36 (KHTML, like Gecko) Chrome/151.0.7922.137 Mobile Safari/537.36 (compatible; Googlebot/2.1; +http://www.google.com/bot.html)"
66.249.64.110 - - [23/Aug/2026:11:18:33 +0800] "GET /?list_13/&ext_tese=%E7%90%86%E8%AE%BA%E7%A0%94%E7%A9%B6&ext_leixing=%09%E9%80%9A%E4%BF%A1&ext_feiyong=1%E4%B8%AA%E6%9C%88&ext_dizhi=%E9%87%91%E8%9E%8D%E7%AE%A1%E7%90%86 HTTP/1.1" 200 4874 "-" "Mozilla/5.0 (Linux; Android 6.0.1; Nexus 5X Build/MMB29P) AppleWebKit/537.36 (KHTML, like Gecko) Chrome/151.0.7922.137 Mobile Safari/537.36 (compatible; Googlebot/2.1; +http://www.google.com/bot.html)"
66.249.64.110 - - [23/Aug/2026:11:18:42 +0800] "GET /?list_13/&ext_tese=%E4%B8%93%E5%88%A9&ext_feiyong=1%E5%91%A8%09&ext_dizhi=%E5%95%86%E5%8A%A1%E7%AE%A1%E7%90%86%09&ext_leixing=%09%E7%BB%8F%E6%B5%8E HTTP/1.1" 200 4830 "-" "Mozilla/5.0 (Linux; Android 6.0.1; Nexus 5X Build/MMB29P) AppleWebKit/537.36 (KHTML, like Gecko) Chrome/151.0.7922.137 Mobile Safari/537.36 (compatible; Googlebot/2.1; +http://www.google.com/bot.html)"
52.167.144.217 - - [23/Aug/2026:11:18:54 +0800] "GET /?list_13/&ext_leixing=%09%E7%89%A9%E7%90%86%09&ext_tese=%09%E8%AE%BA%E6%96%87%09&ext_feiyong=1%E5%91%A8%09&ext_dizhi=%09%E8%BD%AF%E4%BB%B6%E5%B7%A5%E7%A8%8B%09 HTTP/1.1" 200 4853 "-" "Mozilla/5.0 AppleWebKit/537.36 (KHTML, like Gecko; compatible; bingbot/2.0; +http://www.bing.com/bingbot.htm) Chrome/116.0.1938.76 Safari/537.36"
66.249.64.97 - - [23/Aug/2026:11:19:11 +0800] "GET /?list_13/&ext_tese=%E4%B8%93%E5%88%A9&ext_feiyong=1%E5%91%A8%09&ext_dizhi=%09%E6%95%B0%E6%8D%AE%E5%A4%84%E7%90%86&ext_leixing=%09%E7%BB%8F%E6%B5%8E HTTP/1.1" 200 4839 "-" "Mozilla/5.0 (Linux; Android 6.0.1; Nexus 5X Build/MMB29P) AppleWebKit/537.36 (KHTML, like Gecko) Chrome/151.0.7922.137 Mobile Safari/537.36 (compatible; Googlebot/2.1; +http://www.google.com/bot.html)"
66.249.64.110 - - [23/Aug/2026:11:19:24 +0800] "GET /?list_13/&ext_tese=%09%E5%BA%94%E7%94%A8%E7%A0%94%E7%A9%B6&ext_leixing=%E7%94%9F%E7%89%A9&ext_dizhi=%E6%95%B0%E6%8D%AE%E7%BB%9F%E8%AE%A1%09 HTTP/1.1" 200 4833 "-" "Mozilla/5.0 (Linux; Android 6.0.1; Nexus 5X Build/MMB29P) AppleWebKit/537.36 (KHTML, like Gecko) Chrome/151.0.7922.137 Mobile Safari/537.36 (compatible; Googlebot/2.1; +http://www.google.com/bot.html)"
66.249.64.110 - - [23/Aug/2026:11:19:43 +0800] "GET /?list_13/&ext_tese=%09%E5%BA%94%E7%94%A8%E7%A0%94%E7%A9%B6&ext_leixing=%E6%95%B0%E5%AD%A6&ext_dizhi=%E8%88%AA%E7%A9%BA%E8%88%AA%E5%A4%A9%09 HTTP/1.1" 200 4832 "-" "Mozilla/5.0 (Linux; Android 6.0.1; Nexus 5X Build/MMB29P) AppleWebKit/537.36 (KHTML, like Gecko) Chrome/151.0.7922.137 Mobile Safari/537.36 (compatible; Googlebot/2.1; +http://www.google.com/bot.html)"
66.249.64.110 - - [23/Aug/2026:11:19:58 +0800] "GET /?list_13/&ext_leixing=%09%E8%AE%A1%E7%AE%97%E6%9C%BA&ext_dizhi=%09%E6%9C%BA%E6%A2%B0%E5%B7%A5%E7%A8%8B%09&ext_feiyong=1%E5%91%A8%09 HTTP/1.1" 200 4836 "-" "Mozilla/5.0 (Linux; Android 6.0.1; Nexus 5X Build/MMB29P) AppleWebKit/537.36 (KHTML, like Gecko) Chrome/151.0.7922.137 Mobile Safari/537.36 (compatible; Googlebot/2.1; +http://www.google.com/bot.html)"
66.249.64.96 - - [23/Aug/2026:11:20:14 +0800] "GET /?list_13/&ext_tese=%09%E5%BA%94%E7%94%A8%E7%A0%94%E7%A9%B6&ext_leixing=%09%E8%AE%A1%E7%AE%97%E6%9C%BA&ext_dizhi=%E8%88%AA%E7%A9%BA%E8%88%AA%E5%A4%A9%09 HTTP/1.1" 200 4838 "-" "Mozilla/5.0 (Linux; Android 6.0.1; Nexus 5X Build/MMB29P) AppleWebKit/537.36 (KHTML, like Gecko) Chrome/151.0.7922.137 Mobile Safari/537.36 (compatible; Googlebot/2.1; +http://www.google.com/bot.html)"
66.249.64.110 - - [23/Aug/2026:11:20:29 +0800] "GET /?list_13/&ext_tese=%09%E5%BA%94%E7%94%A8%E7%A0%94%E7%A9%B6&ext_leixing=%E7%94%9F%E7%89%A9&ext_dizhi=%09 HTTP/1.1" 200 4824 "-" "Mozilla/5.0 (Linux; Android 6.0.1; Nexus 5X Build/MMB29P) AppleWebKit/537.36 (KHTML, like Gecko) Chrome/151.0.7922.137 Mobile Safari/537.36 (compatible; Googlebot/2.1; +http://www.google.com/bot.html)"
66.249.64.110 - - [23/Aug/2026:11:20:50 +0800] "GET /?list_13/&ext_dizhi=%E5%A4%A7%E6%95%B0%E6%8D%AE%09&ext_leixing=%E7%94%9F%E7%89%A9&ext_feiyong=%091%E4%B8%AA%E6%9C%88%E4%BB%A5%E4%B8%8A&ext_tese=%E8%BD%AF%E8%91%97%09 HTTP/1.1" 200 4868 "-" "Mozilla/5.0 (Linux; Android 6.0.1; Nexus 5X Build/MMB29P) AppleWebKit/537.36 (KHTML, like Gecko) Chrome/151.0.7922.137 Mobile Safari/537.36 (compatible; Googlebot/2.1; +http://www.google.com/bot.html)"
66.249.64.110 - - [23/Aug/2026:11:20:52 +0800] "GET /?list_13/&ext_dizhi=%E6%9C%BA%E5%99%A8%E4%BA%BA%09&ext_tese=%09%E5%BA%94%E7%94%A8%E7%A0%94%E7%A9%B6&ext_feiyong=%091%E4%B8%AA%E6%9C%88%E4%BB%A5%E4%B8%8A&ext_leixing=%09%E7%89%A9%E7%90%86%09 HTTP/1.1" 200 4889 "-" "Mozilla/5.0 (Linux; Android 6.0.1; Nexus 5X Build/MMB29P) AppleWebKit/537.36 (KHTML, like Gecko) Chrome/151.0.7922.137 Mobile Safari/537.36 (compatible; Googlebot/2.1; +http://www.google.com/bot.html)"
66.249.64.110 - - [23/Aug/2026:11:20:55 +0800] "GET /?list_13/&ext_dizhi=%E6%9C%BA%E5%99%A8%E4%BA%BA%09&ext_feiyong=1%E4%B8%AA%E6%9C%88&ext_leixing=%E5%8C%96%E5%AD%A6%09&ext_tese=%E4%B8%93%E5%88%A9 HTTP/1.1" 200 4851 "-" "Mozilla/5.0 (Linux; Android 6.0.1; Nexus 5X Build/MMB29P) AppleWebKit/537.36 (KHTML, like Gecko) Chrome/151.0.7922.137 Mobile Safari/537.36 (compatible; Googlebot/2.1; +http://www.google.com/bot.html)"
66.249.64.96 - - [23/Aug/2026:11:21:01 +0800] "GET /?list_13/&ext_tese=%E4%B8%93%E5%88%A9&ext_leixing=%E6%95%B0%E5%AD%A6&ext_feiyong=%091%E4%B8%AA%E6%9C%88%E4%BB%A5%E4%B8%8A&ext_dizhi=%E9%87%91%E8%9E%8D%E7%AE%A1%E7%90%86 HTTP/1.1" 200 4857 "-" "Mozilla/5.0 (Linux; Android 6.0.1; Nexus 5X Build/MMB29P) AppleWebKit/537.36 (KHTML, like Gecko) Chrome/151.0.7922.137 Mobile Safari/537.36 (compatible; Googlebot/2.1; +http://www.google.com/bot.html)"
66.249.64.110 - - [23/Aug/2026:11:21:02 +0800] "GET /?list_13/&ext_leixing=%09%E8%AE%A1%E7%AE%97%E6%9C%BA&ext_dizhi=%E6%9C%BA%E5%99%A8%E4%BA%BA%09&ext_tese=%09%E8%AE%BA%E6%96%87%09&ext_feiyong=1%E5%91%A8%09 HTTP/1.1" 200 4859 "-" "Mozilla/5.0 (Linux; Android 6.0.1; Nexus 5X Build/MMB29P) AppleWebKit/537.36 (KHTML, like Gecko) Chrome/151.0.7922.137 Mobile Safari/537.36 (compatible; Googlebot/2.1; +http://www.google.com/bot.html)"
66.249.64.97 - - [23/Aug/2026:11:21:32 +0800] "GET /?list_13/&ext_dizhi=%E6%9C%BA%E5%99%A8%E4%BA%BA%09&ext_feiyong=1%E4%B8%AA%E6%9C%88&ext_leixing=%09%E9%80%9A%E4%BF%A1&ext_tese=%E6%A8%A1%E5%9E%8B HTTP/1.1" 200 4852 "-" "Mozilla/5.0 (Linux; Android 6.0.1; Nexus 5X Build/MMB29P) AppleWebKit/537.36 (KHTML, like Gecko) Chrome/151.0.7922.137 Mobile Safari/537.36 (compatible; Googlebot/2.1; +http://www.google.com/bot.html)"
66.249.64.110 - - [23/Aug/2026:11:21:50 +0800] "GET /?list_13/&ext_dizhi=%E7%A4%BE%E4%BC%9A%E7%A7%91%E5%AD%A6&ext_tese=%09%E5%BA%94%E7%94%A8%E7%A0%94%E7%A9%B6&ext_feiyong=1%E4%B8%AA%E6%9C%88&ext_leixing=%09%E7%89%A9%E7%90%86%09 HTTP/1.1" 200 4881 "-" "Mozilla/5.0 (Linux; Android 6.0.1; Nexus 5X Build/MMB29P) AppleWebKit/537.36 (KHTML, like Gecko) Chrome/151.0.7922.137 Mobile Safari/537.36 (compatible; Googlebot/2.1; +http://www.google.com/bot.html)"
66.249.64.97 - - [23/Aug/2026:11:22:07 +0800] "GET /?list_13/&ext_tese=%09%E5%BA%94%E7%94%A8%E7%A0%94%E7%A9%B6&ext_leixing=%E7%94%9F%E7%89%A9&ext_dizhi=%09%E4%BF%A1%E6%81%AF%E6%8A%80%E6%9C%AF HTTP/1.1" 200 4845 "-" "Mozilla/5.0 (Linux; Android 6.0.1; Nexus 5X Build/MMB29P) AppleWebKit/537.36 (KHTML, like Gecko) Chrome/151.0.7922.137 Mobile Safari/537.36 (compatible; Googlebot/2.1; +http://www.google.com/bot.html)"
66.249.64.110 - - [23/Aug/2026:11:22:28 +0800] "GET /?list_13/&ext_dizhi=%E6%9C%BA%E5%99%A8%E4%BA%BA%09&ext_feiyong=1%E4%B8%AA%E6%9C%88&ext_leixing=%09%E9%80%9A%E4%BF%A1&ext_tese=%E7%90%86%E8%AE%BA%E7%A0%94%E7%A9%B6 HTTP/1.1" 200 4867 "-" "Mozilla/5.0 (Linux; Android 6.0.1; Nexus 5X Build/MMB29P) AppleWebKit/537.36 (KHTML, like Gecko) Chrome/151.0.7922.137 Mobile Safari/537.36 (compatible; Googlebot/2.1; +http://www.google.com/bot.html)"
66.249.64.110 - - [23/Aug/2026:11:22:39 +0800] "GET /?list_13/&ext_dizhi=%E6%9C%BA%E5%99%A8%E4%BA%BA%09&ext_tese=%09%E8%AE%BA%E6%96%87%09&ext_feiyong=1%E5%91%A8%09&ext_leixing=%09%E8%AE%A1%E7%AE%97%E6%9C%BA HTTP/1.1" 200 4853 "-" "Mozilla/5.0 (Linux; Android 6.0.1; Nexus 5X Build/MMB29P) AppleWebKit/537.36 (KHTML, like Gecko) Chrome/151.0.7922.137 Mobile Safari/537.36 (compatible; Googlebot/2.1; +http://www.google.com/bot.html)"
66.249.64.110 - - [23/Aug/2026:11:22:40 +0800] "GET /?list_13/&ext_feiyong=1%E5%91%A8%09&ext_tese=%E7%90%86%E8%AE%BA%E7%A0%94%E7%A9%B6&ext_leixing=%09%E9%87%91%E8%9E%8D&ext_dizhi=%E6%95%B0%E5%AD%A6%E5%88%86%E6%9E%90%09 HTTP/1.1" 200 4864 "-" "Mozilla/5.0 (Linux; Android 6.0.1; Nexus 5X Build/MMB29P) AppleWebKit/537.36 (KHTML, like Gecko) Chrome/151.0.7922.137 Mobile Safari/537.36 (compatible; Googlebot/2.1; +http://www.google.com/bot.html)"
66.249.64.96 - - [23/Aug/2026:11:23:11 +0800] "GET /?list_13/&ext_leixing=%09%E8%AE%A1%E7%AE%97%E6%9C%BA&ext_dizhi=%E6%95%B0%E6%8D%AE%E7%BB%9F%E8%AE%A1%09&ext_tese=%E7%90%86%E8%AE%BA%E7%A0%94%E7%A9%B6&ext_feiyong=1%E5%91%A8%09 HTTP/1.1" 200 4860 "-" "Mozilla/5.0 (Linux; Android 6.0.1; Nexus 5X Build/MMB29P) AppleWebKit/537.36 (KHTML, like Gecko) Chrome/151.0.7922.137 Mobile Safari/537.36 (compatible; Googlebot/2.1; +http://www.google.com/bot.html)"
66.249.64.110 - - [23/Aug/2026:11:23:31 +0800] "GET /?list_13/&ext_leixing=%09%E8%AE%A1%E7%AE%97%E6%9C%BA&ext_dizhi=%09%E6%9C%BA%E6%A2%B0%E5%B7%A5%E7%A8%8B%09&ext_tese=%E8%BD%AF%E8%91%97%09&ext_feiyong=1%E5%91%A8%09 HTTP/1.1" 200 4872 "-" "Mozilla/5.0 (Linux; Android 6.0.1; Nexus 5X Build/MMB29P) AppleWebKit/537.36 (KHTML, like Gecko) Chrome/151.0.7922.137 Mobile Safari/537.36 (compatible; Googlebot/2.1; +http://www.google.com/bot.html)"
66.249.64.110 - - [23/Aug/2026:11:23:33 +0800] "GET /?list_13/&ext_feiyong=1%E4%B8%AA%E6%9C%88&ext_tese=%E8%BD%AF%E8%91%97%09&ext_leixing=%E7%94%9F%E7%89%A9&ext_dizhi=%E9%80%9A%E4%BF%A1%E5%B7%A5%E7%A8%8B HTTP/1.1" 200 4859 "-" "Mozilla/5.0 (Linux; Android 6.0.1; Nexus 5X Build/MMB29P) AppleWebKit/537.36 (KHTML, like Gecko) Chrome/151.0.7922.137 Mobile Safari/537.36 (compatible; Googlebot/2.1; +http://www.google.com/bot.html)"
66.249.64.110 - - [23/Aug/2026:11:23:48 +0800] "GET /?list_13/&ext_tese=%09%E5%BA%94%E7%94%A8%E7%A0%94%E7%A9%B6&ext_leixing=%09%E9%87%91%E8%9E%8D&ext_dizhi=%E8%88%AA%E7%A9%BA%E8%88%AA%E5%A4%A9%09 HTTP/1.1" 200 4842 "-" "Mozilla/5.0 (Linux; Android 6.0.1; Nexus 5X Build/MMB29P) AppleWebKit/537.36 (KHTML, like Gecko) Chrome/151.0.7922.137 Mobile Safari/537.36 (compatible; Googlebot/2.1; +http://www.google.com/bot.html)"
66.249.64.97 - - [23/Aug/2026:11:24:03 +0800] "GET /?list_13/&ext_dizhi=%E6%9C%BA%E5%99%A8%E4%BA%BA%09&ext_tese=%E6%A8%A1%E5%9E%8B&ext_feiyong=1%E5%91%A8%09&ext_leixing=%09%E8%AE%A1%E7%AE%97%E6%9C%BA HTTP/1.1" 200 4853 "-" "Mozilla/5.0 (Linux; Android 6.0.1; Nexus 5X Build/MMB29P) AppleWebKit/537.36 (KHTML, like Gecko) Chrome/151.0.7922.137 Mobile Safari/537.36 (compatible; Googlebot/2.1; +http://www.google.com/bot.html)"
66.249.64.110 - - [23/Aug/2026:11:24:04 +0800] "GET /?list_13/&ext_tese=%E7%90%86%E8%AE%BA%E7%A0%94%E7%A9%B6&ext_feiyong=%091%E4%B8%AA%E6%9C%88%E4%BB%A5%E4%B8%8A&ext_leixing=%E6%95%B0%E5%AD%A6&ext_dizhi=%E6%95%B0%E5%AD%A6%E5%88%86%E6%9E%90%09 HTTP/1.1" 200 4884 "-" "Mozilla/5.0 (Linux; Android 6.0.1; Nexus 5X Build/MMB29P) AppleWebKit/537.36 (KHTML, like Gecko) Chrome/151.0.7922.137 Mobile Safari/537.36 (compatible; Googlebot/2.1; +http://www.google.com/bot.html)"
66.249.64.110 - - [23/Aug/2026:11:24:05 +0800] "GET /?list_13/&ext_dizhi=%09%E4%BF%A1%E6%81%AF%E6%8A%80%E6%9C%AF&ext_tese=%E4%B8%93%E5%88%A9&ext_feiyong=%091%E4%B8%AA%E6%9C%88%E4%BB%A5%E4%B8%8A&ext_leixing=%09%E8%AE%A1%E7%AE%97%E6%9C%BA HTTP/1.1" 200 4885 "-" "Mozilla/5.0 (Linux; Android 6.0.1; Nexus 5X Build/MMB29P) AppleWebKit/537.36 (KHTML, like Gecko) Chrome/151.0.7922.137 Mobile Safari/537.36 (compatible; Googlebot/2.1; +http://www.google.com/bot.html)"
66.249.64.96 - - [23/Aug/2026:11:24:18 +0800] "GET /?list_13/&ext_tese=%09%E5%BA%94%E7%94%A8%E7%A0%94%E7%A9%B6&ext_leixing=%E7%94%9F%E7%89%A9&ext_dizhi=%09%E7%BD%91%E7%BB%9C%E5%B7%A5%E7%A8%8B HTTP/1.1" 200 4847 "-" "Mozilla/5.0 (Linux; Android 6.0.1; Nexus 5X Build/MMB29P) AppleWebKit/537.36 (KHTML, like Gecko) Chrome/151.0.7922.137 Mobile Safari/537.36 (compatible; Googlebot/2.1; +http://www.google.com/bot.html)"
66.249.64.110 - - [23/Aug/2026:11:24:41 +0800] "GET /?list_13/&ext_dizhi=%E6%9C%BA%E5%99%A8%E4%BA%BA%09&ext_tese=%09%E5%BA%94%E7%94%A8%E7%A0%94%E7%A9%B6&ext_leixing=%09%E7%89%A9%E7%90%86%09 HTTP/1.1" 200 4846 "-" "Mozilla/5.0 (Linux; Android 6.0.1; Nexus 5X Build/MMB29P) AppleWebKit/537.36 (KHTML, like Gecko) Chrome/151.0.7922.137 Mobile Safari/537.36 (compatible; Googlebot/2.1; +http://www.google.com/bot.html)"
66.249.64.110 - - [23/Aug/2026:11:25:26 +0800] "GET /?list_13/&ext_tese=%09%E5%BA%94%E7%94%A8%E7%A0%94%E7%A9%B6&ext_leixing=%E7%94%9F%E7%89%A9&ext_dizhi=%09%E6%95%B0%E6%8D%AE%E5%A4%84%E7%90%86 HTTP/1.1" 200 4842 "-" "Mozilla/5.0 (Linux; Android 6.0.1; Nexus 5X Build/MMB29P) AppleWebKit/537.36 (KHTML, like Gecko) Chrome/151.0.7922.137 Mobile Safari/537.36 (compatible; Googlebot/2.1; +http://www.google.com/bot.html)"
66.249.64.96 - - [23/Aug/2026:11:25:27 +0800] "GET /?list_13/&ext_dizhi=%E5%9F%BA%E5%9B%A0%E5%B7%A5%E7%A8%8B&ext_leixing=%E7%94%9F%E7%89%A9&ext_tese=%09%E5%AD%A6%E6%9C%AF%E6%8A%A5%E5%91%8A%09&ext_feiyong=1%E4%B8%AA%E6%9C%88 HTTP/1.1" 200 4878 "-" "Mozilla/5.0 (Linux; Android 6.0.1; Nexus 5X Build/MMB29P) AppleWebKit/537.36 (KHTML, like Gecko) Chrome/151.0.7922.137 Mobile Safari/537.36 (compatible; Googlebot/2.1; +http://www.google.com/bot.html)"
66.249.64.110 - - [23/Aug/2026:11:25:59 +0800] "GET /?list_13/&ext_tese=%09%E5%BA%94%E7%94%A8%E7%A0%94%E7%A9%B6&ext_leixing=%E7%94%9F%E7%89%A9&ext_dizhi=%E8%88%AA%E7%A9%BA%E8%88%AA%E5%A4%A9%09&ext_feiyong=1%E5%91%A8%09 HTTP/1.1" 200 4858 "-" "Mozilla/5.0 (Linux; Android 6.0.1; Nexus 5X Build/MMB29P) AppleWebKit/537.36 (KHTML, like Gecko) Chrome/151.0.7922.137 Mobile Safari/537.36 (compatible; Googlebot/2.1; +http://www.google.com/bot.html)"
66.249.64.97 - - [23/Aug/2026:11:26:19 +0800] "GET /?list_13/&ext_leixing=%09%E8%AE%A1%E7%AE%97%E6%9C%BA&ext_dizhi=%09%E6%9C%BA%E6%A2%B0%E5%B7%A5%E7%A8%8B%09&ext_tese=%E7%90%86%E8%AE%BA%E7%A0%94%E7%A9%B6&ext_feiyong=1%E5%91%A8%09 HTTP/1.1" 200 4874 "-" "Mozilla/5.0 (Linux; Android 6.0.1; Nexus 5X Build/MMB29P) AppleWebKit/537.36 (KHTML, like Gecko) Chrome/151.0.7922.137 Mobile Safari/537.36 (compatible; Googlebot/2.1; +http://www.google.com/bot.html)"
66.249.64.96 - - [23/Aug/2026:11:26:55 +0800] "GET /?list_13/&ext_leixing=%09%E8%AE%A1%E7%AE%97%E6%9C%BA&ext_dizhi=%E6%95%B0%E6%8D%AE%E7%BB%9F%E8%AE%A1%09&ext_tese=%E8%BD%AF%E8%91%97%09&ext_feiyong=1%E5%91%A8%09 HTTP/1.1" 200 4856 "-" "Mozilla/5.0 (Linux; Android 6.0.1; Nexus 5X Build/MMB29P) AppleWebKit/537.36 (KHTML, like Gecko) Chrome/151.0.7922.137 Mobile Safari/537.36 (compatible; Googlebot/2.1; +http://www.google.com/bot.html)"
66.249.64.110 - - [23/Aug/2026:11:27:36 +0800] "GET /?list_13/&ext_dizhi=%E6%9C%BA%E5%99%A8%E4%BA%BA%09&ext_tese=%E7%90%86%E8%AE%BA%E7%A0%94%E7%A9%B6&ext_feiyong=1%E5%91%A8%09&ext_leixing=%09%E8%AE%A1%E7%AE%97%E6%9C%BA HTTP/1.1" 200 4858 "-" "Mozilla/5.0 (Linux; Android 6.0.1; Nexus 5X Build/MMB29P) AppleWebKit/537.36 (KHTML, like Gecko) Chrome/151.0.7922.137 Mobile Safari/537.36 (compatible; Googlebot/2.1; +http://www.google.com/bot.html)"
66.249.64.96 - - [23/Aug/2026:11:27:57 +0800] "GET /?list_13/&ext_tese=%09%E5%BA%94%E7%94%A8%E7%A0%94%E7%A9%B6&ext_leixing=%E7%94%9F%E7%89%A9&ext_dizhi=%E7%A4%BE%E4%BC%9A%E7%A7%91%E5%AD%A6 HTTP/1.1" 200 4843 "-" "Mozilla/5.0 (Linux; Android 6.0.1; Nexus 5X Build/MMB29P) AppleWebKit/537.36 (KHTML, like Gecko) Chrome/151.0.7922.137 Mobile Safari/537.36 (compatible; Googlebot/2.1; +http://www.google.com/bot.html)"
66.249.64.110 - - [23/Aug/2026:11:28:13 +0800] "GET /?list_13/&ext_tese=%09%E5%BA%94%E7%94%A8%E7%A0%94%E7%A9%B6&ext_leixing=%E7%94%9F%E7%89%A9&ext_dizhi=%E6%9C%BA%E5%99%A8%E4%BA%BA%09 HTTP/1.1" 200 4827 "-" "Mozilla/5.0 (Linux; Android 6.0.1; Nexus 5X Build/MMB29P) AppleWebKit/537.36 (KHTML, like Gecko) Chrome/151.0.7922.137 Mobile Safari/537.36 (compatible; Googlebot/2.1; +http://www.google.com/bot.html)"
40.77.167.1 - - [23/Aug/2026:11:28:25 +0800] "GET /?list_13/&ext_feiyong=1%E5%91%A8%09&ext_tese=%09%E8%AE%BA%E6%96%87%09&ext_leixing=%09%E9%80%9A%E4%BF%A1&ext_dizhi=%09%E7%BD%91%E7%BB%9C%E5%B7%A5%E7%A8%8B HTTP/1.1" 200 4860 "-" "Mozilla/5.0 AppleWebKit/537.36 (KHTML, like Gecko; compatible; bingbot/2.0; +http://www.bing.com/bingbot.htm) Chrome/116.0.1938.76 Safari/537.36"
66.249.64.96 - - [23/Aug/2026:11:28:32 +0800] "GET /?list_13/&ext_leixing=%09%E8%AE%A1%E7%AE%97%E6%9C%BA&ext_dizhi=%E6%9C%BA%E5%99%A8%E4%BA%BA%09&ext_tese=%E7%90%86%E8%AE%BA%E7%A0%94%E7%A9%B6&ext_feiyong=1%E5%91%A8%09 HTTP/1.1" 200 4861 "-" "Mozilla/5.0 (Linux; Android 6.0.1; Nexus 5X Build/MMB29P) AppleWebKit/537.36 (KHTML, like Gecko) Chrome/151.0.7922.137 Mobile Safari/537.36 (compatible; Googlebot/2.1; +http://www.google.com/bot.html)"
66.249.64.110 - - [23/Aug/2026:11:28:42 +0800] "GET /?list_13/&ext_leixing=%09%E8%AE%A1%E7%AE%97%E6%9C%BA&ext_dizhi=%E6%95%B0%E6%8D%AE%E7%BB%9F%E8%AE%A1%09&ext_tese=%E4%B8%93%E5%88%A9&ext_feiyong=1%E5%91%A8%09 HTTP/1.1" 200 4852 "-" "Mozilla/5.0 (Linux; Android 6.0.1; Nexus 5X Build/MMB29P) AppleWebKit/537.36 (KHTML, like Gecko) Chrome/151.0.7922.137 Mobile Safari/537.36 (compatible; Googlebot/2.1; +http://www.google.com/bot.html)"
66.249.64.110 - - [23/Aug/2026:11:28:57 +0800] "GET /?list_13/&ext_tese=%09%E5%BA%94%E7%94%A8%E7%A0%94%E7%A9%B6&ext_dizhi=%E8%88%AA%E7%A9%BA%E8%88%AA%E5%A4%A9%09 HTTP/1.1" 200 4764 "-" "Mozilla/5.0 (Linux; Android 6.0.1; Nexus 5X Build/MMB29P) AppleWebKit/537.36 (KHTML, like Gecko) Chrome/151.0.7922.137 Mobile Safari/537.36 (compatible; Googlebot/2.1; +http://www.google.com/bot.html)"
66.249.64.96 - - [23/Aug/2026:11:29:07 +0800] "GET /?list_13/&ext_tese=%09%E5%BA%94%E7%94%A8%E7%A0%94%E7%A9%B6&ext_leixing=%E5%8C%96%E5%AD%A6%09&ext_dizhi=%E8%88%AA%E7%A9%BA%E8%88%AA%E5%A4%A9%09 HTTP/1.1" 200 4831 "-" "Mozilla/5.0 (Linux; Android 6.0.1; Nexus 5X Build/MMB29P) AppleWebKit/537.36 (KHTML, like Gecko) Chrome/151.0.7922.137 Mobile Safari/537.36 (compatible; Googlebot/2.1; +http://www.google.com/bot.html)"
66.249.64.96 - - [23/Aug/2026:11:29:17 +0800] "GET /?list_13/&ext_tese=%09%E5%BA%94%E7%94%A8%E7%A0%94%E7%A9%B6&ext_leixing=%09%E9%80%9A%E4%BF%A1&ext_dizhi=%E8%88%AA%E7%A9%BA%E8%88%AA%E5%A4%A9%09 HTTP/1.1" 200 4841 "-" "Mozilla/5.0 (Linux; Android 6.0.1; Nexus 5X Build/MMB29P) AppleWebKit/537.36 (KHTML, like Gecko) Chrome/151.0.7922.137 Mobile Safari/537.36 (compatible; Googlebot/2.1; +http://www.google.com/bot.html)"
66.249.64.110 - - [23/Aug/2026:11:29:47 +0800] "GET /?list_13/&ext_leixing=%09%E8%AE%A1%E7%AE%97%E6%9C%BA&ext_dizhi=%E6%9C%BA%E5%99%A8%E4%BA%BA%09&ext_tese=%E4%B8%93%E5%88%A9&ext_feiyong=1%E5%91%A8%09 HTTP/1.1" 200 4849 "-" "Mozilla/5.0 (Linux; Android 6.0.1; Nexus 5X Build/MMB29P) AppleWebKit/537.36 (KHTML, like Gecko) Chrome/151.0.7922.137 Mobile Safari/537.36 (compatible; Googlebot/2.1; +http://www.google.com/bot.html)"
66.249.64.96 - - [23/Aug/2026:11:30:00 +0800] "GET /?list_13/&ext_tese=%09%E5%BA%94%E7%94%A8%E7%A0%94%E7%A9%B6&ext_leixing=%E7%94%9F%E7%89%A9&ext_dizhi=%09%E6%95%B0%E5%AD%97%E7%BB%8F%E6%B5%8E HTTP/1.1" 200 4845 "-" "Mozilla/5.0 (Linux; Android 6.0.1; Nexus 5X Build/MMB29P) AppleWebKit/537.36 (KHTML, like Gecko) Chrome/151.0.7922.137 Mobile Safari/537.36 (compatible; Googlebot/2.1; +http://www.google.com/bot.html)"
66.249.64.110 - - [23/Aug/2026:11:30:17 +0800] "GET /?list_13/&ext_dizhi=%E6%9C%BA%E5%99%A8%E4%BA%BA%09&ext_tese=%E8%BD%AF%E8%91%97%09&ext_feiyong=1%E4%B8%AA%E6%9C%88&ext_leixing=%09%E7%89%A9%E7%90%86%09 HTTP/1.1" 200 4862 "-" "Mozilla/5.0 (Linux; Android 6.0.1; Nexus 5X Build/MMB29P) AppleWebKit/537.36 (KHTML, like Gecko) Chrome/151.0.7922.137 Mobile Safari/537.36 (compatible; Googlebot/2.1; +http://www.google.com/bot.html)"
157.55.39.193 - - [23/Aug/2026:11:30:20 +0800] "GET /?list_13/&ext_feiyong=1%E4%B8%AA%E6%9C%88&ext_leixing=%09%E7%BB%8F%E6%B5%8E&ext_tese=%09%E5%AD%A6%E6%9C%AF%E6%8A%A5%E5%91%8A%09&ext_dizhi=%09%E6%95%B0%E6%8D%AE%E5%A4%84%E7%90%86 HTTP/1.1" 200 4866 "-" "Mozilla/5.0 AppleWebKit/537.36 (KHTML, like Gecko; compatible; bingbot/2.0; +http://www.bing.com/bingbot.htm) Chrome/116.0.1938.76 Safari/537.36"
66.249.64.110 - - [23/Aug/2026:11:30:25 +0800] "GET /?list_13/&ext_dizhi=%09%E6%95%B0%E5%AD%97%E7%BB%8F%E6%B5%8E&ext_tese=%09%E5%BA%94%E7%94%A8%E7%A0%94%E7%A9%B6&ext_feiyong=1%E4%B8%AA%E6%9C%88&ext_leixing=%09%E7%89%A9%E7%90%86%09 HTTP/1.1" 200 4885 "-" "Mozilla/5.0 (Linux; Android 6.0.1; Nexus 5X Build/MMB29P) AppleWebKit/537.36 (KHTML, like Gecko) Chrome/151.0.7922.137 Mobile Safari/537.36 (compatible; Googlebot/2.1; +http://www.google.com/bot.html)"
66.249.64.110 - - [23/Aug/2026:11:30:30 +0800] "GET /?list_13/&ext_dizhi=%09%E4%BF%A1%E6%81%AF%E6%8A%80%E6%9C%AF&ext_tese=%E7%90%86%E8%AE%BA%E7%A0%94%E7%A9%B6&ext_feiyong=1%E5%91%A8%09&ext_leixing=%E5%8C%96%E5%AD%A6%09 HTTP/1.1" 200 4867 "-" "Mozilla/5.0 (Linux; Android 6.0.1; Nexus 5X Build/MMB29P) AppleWebKit/537.36 (KHTML, like Gecko) Chrome/151.0.7922.137 Mobile Safari/537.36 (compatible; Googlebot/2.1; +http://www.google.com/bot.html)"
66.249.64.110 - - [23/Aug/2026:11:30:45 +0800] "GET /?list_13/&ext_dizhi=%E6%9C%BA%E5%99%A8%E4%BA%BA%09&ext_feiyong=1%E4%B8%AA%E6%9C%88&ext_leixing=%09%E9%80%9A%E4%BF%A1&ext_tese=%09%E5%AD%A6%E6%9C%AF%E6%8A%A5%E5%91%8A%09 HTTP/1.1" 200 4859 "-" "Mozilla/5.0 (Linux; Android 6.0.1; Nexus 5X Build/MMB29P) AppleWebKit/537.36 (KHTML, like Gecko) Chrome/151.0.7922.137 Mobile Safari/537.36 (compatible; Googlebot/2.1; +http://www.google.com/bot.html)"
40.77.167.1 - - [23/Aug/2026:11:30:55 +0800] "GET /?list_13/&ext_leixing=%09%E9%80%9A%E4%BF%A1&ext_feiyong=1%E5%91%A8%09&ext_dizhi=%09%E7%BD%91%E7%BB%9C%E5%B7%A5%E7%A8%8B HTTP/1.1" 200 4824 "-" "Mozilla/5.0 AppleWebKit/537.36 (KHTML, like Gecko; compatible; bingbot/2.0; +http://www.bing.com/bingbot.htm) Chrome/116.0.1938.76 Safari/537.36"
66.249.64.110 - - [23/Aug/2026:11:31:02 +0800] "GET /?list_13/&ext_dizhi=%E6%9C%BA%E5%99%A8%E4%BA%BA%09&ext_feiyong=1%E4%B8%AA%E6%9C%88&ext_leixing=%09%E9%80%9A%E4%BF%A1&ext_tese=%09%E5%BA%94%E7%94%A8%E7%A0%94%E7%A9%B6 HTTP/1.1" 200 4866 "-" "Mozilla/5.0 (Linux; Android 6.0.1; Nexus 5X Build/MMB29P) AppleWebKit/537.36 (KHTML, like Gecko) Chrome/151.0.7922.137 Mobile Safari/537.36 (compatible; Googlebot/2.1; +http://www.google.com/bot.html)"
66.249.64.110 - - [23/Aug/2026:11:31:39 +0800] "GET /?list_13/&ext_dizhi=%E8%88%AA%E7%A9%BA%E8%88%AA%E5%A4%A9%09&ext_tese=%09%E5%BA%94%E7%94%A8%E7%A0%94%E7%A9%B6&ext_feiyong=1%E4%B8%AA%E6%9C%88&ext_leixing=%09%E7%89%A9%E7%90%86%09 HTTP/1.1" 200 4878 "-" "Mozilla/5.0 (Linux; Android 6.0.1; Nexus 5X Build/MMB29P) AppleWebKit/537.36 (KHTML, like Gecko) Chrome/151.0.7922.137 Mobile Safari/537.36 (compatible; Googlebot/2.1; +http://www.google.com/bot.html)"
66.249.64.110 - - [23/Aug/2026:11:31:54 +0800] "GET /?list_13/&ext_feiyong=1%E5%91%A8%09&ext_leixing=%09%E9%80%9A%E4%BF%A1&ext_dizhi=%09%E8%BD%AF%E4%BB%B6%E5%B7%A5%E7%A8%8B%09 HTTP/1.1" 200 4827 "-" "Mozilla/5.0 (Linux; Android 6.0.1; Nexus 5X Build/MMB29P) AppleWebKit/537.36 (KHTML, like Gecko) Chrome/151.0.7922.137 Mobile Safari/537.36 (compatible; Googlebot/2.1; +http://www.google.com/bot.html)"
66.249.64.110 - - [23/Aug/2026:11:31:55 +0800] "GET /?list_13/&ext_dizhi=%E5%9F%BA%E5%9B%A0%E5%B7%A5%E7%A8%8B&ext_tese=%09%E5%BA%94%E7%94%A8%E7%A0%94%E7%A9%B6&ext_feiyong=1%E4%B8%AA%E6%9C%88&ext_leixing=%09%E7%89%A9%E7%90%86%09 HTTP/1.1" 200 4892 "-" "Mozilla/5.0 (Linux; Android 6.0.1; Nexus 5X Build/MMB29P) AppleWebKit/537.36 (KHTML, like Gecko) Chrome/151.0.7922.137 Mobile Safari/537.36 (compatible; Googlebot/2.1; +http://www.google.com/bot.html)"
57.141.2.52 - - [23/Aug/2026:11:32:29 +0800] "HEAD / HTTP/1.1" 200 0 "-" "facebookexternalhit/1.1 (+http://www.facebook.com/externalhit_uatext.php)"
66.249.64.97 - - [23/Aug/2026:11:33:03 +0800] "GET /?list_13/&ext_dizhi=%E5%A4%A7%E6%95%B0%E6%8D%AE%09&ext_tese=%E7%90%86%E8%AE%BA%E7%A0%94%E7%A9%B6&ext_leixing=%E5%8C%96%E5%AD%A6%09&ext_feiyong=1%E4%B8%AA%E6%9C%88 HTTP/1.1" 200 4873 "-" "Mozilla/5.0 (Linux; Android 6.0.1; Nexus 5X Build/MMB29P) AppleWebKit/537.36 (KHTML, like Gecko) Chrome/151.0.7922.137 Mobile Safari/537.36 (compatible; Googlebot/2.1; +http://www.google.com/bot.html)"
66.249.64.110 - - [23/Aug/2026:11:33:04 +0800] "GET /?list_13/&ext_dizhi=%E4%BA%BA%E5%B7%A5%E6%99%BA%E8%83%BD%09&ext_tese=%09%E8%AE%BA%E6%96%87%09&ext_leixing=%E6%95%B0%E5%AD%A6 HTTP/1.1" 200 4831 "-" "Mozilla/5.0 (Linux; Android 6.0.1; Nexus 5X Build/MMB29P) AppleWebKit/537.36 (KHTML, like Gecko) Chrome/151.0.7922.137 Mobile Safari/537.36 (compatible; Googlebot/2.1; +http://www.google.com/bot.html)"
66.249.64.110 - - [23/Aug/2026:11:33:05 +0800] "GET /?list_13/&ext_dizhi=%E6%95%B0%E6%8D%AE%E7%BB%9F%E8%AE%A1%09&ext_feiyong=1%E4%B8%AA%E6%9C%88&ext_tese=%E6%A8%A1%E5%9E%8B&ext_leixing=%E7%94%9F%E7%89%A9 HTTP/1.1" 200 4860 "-" "Mozilla/5.0 (Linux; Android 6.0.1; Nexus 5X Build/MMB29P) AppleWebKit/537.36 (KHTML, like Gecko) Chrome/151.0.7922.137 Mobile Safari/537.36 (compatible; Googlebot/2.1; +http://www.google.com/bot.html)"
66.249.64.96 - - [23/Aug/2026:11:33:06 +0800] "GET /?list_13/&ext_feiyong=%091%E4%B8%AA%E6%9C%88%E4%BB%A5%E4%B8%8A&ext_dizhi=%09%E6%95%B0%E5%AD%97%E7%BB%8F%E6%B5%8E&ext_leixing=%09%E7%BB%8F%E6%B5%8E&ext_tese=%E6%A8%A1%E5%9E%8B HTTP/1.1" 200 4872 "-" "Mozilla/5.0 (Linux; Android 6.0.1; Nexus 5X Build/MMB29P) AppleWebKit/537.36 (KHTML, like Gecko) Chrome/151.0.7922.137 Mobile Safari/537.36 (compatible; Googlebot/2.1; +http://www.google.com/bot.html)"
66.249.64.110 - - [23/Aug/2026:11:33:07 +0800] "GET /?list_13/&ext_feiyong=1%E4%B8%AA%E6%9C%88&ext_leixing=%09%E9%87%91%E8%9E%8D&ext_tese=%E7%90%86%E8%AE%BA%E7%A0%94%E7%A9%B6&ext_dizhi=%E5%B8%82%E5%9C%BA%E8%90%A5%E9%94%80 HTTP/1.1" 200 4865 "-" "Mozilla/5.0 (Linux; Android 6.0.1; Nexus 5X Build/MMB29P) AppleWebKit/537.36 (KHTML, like Gecko) Chrome/151.0.7922.137 Mobile Safari/537.36 (compatible; Googlebot/2.1; +http://www.google.com/bot.html)"
66.249.64.110 - - [23/Aug/2026:11:33:27 +0800] "GET /?list_13/&ext_dizhi=%09&ext_tese=%E7%90%86%E8%AE%BA%E7%A0%94%E7%A9%B6&ext_feiyong=1%E5%91%A8%09&ext_leixing=%E7%94%9F%E7%89%A9 HTTP/1.1" 200 4850 "-" "Mozilla/5.0 (Linux; Android 6.0.1; Nexus 5X Build/MMB29P) AppleWebKit/537.36 (KHTML, like Gecko) Chrome/151.0.7922.137 Mobile Safari/537.36 (compatible; Googlebot/2.1; +http://www.google.com/bot.html)"
66.249.64.110 - - [23/Aug/2026:11:33:36 +0800] "GET /?list_13/&ext_dizhi=%E9%87%91%E8%9E%8D%E7%AE%A1%E7%90%86&ext_feiyong=%091%E4%B8%AA%E6%9C%88%E4%BB%A5%E4%B8%8A&ext_tese=%E8%BD%AF%E8%91%97%09&ext_leixing=%E6%95%B0%E5%AD%A6 HTTP/1.1" 200 4878 "-" "Mozilla/5.0 (Linux; Android 6.0.1; Nexus 5X Build/MMB29P) AppleWebKit/537.36 (KHTML, like Gecko) Chrome/151.0.7922.137 Mobile Safari/537.36 (compatible; Googlebot/2.1; +http://www.google.com/bot.html)"
66.249.64.97 - - [23/Aug/2026:11:34:06 +0800] "GET /?list_13/&ext_dizhi=%E8%88%AA%E7%A9%BA%E8%88%AA%E5%A4%A9%09&ext_tese=%E7%90%86%E8%AE%BA%E7%A0%94%E7%A9%B6&ext_feiyong=1%E4%B8%AA%E6%9C%88&ext_leixing=%09%E9%87%91%E8%9E%8D HTTP/1.1" 200 4876 "-" "Mozilla/5.0 (Linux; Android 6.0.1; Nexus 5X Build/MMB29P) AppleWebKit/537.36 (KHTML, like Gecko) Chrome/151.0.7922.137 Mobile Safari/537.36 (compatible; Googlebot/2.1; +http://www.google.com/bot.html)"
66.249.64.110 - - [23/Aug/2026:11:34:18 +0800] "GET /?list_13/&ext_dizhi=%E5%9F%BA%E5%9B%A0%E5%B7%A5%E7%A8%8B&ext_feiyong=%091%E4%B8%AA%E6%9C%88%E4%BB%A5%E4%B8%8A&ext_tese=%09%E8%AE%BA%E6%96%87%09&ext_leixing=%E6%95%B0%E5%AD%A6 HTTP/1.1" 200 4861 "-" "Mozilla/5.0 (Linux; Android 6.0.1; Nexus 5X Build/MMB29P) AppleWebKit/537.36 (KHTML, like Gecko) Chrome/151.0.7922.137 Mobile Safari/537.36 (compatible; Googlebot/2.1; +http://www.google.com/bot.html)"
66.249.64.110 - - [23/Aug/2026:11:34:19 +0800] "GET /?list_13/&ext_leixing=%09%E9%80%9A%E4%BF%A1&ext_feiyong=1%E5%91%A8%09&ext_tese=%E7%90%86%E8%AE%BA%E7%A0%94%E7%A9%B6&ext_dizhi=%E5%9F%BA%E5%9B%A0%E5%B7%A5%E7%A8%8B HTTP/1.1" 200 4854 "-" "Mozilla/5.0 (Linux; Android 6.0.1; Nexus 5X Build/MMB29P) AppleWebKit/537.36 (KHTML, like Gecko) Chrome/151.0.7922.137 Mobile Safari/537.36 (compatible; Googlebot/2.1; +http://www.google.com/bot.html)"
66.249.64.110 - - [23/Aug/2026:11:34:28 +0800] "GET /?list_13/&ext_dizhi=%09%E6%95%B0%E5%AD%97%E7%BB%8F%E6%B5%8E&ext_feiyong=1%E4%B8%AA%E6%9C%88&ext_tese=%09%E8%AE%BA%E6%96%87%09&ext_leixing=%E5%8C%96%E5%AD%A6%09 HTTP/1.1" 200 4878 "-" "Mozilla/5.0 (Linux; Android 6.0.1; Nexus 5X Build/MMB29P) AppleWebKit/537.36 (KHTML, like Gecko) Chrome/151.0.7922.137 Mobile Safari/537.36 (compatible; Googlebot/2.1; +http://www.google.com/bot.html)"
57.141.6.4 - - [23/Aug/2026:11:34:30 +0800] "HEAD / HTTP/1.1" 200 0 "-" "facebookexternalhit/1.1 (+http://www.facebook.com/externalhit_uatext.php)"
66.249.64.110 - - [23/Aug/2026:11:34:38 +0800] "GET /?list_13/&ext_dizhi=%09%E6%9C%BA%E6%A2%B0%E5%B7%A5%E7%A8%8B%09&ext_tese=%E7%90%86%E8%AE%BA%E7%A0%94%E7%A9%B6&ext_feiyong=1%E4%B8%AA%E6%9C%88&ext_leixing=%09%E9%87%91%E8%9E%8D HTTP/1.1" 200 4887 "-" "Mozilla/5.0 (Linux; Android 6.0.1; Nexus 5X Build/MMB29P) AppleWebKit/537.36 (KHTML, like Gecko) Chrome/151.0.7922.137 Mobile Safari/537.36 (compatible; Googlebot/2.1; +http://www.google.com/bot.html)"
66.249.64.110 - - [23/Aug/2026:11:34:48 +0800] "GET /?list_13/&ext_dizhi=%E5%B8%82%E5%9C%BA%E8%90%A5%E9%94%80&ext_feiyong=1%E5%91%A8%09&ext_tese=%E6%A8%A1%E5%9E%8B&ext_leixing=%09%E7%BB%8F%E6%B5%8E HTTP/1.1" 200 4853 "-" "Mozilla/5.0 (Linux; Android 6.0.1; Nexus 5X Build/MMB29P) AppleWebKit/537.36 (KHTML, like Gecko) Chrome/151.0.7922.137 Mobile Safari/537.36 (compatible; Googlebot/2.1; +http://www.google.com/bot.html)"
66.249.64.110 - - [23/Aug/2026:11:35:26 +0800] "GET /?list_13/&ext_dizhi=%E6%9C%BA%E5%99%A8%E4%BA%BA%09&ext_feiyong=1%E4%B8%AA%E6%9C%88&ext_tese=%E8%BD%AF%E8%91%97%09&ext_leixing=%E6%95%B0%E5%AD%A6 HTTP/1.1" 200 4855 "-" "Mozilla/5.0 (Linux; Android 6.0.1; Nexus 5X Build/MMB29P) AppleWebKit/537.36 (KHTML, like Gecko) Chrome/151.0.7922.137 Mobile Safari/537.36 (compatible; Googlebot/2.1; +http://www.google.com/bot.html)"
66.249.64.110 - - [23/Aug/2026:11:35:33 +0800] "GET /?list_13/&ext_tese=%E6%A8%A1%E5%9E%8B&ext_dizhi=%E9%80%9A%E4%BF%A1%E5%B7%A5%E7%A8%8B&ext_feiyong=1%E4%B8%AA%E6%9C%88&ext_leixing=%09%E7%BB%8F%E6%B5%8E HTTP/1.1" 200 4858 "-" "Mozilla/5.0 (Linux; Android 6.0.1; Nexus 5X Build/MMB29P) AppleWebKit/537.36 (KHTML, like Gecko) Chrome/151.0.7922.137 Mobile Safari/537.36 (compatible; Googlebot/2.1; +http://www.google.com/bot.html)"
66.249.64.110 - - [23/Aug/2026:11:35:48 +0800] "GET /?list_13/&ext_dizhi=%E5%B8%82%E5%9C%BA%E8%90%A5%E9%94%80&ext_feiyong=%091%E4%B8%AA%E6%9C%88%E4%BB%A5%E4%B8%8A&ext_tese=%09%E8%AE%BA%E6%96%87%09&ext_leixing=%E6%95%B0%E5%AD%A6 HTTP/1.1" 200 4868 "-" "Mozilla/5.0 (Linux; Android 6.0.1; Nexus 5X Build/MMB29P) AppleWebKit/537.36 (KHTML, like Gecko) Chrome/151.0.7922.137 Mobile Safari/537.36 (compatible; Googlebot/2.1; +http://www.google.com/bot.html)"
66.249.64.110 - - [23/Aug/2026:11:35:49 +0800] "GET /?list_13/&ext_feiyong=1%E5%91%A8%09&ext_leixing=%E6%95%B0%E5%AD%A6&ext_tese=%09%E8%AE%BA%E6%96%87%09&ext_dizhi=%09 HTTP/1.1" 200 4824 "-" "Mozilla/5.0 (Linux; Android 6.0.1; Nexus 5X Build/MMB29P) AppleWebKit/537.36 (KHTML, like Gecko) Chrome/151.0.7922.137 Mobile Safari/537.36 (compatible; Googlebot/2.1; +http://www.google.com/bot.html)"
66.249.64.96 - - [23/Aug/2026:11:36:05 +0800] "GET /?list_13/&ext_dizhi=%E4%BA%BA%E5%B7%A5%E6%99%BA%E8%83%BD%09&ext_feiyong=1%E5%91%A8%09&ext_tese=%E4%B8%93%E5%88%A9&ext_leixing=%09%E7%BB%8F%E6%B5%8E HTTP/1.1" 200 4855 "-" "Mozilla/5.0 (Linux; Android 6.0.1; Nexus 5X Build/MMB29P) AppleWebKit/537.36 (KHTML, like Gecko) Chrome/151.0.7922.137 Mobile Safari/537.36 (compatible; Googlebot/2.1; +http://www.google.com/bot.html)"
66.249.64.110 - - [23/Aug/2026:11:36:20 +0800] "GET /?list_13/&ext_dizhi=%09%E6%95%B0%E6%8D%AE%E5%A4%84%E7%90%86&ext_tese=%09%E5%AD%A6%E6%9C%AF%E6%8A%A5%E5%91%8A%09&ext_feiyong=1%E4%B8%AA%E6%9C%88&ext_leixing=%09%E9%87%91%E8%9E%8D HTTP/1.1" 200 4882 "-" "Mozilla/5.0 (Linux; Android 6.0.1; Nexus 5X Build/MMB29P) AppleWebKit/537.36 (KHTML, like Gecko) Chrome/151.0.7922.137 Mobile Safari/537.36 (compatible; Googlebot/2.1; +http://www.google.com/bot.html)"
157.55.39.193 - - [23/Aug/2026:11:36:31 +0800] "GET /?list_13/&ext_dizhi=%09%E6%9C%BA%E6%A2%B0%E5%B7%A5%E7%A8%8B%09&ext_tese=%09%E8%AE%BA%E6%96%87%09&ext_feiyong=1%E5%91%A8%09&ext_leixing=%E5%8C%96%E5%AD%A6%09 HTTP/1.1" 200 4878 "-" "Mozilla/5.0 AppleWebKit/537.36 (KHTML, like Gecko; compatible; bingbot/2.0; +http://www.bing.com/bingbot.htm) Chrome/116.0.1938.76 Safari/537.36"
66.249.64.110 - - [23/Aug/2026:11:36:35 +0800] "GET /?list_13/&ext_dizhi=%E4%BA%BA%E5%B7%A5%E6%99%BA%E8%83%BD%09&ext_feiyong=1%E5%91%A8%09&ext_tese=%E4%B8%93%E5%88%A9&ext_leixing=%09%E7%89%A9%E7%90%86%09 HTTP/1.1" 200 4856 "-" "Mozilla/5.0 (Linux; Android 6.0.1; Nexus 5X Build/MMB29P) AppleWebKit/537.36 (KHTML, like Gecko) Chrome/151.0.7922.137 Mobile Safari/537.36 (compatible; Googlebot/2.1; +http://www.google.com/bot.html)"
40.77.167.1 - - [23/Aug/2026:11:36:36 +0800] "GET /?list_13/&ext_dizhi=%E7%94%B5%E5%AD%90%E7%94%B5%E6%B0%94%09&ext_leixing=%09%E7%BB%8F%E6%B5%8E&ext_tese=%09%E8%AE%BA%E6%96%87%09 HTTP/1.1" 200 4830 "-" "Mozilla/5.0 AppleWebKit/537.36 (KHTML, like Gecko; compatible; bingbot/2.0; +http://www.bing.com/bingbot.htm) Chrome/116.0.1938.76 Safari/537.36"
