66.249.64.110 - - [23/Aug/2026:11:36:36 +0800] "GET /?list_13/&ext_feiyong=1%E5%91%A8%09&ext_leixing=%09%E7%BB%8F%E6%B5%8E&ext_tese=%09%E5%BA%94%E7%94%A8%E7%A0%94%E7%A9%B6 HTTP/1.1" 200 4821 "-" "Mozilla/5.0 (Linux; Android 6.0.1; Nexus 5X Build/MMB29P) AppleWebKit/537.36 (KHTML, like Gecko) Chrome/151.0.7922.137 Mobile Safari/537.36 (compatible; Googlebot/2.1; +http://www.google.com/bot.html)"
57.141.24.25 - - [23/Aug/2026:11:36:37 +0800] "HEAD / HTTP/1.1" 200 0 "-" "facebookexternalhit/1.1 (+http://www.facebook.com/externalhit_uatext.php)"
66.249.64.110 - - [23/Aug/2026:11:36:58 +0800] "GET /?list_13/&ext_dizhi=%E6%95%B0%E6%8D%AE%E7%BB%9F%E8%AE%A1%09&ext_feiyong=%091%E4%B8%AA%E6%9C%88%E4%BB%A5%E4%B8%8A&ext_tese=%09%E8%AE%BA%E6%96%87%09&ext_leixing=%E6%95%B0%E5%AD%A6 HTTP/1.1" 200 4873 "-" "Mozilla/5.0 (Linux; Android 6.0.1; Nexus 5X Build/MMB29P) AppleWebKit/537.36 (KHTML, like Gecko) Chrome/151.0.7922.137 Mobile Safari/537.36 (compatible; Googlebot/2.1; +http://www.google.com/bot.html)"
66.249.64.110 - - [23/Aug/2026:11:36:59 +0800] "GET /?list_13/&ext_tese=%E8%BD%AF%E8%91%97%09&ext_leixing=%E6%95%B0%E5%AD%A6&ext_feiyong=1%E4%B8%AA%E6%9C%88&ext_dizhi=%E9%87%91%E8%9E%8D%E7%AE%A1%E7%90%86 HTTP/1.1" 200 4848 "-" "Mozilla/5.0 (Linux; Android 6.0.1; Nexus 5X Build/MMB29P) AppleWebKit/537.36 (KHTML, like Gecko) Chrome/151.0.7922.137 Mobile Safari/537.36 (compatible; Googlebot/2.1; +http://www.google.com/bot.html)"
66.249.64.96 - - [23/Aug/2026:11:37:29 +0800] "GET /?list_13/&ext_dizhi=%09%E7%BD%91%E7%BB%9C%E5%B7%A5%E7%A8%8B&ext_leixing=%09%E9%87%91%E8%9E%8D&ext_feiyong=1%E4%B8%AA%E6%9C%88&ext_tese=%09%E8%AE%BA%E6%96%87%09 HTTP/1.1" 200 4860 "-" "Mozilla/5.0 (Linux; Android 6.0.1; Nexus 5X Build/MMB29P) AppleWebKit/537.36 (KHTML, like Gecko) Chrome/151.0.7922.137 Mobile Safari/537.36 (compatible; Googlebot/2.1; +http://www.google.com/bot.html)"
66.249.64.96 - - [23/Aug/2026:11:37:29 +0800] "GET /?list_13/&ext_dizhi=%09%E6%95%B0%E6%8D%AE%E5%A4%84%E7%90%86&ext_tese=%E7%90%86%E8%AE%BA%E7%A0%94%E7%A9%B6&ext_feiyong=1%E5%91%A8%09&ext_leixing=%09%E8%AE%A1%E7%AE%97%E6%9C%BA HTTP/1.1" 200 4861 "-" "Mozilla/5.0 (Linux; Android 6.0.1; Nexus 5X Build/MMB29P) AppleWebKit/537.36 (KHTML, like Gecko) Chrome/151.0.7922.137 Mobile Safari/537.36 (compatible; Googlebot/2.1; +http://www.google.com/bot.html)"
66.249.64.110 - - [23/Aug/2026:11:37:30 +0800] "GET /?list_13/&ext_leixing=%09%E9%80%9A%E4%BF%A1&ext_tese=%09%E5%AD%A6%E6%9C%AF%E6%8A%A5%E5%91%8A%09&ext_dizhi=%E9%87%91%E8%9E%8D%E7%AE%A1%E7%90%86&ext_feiyong=1%E4%B8%AA%E6%9C%88 HTTP/1.1" 200 4884 "-" "Mozilla/5.0 (Linux; Android 6.0.1; Nexus 5X Build/MMB29P) AppleWebKit/537.36 (KHTML, like Gecko) Chrome/151.0.7922.137 Mobile Safari/537.36 (compatible; Googlebot/2.1; +http://www.google.com/bot.html)"
66.249.64.96 - - [23/Aug/2026:11:37:58 +0800] "GET /?list_13/&ext_dizhi=%E5%95%86%E5%8A%A1%E7%AE%A1%E7%90%86%09&ext_tese=%E7%90%86%E8%AE%BA%E7%A0%94%E7%A9%B6&ext_feiyong=1%E4%B8%AA%E6%9C%88&ext_leixing=%09%E9%87%91%E8%9E%8D HTTP/1.1" 200 4877 "-" "Mozilla/5.0 (Linux; Android 6.0.1; Nexus 5X Build/MMB29P) AppleWebKit/537.36 (KHTML, like Gecko) Chrome/151.0.7922.137 Mobile Safari/537.36 (compatible; Googlebot/2.1; +http://www.google.com/bot.html)"
66.249.64.97 - - [23/Aug/2026:11:38:23 +0800] "GET /?list_13/&ext_dizhi=%09%E6%95%B0%E6%8D%AE%E5%A4%84%E7%90%86&ext_tese=%E7%90%86%E8%AE%BA%E7%A0%94%E7%A9%B6&ext_feiyong=1%E5%91%A8%09&ext_leixing=%09%E7%89%A9%E7%90%86%09 HTTP/1.1" 200 4859 "-" "Mozilla/5.0 (Linux; Android 6.0.1; Nexus 5X Build/MMB29P) AppleWebKit/537.36 (KHTML, like Gecko) Chrome/151.0.7922.137 Mobile Safari/537.36 (compatible; Googlebot/2.1; +http://www.google.com/bot.html)"
57.141.18.26 - - [23/Aug/2026:11:38:55 +0800] "HEAD / HTTP/1.1" 200 0 "-" "facebookexternalhit/1.1 (+http://www.facebook.com/externalhit_uatext.php)"
66.249.64.96 - - [23/Aug/2026:11:39:02 +0800] "GET /?list_13/&ext_dizhi=%09%E6%9C%BA%E6%A2%B0%E5%B7%A5%E7%A8%8B%09&ext_feiyong=1%E4%B8%AA%E6%9C%88&ext_tese=%09%E8%AE%BA%E6%96%87%09&ext_leixing=%E5%8C%96%E5%AD%A6%09 HTTP/1.1" 200 4879 "-" "Mozilla/5.0 (Linux; Android 6.0.1; Nexus 5X Build/MMB29P) AppleWebKit/537.36 (KHTML, like Gecko) Chrome/151.0.7922.137 Mobile Safari/537.36 (compatible; Googlebot/2.1; +http://www.google.com/bot.html)"
66.249.64.110 - - [23/Aug/2026:11:39:13 +0800] "GET /?list_13/&ext_dizhi=%09%E4%BF%A1%E6%81%AF%E6%8A%80%E6%9C%AF&ext_tese=%E7%90%86%E8%AE%BA%E7%A0%94%E7%A9%B6&ext_feiyong=%091%E4%B8%AA%E6%9C%88%E4%BB%A5%E4%B8%8A&ext_leixing=%09%E7%89%A9%E7%90%86%09 HTTP/1.1" 200 4888 "-" "Mozilla/5.0 (Linux; Android 6.0.1; Nexus 5X Build/MMB29P) AppleWebKit/537.36 (KHTML, like Gecko) Chrome/151.0.7922.137 Mobile Safari/537.36 (compatible; Googlebot/2.1; +http://www.google.com/bot.html)"
66.249.64.110 - - [23/Aug/2026:11:39:56 +0800] "GET /?list_13/&ext_leixing=%09%E9%87%91%E8%9E%8D&ext_dizhi=%09%E6%95%B0%E6%8D%AE%E5%A4%84%E7%90%86 HTTP/1.1" 200 4792 "-" "Mozilla/5.0 (Linux; Android 6.0.1; Nexus 5X Build/MMB29P) AppleWebKit/537.36 (KHTML, like Gecko) Chrome/151.0.7922.137 Mobile Safari/537.36 (compatible; Googlebot/2.1; +http://www.google.com/bot.html)"
66.249.64.96 - - [23/Aug/2026:11:40:08 +0800] "GET /?list_13/&ext_dizhi=%E9%87%91%E8%9E%8D%E7%AE%A1%E7%90%86&ext_feiyong=%091%E4%B8%AA%E6%9C%88%E4%BB%A5%E4%B8%8A&ext_tese=%09%E8%AE%BA%E6%96%87%09&ext_leixing=%E7%94%9F%E7%89%A9 HTTP/1.1" 200 4883 "-" "Mozilla/5.0 (Linux; Android 6.0.1; Nexus 5X Build/MMB29P) AppleWebKit/537.36 (KHTML, like Gecko) Chrome/151.0.7922.137 Mobile Safari/537.36 (compatible; Googlebot/2.1; +http://www.google.com/bot.html)"
66.249.64.96 - - [23/Aug/2026:11:40:18 +0800] "GET /?list_13/&ext_dizhi=%E9%80%9A%E4%BF%A1%E5%B7%A5%E7%A8%8B&ext_feiyong=%091%E4%B8%AA%E6%9C%88%E4%BB%A5%E4%B8%8A&ext_tese=%09%E8%AE%BA%E6%96%87%09&ext_leixing=%E6%95%B0%E5%AD%A6 HTTP/1.1" 200 4871 "-" "Mozilla/5.0 (Linux; Android 6.0.1; Nexus 5X Build/MMB29P) AppleWebKit/537.36 (KHTML, like Gecko) Chrome/151.0.7922.137 Mobile Safari/537.36 (compatible; Googlebot/2.1; +http://www.google.com/bot.html)"
66.249.64.110 - - [23/Aug/2026:11:40:33 +0800] "GET /?list_13/&ext_dizhi=%E6%95%B0%E5%AD%A6%E5%88%86%E6%9E%90%09&ext_feiyong=1%E4%B8%AA%E6%9C%88&ext_tese=%09%E8%AE%BA%E6%96%87%09&ext_leixing=%09%E9%80%9A%E4%BF%A1 HTTP/1.1" 200 4857 "-" "Mozilla/5.0 (Linux; Android 6.0.1; Nexus 5X Build/MMB29P) AppleWebKit/537.36 (KHTML, like Gecko) Chrome/151.0.7922.137 Mobile Safari/537.36 (compatible; Googlebot/2.1; +http://www.google.com/bot.html)"
66.249.64.96 - - [23/Aug/2026:11:41:06 +0800] "GET /?list_13/&ext_dizhi=%E6%95%B0%E5%AD%A6%E5%88%86%E6%9E%90%09&ext_feiyong=%091%E4%B8%AA%E6%9C%88%E4%BB%A5%E4%B8%8A&ext_tese=%09%E8%AE%BA%E6%96%87%09&ext_leixing=%E6%95%B0%E5%AD%A6 HTTP/1.1" 200 4865 "-" "Mozilla/5.0 (Linux; Android 6.0.1; Nexus 5X Build/MMB29P) AppleWebKit/537.36 (KHTML, like Gecko) Chrome/151.0.7922.137 Mobile Safari/537.36 (compatible; Googlebot/2.1; +http://www.google.com/bot.html)"
57.141.8.2 - - [23/Aug/2026:11:41:15 +0800] "HEAD / HTTP/1.1" 200 0 "-" "facebookexternalhit/1.1 (+http://www.facebook.com/externalhit_uatext.php)"
66.249.64.96 - - [23/Aug/2026:11:41:16 +0800] "GET /?list_13/&ext_dizhi=%09%E6%95%B0%E6%8D%AE%E5%A4%84%E7%90%86&ext_tese=%09%E5%AD%A6%E6%9C%AF%E6%8A%A5%E5%91%8A%09&ext_feiyong=%091%E4%B8%AA%E6%9C%88%E4%BB%A5%E4%B8%8A&ext_leixing=%E7%94%9F%E7%89%A9 HTTP/1.1" 200 4890 "-" "Mozilla/5.0 (Linux; Android 6.0.1; Nexus 5X Build/MMB29P) AppleWebKit/537.36 (KHTML, like Gecko) Chrome/151.0.7922.137 Mobile Safari/537.36 (compatible; Googlebot/2.1; +http://www.google.com/bot.html)"
66.249.64.110 - - [23/Aug/2026:11:41:27 +0800] "GET /?list_13/&ext_dizhi=%E9%87%91%E8%9E%8D%E7%AE%A1%E7%90%86&ext_feiyong=%091%E4%B8%AA%E6%9C%88%E4%BB%A5%E4%B8%8A&ext_tese=%09%E5%BA%94%E7%94%A8%E7%A0%94%E7%A9%B6&ext_leixing=%E6%95%B0%E5%AD%A6 HTTP/1.1" 200 4902 "-" "Mozilla/5.0 (Linux; Android 6.0.1; Nexus 5X Build/MMB29P) AppleWebKit/537.36 (KHTML, like Gecko) Chrome/151.0.7922.137 Mobile Safari/537.36 (compatible; Googlebot/2.1; +http://www.google.com/bot.html)"
66.249.64.110 - - [23/Aug/2026:11:41:38 +0800] "GET /?list_13/&ext_dizhi=%E4%BA%BA%E5%B7%A5%E6%99%BA%E8%83%BD%09&ext_feiyong=1%E5%91%A8%09&ext_tese=%E7%90%86%E8%AE%BA%E7%A0%94%E7%A9%B6&ext_leixing=%E7%94%9F%E7%89%A9 HTTP/1.1" 200 4864 "-" "Mozilla/5.0 (Linux; Android 6.0.1; Nexus 5X Build/MMB29P) AppleWebKit/537.36 (KHTML, like Gecko) Chrome/151.0.7922.137 Mobile Safari/537.36 (compatible; Googlebot/2.1; +http://www.google.com/bot.html)"
66.249.64.110 - - [23/Aug/2026:11:41:52 +0800] "GET /?list_13/&ext_dizhi=%09%E6%95%B0%E6%8D%AE%E5%A4%84%E7%90%86&ext_feiyong=1%E4%B8%AA%E6%9C%88&ext_tese=%09%E8%AE%BA%E6%96%87%09&ext_leixing=%E5%8C%96%E5%AD%A6%09 HTTP/1.1" 200 4871 "-" "Mozilla/5.0 (Linux; Android 6.0.1; Nexus 5X Build/MMB29P) AppleWebKit/537.36 (KHTML, like Gecko) Chrome/151.0.7922.137 Mobile Safari/537.36 (compatible; Googlebot/2.1; +http://www.google.com/bot.html)"
66.249.64.96 - - [23/Aug/2026:11:42:05 +0800] "GET /?list_13/&ext_dizhi=%09%E6%95%B0%E6%8D%AE%E5%A4%84%E7%90%86&ext_tese=%E7%90%86%E8%AE%BA%E7%A0%94%E7%A9%B6&ext_feiyong=1%E5%91%A8%09&ext_leixing=%09%E9%87%91%E8%9E%8D HTTP/1.1" 200 4862 "-" "Mozilla/5.0 (Linux; Android 6.0.1; Nexus 5X Build/MMB29P) AppleWebKit/537.36 (KHTML, like Gecko) Chrome/151.0.7922.137 Mobile Safari/537.36 (compatible; Googlebot/2.1; +http://www.google.com/bot.html)"
66.249.64.96 - - [23/Aug/2026:11:42:15 +0800] "GET /?list_13/&ext_dizhi=%E9%87%91%E8%9E%8D%E7%AE%A1%E7%90%86&ext_feiyong=%091%E4%B8%AA%E6%9C%88%E4%BB%A5%E4%B8%8A&ext_tese=%09%E8%AE%BA%E6%96%87%09&ext_leixing=%09%E8%AE%A1%E7%AE%97%E6%9C%BA HTTP/1.1" 200 4896 "-" "Mozilla/5.0 (Linux; Android 6.0.1; Nexus 5X Build/MMB29P) AppleWebKit/537.36 (KHTML, like Gecko) Chrome/151.0.7922.137 Mobile Safari/537.36 (compatible; Googlebot/2.1; +http://www.google.com/bot.html)"
66.249.64.110 - - [23/Aug/2026:11:42:49 +0800] "GET /?list_13/&ext_tese=%E4%B8%93%E5%88%A9&ext_leixing=%09%E7%BB%8F%E6%B5%8E&ext_dizhi=%09%E6%95%B0%E6%8D%AE%E5%A4%84%E7%90%86 HTTP/1.1" 200 4825 "-" "Mozilla/5.0 (Linux; Android 6.0.1; Nexus 5X Build/MMB29P) AppleWebKit/537.36 (KHTML, like Gecko) Chrome/151.0.7922.137 Mobile Safari/537.36 (compatible; Googlebot/2.1; +http://www.google.com/bot.html)"
157.55.39.7 - - [23/Aug/2026:11:42:52 +0800] "GET /?list_13/&ext_leixing=%09%E7%89%A9%E7%90%86%09&ext_tese=%09%E8%AE%BA%E6%96%87%09&ext_feiyong=1%E5%91%A8%09&ext_dizhi=%E5%9F%BA%E5%9B%A0%E5%B7%A5%E7%A8%8B HTTP/1.1" 200 4847 "-" "Mozilla/5.0 AppleWebKit/537.36 (KHTML, like Gecko; compatible; bingbot/2.0; +http://www.bing.com/bingbot.htm) Chrome/116.0.1938.76 Safari/537.36"
66.249.64.97 - - [23/Aug/2026:11:43:07 +0800] "GET /?list_13/&ext_dizhi=%09%E4%BF%A1%E6%81%AF%E6%8A%80%E6%9C%AF&ext_tese=%E7%90%86%E8%AE%BA%E7%A0%94%E7%A9%B6&ext_feiyong=1%E5%91%A8%09&ext_leixing=%09%E7%89%A9%E7%90%86%09 HTTP/1.1" 200 4867 "-" "Mozilla/5.0 (Linux; Android 6.0.1; Nexus 5X Build/MMB29P) AppleWebKit/537.36 (KHTML, like Gecko) Chrome/151.0.7922.137 Mobile Safari/537.36 (compatible; Googlebot/2.1; +http://www.google.com/bot.html)"
66.249.64.96 - - [23/Aug/2026:11:43:22 +0800] "GET /?list_13/&ext_dizhi=%09%E6%95%B0%E6%8D%AE%E5%A4%84%E7%90%86&ext_tese=%E7%90%86%E8%AE%BA%E7%A0%94%E7%A9%B6&ext_feiyong=1%E5%91%A8%09&ext_leixing=%09%E7%BB%8F%E6%B5%8E HTTP/1.1" 200 4861 "-" "Mozilla/5.0 (Linux; Android 6.0.1; Nexus 5X Build/MMB29P) AppleWebKit/537.36 (KHTML, like Gecko) Chrome/151.0.7922.137 Mobile Safari/537.36 (compatible; Googlebot/2.1; +http://www.google.com/bot.html)"
66.249.64.110 - - [23/Aug/2026:11:43:37 +0800] "GET /?list_13/&ext_dizhi=%E6%9C%BA%E5%99%A8%E4%BA%BA%09&ext_feiyong=1%E4%B8%AA%E6%9C%88&ext_tese=%09%E8%AE%BA%E6%96%87%09&ext_leixing=%09%E9%80%9A%E4%BF%A1 HTTP/1.1" 200 4857 "-" "Mozilla/5.0 (Linux; Android 6.0.1; Nexus 5X Build/MMB29P) AppleWebKit/537.36 (KHTML, like Gecko) Chrome/151.0.7922.137 Mobile Safari/537.36 (compatible; Googlebot/2.1; +http://www.google.com/bot.html)"
66.249.64.110 - - [23/Aug/2026:11:43:38 +0800] "GET /?list_13/&ext_tese=%E8%BD%AF%E8%91%97%09&ext_dizhi=%E5%B8%82%E5%9C%BA%E8%90%A5%E9%94%80&ext_feiyong=1%E4%B8%AA%E6%9C%88&ext_leixing=%E6%95%B0%E5%AD%A6 HTTP/1.1" 200 4856 "-" "Mozilla/5.0 (Linux; Android 6.0.1; Nexus 5X Build/MMB29P) AppleWebKit/537.36 (KHTML, like Gecko) Chrome/151.0.7922.137 Mobile Safari/537.36 (compatible; Googlebot/2.1; +http://www.google.com/bot.html)"
66.249.64.97 - - [23/Aug/2026:11:44:12 +0800] "GET /?list_13/&ext_dizhi=%09%E6%95%B0%E6%8D%AE%E5%A4%84%E7%90%86&ext_tese=%09%E5%AD%A6%E6%9C%AF%E6%8A%A5%E5%91%8A%09&ext_feiyong=1%E4%B8%AA%E6%9C%88&ext_leixing=%09%E7%BB%8F%E6%B5%8E HTTP/1.1" 200 4881 "-" "Mozilla/5.0 (Linux; Android 6.0.1; Nexus 5X Build/MMB29P) AppleWebKit/537.36 (KHTML, like Gecko) Chrome/151.0.7922.137 Mobile Safari/537.36 (compatible; Googlebot/2.1; +http://www.google.com/bot.html)"
66.249.64.96 - - [23/Aug/2026:11:44:36 +0800] "GET /?list_13/&ext_dizhi=%E5%B8%82%E5%9C%BA%E8%90%A5%E9%94%80&ext_feiyong=1%E5%91%A8%09&ext_tese=%E6%A8%A1%E5%9E%8B&ext_leixing=%09%E9%80%9A%E4%BF%A1 HTTP/1.1" 200 4852 "-" "Mozilla/5.0 (Linux; Android 6.0.1; Nexus 5X Build/MMB29P) AppleWebKit/537.36 (KHTML, like Gecko) Chrome/151.0.7922.137 Mobile Safari/537.36 (compatible; Googlebot/2.1; +http://www.google.com/bot.html)"
66.249.64.96 - - [23/Aug/2026:11:45:15 +0800] "GET /?list_13/&ext_tese=%E4%B8%93%E5%88%A9&ext_leixing=%09%E8%AE%A1%E7%AE%97%E6%9C%BA&ext_dizhi=%09%E6%95%B0%E6%8D%AE%E5%A4%84%E7%90%86 HTTP/1.1" 200 4832 "-" "Mozilla/5.0 (Linux; Android 6.0.1; Nexus 5X Build/MMB29P) AppleWebKit/537.36 (KHTML, like Gecko) Chrome/151.0.7922.137 Mobile Safari/537.36 (compatible; Googlebot/2.1; +http://www.google.com/bot.html)"
66.249.64.96 - - [23/Aug/2026:11:45:36 +0800] "GET /?list_13/&ext_dizhi=%09%E7%BD%91%E7%BB%9C%E5%B7%A5%E7%A8%8B&ext_feiyong=1%E4%B8%AA%E6%9C%88&ext_tese=%09%E8%AE%BA%E6%96%87%09&ext_leixing=%E5%8C%96%E5%AD%A6%09 HTTP/1.1" 200 4865 "-" "Mozilla/5.0 (Linux; Android 6.0.1; Nexus 5X Build/MMB29P) AppleWebKit/537.36 (KHTML, like Gecko) Chrome/151.0.7922.137 Mobile Safari/537.36 (compatible; Googlebot/2.1; +http://www.google.com/bot.html)"
66.249.64.110 - - [23/Aug/2026:11:45:54 +0800] "GET /?list_13/&ext_dizhi=%E4%BA%BA%E5%B7%A5%E6%99%BA%E8%83%BD%09&ext_feiyong=%091%E4%B8%AA%E6%9C%88%E4%BB%A5%E4%B8%8A&ext_tese=%09%E8%AE%BA%E6%96%87%09&ext_leixing=%E6%95%B0%E5%AD%A6 HTTP/1.1" 200 4865 "-" "Mozilla/5.0 (Linux; Android 6.0.1; Nexus 5X Build/MMB29P) AppleWebKit/537.36 (KHTML, like Gecko) Chrome/151.0.7922.137 Mobile Safari/537.36 (compatible; Googlebot/2.1; +http://www.google.com/bot.html)"
57.141.0.18 - - [23/Aug/2026:11:45:59 +0800] "HEAD / HTTP/1.1" 200 0 "-" "facebookexternalhit/1.1 (+http://www.facebook.com/externalhit_uatext.php)"
66.249.64.97 - - [23/Aug/2026:11:46:09 +0800] "GET /?list_13/&ext_dizhi=%09%E7%BD%91%E7%BB%9C%E5%B7%A5%E7%A8%8B&ext_tese=%E7%90%86%E8%AE%BA%E7%A0%94%E7%A9%B6&ext_feiyong=1%E4%B8%AA%E6%9C%88&ext_leixing=%09%E9%87%91%E8%9E%8D HTTP/1.1" 200 4882 "-" "Mozilla/5.0 (Linux; Android 6.0.1; Nexus 5X Build/MMB29P) AppleWebKit/537.36 (KHTML, like Gecko) Chrome/151.0.7922.137 Mobile Safari/537.36 (compatible; Googlebot/2.1; +http://www.google.com/bot.html)"
57.141.14.91 - - [23/Aug/2026:11:46:58 +0800] "HEAD / HTTP/1.1" 200 0 "-" "facebookexternalhit/1.1 (+http://www.facebook.com/externalhit_uatext.php)"
66.249.64.110 - - [23/Aug/2026:11:47:00 +0800] "GET /?list_13/&ext_dizhi=%09%E4%BF%A1%E6%81%AF%E6%8A%80%E6%9C%AF&ext_tese=%E7%90%86%E8%AE%BA%E7%A0%94%E7%A9%B6&ext_leixing=%09%E7%89%A9%E7%90%86%09 HTTP/1.1" 200 4853 "-" "Mozilla/5.0 (Linux; Android 6.0.1; Nexus 5X Build/MMB29P) AppleWebKit/537.36 (KHTML, like Gecko) Chrome/151.0.7922.137 Mobile Safari/537.36 (compatible; Googlebot/2.1; +http://www.google.com/bot.html)"
66.249.64.97 - - [23/Aug/2026:11:47:01 +0800] "GET /?list_13/&ext_tese=%E4%B8%93%E5%88%A9&ext_feiyong=%091%E4%B8%AA%E6%9C%88%E4%BB%A5%E4%B8%8A&ext_dizhi=%09%E7%BD%91%E7%BB%9C%E5%B7%A5%E7%A8%8B&ext_leixing=%09%E9%87%91%E8%9E%8D HTTP/1.1" 200 4855 "-" "Mozilla/5.0 (Linux; Android 6.0.1; Nexus 5X Build/MMB29P) AppleWebKit/537.36 (KHTML, like Gecko) Chrome/151.0.7922.137 Mobile Safari/537.36 (compatible; Googlebot/2.1; +http://www.google.com/bot.html)"
66.249.64.96 - - [23/Aug/2026:11:47:02 +0800] "GET /?list_13/&ext_tese=%09%E5%AD%A6%E6%9C%AF%E6%8A%A5%E5%91%8A%09&ext_feiyong=%091%E4%B8%AA%E6%9C%88%E4%BB%A5%E4%B8%8A&ext_leixing=%09%E7%BB%8F%E6%B5%8E HTTP/1.1" 200 4856 "-" "Mozilla/5.0 (Linux; Android 6.0.1; Nexus 5X Build/MMB29P) AppleWebKit/537.36 (KHTML, like Gecko) Chrome/151.0.7922.137 Mobile Safari/537.36 (compatible; Googlebot/2.1; +http://www.google.com/bot.html)"
66.249.64.110 - - [23/Aug/2026:11:47:33 +0800] "GET /?list_13/&ext_dizhi=%E5%B8%82%E5%9C%BA%E8%90%A5%E9%94%80&ext_feiyong=1%E5%91%A8%09&ext_tese=%E6%A8%A1%E5%9E%8B&ext_leixing=%E5%8C%96%E5%AD%A6%09 HTTP/1.1" 200 4853 "-" "Mozilla/5.0 (Linux; Android 6.0.1; Nexus 5X Build/MMB29P) AppleWebKit/537.36 (KHTML, like Gecko) Chrome/151.0.7922.137 Mobile Safari/537.36 (compatible; Googlebot/2.1; +http://www.google.com/bot.html)"
66.249.64.110 - - [23/Aug/2026:11:47:34 +0800] "GET /?list_13/&ext_tese=%09%E8%AE%BA%E6%96%87%09&ext_feiyong=1%E4%B8%AA%E6%9C%88&ext_dizhi=%E8%88%AA%E7%A9%BA%E8%88%AA%E5%A4%A9%09&ext_leixing=%09%E8%AE%A1%E7%AE%97%E6%9C%BA HTTP/1.1" 200 4861 "-" "Mozilla/5.0 (Linux; Android 6.0.1; Nexus 5X Build/MMB29P) AppleWebKit/537.36 (KHTML, like Gecko) Chrome/151.0.7922.137 Mobile Safari/537.36 (compatible; Googlebot/2.1; +http://www.google.com/bot.html)"
66.249.64.110 - - [23/Aug/2026:11:47:35 +0800] "GET /?list_13/&ext_dizhi=%E9%80%9A%E4%BF%A1%E5%B7%A5%E7%A8%8B&ext_tese=%E7%90%86%E8%AE%BA%E7%A0%94%E7%A9%B6&ext_leixing=%09%E7%BB%8F%E6%B5%8E&ext_feiyong=1%E5%91%A8%09 HTTP/1.1" 200 4870 "-" "Mozilla/5.0 (Linux; Android 6.0.1; Nexus 5X Build/MMB29P) AppleWebKit/537.36 (KHTML, like Gecko) Chrome/151.0.7922.137 Mobile Safari/537.36 (compatible; Googlebot/2.1; +http://www.google.com/bot.html)"
66.249.64.96 - - [23/Aug/2026:11:47:37 +0800] "GET /?list_13/&ext_feiyong=1%E4%B8%AA%E6%9C%88&ext_leixing=%09%E8%AE%A1%E7%AE%97%E6%9C%BA&ext_tese=%E6%A8%A1%E5%9E%8B&ext_dizhi=%09%E4%BF%A1%E6%81%AF%E6%8A%80%E6%9C%AF HTTP/1.1" 200 4845 "-" "Mozilla/5.0 (Linux; Android 6.0.1; Nexus 5X Build/MMB29P) AppleWebKit/537.36 (KHTML, like Gecko) Chrome/151.0.7922.137 Mobile Safari/537.36 (compatible; Googlebot/2.1; +http://www.google.com/bot.html)"
66.249.64.110 - - [23/Aug/2026:11:47:58 +0800] "GET /?list_13/&ext_dizhi=%09%E6%9C%BA%E6%A2%B0%E5%B7%A5%E7%A8%8B%09&ext_feiyong=%091%E4%B8%AA%E6%9C%88%E4%BB%A5%E4%B8%8A&ext_tese=%09%E8%AE%BA%E6%96%87%09&ext_leixing=%E6%95%B0%E5%AD%A6 HTTP/1.1" 200 4871 "-" "Mozilla/5.0 (Linux; Android 6.0.1; Nexus 5X Build/MMB29P) AppleWebKit/537.36 (KHTML, like Gecko) Chrome/151.0.7922.137 Mobile Safari/537.36 (compatible; Googlebot/2.1; +http://www.google.com/bot.html)"
66.249.64.110 - - [23/Aug/2026:11:48:18 +0800] "GET /?list_13/&ext_dizhi=%E7%94%B5%E5%AD%90%E7%94%B5%E6%B0%94%09&ext_tese=%E7%90%86%E8%AE%BA%E7%A0%94%E7%A9%B6&ext_feiyong=1%E4%B8%AA%E6%9C%88&ext_leixing=%09%E9%87%91%E8%9E%8D HTTP/1.1" 200 4881 "-" "Mozilla/5.0 (Linux; Android 6.0.1; Nexus 5X Build/MMB29P) AppleWebKit/537.36 (KHTML, like Gecko) Chrome/151.0.7922.137 Mobile Safari/537.36 (compatible; Googlebot/2.1; +http://www.google.com/bot.html)"
66.249.64.110 - - [23/Aug/2026:11:48:19 +0800] "GET /?list_13/&ext_feiyong=1%E5%91%A8%09&ext_leixing=%E6%95%B0%E5%AD%A6&ext_tese=%09%E8%AE%BA%E6%96%87%09&ext_dizhi=%E4%BA%BA%E5%B7%A5%E6%99%BA%E8%83%BD%09 HTTP/1.1" 200 4841 "-" "Mozilla/5.0 (Linux; Android 6.0.1; Nexus 5X Build/MMB29P) AppleWebKit/537.36 (KHTML, like Gecko) Chrome/151.0.7922.137 Mobile Safari/537.36 (compatible; Googlebot/2.1; +http://www.google.com/bot.html)"
66.249.64.110 - - [23/Aug/2026:11:48:35 +0800] "GET /?list_13/&ext_leixing=%09%E8%AE%A1%E7%AE%97%E6%9C%BA&ext_tese=%E6%A8%A1%E5%9E%8B&ext_dizhi=%E6%95%B0%E5%AD%A6%E5%88%86%E6%9E%90%09&ext_feiyong=1%E4%B8%AA%E6%9C%88 HTTP/1.1" 200 4857 "-" "Mozilla/5.0 (Linux; Android 6.0.1; Nexus 5X Build/MMB29P) AppleWebKit/537.36 (KHTML, like Gecko) Chrome/151.0.7922.137 Mobile Safari/537.36 (compatible; Googlebot/2.1; +http://www.google.com/bot.html)"
66.249.64.110 - - [23/Aug/2026:11:48:51 +0800] "GET /?list_13/&ext_dizhi=%09&ext_feiyong=1%E4%B8%AA%E6%9C%88&ext_tese=%09%E8%AE%BA%E6%96%87%09&ext_leixing=%09%E7%BB%8F%E6%B5%8E HTTP/1.1" 200 4853 "-" "Mozilla/5.0 (Linux; Android 6.0.1; Nexus 5X Build/MMB29P) AppleWebKit/537.36 (KHTML, like Gecko) Chrome/151.0.7922.137 Mobile Safari/537.36 (compatible; Googlebot/2.1; +http://www.google.com/bot.html)"
66.249.64.110 - - [23/Aug/2026:11:48:52 +0800] "GET /?list_13/&ext_feiyong=1%E5%91%A8%09&ext_tese=%09%E5%AD%A6%E6%9C%AF%E6%8A%A5%E5%91%8A%09&ext_leixing=%09%E8%AE%A1%E7%AE%97%E6%9C%BA&ext_dizhi=%E5%B8%82%E5%9C%BA%E8%90%A5%E9%94%80 HTTP/1.1" 200 4862 "-" "Mozilla/5.0 (Linux; Android 6.0.1; Nexus 5X Build/MMB29P) AppleWebKit/537.36 (KHTML, like Gecko) Chrome/151.0.7922.137 Mobile Safari/537.36 (compatible; Googlebot/2.1; +http://www.google.com/bot.html)"
66.249.64.97 - - [23/Aug/2026:11:49:01 +0800] "GET /?list_13/&ext_dizhi=%E9%87%91%E8%9E%8D%E7%AE%A1%E7%90%86&ext_feiyong=1%E4%B8%AA%E6%9C%88&ext_tese=%E8%BD%AF%E8%91%97%09&ext_leixing=%09%E7%BB%8F%E6%B5%8E HTTP/1.1" 200 4874 "-" "Mozilla/5.0 (Linux; Android 6.0.1; Nexus 5X Build/MMB29P) AppleWebKit/537.36 (KHTML, like Gecko) Chrome/151.0.7922.137 Mobile Safari/537.36 (compatible; Googlebot/2.1; +http://www.google.com/bot.html)"
66.249.64.96 - - [23/Aug/2026:11:49:29 +0800] "GET /?list_13/&ext_dizhi=%09%E4%BF%A1%E6%81%AF%E6%8A%80%E6%9C%AF&ext_feiyong=1%E5%91%A8%09&ext_tese=%E4%B8%93%E5%88%A9&ext_leixing=%09%E8%AE%A1%E7%AE%97%E6%9C%BA HTTP/1.1" 200 4859 "-" "Mozilla/5.0 (Linux; Android 6.0.1; Nexus 5X Build/MMB29P) AppleWebKit/537.36 (KHTML, like Gecko) Chrome/151.0.7922.137 Mobile Safari/537.36 (compatible; Googlebot/2.1; +http://www.google.com/bot.html)"
66.249.64.96 - - [23/Aug/2026:11:49:32 +0800] "GET /?list_13/&ext_dizhi=%E9%87%91%E8%9E%8D%E7%AE%A1%E7%90%86&ext_leixing=%09%E7%BB%8F%E6%B5%8E&ext_feiyong=%091%E4%B8%AA%E6%9C%88%E4%BB%A5%E4%B8%8A&ext_tese=%E7%90%86%E8%AE%BA%E7%A0%94%E7%A9%B6 HTTP/1.1" 200 4904 "-" "Mozilla/5.0 (Linux; Android 6.0.1; Nexus 5X Build/MMB29P) AppleWebKit/537.36 (KHTML, like Gecko) Chrome/151.0.7922.137 Mobile Safari/537.36 (compatible; Googlebot/2.1; +http://www.google.com/bot.html)"
57.141.20.44 - - [23/Aug/2026:11:49:34 +0800] "HEAD / HTTP/1.1" 200 0 "-" "facebookexternalhit/1.1 (+http://www.facebook.com/externalhit_uatext.php)"
52.167.144.141 - - [23/Aug/2026:11:50:07 +0800] "GET /?list_13/&ext_feiyong=%091%E4%B8%AA%E6%9C%88%E4%BB%A5%E4%B8%8A&ext_leixing=%09%E7%BB%8F%E6%B5%8E&ext_dizhi=%E7%A4%BE%E4%BC%9A%E7%A7%91%E5%AD%A6&ext_tese=%09%E5%AD%A6%E6%9C%AF%E6%8A%A5%E5%91%8A%09 HTTP/1.1" 200 4898 "-" "Mozilla/5.0 AppleWebKit/537.36 (KHTML, like Gecko; compatible; bingbot/2.0; +http://www.bing.com/bingbot.htm) Chrome/116.0.1938.76 Safari/537.36"
185.191.171.16 - - [23/Aug/2026:11:50:07 +0800] "GET /index.php/20260717-866224.shtml HTTP/1.1" 301 5 "-" "Mozilla/5.0 (compatible; SemrushBot/7~bl; +http://www.semrush.com/bot.html)"
52.167.144.140 - - [23/Aug/2026:11:50:11 +0800] "GET /?list_13/&ext_feiyong=1%E5%91%A8%09&ext_leixing=%09%E9%80%9A%E4%BF%A1&ext_dizhi=%09%E6%95%B0%E5%AD%97%E7%BB%8F%E6%B5%8E HTTP/1.1" 200 4821 "-" "Mozilla/5.0 AppleWebKit/537.36 (KHTML, like Gecko; compatible; bingbot/2.0; +http://www.bing.com/bingbot.htm) Chrome/116.0.1938.76 Safari/537.36"
66.249.64.96 - - [23/Aug/2026:11:50:20 +0800] "GET /?list_13/&ext_dizhi=%09&ext_feiyong=1%E4%B8%AA%E6%9C%88&ext_tese=%09%E8%AE%BA%E6%96%87%09&ext_leixing=%09%E9%80%9A%E4%BF%A1 HTTP/1.1" 200 4852 "-" "Mozilla/5.0 (Linux; Android 6.0.1; Nexus 5X Build/MMB29P) AppleWebKit/537.36 (KHTML, like Gecko) Chrome/151.0.7922.137 Mobile Safari/537.36 (compatible; Googlebot/2.1; +http://www.google.com/bot.html)"
66.249.64.110 - - [23/Aug/2026:11:50:23 +0800] "GET /?list_13/&ext_leixing=%E5%8C%96%E5%AD%A6%09&ext_dizhi=%E6%9C%BA%E5%99%A8%E4%BA%BA%09&ext_tese=%E8%BD%AF%E8%91%97%09&ext_feiyong=1%E5%91%A8%09 HTTP/1.1" 200 4845 "-" "Mozilla/5.0 (Linux; Android 6.0.1; Nexus 5X Build/MMB29P) AppleWebKit/537.36 (KHTML, like Gecko) Chrome/151.0.7922.137 Mobile Safari/537.36 (compatible; Googlebot/2.1; +http://www.google.com/bot.html)"
66.249.64.97 - - [23/Aug/2026:11:50:24 +0800] "GET /?list_13/&ext_feiyong=%091%E4%B8%AA%E6%9C%88%E4%BB%A5%E4%B8%8A&ext_leixing=%09%E9%87%91%E8%9E%8D&ext_tese=%E7%90%86%E8%AE%BA%E7%A0%94%E7%A9%B6&ext_dizhi=%E9%80%9A%E4%BF%A1%E5%B7%A5%E7%A8%8B HTTP/1.1" 200 4880 "-" "Mozilla/5.0 (Linux; Android 6.0.1; Nexus 5X Build/MMB29P) AppleWebKit/537.36 (KHTML, like Gecko) Chrome/151.0.7922.137 Mobile Safari/537.36 (compatible; Googlebot/2.1; +http://www.google.com/bot.html)"
66.249.64.96 - - [23/Aug/2026:11:50:46 +0800] "GET /?list_13/&ext_dizhi=%09%E6%95%B0%E5%AD%97%E7%BB%8F%E6%B5%8E&ext_feiyong=1%E4%B8%AA%E6%9C%88&ext_tese=%09%E8%AE%BA%E6%96%87%09&ext_leixing=%09%E7%BB%8F%E6%B5%8E HTTP/1.1" 200 4869 "-" "Mozilla/5.0 (Linux; Android 6.0.1; Nexus 5X Build/MMB29P) AppleWebKit/537.36 (KHTML, like Gecko) Chrome/151.0.7922.137 Mobile Safari/537.36 (compatible; Googlebot/2.1; +http://www.google.com/bot.html)"
66.249.64.96 - - [23/Aug/2026:11:50:47 +0800] "GET /?list_13/&ext_tese=%09%E8%AE%BA%E6%96%87%09&ext_leixing=%E7%94%9F%E7%89%A9&ext_dizhi=%E5%A4%A7%E6%95%B0%E6%8D%AE%09&ext_feiyong=1%E5%91%A8%09 HTTP/1.1" 200 4845 "-" "Mozilla/5.0 (Linux; Android 6.0.1; Nexus 5X Build/MMB29P) AppleWebKit/537.36 (KHTML, like Gecko) Chrome/151.0.7922.137 Mobile Safari/537.36 (compatible; Googlebot/2.1; +http://www.google.com/bot.html)"
66.249.64.110 - - [23/Aug/2026:11:50:56 +0800] "GET /?list_13/&ext_dizhi=%09%E6%9C%BA%E6%A2%B0%E5%B7%A5%E7%A8%8B%09&ext_feiyong=1%E4%B8%AA%E6%9C%88&ext_tese=%09%E8%AE%BA%E6%96%87%09&ext_leixing=%09%E7%BB%8F%E6%B5%8E HTTP/1.1" 200 4876 "-" "Mozilla/5.0 (Linux; Android 6.0.1; Nexus 5X Build/MMB29P) AppleWebKit/537.36 (KHTML, like Gecko) Chrome/151.0.7922.137 Mobile Safari/537.36 (compatible; Googlebot/2.1; +http://www.google.com/bot.html)"
52.167.144.140 - - [23/Aug/2026:11:51:07 +0800] "GET /?list_13/&ext_dizhi=%09%E7%BD%91%E7%BB%9C%E5%B7%A5%E7%A8%8B&ext_tese=%09%E5%AD%A6%E6%9C%AF%E6%8A%A5%E5%91%8A%09&ext_feiyong=1%E4%B8%AA%E6%9C%88&ext_leixing=%09%E9%87%91%E8%9E%8D HTTP/1.1" 200 4876 "-" "Mozilla/5.0 AppleWebKit/537.36 (KHTML, like Gecko; compatible; bingbot/2.0; +http://www.bing.com/bingbot.htm) Chrome/116.0.1938.76 Safari/537.36"
66.249.64.97 - - [23/Aug/2026:11:51:17 +0800] "GET /?list_13/&ext_dizhi=%E5%95%86%E5%8A%A1%E7%AE%A1%E7%90%86%09&ext_feiyong=1%E5%91%A8%09&ext_tese=%09%E5%AD%A6%E6%9C%AF%E6%8A%A5%E5%91%8A%09&ext_leixing=%E7%94%9F%E7%89%A9 HTTP/1.1" 200 4854 "-" "Mozilla/5.0 (Linux; Android 6.0.1; Nexus 5X Build/MMB29P) AppleWebKit/537.36 (KHTML, like Gecko) Chrome/151.0.7922.137 Mobile Safari/537.36 (compatible; Googlebot/2.1; +http://www.google.com/bot.html)"
66.249.64.110 - - [23/Aug/2026:11:51:18 +0800] "GET /?list_13/&ext_tese=%E4%B8%93%E5%88%A9&ext_feiyong=%091%E4%B8%AA%E6%9C%88%E4%BB%A5%E4%B8%8A&ext_dizhi=%09%E6%95%B0%E5%AD%97%E7%BB%8F%E6%B5%8E HTTP/1.1" 200 4814 "-" "Mozilla/5.0 (Linux; Android 6.0.1; Nexus 5X Build/MMB29P) AppleWebKit/537.36 (KHTML, like Gecko) Chrome/151.0.7922.137 Mobile Safari/537.36 (compatible; Googlebot/2.1; +http://www.google.com/bot.html)"
85.208.96.210 - - [23/Aug/2026:11:51:19 +0800] "GET /index.php/2026072142834-2240636.shtml HTTP/1.1" 301 5 "-" "Mozilla/5.0 (compatible; SemrushBot/7~bl; +http://www.semrush.com/bot.html)"
66.249.64.110 - - [23/Aug/2026:11:51:19 +0800] "GET /?list_13/&ext_dizhi=%E4%BA%BA%E5%B7%A5%E6%99%BA%E8%83%BD%09&ext_tese=%E6%A8%A1%E5%9E%8B&ext_feiyong=1%E4%B8%AA%E6%9C%88&ext_leixing=%E7%94%9F%E7%89%A9 HTTP/1.1" 200 4870 "-" "Mozilla/5.0 (Linux; Android 6.0.1; Nexus 5X Build/MMB29P) AppleWebKit/537.36 (KHTML, like Gecko) Chrome/151.0.7922.137 Mobile Safari/537.36 (compatible; Googlebot/2.1; +http://www.google.com/bot.html)"
66.249.64.96 - - [23/Aug/2026:11:51:27 +0800] "GET /?list_13/&ext_dizhi=%E5%95%86%E5%8A%A1%E7%AE%A1%E7%90%86%09&ext_feiyong=1%E4%B8%AA%E6%9C%88&ext_tese=%09%E8%AE%BA%E6%96%87%09&ext_leixing=%09%E7%89%A9%E7%90%86%09 HTTP/1.1" 200 4859 "-" "Mozilla/5.0 (Linux; Android 6.0.1; Nexus 5X Build/MMB29P) AppleWebKit/537.36 (KHTML, like Gecko) Chrome/151.0.7922.137 Mobile Safari/537.36 (compatible; Googlebot/2.1; +http://www.google.com/bot.html)"
66.249.64.110 - - [23/Aug/2026:11:51:48 +0800] "GET /?list_13/&ext_dizhi=%09&ext_feiyong=1%E4%B8%AA%E6%9C%88&ext_tese=%09%E8%AE%BA%E6%96%87%09&ext_leixing=%09%E8%AE%A1%E7%AE%97%E6%9C%BA HTTP/1.1" 200 4855 "-" "Mozilla/5.0 (Linux; Android 6.0.1; Nexus 5X Build/MMB29P) AppleWebKit/537.36 (KHTML, like Gecko) Chrome/151.0.7922.137 Mobile Safari/537.36 (compatible; Googlebot/2.1; +http://www.google.com/bot.html)"
57.141.10.4 - - [23/Aug/2026:11:52:23 +0800] "HEAD / HTTP/1.1" 200 0 "-" "facebookexternalhit/1.1 (+http://www.facebook.com/externalhit_uatext.php)"
66.249.64.110 - - [23/Aug/2026:11:52:24 +0800] "GET /?list_13/&ext_dizhi=%E7%94%B5%E5%AD%90%E7%94%B5%E6%B0%94%09&ext_feiyong=1%E4%B8%AA%E6%9C%88&ext_tese=%09%E8%AE%BA%E6%96%87%09&ext_leixing=%09%E8%AE%A1%E7%AE%97%E6%9C%BA HTTP/1.1" 200 4863 "-" "Mozilla/5.0 (Linux; Android 6.0.1; Nexus 5X Build/MMB29P) AppleWebKit/537.36 (KHTML, like Gecko) Chrome/151.0.7922.137 Mobile Safari/537.36 (compatible; Googlebot/2.1; +http://www.google.com/bot.html)"
66.249.64.96 - - [23/Aug/2026:11:52:25 +0800] "GET /?list_13/&ext_dizhi=%E9%80%9A%E4%BF%A1%E5%B7%A5%E7%A8%8B&ext_feiyong=1%E5%91%A8%09&ext_leixing=%09%E8%AE%A1%E7%AE%97%E6%9C%BA&ext_tese=%09%E5%BA%94%E7%94%A8%E7%A0%94%E7%A9%B6 HTTP/1.1" 200 4866 "-" "Mozilla/5.0 (Linux; Android 6.0.1; Nexus 5X Build/MMB29P) AppleWebKit/537.36 (KHTML, like Gecko) Chrome/151.0.7922.137 Mobile Safari/537.36 (compatible; Googlebot/2.1; +http://www.google.com/bot.html)"
207.46.13.17 - - [23/Aug/2026:11:52:33 +0800] "GET /?list_13/&ext_dizhi=%E9%80%9A%E4%BF%A1%E5%B7%A5%E7%A8%8B&ext_leixing=%09%E7%BB%8F%E6%B5%8E HTTP/1.1" 200 4792 "-" "Mozilla/5.0 AppleWebKit/537.36 (KHTML, like Gecko; compatible; bingbot/2.0; +http://www.bing.com/bingbot.htm) Chrome/116.0.1938.76 Safari/537.36"
66.249.64.96 - - [23/Aug/2026:11:52:34 +0800] "GET /?list_13/&ext_leixing=%09%E8%AE%A1%E7%AE%97%E6%9C%BA&ext_tese=%E6%A8%A1%E5%9E%8B&ext_dizhi=%09&ext_feiyong=1%E4%B8%AA%E6%9C%88 HTTP/1.1" 200 4847 "-" "Mozilla/5.0 (Linux; Android 6.0.1; Nexus 5X Build/MMB29P) AppleWebKit/537.36 (KHTML, like Gecko) Chrome/151.0.7922.137 Mobile Safari/537.36 (compatible; Googlebot/2.1; +http://www.google.com/bot.html)"
66.249.64.110 - - [23/Aug/2026:11:52:49 +0800] "GET /?list_13/&ext_dizhi=%E5%95%86%E5%8A%A1%E7%AE%A1%E7%90%86%09&ext_feiyong=1%E5%91%A8%09&ext_tese=%E4%B8%93%E5%88%A9&ext_leixing=%09%E8%AE%A1%E7%AE%97%E6%9C%BA HTTP/1.1" 200 4850 "-" "Mozilla/5.0 (Linux; Android 6.0.1; Nexus 5X Build/MMB29P) AppleWebKit/537.36 (KHTML, like Gecko) Chrome/151.0.7922.137 Mobile Safari/537.36 (compatible; Googlebot/2.1; +http://www.google.com/bot.html)"
207.46.13.17 - - [23/Aug/2026:11:52:53 +0800] "GET /?list_13/&ext_leixing=%09%E7%BB%8F%E6%B5%8E&ext_feiyong=1%E4%B8%AA%E6%9C%88&ext_dizhi=%09%E8%BD%AF%E4%BB%B6%E5%B7%A5%E7%A8%8B%09&ext_tese=%09%E8%AE%BA%E6%96%87%09 HTTP/1.1" 200 4878 "-" "Mozilla/5.0 AppleWebKit/537.36 (KHTML, like Gecko; compatible; bingbot/2.0; +http://www.bing.com/bingbot.htm) Chrome/116.0.1938.76 Safari/537.36"
127.0.0.1 - - [23/Aug/2026:11:53:00 +0800] "GET / HTTP/1.1" 200 7977 "https://www.baidu.com/" "Mozilla/5.0 (Linux; Android 10; MI 9 Build/QKQ1.190825.002; wv) AppleWebKit/537.36 (KHTML, like Gecko) Version/4.0 Chrome/67.0.3396.87 XWEB/1171 MMWEBSDK/200201 Mobile Safari/537.36 MMWEBID/2568 MicroMessenger/7.0.12.1620(0x27000C37) Process/tools NetType/4G Language/zh_CN ABI/arm64"
66.249.64.97 - - [23/Aug/2026:11:53:05 +0800] "GET /?list_13/&ext_dizhi=%09%E4%BF%A1%E6%81%AF%E6%8A%80%E6%9C%AF&ext_feiyong=1%E4%B8%AA%E6%9C%88&ext_tese=%09%E8%AE%BA%E6%96%87%09&ext_leixing=%09%E7%BB%8F%E6%B5%8E HTTP/1.1" 200 4854 "-" "Mozilla/5.0 (Linux; Android 6.0.1; Nexus 5X Build/MMB29P) AppleWebKit/537.36 (KHTML, like Gecko) Chrome/151.0.7922.137 Mobile Safari/537.36 (compatible; Googlebot/2.1; +http://www.google.com/bot.html)"
66.249.64.96 - - [23/Aug/2026:11:53:20 +0800] "GET /?list_13/&ext_dizhi=%E5%95%86%E5%8A%A1%E7%AE%A1%E7%90%86%09&ext_feiyong=1%E4%B8%AA%E6%9C%88&ext_tese=%09%E8%AE%BA%E6%96%87%09&ext_leixing=%09%E7%BB%8F%E6%B5%8E HTTP/1.1" 200 4859 "-" "Mozilla/5.0 (Linux; Android 6.0.1; Nexus 5X Build/MMB29P) AppleWebKit/537.36 (KHTML, like Gecko) Chrome/151.0.7922.137 Mobile Safari/537.36 (compatible; Googlebot/2.1; +http://www.google.com/bot.html)"
66.249.64.110 - - [23/Aug/2026:11:53:23 +0800] "GET /?list_13/&ext_leixing=%E7%94%9F%E7%89%A9&ext_tese=%E6%A8%A1%E5%9E%8B&ext_feiyong=1%E4%B8%AA%E6%9C%88&ext_dizhi=%E6%95%B0%E6%8D%AE%E7%BB%9F%E8%AE%A1%09 HTTP/1.1" 200 4843 "-" "Mozilla/5.0 (Linux; Android 6.0.1; Nexus 5X Build/MMB29P) AppleWebKit/537.36 (KHTML, like Gecko) Chrome/151.0.7922.137 Mobile Safari/537.36 (compatible; Googlebot/2.1; +http://www.google.com/bot.html)"
66.249.64.110 - - [23/Aug/2026:11:53:34 +0800] "GET /?list_13/&ext_dizhi=%E6%95%B0%E5%AD%A6%E5%88%86%E6%9E%90%09&ext_feiyong=1%E4%B8%AA%E6%9C%88&ext_tese=%09%E8%AE%BA%E6%96%87%09&ext_leixing=%09%E7%89%A9%E7%90%86%09 HTTP/1.1" 200 4862 "-" "Mozilla/5.0 (Linux; Android 6.0.1; Nexus 5X Build/MMB29P) AppleWebKit/537.36 (KHTML, like Gecko) Chrome/151.0.7922.137 Mobile Safari/537.36 (compatible; Googlebot/2.1; +http://www.google.com/bot.html)"
66.249.64.110 - - [23/Aug/2026:11:53:44 +0800] "GET /?list_13/&ext_dizhi=%09%E6%9C%BA%E6%A2%B0%E5%B7%A5%E7%A8%8B%09&ext_feiyong=1%E4%B8%AA%E6%9C%88&ext_tese=%09%E8%AE%BA%E6%96%87%09&ext_leixing=%09%E7%89%A9%E7%90%86%09 HTTP/1.1" 200 4876 "-" "Mozilla/5.0 (Linux; Android 6.0.1; Nexus 5X Build/MMB29P) AppleWebKit/537.36 (KHTML, like Gecko) Chrome/151.0.7922.137 Mobile Safari/537.36 (compatible; Googlebot/2.1; +http://www.google.com/bot.html)"
66.249.64.110 - - [23/Aug/2026:11:53:57 +0800] "GET /?list_13/&ext_leixing=%09%E8%AE%A1%E7%AE%97%E6%9C%BA&ext_tese=%E6%A8%A1%E5%9E%8B&ext_dizhi=%E5%95%86%E5%8A%A1%E7%AE%A1%E7%90%86%09&ext_feiyong=1%E4%B8%AA%E6%9C%88 HTTP/1.1" 200 4847 "-" "Mozilla/5.0 (Linux; Android 6.0.1; Nexus 5X Build/MMB29P) AppleWebKit/537.36 (KHTML, like Gecko) Chrome/151.0.7922.137 Mobile Safari/537.36 (compatible; Googlebot/2.1; +http://www.google.com/bot.html)"
66.249.64.110 - - [23/Aug/2026:11:54:07 +0800] "GET /?list_13/&ext_dizhi=%E6%9C%BA%E5%99%A8%E4%BA%BA%09&ext_feiyong=1%E4%B8%AA%E6%9C%88&ext_tese=%09%E8%AE%BA%E6%96%87%09&ext_leixing=%09%E7%89%A9%E7%90%86%09 HTTP/1.1" 200 4858 "-" "Mozilla/5.0 (Linux; Android 6.0.1; Nexus 5X Build/MMB29P) AppleWebKit/537.36 (KHTML, like Gecko) Chrome/151.0.7922.137 Mobile Safari/537.36 (compatible; Googlebot/2.1; +http://www.google.com/bot.html)"
40.77.167.29 - - [23/Aug/2026:11:54:17 +0800] "GET /?list_13/&ext_feiyong=1%E4%B8%AA%E6%9C%88&ext_leixing=%E7%94%9F%E7%89%A9&ext_dizhi=%E6%95%B0%E5%AD%A6%E5%88%86%E6%9E%90%09&ext_tese=%09%E5%AD%A6%E6%9C%AF%E6%8A%A5%E5%91%8A%09 HTTP/1.1" 200 4873 "-" "Mozilla/5.0 AppleWebKit/537.36 (KHTML, like Gecko; compatible; bingbot/2.0; +http://www.bing.com/bingbot.htm) Chrome/116.0.1938.76 Safari/537.36"
40.77.167.29 - - [23/Aug/2026:11:54:18 +0800] "GET /?list_13/&ext_dizhi=%09%E8%BD%AF%E4%BB%B6%E5%B7%A5%E7%A8%8B%09&ext_tese=%09%E8%AE%BA%E6%96%87%09&ext_feiyong=1%E4%B8%AA%E6%9C%88&ext_leixing=%09%E7%BB%8F%E6%B5%8E HTTP/1.1" 200 4883 "-" "Mozilla/5.0 AppleWebKit/537.36 (KHTML, like Gecko; compatible; bingbot/2.0; +http://www.bing.com/bingbot.htm) Chrome/116.0.1938.76 Safari/537.36"
207.46.13.17 - - [23/Aug/2026:11:54:22 +0800] "GET /?list_13/&ext_tese=%09%E8%AE%BA%E6%96%87%09&ext_feiyong=1%E4%B8%AA%E6%9C%88&ext_leixing=%09%E9%87%91%E8%9E%8D&ext_dizhi=%09%E6%95%B0%E6%8D%AE%E5%A4%84%E7%90%86 HTTP/1.1" 200 4879 "-" "Mozilla/5.0 AppleWebKit/537.36 (KHTML, like Gecko; compatible; bingbot/2.0; +http://www.bing.com/bingbot.htm) Chrome/116.0.1938.76 Safari/537.36"
66.249.64.96 - - [23/Aug/2026:11:54:29 +0800] "GET /?list_13/&ext_leixing=%E7%94%9F%E7%89%A9&ext_feiyong=1%E5%91%A8%09&ext_tese=%E7%90%86%E8%AE%BA%E7%A0%94%E7%A9%B6&ext_dizhi=%09%E6%95%B0%E5%AD%97%E7%BB%8F%E6%B5%8E HTTP/1.1" 200 4853 "-" "Mozilla/5.0 (Linux; Android 6.0.1; Nexus 5X Build/MMB29P) AppleWebKit/537.36 (KHTML, like Gecko) Chrome/151.0.7922.137 Mobile Safari/537.36 (compatible; Googlebot/2.1; +http://www.google.com/bot.html)"
66.249.64.96 - - [23/Aug/2026:11:54:30 +0800] "GET /?list_13/&ext_dizhi=%E7%94%B5%E5%AD%90%E7%94%B5%E6%B0%94%09&ext_feiyong=1%E5%91%A8%09&ext_tese=%E8%BD%AF%E8%91%97%09&ext_leixing=%E7%94%9F%E7%89%A9 HTTP/1.1" 200 4846 "-" "Mozilla/5.0 (Linux; Android 6.0.1; Nexus 5X Build/MMB29P) AppleWebKit/537.36 (KHTML, like Gecko) Chrome/151.0.7922.137 Mobile Safari/537.36 (compatible; Googlebot/2.1; +http://www.google.com/bot.html)"
66.249.64.110 - - [23/Aug/2026:11:54:59 +0800] "GET /?list_13/&ext_dizhi=%09%E4%BF%A1%E6%81%AF%E6%8A%80%E6%9C%AF&ext_feiyong=1%E5%91%A8%09&ext_tese=%E4%B8%93%E5%88%A9&ext_leixing=%09%E7%BB%8F%E6%B5%8E HTTP/1.1" 200 4853 "-" "Mozilla/5.0 (Linux; Android 6.0.1; Nexus 5X Build/MMB29P) AppleWebKit/537.36 (KHTML, like Gecko) Chrome/151.0.7922.137 Mobile Safari/537.36 (compatible; Googlebot/2.1; +http://www.google.com/bot.html)"
57.141.22.90 - - [23/Aug/2026:11:55:10 +0800] "HEAD / HTTP/1.1" 200 0 "-" "facebookexternalhit/1.1 (+http://www.facebook.com/externalhit_uatext.php)"
162.158.111.60 - - [23/Aug/2026:11:55:13 +0800] "GET /wp-admin/install.php?step=1 HTTP/1.1" 404 150 "-" "http://haosixiang.cn/wp-admin/install.php?step=1"
66.249.64.110 - - [23/Aug/2026:11:55:38 +0800] "GET /?list_13/&ext_dizhi=%E8%88%AA%E7%A9%BA%E8%88%AA%E5%A4%A9%09&ext_feiyong=1%E4%B8%AA%E6%9C%88&ext_tese=%09%E8%AE%BA%E6%96%87%09&ext_leixing=%09%E7%BB%8F%E6%B5%8E HTTP/1.1" 200 4858 "-" "Mozilla/5.0 (Linux; Android 6.0.1; Nexus 5X Build/MMB29P) AppleWebKit/537.36 (KHTML, like Gecko) Chrome/151.0.7922.137 Mobile Safari/537.36 (compatible; Googlebot/2.1; +http://www.google.com/bot.html)"
66.249.64.96 - - [23/Aug/2026:11:56:27 +0800] "GET /?list_13/&ext_dizhi=%E5%95%86%E5%8A%A1%E7%AE%A1%E7%90%86%09&ext_feiyong=1%E5%91%A8%09&ext_tese=%E4%B8%93%E5%88%A9&ext_leixing=%09%E7%89%A9%E7%90%86%09 HTTP/1.1" 200 4845 "-" "Mozilla/5.0 (Linux; Android 6.0.1; Nexus 5X Build/MMB29P) AppleWebKit/537.36 (KHTML, like Gecko) Chrome/151.0.7922.137 Mobile Safari/537.36 (compatible; Googlebot/2.1; +http://www.google.com/bot.html)"
66.249.64.110 - - [23/Aug/2026:11:56:31 +0800] "GET /?list_13/&ext_leixing=%E6%95%B0%E5%AD%A6&ext_feiyong=1%E4%B8%AA%E6%9C%88&ext_tese=%E8%BD%AF%E8%91%97%09&ext_dizhi=%E9%80%9A%E4%BF%A1%E5%B7%A5%E7%A8%8B HTTP/1.1" 200 4832 "-" "Mozilla/5.0 (Linux; Android 6.0.1; Nexus 5X Build/MMB29P) AppleWebKit/537.36 (KHTML, like Gecko) Chrome/151.0.7922.137 Mobile Safari/537.36 (compatible; Googlebot/2.1; +http://www.google.com/bot.html)"
66.249.64.96 - - [23/Aug/2026:11:56:46 +0800] "GET /?list_13/&ext_leixing=%09%E8%AE%A1%E7%AE%97%E6%9C%BA&ext_tese=%E6%A8%A1%E5%9E%8B&ext_dizhi=%E9%87%91%E8%9E%8D%E7%AE%A1%E7%90%86 HTTP/1.1" 200 4827 "-" "Mozilla/5.0 (Linux; Android 6.0.1; Nexus 5X Build/MMB29P) AppleWebKit/537.36 (KHTML, like Gecko) Chrome/151.0.7922.137 Mobile Safari/537.36 (compatible; Googlebot/2.1; +http://www.google.com/bot.html)"
66.249.64.110 - - [23/Aug/2026:11:57:01 +0800] "GET /?list_13/&ext_dizhi=%09&ext_feiyong=1%E4%B8%AA%E6%9C%88&ext_tese=%09%E8%AE%BA%E6%96%87%09&ext_leixing=%09%E7%89%A9%E7%90%86%09 HTTP/1.1" 200 4851 "-" "Mozilla/5.0 (Linux; Android 6.0.1; Nexus 5X Build/MMB29P) AppleWebKit/537.36 (KHTML, like Gecko) Chrome/151.0.7922.137 Mobile Safari/537.36 (compatible; Googlebot/2.1; +http://www.google.com/bot.html)"
207.46.13.17 - - [23/Aug/2026:11:57:03 +0800] "GET /?list_13/&ext_tese=%09%E5%AD%A6%E6%9C%AF%E6%8A%A5%E5%91%8A%09&ext_leixing=%09%E7%BB%8F%E6%B5%8E&ext_feiyong=1%E5%91%A8%09&ext_dizhi=%09%E6%9C%BA%E6%A2%B0%E5%B7%A5%E7%A8%8B%09 HTTP/1.1" 200 4866 "-" "Mozilla/5.0 AppleWebKit/537.36 (KHTML, like Gecko; compatible; bingbot/2.0; +http://www.bing.com/bingbot.htm) Chrome/116.0.1938.76 Safari/537.36"
185.191.171.14 - - [23/Aug/2026:11:57:10 +0800] "GET /template/show.php/20260718-11640.shtml HTTP/1.1" 403 46 "-" "Mozilla/5.0 (compatible; SemrushBot/7~bl; +http://www.semrush.com/bot.html)"
66.249.64.110 - - [23/Aug/2026:11:57:16 +0800] "GET /?list_13/&ext_leixing=%09%E8%AE%A1%E7%AE%97%E6%9C%BA&ext_tese=%E6%A8%A1%E5%9E%8B&ext_dizhi=%E4%BA%BA%E5%B7%A5%E6%99%BA%E8%83%BD%09&ext_feiyong=1%E4%B8%AA%E6%9C%88 HTTP/1.1" 200 4859 "-" "Mozilla/5.0 (Linux; Android 6.0.1; Nexus 5X Build/MMB29P) AppleWebKit/537.36 (KHTML, like Gecko) Chrome/151.0.7922.137 Mobile Safari/537.36 (compatible; Googlebot/2.1; +http://www.google.com/bot.html)"
185.191.171.5 - - [23/Aug/2026:11:57:17 +0800] "GET /template/app.php/20260719-62736526.shtml HTTP/1.1" 404 150 "-" "Mozilla/5.0 (compatible; SemrushBot/7~bl; +http://www.semrush.com/bot.html)"
66.249.64.110 - - [23/Aug/2026:11:57:34 +0800] "GET /?list_13/&ext_dizhi=%E5%95%86%E5%8A%A1%E7%AE%A1%E7%90%86%09&ext_feiyong=1%E5%91%A8%09&ext_tese=%E4%B8%93%E5%88%A9&ext_leixing=%09%E9%80%9A%E4%BF%A1 HTTP/1.1" 200 4843 "-" "Mozilla/5.0 (Linux; Android 6.0.1; Nexus 5X Build/MMB29P) AppleWebKit/537.36 (KHTML, like Gecko) Chrome/151.0.7922.137 Mobile Safari/537.36 (compatible; Googlebot/2.1; +http://www.google.com/bot.html)"
66.249.64.110 - - [23/Aug/2026:11:57:54 +0800] "GET /?list_13/&ext_dizhi=%E7%94%B5%E5%AD%90%E7%94%B5%E6%B0%94%09&ext_tese=%E7%90%86%E8%AE%BA%E7%A0%94%E7%A9%B6&ext_feiyong=1%E5%91%A8%09&ext_leixing=%09%E7%BB%8F%E6%B5%8E HTTP/1.1" 200 4868 "-" "Mozilla/5.0 (Linux; Android 6.0.1; Nexus 5X Build/MMB29P) AppleWebKit/537.36 (KHTML, like Gecko) Chrome/151.0.7922.137 Mobile Safari/537.36 (compatible; Googlebot/2.1; +http://www.google.com/bot.html)"
57.141.4.68 - - [23/Aug/2026:11:57:57 +0800] "HEAD / HTTP/1.1" 200 0 "-" "facebookexternalhit/1.1 (+http://www.facebook.com/externalhit_uatext.php)"
66.249.64.110 - - [23/Aug/2026:11:57:58 +0800] "GET /?list_13/&ext_dizhi=%09%E6%95%B0%E5%AD%97%E7%BB%8F%E6%B5%8E&ext_feiyong=1%E5%91%A8%09&ext_tese=%E4%B8%93%E5%88%A9&ext_leixing=%09%E7%BB%8F%E6%B5%8E HTTP/1.1" 200 4859 "-" "Mozilla/5.0 (Linux; Android 6.0.1; Nexus 5X Build/MMB29P) AppleWebKit/537.36 (KHTML, like Gecko) Chrome/151.0.7922.137 Mobile Safari/537.36 (compatible; Googlebot/2.1; +http://www.google.com/bot.html)"
66.249.64.96 - - [23/Aug/2026:11:58:11 +0800] "GET /?list_13/&ext_dizhi=%09%E6%95%B0%E5%AD%97%E7%BB%8F%E6%B5%8E&ext_feiyong=1%E5%91%A8%09&ext_tese=%E4%B8%93%E5%88%A9&ext_leixing=%E5%8C%96%E5%AD%A6%09 HTTP/1.1" 200 4866 "-" "Mozilla/5.0 (Linux; Android 6.0.1; Nexus 5X Build/MMB29P) AppleWebKit/537.36 (KHTML, like Gecko) Chrome/151.0.7922.137 Mobile Safari/537.36 (compatible; Googlebot/2.1; +http://www.google.com/bot.html)"
66.249.64.110 - - [23/Aug/2026:11:58:20 +0800] "GET /?list_13/&ext_dizhi=%09%E7%BD%91%E7%BB%9C%E5%B7%A5%E7%A8%8B&ext_feiyong=%091%E4%B8%AA%E6%9C%88%E4%BB%A5%E4%B8%8A&ext_tese=%09%E8%AE%BA%E6%96%87%09&ext_leixing=%E6%95%B0%E5%AD%A6 HTTP/1.1" 200 4859 "-" "Mozilla/5.0 (Linux; Android 6.0.1; Nexus 5X Build/MMB29P) AppleWebKit/537.36 (KHTML, like Gecko) Chrome/151.0.7922.137 Mobile Safari/537.36 (compatible; Googlebot/2.1; +http://www.google.com/bot.html)"
66.249.64.110 - - [23/Aug/2026:11:58:30 +0800] "GET /?list_13/&ext_dizhi=%09%E8%BD%AF%E4%BB%B6%E5%B7%A5%E7%A8%8B%09&ext_feiyong=1%E5%91%A8%09&ext_tese=%E8%BD%AF%E8%91%97%09&ext_leixing=%E7%94%9F%E7%89%A9 HTTP/1.1" 200 4847 "-" "Mozilla/5.0 (Linux; Android 6.0.1; Nexus 5X Build/MMB29P) AppleWebKit/537.36 (KHTML, like Gecko) Chrome/151.0.7922.137 Mobile Safari/537.36 (compatible; Googlebot/2.1; +http://www.google.com/bot.html)"
66.249.64.110 - - [23/Aug/2026:11:58:40 +0800] "GET /?list_13/&ext_dizhi=%E9%87%91%E8%9E%8D%E7%AE%A1%E7%90%86&ext_feiyong=%091%E4%B8%AA%E6%9C%88%E4%BB%A5%E4%B8%8A&ext_tese=%09%E8%AE%BA%E6%96%87%09&ext_leixing=%09%E7%BB%8F%E6%B5%8E HTTP/1.1" 200 4883 "-" "Mozilla/5.0 (Linux; Android 6.0.1; Nexus 5X Build/MMB29P) AppleWebKit/537.36 (KHTML, like Gecko) Chrome/151.0.7922.137 Mobile Safari/537.36 (compatible; Googlebot/2.1; +http://www.google.com/bot.html)"
66.249.64.110 - - [23/Aug/2026:11:58:51 +0800] "GET /?list_13/&ext_dizhi=%E4%BA%BA%E5%B7%A5%E6%99%BA%E8%83%BD%09&ext_feiyong=1%E4%B8%AA%E6%9C%88&ext_tese=%09%E8%AE%BA%E6%96%87%09&ext_leixing=%09%E7%BB%8F%E6%B5%8E HTTP/1.1" 200 4865 "-" "Mozilla/5.0 (Linux; Android 6.0.1; Nexus 5X Build/MMB29P) AppleWebKit/537.36 (KHTML, like Gecko) Chrome/151.0.7922.137 Mobile Safari/537.36 (compatible; Googlebot/2.1; +http://www.google.com/bot.html)"
66.249.64.97 - - [23/Aug/2026:11:59:33 +0800] "GET /?list_13/&ext_dizhi=%09%E6%95%B0%E5%AD%97%E7%BB%8F%E6%B5%8E&ext_feiyong=1%E5%91%A8%09&ext_tese=%E7%90%86%E8%AE%BA%E7%A0%94%E7%A9%B6&ext_leixing=%E7%94%9F%E7%89%A9 HTTP/1.1" 200 4875 "-" "Mozilla/5.0 (Linux; Android 6.0.1; Nexus 5X Build/MMB29P) AppleWebKit/537.36 (KHTML, like Gecko) Chrome/151.0.7922.137 Mobile Safari/537.36 (compatible; Googlebot/2.1; +http://www.google.com/bot.html)"
66.249.64.96 - - [23/Aug/2026:12:00:02 +0800] "GET /?list_13/&ext_dizhi=%E8%88%AA%E7%A9%BA%E8%88%AA%E5%A4%A9%09&ext_feiyong=1%E5%91%A8%09&ext_tese=%E8%BD%AF%E8%91%97%09&ext_leixing=%E7%94%9F%E7%89%A9 HTTP/1.1" 200 4844 "-" "Mozilla/5.0 (Linux; Android 6.0.1; Nexus 5X Build/MMB29P) AppleWebKit/537.36 (KHTML, like Gecko) Chrome/151.0.7922.137 Mobile Safari/537.36 (compatible; Googlebot/2.1; +http://www.google.com/bot.html)"
66.249.64.110 - - [23/Aug/2026:12:00:15 +0800] "GET /?list_13/&ext_dizhi=%E5%95%86%E5%8A%A1%E7%AE%A1%E7%90%86%09&ext_feiyong=1%E5%91%A8%09&ext_tese=%E7%90%86%E8%AE%BA%E7%A0%94%E7%A9%B6&ext_leixing=%E7%94%9F%E7%89%A9 HTTP/1.1" 200 4856 "-" "Mozilla/5.0 (Linux; Android 6.0.1; Nexus 5X Build/MMB29P) AppleWebKit/537.36 (KHTML, like Gecko) Chrome/151.0.7922.137 Mobile Safari/537.36 (compatible; Googlebot/2.1; +http://www.google.com/bot.html)"
66.249.64.110 - - [23/Aug/2026:12:00:29 +0800] "GET /?list_13/&ext_dizhi=%E5%95%86%E5%8A%A1%E7%AE%A1%E7%90%86%09&ext_feiyong=1%E5%91%A8%09&ext_tese=%09%E8%AE%BA%E6%96%87%09&ext_leixing=%E7%94%9F%E7%89%A9 HTTP/1.1" 200 4850 "-" "Mozilla/5.0 (Linux; Android 6.0.1; Nexus 5X Build/MMB29P) AppleWebKit/537.36 (KHTML, like Gecko) Chrome/151.0.7922.137 Mobile Safari/537.36 (compatible; Googlebot/2.1; +http://www.google.com/bot.html)"
57.141.16.17 - - [23/Aug/2026:12:00:47 +0800] "HEAD / HTTP/1.1" 200 0 "-" "facebookexternalhit/1.1 (+http://www.facebook.com/externalhit_uatext.php)"
66.249.64.97 - - [23/Aug/2026:12:01:12 +0800] "GET /?list_13/&ext_feiyong=1%E5%91%A8%09&ext_leixing=%E6%95%B0%E5%AD%A6&ext_tese=%09%E8%AE%BA%E6%96%87%09&ext_dizhi=%E6%95%B0%E5%AD%A6%E5%88%86%E6%9E%90%09 HTTP/1.1" 200 4835 "-" "Mozilla/5.0 (Linux; Android 6.0.1; Nexus 5X Build/MMB29P) AppleWebKit/537.36 (KHTML, like Gecko) Chrome/151.0.7922.137 Mobile Safari/537.36 (compatible; Googlebot/2.1; +http://www.google.com/bot.html)"
66.249.64.96 - - [23/Aug/2026:12:01:13 +0800] "GET /?list_13/&ext_dizhi=%E8%88%AA%E7%A9%BA%E8%88%AA%E5%A4%A9%09&ext_feiyong=1%E4%B8%AA%E6%9C%88&ext_tese=%09%E8%AE%BA%E6%96%87%09&ext_leixing=%09%E7%89%A9%E7%90%86%09 HTTP/1.1" 200 4859 "-" "Mozilla/5.0 (Linux; Android 6.0.1; Nexus 5X Build/MMB29P) AppleWebKit/537.36 (KHTML, like Gecko) Chrome/151.0.7922.137 Mobile Safari/537.36 (compatible; Googlebot/2.1; +http://www.google.com/bot.html)"
66.249.64.110 - - [23/Aug/2026:12:01:28 +0800] "GET /?list_13/&ext_dizhi=%09%E6%95%B0%E6%8D%AE%E5%A4%84%E7%90%86&ext_feiyong=1%E4%B8%AA%E6%9C%88&ext_tese=%09%E8%AE%BA%E6%96%87%09&ext_leixing=%09%E7%BB%8F%E6%B5%8E HTTP/1.1" 200 4870 "-" "Mozilla/5.0 (Linux; Android 6.0.1; Nexus 5X Build/MMB29P) AppleWebKit/537.36 (KHTML, like Gecko) Chrome/151.0.7922.137 Mobile Safari/537.36 (compatible; Googlebot/2.1; +http://www.google.com/bot.html)"
66.249.64.110 - - [23/Aug/2026:12:01:29 +0800] "GET /?list_13/&ext_tese=%E4%B8%93%E5%88%A9&ext_leixing=%09%E9%87%91%E8%9E%8D&ext_dizhi=%09%E6%9C%BA%E6%A2%B0%E5%B7%A5%E7%A8%8B%09 HTTP/1.1" 200 4826 "-" "Mozilla/5.0 (Linux; Android 6.0.1; Nexus 5X Build/MMB29P) AppleWebKit/537.36 (KHTML, like Gecko) Chrome/151.0.7922.137 Mobile Safari/537.36 (compatible; Googlebot/2.1; +http://www.google.com/bot.html)"
66.249.64.110 - - [23/Aug/2026:12:01:40 +0800] "GET /?list_13/&ext_dizhi=%E5%95%86%E5%8A%A1%E7%AE%A1%E7%90%86%09&ext_feiyong=1%E5%91%A8%09&ext_tese=%E8%BD%AF%E8%91%97%09&ext_leixing=%E7%94%9F%E7%89%A9 HTTP/1.1" 200 4839 "-" "Mozilla/5.0 (Linux; Android 6.0.1; Nexus 5X Build/MMB29P) AppleWebKit/537.36 (KHTML, like Gecko) Chrome/151.0.7922.137 Mobile Safari/537.36 (compatible; Googlebot/2.1; +http://www.google.com/bot.html)"
66.249.64.110 - - [23/Aug/2026:12:01:50 +0800] "GET /?list_13/&ext_leixing=%09%E8%AE%A1%E7%AE%97%E6%9C%BA&ext_tese=%E6%A8%A1%E5%9E%8B&ext_dizhi=%09%E7%BD%91%E7%BB%9C%E5%B7%A5%E7%A8%8B&ext_feiyong=1%E4%B8%AA%E6%9C%88 HTTP/1.1" 200 4854 "-" "Mozilla/5.0 (Linux; Android 6.0.1; Nexus 5X Build/MMB29P) AppleWebKit/537.36 (KHTML, like Gecko) Chrome/151.0.7922.137 Mobile Safari/537.36 (compatible; Googlebot/2.1; +http://www.google.com/bot.html)"
66.249.64.97 - - [23/Aug/2026:12:02:17 +0800] "GET /?list_13/&ext_dizhi=%E6%95%B0%E6%8D%AE%E7%BB%9F%E8%AE%A1%09&ext_feiyong=1%E4%B8%AA%E6%9C%88&ext_tese=%09%E8%AE%BA%E6%96%87%09&ext_leixing=%09%E7%BB%8F%E6%B5%8E HTTP/1.1" 200 4868 "-" "Mozilla/5.0 (Linux; Android 6.0.1; Nexus 5X Build/MMB29P) AppleWebKit/537.36 (KHTML, like Gecko) Chrome/151.0.7922.137 Mobile Safari/537.36 (compatible; Googlebot/2.1; +http://www.google.com/bot.html)"
51.15.217.215 - - [23/Aug/2026:12:02:18 +0800] "GET /robots.txt HTTP/1.1" 200 37 "-" "Python/3.14 aiohttp/3.14.1"
51.15.217.215 - - [23/Aug/2026:12:02:19 +0800] "GET /?list_13/=&ext_tese=%09%E5%AD%A6%E6%9C%AF%E6%8A%A5%E5%91%8A%09&ext_leixing=%09%E9%87%91%E8%9E%8D HTTP/1.1" 200 4798 "-" "Python/3.14 aiohttp/3.14.1"
51.15.217.215 - - [23/Aug/2026:12:02:29 +0800] "GET /robots.txt HTTP/1.1" 200 37 "-" "Python/3.14 aiohttp/3.14.1"
