66.249.64.97 - - [23/Aug/2026:16:21:19 +0800] "GET /?list_13/&ext_feiyong=1%E4%B8%AA%E6%9C%88&ext_leixing=%09%E9%80%9A%E4%BF%A1&ext_tese=%E6%A8%A1%E5%9E%8B&ext_dizhi=%09%E8%BD%AF%E4%BB%B6%E5%B7%A5%E7%A8%8B%09 HTTP/1.1" 200 4846 "-" "Mozilla/5.0 (Linux; Android 6.0.1; Nexus 5X Build/MMB29P) AppleWebKit/537.36 (KHTML, like Gecko) Chrome/151.0.7922.137 Mobile Safari/537.36 (compatible; Googlebot/2.1; +http://www.google.com/bot.html)"
66.249.64.96 - - [23/Aug/2026:16:21:27 +0800] "GET /?list_13/&ext_dizhi=%E5%B8%82%E5%9C%BA%E8%90%A5%E9%94%80&ext_tese=%09%E5%BA%94%E7%94%A8%E7%A0%94%E7%A9%B6&ext_leixing=%E5%8C%96%E5%AD%A6%09&ext_feiyong=1%E5%91%A8%09 HTTP/1.1" 200 4868 "-" "Mozilla/5.0 (Linux; Android 6.0.1; Nexus 5X Build/MMB29P) AppleWebKit/537.36 (KHTML, like Gecko) Chrome/151.0.7922.137 Mobile Safari/537.36 (compatible; Googlebot/2.1; +http://www.google.com/bot.html)"
66.249.64.110 - - [23/Aug/2026:16:22:09 +0800] "GET /?list_13/&ext_tese=%E7%90%86%E8%AE%BA%E7%A0%94%E7%A9%B6&ext_feiyong=%091%E4%B8%AA%E6%9C%88%E4%BB%A5%E4%B8%8A&ext_leixing=%E7%94%9F%E7%89%A9&ext_dizhi=%E5%A4%A7%E6%95%B0%E6%8D%AE%09 HTTP/1.1" 200 4885 "-" "Mozilla/5.0 (Linux; Android 6.0.1; Nexus 5X Build/MMB29P) AppleWebKit/537.36 (KHTML, like Gecko) Chrome/151.0.7922.137 Mobile Safari/537.36 (compatible; Googlebot/2.1; +http://www.google.com/bot.html)"
66.249.64.96 - - [23/Aug/2026:16:23:20 +0800] "GET /?list_13/&ext_leixing=%09%E7%89%A9%E7%90%86%09&ext_dizhi=%E5%95%86%E5%8A%A1%E7%AE%A1%E7%90%86%09 HTTP/1.1" 200 4777 "-" "Mozilla/5.0 (Linux; Android 6.0.1; Nexus 5X Build/MMB29P) AppleWebKit/537.36 (KHTML, like Gecko) Chrome/151.0.7922.137 Mobile Safari/537.36 (compatible; Googlebot/2.1; +http://www.google.com/bot.html)"
66.249.64.96 - - [23/Aug/2026:16:24:06 +0800] "GET /?list_13/&ext_leixing=%09%E9%80%9A%E4%BF%A1&ext_dizhi=%09%E6%95%B0%E5%AD%97%E7%BB%8F%E6%B5%8E&ext_feiyong=1%E4%B8%AA%E6%9C%88&ext_tese=%E4%B8%93%E5%88%A9 HTTP/1.1" 200 4858 "-" "Mozilla/5.0 (Linux; Android 6.0.1; Nexus 5X Build/MMB29P) AppleWebKit/537.36 (KHTML, like Gecko) Chrome/151.0.7922.137 Mobile Safari/537.36 (compatible; Googlebot/2.1; +http://www.google.com/bot.html)"
66.249.64.110 - - [23/Aug/2026:16:24:07 +0800] "GET /?list_13/&ext_dizhi=%E7%94%B5%E5%AD%90%E7%94%B5%E6%B0%94%09&ext_feiyong=1%E4%B8%AA%E6%9C%88&ext_leixing=%E6%95%B0%E5%AD%A6&ext_tese=%09%E5%AD%A6%E6%9C%AF%E6%8A%A5%E5%91%8A%09 HTTP/1.1" 200 4866 "-" "Mozilla/5.0 (Linux; Android 6.0.1; Nexus 5X Build/MMB29P) AppleWebKit/537.36 (KHTML, like Gecko) Chrome/151.0.7922.137 Mobile Safari/537.36 (compatible; Googlebot/2.1; +http://www.google.com/bot.html)"
66.249.64.96 - - [23/Aug/2026:16:24:17 +0800] "GET /?list_13/&ext_dizhi=%09%E6%9C%BA%E6%A2%B0%E5%B7%A5%E7%A8%8B%09&ext_tese=%E7%90%86%E8%AE%BA%E7%A0%94%E7%A9%B6&ext_leixing=%09%E7%89%A9%E7%90%86%09&ext_feiyong=1%E5%91%A8%09 HTTP/1.1" 200 4875 "-" "Mozilla/5.0 (Linux; Android 6.0.1; Nexus 5X Build/MMB29P) AppleWebKit/537.36 (KHTML, like Gecko) Chrome/151.0.7922.137 Mobile Safari/537.36 (compatible; Googlebot/2.1; +http://www.google.com/bot.html)"
66.249.64.96 - - [23/Aug/2026:16:24:18 +0800] "GET /?list_13/&ext_dizhi=%E5%9F%BA%E5%9B%A0%E5%B7%A5%E7%A8%8B&ext_feiyong=%091%E4%B8%AA%E6%9C%88%E4%BB%A5%E4%B8%8A&ext_leixing=%09%E8%AE%A1%E7%AE%97%E6%9C%BA&ext_tese=%09%E5%BA%94%E7%94%A8%E7%A0%94%E7%A9%B6 HTTP/1.1" 200 4892 "-" "Mozilla/5.0 (Linux; Android 6.0.1; Nexus 5X Build/MMB29P) AppleWebKit/537.36 (KHTML, like Gecko) Chrome/151.0.7922.137 Mobile Safari/537.36 (compatible; Googlebot/2.1; +http://www.google.com/bot.html)"
66.249.64.110 - - [23/Aug/2026:16:24:19 +0800] "GET /?list_13/&ext_dizhi=%E4%BA%BA%E5%B7%A5%E6%99%BA%E8%83%BD%09&ext_feiyong=1%E5%91%A8%09&ext_tese=%09%E5%BA%94%E7%94%A8%E7%A0%94%E7%A9%B6&ext_leixing=%E7%94%9F%E7%89%A9 HTTP/1.1" 200 4867 "-" "Mozilla/5.0 (Linux; Android 6.0.1; Nexus 5X Build/MMB29P) AppleWebKit/537.36 (KHTML, like Gecko) Chrome/151.0.7922.137 Mobile Safari/537.36 (compatible; Googlebot/2.1; +http://www.google.com/bot.html)"
47.79.51.220 - - [23/Aug/2026:16:24:28 +0800] "GET /?ext_dizhi=%09&list_13%2F= HTTP/1.1" 301 5 "-" "Mozilla/5.0 (Windows NT 10.0; Win64; x64) AppleWebKit/537.36 (KHTML, like Gecko) Chrome/141.0.0.0 Safari/537.36"
47.79.51.220 - - [23/Aug/2026:16:24:28 +0800] "GET / HTTP/1.1" 200 7977 "http://haosixiang.cn/?ext_dizhi=%09&list_13%2F=" "Mozilla/5.0 (Windows NT 10.0; Win64; x64) AppleWebKit/537.36 (KHTML, like Gecko) Chrome/141.0.0.0 Safari/537.36"
85.137.51.115 - - [23/Aug/2026:16:26:55 +0800] "POST / HTTP/1.1" 404 150 "-" "Mozilla/5.0"
66.249.64.96 - - [23/Aug/2026:16:27:23 +0800] "GET /?list_13/&ext_dizhi=%E7%A4%BE%E4%BC%9A%E7%A7%91%E5%AD%A6&ext_tese=%09%E5%BA%94%E7%94%A8%E7%A0%94%E7%A9%B6&ext_leixing=%E7%94%9F%E7%89%A9 HTTP/1.1" 200 4855 "-" "Mozilla/5.0 (Linux; Android 6.0.1; Nexus 5X Build/MMB29P) AppleWebKit/537.36 (KHTML, like Gecko) Chrome/151.0.7922.137 Mobile Safari/537.36 (compatible; Googlebot/2.1; +http://www.google.com/bot.html)"
66.249.64.110 - - [23/Aug/2026:16:27:43 +0800] "GET /?list_13/&ext_dizhi=%09%E8%BD%AF%E4%BB%B6%E5%B7%A5%E7%A8%8B%09&ext_tese=%E4%B8%93%E5%88%A9&ext_leixing=%E6%95%B0%E5%AD%A6&ext_feiyong=1%E5%91%A8%09 HTTP/1.1" 200 4855 "-" "Mozilla/5.0 (Linux; Android 6.0.1; Nexus 5X Build/MMB29P) AppleWebKit/537.36 (KHTML, like Gecko) Chrome/151.0.7922.137 Mobile Safari/537.36 (compatible; Googlebot/2.1; +http://www.google.com/bot.html)"
40.77.167.74 - - [23/Aug/2026:16:28:03 +0800] "GET /?list_13/&ext_dizhi=%E4%BA%BA%E5%B7%A5%E6%99%BA%E8%83%BD%09&ext_feiyong=1%E5%91%A8%09&ext_leixing=%09%E7%89%A9%E7%90%86%09&ext_tese=%09%E5%BA%94%E7%94%A8%E7%A0%94%E7%A9%B6 HTTP/1.1" 200 4867 "-" "Mozilla/5.0 AppleWebKit/537.36 (KHTML, like Gecko; compatible; bingbot/2.0; +http://www.bing.com/bingbot.htm) Chrome/116.0.1938.76 Safari/537.36"
40.77.167.74 - - [23/Aug/2026:16:28:03 +0800] "GET /?list_13/&ext_dizhi=%E9%87%91%E8%9E%8D%E7%AE%A1%E7%90%86&ext_leixing=%09%E9%80%9A%E4%BF%A1&ext_tese=%09%E5%AD%A6%E6%9C%AF%E6%8A%A5%E5%91%8A%09 HTTP/1.1" 200 4854 "-" "Mozilla/5.0 AppleWebKit/537.36 (KHTML, like Gecko; compatible; bingbot/2.0; +http://www.bing.com/bingbot.htm) Chrome/116.0.1938.76 Safari/537.36"
207.46.13.130 - - [23/Aug/2026:16:28:08 +0800] "GET /?list_13/&ext_dizhi=%09&ext_tese=%09%E5%AD%A6%E6%9C%AF%E6%8A%A5%E5%91%8A%09&ext_feiyong=1%E5%91%A8%09&ext_leixing=%09%E9%87%91%E8%9E%8D HTTP/1.1" 200 4845 "-" "Mozilla/5.0 AppleWebKit/537.36 (KHTML, like Gecko; compatible; bingbot/2.0; +http://www.bing.com/bingbot.htm) Chrome/116.0.1938.76 Safari/537.36"
40.77.167.6 - - [23/Aug/2026:16:28:13 +0800] "GET /?list_13/&ext_dizhi=%09%E6%9C%BA%E6%A2%B0%E5%B7%A5%E7%A8%8B%09&ext_tese=%E4%B8%93%E5%88%A9&ext_feiyong=1%E5%91%A8%09&ext_leixing=%09%E8%AE%A1%E7%AE%97%E6%9C%BA HTTP/1.1" 200 4869 "-" "Mozilla/5.0 AppleWebKit/537.36 (KHTML, like Gecko; compatible; bingbot/2.0; +http://www.bing.com/bingbot.htm) Chrome/116.0.1938.76 Safari/537.36"
40.77.167.74 - - [23/Aug/2026:16:28:33 +0800] "GET /?list_13/&ext_feiyong=1%E5%91%A8%09&ext_dizhi=%09&ext_tese=%09%E8%AE%BA%E6%96%87%09&ext_leixing=%09%E9%87%91%E8%9E%8D HTTP/1.1" 200 4846 "-" "Mozilla/5.0 AppleWebKit/537.36 (KHTML, like Gecko; compatible; bingbot/2.0; +http://www.bing.com/bingbot.htm) Chrome/116.0.1938.76 Safari/537.36"
17.246.15.24 - - [23/Aug/2026:16:29:54 +0800] "GET /template/show.php/20260718-74245180.shtml HTTP/1.1" 403 46 "-" "Mozilla/5.0 (Macintosh; Intel Mac OS X 10_15_7) AppleWebKit/605.1.15 (KHTML, like Gecko) Version/17.4 Safari/605.1.15 (Applebot/0.1; +http://www.apple.com/go/applebot)"
66.249.64.97 - - [23/Aug/2026:16:30:28 +0800] "GET /?list_13/&ext_leixing=%09%E8%AE%A1%E7%AE%97%E6%9C%BA&ext_dizhi=%E6%9C%BA%E5%99%A8%E4%BA%BA%09&ext_feiyong=1%E5%91%A8%09 HTTP/1.1" 200 4822 "-" "Mozilla/5.0 (Linux; Android 6.0.1; Nexus 5X Build/MMB29P) AppleWebKit/537.36 (KHTML, like Gecko) Chrome/151.0.7922.137 Mobile Safari/537.36 (compatible; Googlebot/2.1; +http://www.google.com/bot.html)"
66.249.64.97 - - [23/Aug/2026:16:30:30 +0800] "GET /?list_13/&ext_leixing=%E7%94%9F%E7%89%A9&ext_tese=%E6%A8%A1%E5%9E%8B&ext_dizhi=%E9%87%91%E8%9E%8D%E7%AE%A1%E7%90%86&ext_feiyong=1%E5%91%A8%09 HTTP/1.1" 200 4848 "-" "Mozilla/5.0 (Linux; Android 6.0.1; Nexus 5X Build/MMB29P) AppleWebKit/537.36 (KHTML, like Gecko) Chrome/151.0.7922.137 Mobile Safari/537.36 (compatible; Googlebot/2.1; +http://www.google.com/bot.html)"
66.249.64.96 - - [23/Aug/2026:16:30:31 +0800] "GET /?list_13/&ext_tese=%E6%A8%A1%E5%9E%8B&ext_dizhi=%E5%A4%A7%E6%95%B0%E6%8D%AE%09&ext_feiyong=1%E4%B8%AA%E6%9C%88&ext_leixing=%09%E8%AE%A1%E7%AE%97%E6%9C%BA HTTP/1.1" 200 4854 "-" "Mozilla/5.0 (Linux; Android 6.0.1; Nexus 5X Build/MMB29P) AppleWebKit/537.36 (KHTML, like Gecko) Chrome/151.0.7922.137 Mobile Safari/537.36 (compatible; Googlebot/2.1; +http://www.google.com/bot.html)"
66.249.64.97 - - [23/Aug/2026:16:30:32 +0800] "GET /?list_13/&ext_dizhi=%09%E4%BF%A1%E6%81%AF%E6%8A%80%E6%9C%AF&ext_tese=%E7%90%86%E8%AE%BA%E7%A0%94%E7%A9%B6&ext_feiyong=%091%E4%B8%AA%E6%9C%88%E4%BB%A5%E4%B8%8A&ext_leixing=%09%E9%87%91%E8%9E%8D HTTP/1.1" 200 4890 "-" "Mozilla/5.0 (Linux; Android 6.0.1; Nexus 5X Build/MMB29P) AppleWebKit/537.36 (KHTML, like Gecko) Chrome/151.0.7922.137 Mobile Safari/537.36 (compatible; Googlebot/2.1; +http://www.google.com/bot.html)"
66.249.64.110 - - [23/Aug/2026:16:30:47 +0800] "GET /?list_13/&ext_tese=%09%E8%AE%BA%E6%96%87%09&ext_feiyong=%091%E4%B8%AA%E6%9C%88%E4%BB%A5%E4%B8%8A&ext_leixing=%E7%94%9F%E7%89%A9&ext_dizhi=%E9%80%9A%E4%BF%A1%E5%B7%A5%E7%A8%8B HTTP/1.1" 200 4871 "-" "Mozilla/5.0 (Linux; Android 6.0.1; Nexus 5X Build/MMB29P) AppleWebKit/537.36 (KHTML, like Gecko) Chrome/151.0.7922.137 Mobile Safari/537.36 (compatible; Googlebot/2.1; +http://www.google.com/bot.html)"
66.249.64.96 - - [23/Aug/2026:16:31:02 +0800] "GET /?list_13/&ext_feiyong=1%E4%B8%AA%E6%9C%88&ext_leixing=%E7%94%9F%E7%89%A9&ext_tese=%09%E8%AE%BA%E6%96%87%09&ext_dizhi=%09%E8%BD%AF%E4%BB%B6%E5%B7%A5%E7%A8%8B%09 HTTP/1.1" 200 4858 "-" "Mozilla/5.0 (Linux; Android 6.0.1; Nexus 5X Build/MMB29P) AppleWebKit/537.36 (KHTML, like Gecko) Chrome/151.0.7922.137 Mobile Safari/537.36 (compatible; Googlebot/2.1; +http://www.google.com/bot.html)"
40.77.167.6 - - [23/Aug/2026:16:31:13 +0800] "GET /?list_13/&ext_dizhi=%09%E6%95%B0%E5%AD%97%E7%BB%8F%E6%B5%8E&ext_tese=%09%E5%AD%A6%E6%9C%AF%E6%8A%A5%E5%91%8A%09&ext_feiyong=1%E5%91%A8%09&ext_leixing=%09%E9%80%9A%E4%BF%A1 HTTP/1.1" 200 4866 "-" "Mozilla/5.0 AppleWebKit/537.36 (KHTML, like Gecko; compatible; bingbot/2.0; +http://www.bing.com/bingbot.htm) Chrome/116.0.1938.76 Safari/537.36"
40.77.167.74 - - [23/Aug/2026:16:32:14 +0800] "GET /?list_13/&ext_tese=%09%E5%AD%A6%E6%9C%AF%E6%8A%A5%E5%91%8A%09&ext_leixing=%09%E7%BB%8F%E6%B5%8E&ext_dizhi=%E4%BA%BA%E5%B7%A5%E6%99%BA%E8%83%BD%09 HTTP/1.1" 200 4839 "-" "Mozilla/5.0 AppleWebKit/537.36 (KHTML, like Gecko; compatible; bingbot/2.0; +http://www.bing.com/bingbot.htm) Chrome/116.0.1938.76 Safari/537.36"
66.249.64.97 - - [23/Aug/2026:16:32:37 +0800] "GET /?list_13/&ext_dizhi=%E7%A4%BE%E4%BC%9A%E7%A7%91%E5%AD%A6&ext_tese=%E7%90%86%E8%AE%BA%E7%A0%94%E7%A9%B6&ext_feiyong=1%E5%91%A8%09&ext_leixing=%09%E7%89%A9%E7%90%86%09 HTTP/1.1" 200 4868 "-" "Mozilla/5.0 (Linux; Android 6.0.1; Nexus 5X Build/MMB29P) AppleWebKit/537.36 (KHTML, like Gecko) Chrome/151.0.7922.137 Mobile Safari/537.36 (compatible; Googlebot/2.1; +http://www.google.com/bot.html)"
57.141.2.67 - - [23/Aug/2026:16:32:48 +0800] "HEAD / HTTP/1.1" 200 0 "-" "facebookexternalhit/1.1 (+http://www.facebook.com/externalhit_uatext.php)"
66.249.64.97 - - [23/Aug/2026:16:33:20 +0800] "GET /?list_13/&ext_dizhi=%E9%87%91%E8%9E%8D%E7%AE%A1%E7%90%86&ext_feiyong=1%E4%B8%AA%E6%9C%88&ext_tese=%09%E5%BA%94%E7%94%A8%E7%A0%94%E7%A9%B6&ext_leixing=%E5%8C%96%E5%AD%A6%09 HTTP/1.1" 200 4885 "-" "Mozilla/5.0 (Linux; Android 6.0.1; Nexus 5X Build/MMB29P) AppleWebKit/537.36 (KHTML, like Gecko) Chrome/151.0.7922.137 Mobile Safari/537.36 (compatible; Googlebot/2.1; +http://www.google.com/bot.html)"
15.235.98.147 - - [23/Aug/2026:16:33:21 +0800] "GET / HTTP/1.1" 200 7977 "-" "Mozilla/5.0 (compatible; AhrefsBot/7.0; +http://ahrefs.com/robot/)"
66.249.64.110 - - [23/Aug/2026:16:33:58 +0800] "GET /?list_13/&ext_leixing=%E7%94%9F%E7%89%A9&ext_feiyong=1%E5%91%A8%09&ext_tese=%E7%90%86%E8%AE%BA%E7%A0%94%E7%A9%B6&ext_dizhi=%E5%A4%A7%E6%95%B0%E6%8D%AE%09 HTTP/1.1" 200 4842 "-" "Mozilla/5.0 (Linux; Android 6.0.1; Nexus 5X Build/MMB29P) AppleWebKit/537.36 (KHTML, like Gecko) Chrome/151.0.7922.137 Mobile Safari/537.36 (compatible; Googlebot/2.1; +http://www.google.com/bot.html)"
40.77.167.14 - - [23/Aug/2026:16:34:03 +0800] "GET /?list_13/&ext_leixing=%09%E9%80%9A%E4%BF%A1&ext_tese=%09%E5%BA%94%E7%94%A8%E7%A0%94%E7%A9%B6&ext_feiyong=1%E4%B8%AA%E6%9C%88&ext_dizhi=%E6%95%B0%E6%8D%AE%E7%BB%9F%E8%AE%A1%09 HTTP/1.1" 200 4851 "-" "Mozilla/5.0 AppleWebKit/537.36 (KHTML, like Gecko; compatible; bingbot/2.0; +http://www.bing.com/bingbot.htm) Chrome/116.0.1938.76 Safari/537.36"
157.55.39.56 - - [23/Aug/2026:16:34:09 +0800] "GET /?list_13/&ext_dizhi=%E6%95%B0%E5%AD%A6%E5%88%86%E6%9E%90%09&ext_feiyong=1%E4%B8%AA%E6%9C%88&ext_leixing=%09%E7%89%A9%E7%90%86%09&ext_tese=%09%E5%BA%94%E7%94%A8%E7%A0%94%E7%A9%B6 HTTP/1.1" 200 4870 "-" "Mozilla/5.0 AppleWebKit/537.36 (KHTML, like Gecko; compatible; bingbot/2.0; +http://www.bing.com/bingbot.htm) Chrome/116.0.1938.76 Safari/537.36"
57.141.6.69 - - [23/Aug/2026:16:34:58 +0800] "HEAD / HTTP/1.1" 200 0 "-" "facebookexternalhit/1.1 (+http://www.facebook.com/externalhit_uatext.php)"
40.77.167.14 - - [23/Aug/2026:16:36:24 +0800] "GET /?list_13/&ext_dizhi=%E6%9C%BA%E5%99%A8%E4%BA%BA%09&ext_leixing=%09%E7%89%A9%E7%90%86%09&ext_feiyong=1%E5%91%A8%09 HTTP/1.1" 200 4816 "-" "Mozilla/5.0 AppleWebKit/537.36 (KHTML, like Gecko; compatible; bingbot/2.0; +http://www.bing.com/bingbot.htm) Chrome/116.0.1938.76 Safari/537.36"
66.249.64.110 - - [23/Aug/2026:16:36:37 +0800] "GET /?list_13/&ext_tese=%E7%90%86%E8%AE%BA%E7%A0%94%E7%A9%B6&ext_feiyong=1%E4%B8%AA%E6%9C%88&ext_leixing=%09%E9%80%9A%E4%BF%A1&ext_dizhi=%09%E6%95%B0%E5%AD%97%E7%BB%8F%E6%B5%8E HTTP/1.1" 200 4881 "-" "Mozilla/5.0 (Linux; Android 6.0.1; Nexus 5X Build/MMB29P) AppleWebKit/537.36 (KHTML, like Gecko) Chrome/151.0.7922.137 Mobile Safari/537.36 (compatible; Googlebot/2.1; +http://www.google.com/bot.html)"
66.249.64.97 - - [23/Aug/2026:16:36:39 +0800] "GET /?list_13/&ext_tese=%E8%BD%AF%E8%91%97%09&ext_feiyong=1%E5%91%A8%09&ext_leixing=%09%E9%80%9A%E4%BF%A1&ext_dizhi=%E5%A4%A7%E6%95%B0%E6%8D%AE%09 HTTP/1.1" 200 4849 "-" "Mozilla/5.0 (Linux; Android 6.0.1; Nexus 5X Build/MMB29P) AppleWebKit/537.36 (KHTML, like Gecko) Chrome/151.0.7922.137 Mobile Safari/537.36 (compatible; Googlebot/2.1; +http://www.google.com/bot.html)"
66.249.64.96 - - [23/Aug/2026:16:36:40 +0800] "GET /?list_13/&ext_dizhi=%09%E6%95%B0%E6%8D%AE%E5%A4%84%E7%90%86&ext_tese=%09%E5%AD%A6%E6%9C%AF%E6%8A%A5%E5%91%8A%09&ext_feiyong=1%E4%B8%AA%E6%9C%88&ext_leixing=%09%E9%80%9A%E4%BF%A1 HTTP/1.1" 200 4880 "-" "Mozilla/5.0 (Linux; Android 6.0.1; Nexus 5X Build/MMB29P) AppleWebKit/537.36 (KHTML, like Gecko) Chrome/151.0.7922.137 Mobile Safari/537.36 (compatible; Googlebot/2.1; +http://www.google.com/bot.html)"
66.249.64.110 - - [23/Aug/2026:16:36:47 +0800] "GET /?list_13/&ext_leixing=%E6%95%B0%E5%AD%A6&ext_tese=%E6%A8%A1%E5%9E%8B&ext_dizhi=%09%E6%9C%BA%E6%A2%B0%E5%B7%A5%E7%A8%8B%09&ext_feiyong=%091%E4%B8%AA%E6%9C%88%E4%BB%A5%E4%B8%8A HTTP/1.1" 200 4857 "-" "Mozilla/5.0 (Linux; Android 6.0.1; Nexus 5X Build/MMB29P) AppleWebKit/537.36 (KHTML, like Gecko) Chrome/151.0.7922.137 Mobile Safari/537.36 (compatible; Googlebot/2.1; +http://www.google.com/bot.html)"
57.141.24.49 - - [23/Aug/2026:16:37:09 +0800] "HEAD / HTTP/1.1" 200 0 "-" "facebookexternalhit/1.1 (+http://www.facebook.com/externalhit_uatext.php)"
66.249.64.110 - - [23/Aug/2026:16:38:49 +0800] "GET /?list_13/&ext_leixing=%09%E8%AE%A1%E7%AE%97%E6%9C%BA&ext_tese=%E6%A8%A1%E5%9E%8B&ext_dizhi=%E8%88%AA%E7%A9%BA%E8%88%AA%E5%A4%A9%09&ext_feiyong=1%E4%B8%AA%E6%9C%88 HTTP/1.1" 200 4851 "-" "Mozilla/5.0 (Linux; Android 6.0.1; Nexus 5X Build/MMB29P) AppleWebKit/537.36 (KHTML, like Gecko) Chrome/151.0.7922.137 Mobile Safari/537.36 (compatible; Googlebot/2.1; +http://www.google.com/bot.html)"
66.249.64.96 - - [23/Aug/2026:16:38:56 +0800] "GET /?list_13/&ext_tese=%09%E5%BA%94%E7%94%A8%E7%A0%94%E7%A9%B6&ext_leixing=%E7%94%9F%E7%89%A9&ext_dizhi=%09%E8%BD%AF%E4%BB%B6%E5%B7%A5%E7%A8%8B%09 HTTP/1.1" 200 4839 "-" "Mozilla/5.0 (Linux; Android 6.0.1; Nexus 5X Build/MMB29P) AppleWebKit/537.36 (KHTML, like Gecko) Chrome/151.0.7922.137 Mobile Safari/537.36 (compatible; Googlebot/2.1; +http://www.google.com/bot.html)"
57.141.18.95 - - [23/Aug/2026:16:39:38 +0800] "HEAD / HTTP/1.1" 200 0 "-" "facebookexternalhit/1.1 (+http://www.facebook.com/externalhit_uatext.php)"
157.55.39.56 - - [23/Aug/2026:16:39:59 +0800] "GET /?list_13/&ext_feiyong=1%E5%91%A8%09&ext_leixing=%09%E9%80%9A%E4%BF%A1&ext_tese=%09%E5%AD%A6%E6%9C%AF%E6%8A%A5%E5%91%8A%09&ext_dizhi=%09%E7%BD%91%E7%BB%9C%E5%B7%A5%E7%A8%8B HTTP/1.1" 200 4852 "-" "Mozilla/5.0 AppleWebKit/537.36 (KHTML, like Gecko; compatible; bingbot/2.0; +http://www.bing.com/bingbot.htm) Chrome/116.0.1938.76 Safari/537.36"
40.77.167.14 - - [23/Aug/2026:16:40:04 +0800] "GET /?list_13/&ext_leixing=%09%E9%80%9A%E4%BF%A1&ext_feiyong=1%E4%B8%AA%E6%9C%88&ext_tese=%09%E5%BA%94%E7%94%A8%E7%A0%94%E7%A9%B6&ext_dizhi=%09%E6%9C%BA%E6%A2%B0%E5%B7%A5%E7%A8%8B%09 HTTP/1.1" 200 4856 "-" "Mozilla/5.0 AppleWebKit/537.36 (KHTML, like Gecko; compatible; bingbot/2.0; +http://www.bing.com/bingbot.htm) Chrome/116.0.1938.76 Safari/537.36"
51.15.217.215 - - [23/Aug/2026:16:40:21 +0800] "GET /robots.txt HTTP/1.1" 200 37 "-" "Python/3.14 aiohttp/3.14.1"
51.15.217.215 - - [23/Aug/2026:16:40:21 +0800] "GET /?list_13/=&ext_tese=%09%E5%AD%A6%E6%9C%AF%E6%8A%A5%E5%91%8A%09&ext_feiyong=1%E4%B8%AA%E6%9C%88 HTTP/1.1" 200 4782 "-" "Python/3.14 aiohttp/3.14.1"
185.191.171.13 - - [23/Aug/2026:16:40:26 +0800] "GET /2026072142121950-960386.shtml HTTP/1.1" 404 150 "-" "Mozilla/5.0 (compatible; SemrushBot/7~bl; +http://www.semrush.com/bot.html)"
66.249.64.97 - - [23/Aug/2026:16:40:26 +0800] "GET /?list_13/&ext_dizhi=%E7%94%B5%E5%AD%90%E7%94%B5%E6%B0%94%09&ext_feiyong=1%E4%B8%AA%E6%9C%88&ext_tese=%E6%A8%A1%E5%9E%8B&ext_leixing=%E7%94%9F%E7%89%A9 HTTP/1.1" 200 4854 "-" "Mozilla/5.0 (Linux; Android 6.0.1; Nexus 5X Build/MMB29P) AppleWebKit/537.36 (KHTML, like Gecko) Chrome/151.0.7922.137 Mobile Safari/537.36 (compatible; Googlebot/2.1; +http://www.google.com/bot.html)"
157.55.39.56 - - [23/Aug/2026:16:40:40 +0800] "GET /?list_13/&ext_leixing=%09%E7%BB%8F%E6%B5%8E&ext_feiyong=%091%E4%B8%AA%E6%9C%88%E4%BB%A5%E4%B8%8A&ext_tese=%E7%90%86%E8%AE%BA%E7%A0%94%E7%A9%B6&ext_dizhi=%09%E7%BD%91%E7%BB%9C%E5%B7%A5%E7%A8%8B HTTP/1.1" 200 4870 "-" "Mozilla/5.0 AppleWebKit/537.36 (KHTML, like Gecko; compatible; bingbot/2.0; +http://www.bing.com/bingbot.htm) Chrome/116.0.1938.76 Safari/537.36"
66.249.64.96 - - [23/Aug/2026:16:40:46 +0800] "GET /?list_13/&ext_tese=%09%E5%BA%94%E7%94%A8%E7%A0%94%E7%A9%B6&ext_dizhi=%E7%A4%BE%E4%BC%9A%E7%A7%91%E5%AD%A6&ext_feiyong=1%E4%B8%AA%E6%9C%88&ext_leixing=%E5%8C%96%E5%AD%A6%09 HTTP/1.1" 200 4864 "-" "Mozilla/5.0 (Linux; Android 6.0.1; Nexus 5X Build/MMB29P) AppleWebKit/537.36 (KHTML, like Gecko) Chrome/151.0.7922.137 Mobile Safari/537.36 (compatible; Googlebot/2.1; +http://www.google.com/bot.html)"
51.15.217.215 - - [23/Aug/2026:16:41:01 +0800] "GET /robots.txt HTTP/1.1" 200 37 "-" "Python/3.14 aiohttp/3.14.1"
51.15.217.215 - - [23/Aug/2026:16:41:01 +0800] "GET /?list_13/=&ext_tese=%09%E5%AD%A6%E6%9C%AF%E6%8A%A5%E5%91%8A%09&ext_dizhi=%09%E7%BD%91%E7%BB%9C%E5%B7%A5%E7%A8%8B HTTP/1.1" 200 4770 "-" "Python/3.14 aiohttp/3.14.1"
66.249.64.97 - - [23/Aug/2026:16:41:11 +0800] "GET /?list_13/&ext_feiyong=1%E4%B8%AA%E6%9C%88&ext_leixing=%09%E9%80%9A%E4%BF%A1&ext_tese=%09%E5%AD%A6%E6%9C%AF%E6%8A%A5%E5%91%8A%09&ext_dizhi=%09%E7%BD%91%E7%BB%9C%E5%B7%A5%E7%A8%8B HTTP/1.1" 200 4858 "-" "Mozilla/5.0 (Linux; Android 6.0.1; Nexus 5X Build/MMB29P) AppleWebKit/537.36 (KHTML, like Gecko) Chrome/151.0.7922.137 Mobile Safari/537.36 (compatible; Googlebot/2.1; +http://www.google.com/bot.html)"
40.77.167.74 - - [23/Aug/2026:16:41:14 +0800] "GET /?list_13/&ext_dizhi=%E7%A4%BE%E4%BC%9A%E7%A7%91%E5%AD%A6&ext_tese=%09%E5%BA%94%E7%94%A8%E7%A0%94%E7%A9%B6&ext_feiyong=1%E4%B8%AA%E6%9C%88&ext_leixing=%09%E7%89%A9%E7%90%86%09 HTTP/1.1" 200 4881 "-" "Mozilla/5.0 AppleWebKit/537.36 (KHTML, like Gecko; compatible; bingbot/2.0; +http://www.bing.com/bingbot.htm) Chrome/116.0.1938.76 Safari/537.36"
185.191.171.8 - - [23/Aug/2026:16:41:28 +0800] "GET /index.php/article/20260716/635302_1648373.shtml HTTP/1.1" 301 5 "-" "Mozilla/5.0 (compatible; SemrushBot/7~bl; +http://www.semrush.com/bot.html)"
66.249.64.110 - - [23/Aug/2026:16:41:30 +0800] "GET /?list_13/&ext_feiyong=1%E4%B8%AA%E6%9C%88&ext_leixing=%09%E8%AE%A1%E7%AE%97%E6%9C%BA&ext_tese=%E4%B8%93%E5%88%A9&ext_dizhi=%E9%80%9A%E4%BF%A1%E5%B7%A5%E7%A8%8B HTTP/1.1" 200 4843 "-" "Mozilla/5.0 (Linux; Android 6.0.1; Nexus 5X Build/MMB29P) AppleWebKit/537.36 (KHTML, like Gecko) Chrome/151.0.7922.137 Mobile Safari/537.36 (compatible; Googlebot/2.1; +http://www.google.com/bot.html)"
66.249.64.110 - - [23/Aug/2026:16:42:06 +0800] "GET /?list_13/&ext_feiyong=1%E5%91%A8%09&ext_tese=%E4%B8%93%E5%88%A9&ext_leixing=%09%E8%AE%A1%E7%AE%97%E6%9C%BA&ext_dizhi=%E5%95%86%E5%8A%A1%E7%AE%A1%E7%90%86%09 HTTP/1.1" 200 4842 "-" "Mozilla/5.0 (Linux; Android 6.0.1; Nexus 5X Build/MMB29P) AppleWebKit/537.36 (KHTML, like Gecko) Chrome/151.0.7922.137 Mobile Safari/537.36 (compatible; Googlebot/2.1; +http://www.google.com/bot.html)"
57.141.8.19 - - [23/Aug/2026:16:42:30 +0800] "HEAD / HTTP/1.1" 200 0 "-" "facebookexternalhit/1.1 (+http://www.facebook.com/externalhit_uatext.php)"
216.244.66.247 - - [23/Aug/2026:16:43:02 +0800] "GET /?list_13/&ext_dizhi=%E6%9C%BA%E5%99%A8%E4%BA%BA%09&ext_feiyong=%091%E4%B8%AA%E6%9C%88%E4%BB%A5%E4%B8%8A HTTP/1.1" 200 19222 "-" "Mozilla/5.0 (compatible; DotBot/1.2; +https://opensiteexplorer.org/dotbot; help@moz.com)"
66.249.64.110 - - [23/Aug/2026:16:43:03 +0800] "GET /?list_13/&ext_dizhi=%E9%80%9A%E4%BF%A1%E5%B7%A5%E7%A8%8B&ext_feiyong=1%E4%B8%AA%E6%9C%88&ext_tese=%09%E5%BA%94%E7%94%A8%E7%A0%94%E7%A9%B6&ext_leixing=%09%E9%87%91%E8%9E%8D HTTP/1.1" 200 4880 "-" "Mozilla/5.0 (Linux; Android 6.0.1; Nexus 5X Build/MMB29P) AppleWebKit/537.36 (KHTML, like Gecko) Chrome/151.0.7922.137 Mobile Safari/537.36 (compatible; Googlebot/2.1; +http://www.google.com/bot.html)"
66.249.64.110 - - [23/Aug/2026:16:43:03 +0800] "GET /?list_13/&ext_tese=%E4%B8%93%E5%88%A9&ext_feiyong=1%E4%B8%AA%E6%9C%88&ext_dizhi=%E5%A4%A7%E6%95%B0%E6%8D%AE%09&ext_leixing=%09%E7%BB%8F%E6%B5%8E HTTP/1.1" 200 4841 "-" "Mozilla/5.0 (Linux; Android 6.0.1; Nexus 5X Build/MMB29P) AppleWebKit/537.36 (KHTML, like Gecko) Chrome/151.0.7922.137 Mobile Safari/537.36 (compatible; Googlebot/2.1; +http://www.google.com/bot.html)"
66.249.64.96 - - [23/Aug/2026:16:43:31 +0800] "GET /?list_13/&ext_tese=%09%E5%BA%94%E7%94%A8%E7%A0%94%E7%A9%B6&ext_feiyong=1%E5%91%A8%09&ext_dizhi=%E7%A4%BE%E4%BC%9A%E7%A7%91%E5%AD%A6&ext_leixing=%09%E9%80%9A%E4%BF%A1 HTTP/1.1" 200 4851 "-" "Mozilla/5.0 (Linux; Android 6.0.1; Nexus 5X Build/MMB29P) AppleWebKit/537.36 (KHTML, like Gecko) Chrome/151.0.7922.137 Mobile Safari/537.36 (compatible; Googlebot/2.1; +http://www.google.com/bot.html)"
1.15.52.154 - - [23/Aug/2026:16:44:46 +0800] "GET / HTTP/1.1" 200 7977 "-" "Mozilla/5.0 (iPhone; CPU iPhone OS 13_2_3 like Mac OS X) AppleWebKit/605.1.15 (KHTML, like Gecko) Version/13.0.3 Mobile/15E148 Safari/604.1"
57.141.0.1 - - [23/Aug/2026:16:46:08 +0800] "HEAD / HTTP/1.1" 200 0 "-" "facebookexternalhit/1.1 (+http://www.facebook.com/externalhit_uatext.php)"
40.77.167.20 - - [23/Aug/2026:16:46:15 +0800] "GET /?list_13/&ext_leixing=%09%E9%80%9A%E4%BF%A1&ext_dizhi=%E6%95%B0%E6%8D%AE%E7%BB%9F%E8%AE%A1%09&ext_tese=%09%E5%AD%A6%E6%9C%AF%E6%8A%A5%E5%91%8A%09 HTTP/1.1" 200 4855 "-" "Mozilla/5.0 AppleWebKit/537.36 (KHTML, like Gecko; compatible; bingbot/2.0; +http://www.bing.com/bingbot.htm) Chrome/116.0.1938.76 Safari/537.36"
207.46.13.126 - - [23/Aug/2026:16:47:51 +0800] "GET /?list_13/&ext_leixing=%09%E9%87%91%E8%9E%8D&ext_dizhi=%09%E7%BD%91%E7%BB%9C%E5%B7%A5%E7%A8%8B&ext_feiyong=%091%E4%B8%AA%E6%9C%88%E4%BB%A5%E4%B8%8A&ext_tese=%09%E5%AD%A6%E6%9C%AF%E6%8A%A5%E5%91%8A%09 HTTP/1.1" 200 4881 "-" "Mozilla/5.0 AppleWebKit/537.36 (KHTML, like Gecko; compatible; bingbot/2.0; +http://www.bing.com/bingbot.htm) Chrome/116.0.1938.76 Safari/537.36"
207.46.13.126 - - [23/Aug/2026:16:47:51 +0800] "GET /?list_13/&ext_feiyong=1%E4%B8%AA%E6%9C%88&ext_tese=%09%E5%BA%94%E7%94%A8%E7%A0%94%E7%A9%B6&ext_leixing=%E7%94%9F%E7%89%A9&ext_dizhi=%09%E6%9C%BA%E6%A2%B0%E5%B7%A5%E7%A8%8B%09 HTTP/1.1" 200 4867 "-" "Mozilla/5.0 AppleWebKit/537.36 (KHTML, like Gecko; compatible; bingbot/2.0; +http://www.bing.com/bingbot.htm) Chrome/116.0.1938.76 Safari/537.36"
40.77.167.74 - - [23/Aug/2026:16:47:55 +0800] "GET /?list_13/&ext_dizhi=%E5%A4%A7%E6%95%B0%E6%8D%AE%09&ext_leixing=%09%E9%87%91%E8%9E%8D&ext_tese=%E6%A8%A1%E5%9E%8B HTTP/1.1" 200 4824 "-" "Mozilla/5.0 AppleWebKit/537.36 (KHTML, like Gecko; compatible; bingbot/2.0; +http://www.bing.com/bingbot.htm) Chrome/116.0.1938.76 Safari/537.36"
40.77.167.74 - - [23/Aug/2026:16:47:55 +0800] "GET /?list_13/&ext_feiyong=1%E5%91%A8%09&ext_leixing=%09%E9%87%91%E8%9E%8D&ext_dizhi=%09%E6%95%B0%E5%AD%97%E7%BB%8F%E6%B5%8E&ext_tese=%09%E5%BA%94%E7%94%A8%E7%A0%94%E7%A9%B6 HTTP/1.1" 200 4873 "-" "Mozilla/5.0 AppleWebKit/537.36 (KHTML, like Gecko; compatible; bingbot/2.0; +http://www.bing.com/bingbot.htm) Chrome/116.0.1938.76 Safari/537.36"
5.133.217.40 - - [23/Aug/2026:16:48:38 +0800] "GET /robots.txt HTTP/1.1" 200 37 "-" "Mozilla/5.0 (iPhone; CPU iPhone OS 17_1_2 like Mac OS X) AppleWebKit/605.1.15 (KHTML, like Gecko) Version/17.1.2 Mobile/15E148 Safari/604"
193.180.166.44 - - [23/Aug/2026:16:48:38 +0800] "GET /llms.txt HTTP/1.1" 404 150 "-" "Mozilla/5.0 (iPhone; CPU iPhone OS 17_1_2 like Mac OS X) AppleWebKit/605.1.15 (KHTML, like Gecko) Version/17.1.2 Mobile/15E148 Safari/604"
192.36.121.105 - - [23/Aug/2026:16:48:39 +0800] "GET / HTTP/1.1" 200 7977 "-" "Mozilla/5.0 (iPhone; CPU iPhone OS 17_1_2 like Mac OS X) AppleWebKit/605.1.15 (KHTML, like Gecko) Version/17.1.2 Mobile/15E148 Safari/604"
57.141.14.47 - - [23/Aug/2026:16:48:40 +0800] "HEAD / HTTP/1.1" 200 0 "-" "facebookexternalhit/1.1 (+http://www.facebook.com/externalhit_uatext.php)"
66.249.64.96 - - [23/Aug/2026:16:49:07 +0800] "GET /?list_13/&ext_dizhi=%E6%95%B0%E5%AD%A6%E5%88%86%E6%9E%90%09&ext_tese=%09%E5%BA%94%E7%94%A8%E7%A0%94%E7%A9%B6&ext_feiyong=%091%E4%B8%AA%E6%9C%88%E4%BB%A5%E4%B8%8A&ext_leixing=%09%E8%AE%A1%E7%AE%97%E6%9C%BA HTTP/1.1" 200 4898 "-" "Mozilla/5.0 (Linux; Android 6.0.1; Nexus 5X Build/MMB29P) AppleWebKit/537.36 (KHTML, like Gecko) Chrome/151.0.7922.137 Mobile Safari/537.36 (compatible; Googlebot/2.1; +http://www.google.com/bot.html)"
66.249.64.97 - - [23/Aug/2026:16:49:09 +0800] "GET /?list_13/&ext_dizhi=%09%E6%9C%BA%E6%A2%B0%E5%B7%A5%E7%A8%8B%09&ext_tese=%09%E5%BA%94%E7%94%A8%E7%A0%94%E7%A9%B6&ext_feiyong=1%E4%B8%AA%E6%9C%88&ext_leixing=%09%E7%89%A9%E7%90%86%09 HTTP/1.1" 200 4885 "-" "Mozilla/5.0 (Linux; Android 6.0.1; Nexus 5X Build/MMB29P) AppleWebKit/537.36 (KHTML, like Gecko) Chrome/151.0.7922.137 Mobile Safari/537.36 (compatible; Googlebot/2.1; +http://www.google.com/bot.html)"
66.249.64.96 - - [23/Aug/2026:16:49:10 +0800] "GET /?list_13/&ext_dizhi=%E9%87%91%E8%9E%8D%E7%AE%A1%E7%90%86&ext_feiyong=1%E4%B8%AA%E6%9C%88&ext_tese=%E8%BD%AF%E8%91%97%09&ext_leixing=%09%E9%87%91%E8%9E%8D HTTP/1.1" 200 4876 "-" "Mozilla/5.0 (Linux; Android 6.0.1; Nexus 5X Build/MMB29P) AppleWebKit/537.36 (KHTML, like Gecko) Chrome/151.0.7922.137 Mobile Safari/537.36 (compatible; Googlebot/2.1; +http://www.google.com/bot.html)"
66.249.64.110 - - [23/Aug/2026:16:49:18 +0800] "GET /?list_13/&ext_dizhi=%E6%95%B0%E6%8D%AE%E7%BB%9F%E8%AE%A1%09&ext_tese=%E6%A8%A1%E5%9E%8B&ext_leixing=%09%E7%89%A9%E7%90%86%09&ext_feiyong=%091%E4%B8%AA%E6%9C%88%E4%BB%A5%E4%B8%8A HTTP/1.1" 200 4882 "-" "Mozilla/5.0 (Linux; Android 6.0.1; Nexus 5X Build/MMB29P) AppleWebKit/537.36 (KHTML, like Gecko) Chrome/151.0.7922.137 Mobile Safari/537.36 (compatible; Googlebot/2.1; +http://www.google.com/bot.html)"
66.249.64.110 - - [23/Aug/2026:16:49:36 +0800] "GET /?list_13/&ext_feiyong=1%E4%B8%AA%E6%9C%88&ext_tese=%09%E8%AE%BA%E6%96%87%09&ext_leixing=%09%E7%89%A9%E7%90%86%09&ext_dizhi=%E5%B8%82%E5%9C%BA%E8%90%A5%E9%94%80 HTTP/1.1" 200 4858 "-" "Mozilla/5.0 (Linux; Android 6.0.1; Nexus 5X Build/MMB29P) AppleWebKit/537.36 (KHTML, like Gecko) Chrome/151.0.7922.137 Mobile Safari/537.36 (compatible; Googlebot/2.1; +http://www.google.com/bot.html)"
85.208.96.198 - - [23/Aug/2026:16:50:09 +0800] "GET /template/app.php/2026071752756935.shtml HTTP/1.1" 404 150 "-" "Mozilla/5.0 (compatible; SemrushBot/7~bl; +http://www.semrush.com/bot.html)"
207.46.13.126 - - [23/Aug/2026:16:50:50 +0800] "GET /?list_13/&ext_leixing=%09%E7%BB%8F%E6%B5%8E&ext_feiyong=1%E4%B8%AA%E6%9C%88&ext_dizhi=%09%E8%BD%AF%E4%BB%B6%E5%B7%A5%E7%A8%8B%09&ext_tese=%09%E5%AD%A6%E6%9C%AF%E6%8A%A5%E5%91%8A%09 HTTP/1.1" 200 4877 "-" "Mozilla/5.0 AppleWebKit/537.36 (KHTML, like Gecko; compatible; bingbot/2.0; +http://www.bing.com/bingbot.htm) Chrome/116.0.1938.76 Safari/537.36"
66.249.64.110 - - [23/Aug/2026:16:51:29 +0800] "GET /?list_13/&ext_tese=%09%E5%AD%A6%E6%9C%AF%E6%8A%A5%E5%91%8A%09&ext_dizhi=%E6%95%B0%E5%AD%A6%E5%88%86%E6%9E%90%09&ext_leixing=%E5%8C%96%E5%AD%A6%09&ext_feiyong=1%E5%91%A8%09 HTTP/1.1" 200 4856 "-" "Mozilla/5.0 (Linux; Android 6.0.1; Nexus 5X Build/MMB29P) AppleWebKit/537.36 (KHTML, like Gecko) Chrome/151.0.7922.137 Mobile Safari/537.36 (compatible; Googlebot/2.1; +http://www.google.com/bot.html)"
57.141.20.47 - - [23/Aug/2026:16:51:49 +0800] "HEAD / HTTP/1.1" 200 0 "-" "facebookexternalhit/1.1 (+http://www.facebook.com/externalhit_uatext.php)"
66.249.64.110 - - [23/Aug/2026:16:51:54 +0800] "GET /?list_13/&ext_leixing=%09%E9%80%9A%E4%BF%A1&ext_dizhi=%E7%94%B5%E5%AD%90%E7%94%B5%E6%B0%94%09&ext_feiyong=1%E4%B8%AA%E6%9C%88&ext_tese=%09%E5%BA%94%E7%94%A8%E7%A0%94%E7%A9%B6 HTTP/1.1" 200 4873 "-" "Mozilla/5.0 (Linux; Android 6.0.1; Nexus 5X Build/MMB29P) AppleWebKit/537.36 (KHTML, like Gecko) Chrome/151.0.7922.137 Mobile Safari/537.36 (compatible; Googlebot/2.1; +http://www.google.com/bot.html)"
40.77.167.71 - - [23/Aug/2026:16:51:55 +0800] "GET /?list_13/&ext_feiyong=1%E4%B8%AA%E6%9C%88&ext_leixing=%09%E7%BB%8F%E6%B5%8E&ext_dizhi=%09%E7%BD%91%E7%BB%9C%E5%B7%A5%E7%A8%8B&ext_tese=%09%E5%BA%94%E7%94%A8%E7%A0%94%E7%A9%B6 HTTP/1.1" 200 4872 "-" "Mozilla/5.0 AppleWebKit/537.36 (KHTML, like Gecko; compatible; bingbot/2.0; +http://www.bing.com/bingbot.htm) Chrome/116.0.1938.76 Safari/537.36"
66.249.64.96 - - [23/Aug/2026:16:52:52 +0800] "GET /?list_13/&ext_dizhi=%E5%95%86%E5%8A%A1%E7%AE%A1%E7%90%86%09&ext_tese=%09%E8%AE%BA%E6%96%87%09&ext_feiyong=1%E4%B8%AA%E6%9C%88&ext_leixing=%09%E8%AE%A1%E7%AE%97%E6%9C%BA HTTP/1.1" 200 4879 "-" "Mozilla/5.0 (Linux; Android 6.0.1; Nexus 5X Build/MMB29P) AppleWebKit/537.36 (KHTML, like Gecko) Chrome/151.0.7922.137 Mobile Safari/537.36 (compatible; Googlebot/2.1; +http://www.google.com/bot.html)"
66.249.64.96 - - [23/Aug/2026:16:52:53 +0800] "GET /?list_13/&ext_dizhi=%09%E6%9C%BA%E6%A2%B0%E5%B7%A5%E7%A8%8B%09&ext_feiyong=1%E5%91%A8%09&ext_tese=%E4%B8%93%E5%88%A9&ext_leixing=%E7%94%9F%E7%89%A9 HTTP/1.1" 200 4861 "-" "Mozilla/5.0 (Linux; Android 6.0.1; Nexus 5X Build/MMB29P) AppleWebKit/537.36 (KHTML, like Gecko) Chrome/151.0.7922.137 Mobile Safari/537.36 (compatible; Googlebot/2.1; +http://www.google.com/bot.html)"
66.249.64.96 - - [23/Aug/2026:16:53:04 +0800] "GET /?list_13/&ext_leixing=%E6%95%B0%E5%AD%A6&ext_dizhi=%E9%80%9A%E4%BF%A1%E5%B7%A5%E7%A8%8B&ext_feiyong=%091%E4%B8%AA%E6%9C%88%E4%BB%A5%E4%B8%8A&ext_tese=%E6%A8%A1%E5%9E%8B HTTP/1.1" 200 4868 "-" "Mozilla/5.0 (Linux; Android 6.0.1; Nexus 5X Build/MMB29P) AppleWebKit/537.36 (KHTML, like Gecko) Chrome/151.0.7922.137 Mobile Safari/537.36 (compatible; Googlebot/2.1; +http://www.google.com/bot.html)"
66.249.64.96 - - [23/Aug/2026:16:53:31 +0800] "GET /?list_13/&ext_dizhi=%E9%87%91%E8%9E%8D%E7%AE%A1%E7%90%86&ext_feiyong=%091%E4%B8%AA%E6%9C%88%E4%BB%A5%E4%B8%8A&ext_tese=%09%E8%AE%BA%E6%96%87%09&ext_leixing=%09%E9%80%9A%E4%BF%A1 HTTP/1.1" 200 4882 "-" "Mozilla/5.0 (Linux; Android 6.0.1; Nexus 5X Build/MMB29P) AppleWebKit/537.36 (KHTML, like Gecko) Chrome/151.0.7922.137 Mobile Safari/537.36 (compatible; Googlebot/2.1; +http://www.google.com/bot.html)"
66.249.64.96 - - [23/Aug/2026:16:54:00 +0800] "GET /?list_13/&ext_tese=%09%E5%AD%A6%E6%9C%AF%E6%8A%A5%E5%91%8A%09&ext_leixing=%E7%94%9F%E7%89%A9&ext_dizhi=%E5%B8%82%E5%9C%BA%E8%90%A5%E9%94%80 HTTP/1.1" 200 4846 "-" "Mozilla/5.0 (Linux; Android 6.0.1; Nexus 5X Build/MMB29P) AppleWebKit/537.36 (KHTML, like Gecko) Chrome/151.0.7922.137 Mobile Safari/537.36 (compatible; Googlebot/2.1; +http://www.google.com/bot.html)"
57.141.10.4 - - [23/Aug/2026:16:55:00 +0800] "HEAD / HTTP/1.1" 200 0 "-" "facebookexternalhit/1.1 (+http://www.facebook.com/externalhit_uatext.php)"
66.249.64.97 - - [23/Aug/2026:16:55:03 +0800] "GET /?list_13/&ext_leixing=%09%E7%BB%8F%E6%B5%8E&ext_feiyong=1%E5%91%A8%09&ext_tese=%E7%90%86%E8%AE%BA%E7%A0%94%E7%A9%B6&ext_dizhi=%09%E6%95%B0%E5%AD%97%E7%BB%8F%E6%B5%8E HTTP/1.1" 200 4859 "-" "Mozilla/5.0 (Linux; Android 6.0.1; Nexus 5X Build/MMB29P) AppleWebKit/537.36 (KHTML, like Gecko) Chrome/151.0.7922.137 Mobile Safari/537.36 (compatible; Googlebot/2.1; +http://www.google.com/bot.html)"
185.191.171.4 - - [23/Aug/2026:16:56:14 +0800] "GET /robots.txt HTTP/1.1" 200 37 "-" "Mozilla/5.0 (compatible; SemrushBot/7~bl; +http://www.semrush.com/bot.html)"
185.191.171.15 - - [23/Aug/2026:16:56:15 +0800] "GET /index.php/2026071734238-91846.shtml HTTP/1.1" 301 5 "-" "Mozilla/5.0 (compatible; SemrushBot/7~bl; +http://www.semrush.com/bot.html)"
43.153.85.46 - - [23/Aug/2026:16:57:50 +0800] "GET / HTTP/1.1" 200 7977 "-" "Mozilla/5.0 (iPhone; CPU iPhone OS 13_2_3 like Mac OS X) AppleWebKit/605.1.15 (KHTML, like Gecko) Version/13.0.3 Mobile/15E148 Safari/604.1"
57.141.22.114 - - [23/Aug/2026:16:58:08 +0800] "HEAD / HTTP/1.1" 200 0 "-" "facebookexternalhit/1.1 (+http://www.facebook.com/externalhit_uatext.php)"
57.141.4.51 - - [23/Aug/2026:17:01:16 +0800] "HEAD / HTTP/1.1" 200 0 "-" "facebookexternalhit/1.1 (+http://www.facebook.com/externalhit_uatext.php)"
66.249.64.97 - - [23/Aug/2026:17:01:39 +0800] "GET /?list_13/&ext_dizhi=%E5%B8%82%E5%9C%BA%E8%90%A5%E9%94%80&ext_tese=%09%E5%BA%94%E7%94%A8%E7%A0%94%E7%A9%B6&ext_leixing=%E6%95%B0%E5%AD%A6&ext_feiyong=1%E5%91%A8%09 HTTP/1.1" 200 4866 "-" "Mozilla/5.0 (Linux; Android 6.0.1; Nexus 5X Build/MMB29P) AppleWebKit/537.36 (KHTML, like Gecko) Chrome/151.0.7922.137 Mobile Safari/537.36 (compatible; Googlebot/2.1; +http://www.google.com/bot.html)"
66.249.64.110 - - [23/Aug/2026:17:01:41 +0800] "GET /?list_13/&ext_leixing=%09%E8%AE%A1%E7%AE%97%E6%9C%BA&ext_dizhi=%E5%A4%A7%E6%95%B0%E6%8D%AE%09&ext_tese=%09%E5%AD%A6%E6%9C%AF%E6%8A%A5%E5%91%8A%09&ext_feiyong=1%E5%91%A8%09 HTTP/1.1" 200 4866 "-" "Mozilla/5.0 (Linux; Android 6.0.1; Nexus 5X Build/MMB29P) AppleWebKit/537.36 (KHTML, like Gecko) Chrome/151.0.7922.137 Mobile Safari/537.36 (compatible; Googlebot/2.1; +http://www.google.com/bot.html)"
66.249.64.110 - - [23/Aug/2026:17:01:42 +0800] "GET /?list_13/&ext_dizhi=%09%E6%95%B0%E5%AD%97%E7%BB%8F%E6%B5%8E&ext_feiyong=1%E4%B8%AA%E6%9C%88&ext_tese=%E7%90%86%E8%AE%BA%E7%A0%94%E7%A9%B6&ext_leixing=%09%E7%BB%8F%E6%B5%8E HTTP/1.1" 200 4878 "-" "Mozilla/5.0 (Linux; Android 6.0.1; Nexus 5X Build/MMB29P) AppleWebKit/537.36 (KHTML, like Gecko) Chrome/151.0.7922.137 Mobile Safari/537.36 (compatible; Googlebot/2.1; +http://www.google.com/bot.html)"
66.249.64.110 - - [23/Aug/2026:17:01:43 +0800] "GET /?list_13/&ext_leixing=%09%E8%AE%A1%E7%AE%97%E6%9C%BA&ext_tese=%E7%90%86%E8%AE%BA%E7%A0%94%E7%A9%B6&ext_dizhi=%E9%87%91%E8%9E%8D%E7%AE%A1%E7%90%86&ext_feiyong=1%E4%B8%AA%E6%9C%88 HTTP/1.1" 200 4867 "-" "Mozilla/5.0 (Linux; Android 6.0.1; Nexus 5X Build/MMB29P) AppleWebKit/537.36 (KHTML, like Gecko) Chrome/151.0.7922.137 Mobile Safari/537.36 (compatible; Googlebot/2.1; +http://www.google.com/bot.html)"
66.249.64.110 - - [23/Aug/2026:17:01:44 +0800] "GET /?list_13/&ext_dizhi=%E9%80%9A%E4%BF%A1%E5%B7%A5%E7%A8%8B&ext_leixing=%E7%94%9F%E7%89%A9&ext_feiyong=%091%E4%B8%AA%E6%9C%88%E4%BB%A5%E4%B8%8A&ext_tese=%E6%A8%A1%E5%9E%8B HTTP/1.1" 200 4862 "-" "Mozilla/5.0 (Linux; Android 6.0.1; Nexus 5X Build/MMB29P) AppleWebKit/537.36 (KHTML, like Gecko) Chrome/151.0.7922.137 Mobile Safari/537.36 (compatible; Googlebot/2.1; +http://www.google.com/bot.html)"
66.249.64.96 - - [23/Aug/2026:17:01:45 +0800] "GET /?list_13/&ext_feiyong=%091%E4%B8%AA%E6%9C%88%E4%BB%A5%E4%B8%8A&ext_tese=%E7%90%86%E8%AE%BA%E7%A0%94%E7%A9%B6&ext_dizhi=%09&ext_leixing=%E5%8C%96%E5%AD%A6%09 HTTP/1.1" 200 4863 "-" "Mozilla/5.0 (Linux; Android 6.0.1; Nexus 5X Build/MMB29P) AppleWebKit/537.36 (KHTML, like Gecko) Chrome/151.0.7922.137 Mobile Safari/537.36 (compatible; Googlebot/2.1; +http://www.google.com/bot.html)"
66.249.64.110 - - [23/Aug/2026:17:01:46 +0800] "GET /?list_13/&ext_dizhi=%E9%80%9A%E4%BF%A1%E5%B7%A5%E7%A8%8B&ext_leixing=%09%E8%AE%A1%E7%AE%97%E6%9C%BA&ext_feiyong=%091%E4%B8%AA%E6%9C%88%E4%BB%A5%E4%B8%8A&ext_tese=%E7%90%86%E8%AE%BA%E7%A0%94%E7%A9%B6 HTTP/1.1" 200 4886 "-" "Mozilla/5.0 (Linux; Android 6.0.1; Nexus 5X Build/MMB29P) AppleWebKit/537.36 (KHTML, like Gecko) Chrome/151.0.7922.137 Mobile Safari/537.36 (compatible; Googlebot/2.1; +http://www.google.com/bot.html)"
66.249.64.110 - - [23/Aug/2026:17:01:47 +0800] "GET /?list_13/&ext_feiyong=1%E4%B8%AA%E6%9C%88&ext_leixing=%09%E7%BB%8F%E6%B5%8E&ext_tese=%09%E5%BA%94%E7%94%A8%E7%A0%94%E7%A9%B6&ext_dizhi=%E4%BA%BA%E5%B7%A5%E6%99%BA%E8%83%BD%09 HTTP/1.1" 200 4860 "-" "Mozilla/5.0 (Linux; Android 6.0.1; Nexus 5X Build/MMB29P) AppleWebKit/537.36 (KHTML, like Gecko) Chrome/151.0.7922.137 Mobile Safari/537.36 (compatible; Googlebot/2.1; +http://www.google.com/bot.html)"
66.249.64.110 - - [23/Aug/2026:17:01:48 +0800] "GET /?list_13/&ext_dizhi=%E9%80%9A%E4%BF%A1%E5%B7%A5%E7%A8%8B&ext_tese=%E7%90%86%E8%AE%BA%E7%A0%94%E7%A9%B6&ext_leixing=%09%E7%89%A9%E7%90%86%09&ext_feiyong=1%E4%B8%AA%E6%9C%88 HTTP/1.1" 200 4877 "-" "Mozilla/5.0 (Linux; Android 6.0.1; Nexus 5X Build/MMB29P) AppleWebKit/537.36 (KHTML, like Gecko) Chrome/151.0.7922.137 Mobile Safari/537.36 (compatible; Googlebot/2.1; +http://www.google.com/bot.html)"
66.249.64.110 - - [23/Aug/2026:17:01:49 +0800] "GET /?list_13/&ext_dizhi=%09%E6%95%B0%E6%8D%AE%E5%A4%84%E7%90%86&ext_tese=%E4%B8%93%E5%88%A9&ext_leixing=%E6%95%B0%E5%AD%A6&ext_feiyong=1%E5%91%A8%09 HTTP/1.1" 200 4854 "-" "Mozilla/5.0 (Linux; Android 6.0.1; Nexus 5X Build/MMB29P) AppleWebKit/537.36 (KHTML, like Gecko) Chrome/151.0.7922.137 Mobile Safari/537.36 (compatible; Googlebot/2.1; +http://www.google.com/bot.html)"
66.249.64.110 - - [23/Aug/2026:17:01:49 +0800] "GET /?list_13/&ext_leixing=%09%E9%80%9A%E4%BF%A1&ext_tese=%E6%A8%A1%E5%9E%8B&ext_dizhi=%E7%94%B5%E5%AD%90%E7%94%B5%E6%B0%94%09&ext_feiyong=1%E4%B8%AA%E6%9C%88 HTTP/1.1" 200 4845 "-" "Mozilla/5.0 (Linux; Android 6.0.1; Nexus 5X Build/MMB29P) AppleWebKit/537.36 (KHTML, like Gecko) Chrome/151.0.7922.137 Mobile Safari/537.36 (compatible; Googlebot/2.1; +http://www.google.com/bot.html)"
66.249.64.97 - - [23/Aug/2026:17:01:58 +0800] "GET /?list_13/&ext_dizhi=%09%E7%BD%91%E7%BB%9C%E5%B7%A5%E7%A8%8B&ext_tese=%E4%B8%93%E5%88%A9&ext_leixing=%E6%95%B0%E5%AD%A6&ext_feiyong=1%E5%91%A8%09 HTTP/1.1" 200 4849 "-" "Mozilla/5.0 (Linux; Android 6.0.1; Nexus 5X Build/MMB29P) AppleWebKit/537.36 (KHTML, like Gecko) Chrome/151.0.7922.137 Mobile Safari/537.36 (compatible; Googlebot/2.1; +http://www.google.com/bot.html)"
66.249.64.96 - - [23/Aug/2026:17:01:59 +0800] "GET /?list_13/&ext_leixing=%E6%95%B0%E5%AD%A6&ext_tese=%E4%B8%93%E5%88%A9&ext_dizhi=%E9%87%91%E8%9E%8D%E7%AE%A1%E7%90%86&ext_feiyong=%091%E4%B8%AA%E6%9C%88%E4%BB%A5%E4%B8%8A HTTP/1.1" 200 4859 "-" "Mozilla/5.0 (Linux; Android 6.0.1; Nexus 5X Build/MMB29P) AppleWebKit/537.36 (KHTML, like Gecko) Chrome/151.0.7922.137 Mobile Safari/537.36 (compatible; Googlebot/2.1; +http://www.google.com/bot.html)"
66.249.64.97 - - [23/Aug/2026:17:02:00 +0800] "GET /?list_13/&ext_dizhi=%E7%A4%BE%E4%BC%9A%E7%A7%91%E5%AD%A6&ext_tese=%09%E8%AE%BA%E6%96%87%09&ext_leixing=%E7%94%9F%E7%89%A9&ext_feiyong=1%E5%91%A8%09 HTTP/1.1" 200 4863 "-" "Mozilla/5.0 (Linux; Android 6.0.1; Nexus 5X Build/MMB29P) AppleWebKit/537.36 (KHTML, like Gecko) Chrome/151.0.7922.137 Mobile Safari/537.36 (compatible; Googlebot/2.1; +http://www.google.com/bot.html)"
66.249.64.96 - - [23/Aug/2026:17:02:04 +0800] "GET /?list_13/&ext_dizhi=%E9%80%9A%E4%BF%A1%E5%B7%A5%E7%A8%8B&ext_tese=%E4%B8%93%E5%88%A9&ext_leixing=%E6%95%B0%E5%AD%A6&ext_feiyong=1%E5%91%A8%09 HTTP/1.1" 200 4852 "-" "Mozilla/5.0 (Linux; Android 6.0.1; Nexus 5X Build/MMB29P) AppleWebKit/537.36 (KHTML, like Gecko) Chrome/151.0.7922.137 Mobile Safari/537.36 (compatible; Googlebot/2.1; +http://www.google.com/bot.html)"
52.167.144.236 - - [23/Aug/2026:17:02:16 +0800] "GET /?list_13/&ext_dizhi=%E6%9C%BA%E5%99%A8%E4%BA%BA%09&ext_leixing=%09%E8%AE%A1%E7%AE%97%E6%9C%BA&ext_tese=%09%E5%AD%A6%E6%9C%AF%E6%8A%A5%E5%91%8A%09 HTTP/1.1" 200 4837 "-" "Mozilla/5.0 AppleWebKit/537.36 (KHTML, like Gecko; compatible; bingbot/2.0; +http://www.bing.com/bingbot.htm) Chrome/116.0.1938.76 Safari/537.36"
66.249.64.110 - - [23/Aug/2026:17:02:20 +0800] "GET /?list_13/&ext_feiyong=1%E4%B8%AA%E6%9C%88&ext_tese=%09%E8%AE%BA%E6%96%87%09&ext_leixing=%E7%94%9F%E7%89%A9&ext_dizhi=%E6%95%B0%E5%AD%A6%E5%88%86%E6%9E%90%09 HTTP/1.1" 200 4857 "-" "Mozilla/5.0 (Linux; Android 6.0.1; Nexus 5X Build/MMB29P) AppleWebKit/537.36 (KHTML, like Gecko) Chrome/151.0.7922.137 Mobile Safari/537.36 (compatible; Googlebot/2.1; +http://www.google.com/bot.html)"
66.249.64.110 - - [23/Aug/2026:17:02:27 +0800] "GET /?list_13/&ext_feiyong=%091%E4%B8%AA%E6%9C%88%E4%BB%A5%E4%B8%8A&ext_tese=%E6%A8%A1%E5%9E%8B&ext_leixing=%E7%94%9F%E7%89%A9&ext_dizhi=%E6%95%B0%E5%AD%A6%E5%88%86%E6%9E%90%09 HTTP/1.1" 200 4867 "-" "Mozilla/5.0 (Linux; Android 6.0.1; Nexus 5X Build/MMB29P) AppleWebKit/537.36 (KHTML, like Gecko) Chrome/151.0.7922.137 Mobile Safari/537.36 (compatible; Googlebot/2.1; +http://www.google.com/bot.html)"
66.249.64.110 - - [23/Aug/2026:17:02:37 +0800] "GET /?list_13/&ext_dizhi=%09%E6%95%B0%E5%AD%97%E7%BB%8F%E6%B5%8E&ext_feiyong=1%E4%B8%AA%E6%9C%88&ext_tese=%E6%A8%A1%E5%9E%8B&ext_leixing=%09%E9%87%91%E8%9E%8D HTTP/1.1" 200 4865 "-" "Mozilla/5.0 (Linux; Android 6.0.1; Nexus 5X Build/MMB29P) AppleWebKit/537.36 (KHTML, like Gecko) Chrome/151.0.7922.137 Mobile Safari/537.36 (compatible; Googlebot/2.1; +http://www.google.com/bot.html)"
66.249.64.110 - - [23/Aug/2026:17:02:38 +0800] "GET /?list_13/&ext_feiyong=1%E4%B8%AA%E6%9C%88&ext_tese=%09%E5%AD%A6%E6%9C%AF%E6%8A%A5%E5%91%8A%09&ext_leixing=%E7%94%9F%E7%89%A9&ext_dizhi=%E6%95%B0%E5%AD%A6%E5%88%86%E6%9E%90%09 HTTP/1.1" 200 4865 "-" "Mozilla/5.0 (Linux; Android 6.0.1; Nexus 5X Build/MMB29P) AppleWebKit/537.36 (KHTML, like Gecko) Chrome/151.0.7922.137 Mobile Safari/537.36 (compatible; Googlebot/2.1; +http://www.google.com/bot.html)"
66.249.64.110 - - [23/Aug/2026:17:02:43 +0800] "GET /?list_13/&ext_feiyong=1%E4%B8%AA%E6%9C%88&ext_tese=%E6%A8%A1%E5%9E%8B&ext_leixing=%E5%8C%96%E5%AD%A6%09&ext_dizhi=%E6%95%B0%E5%AD%A6%E5%88%86%E6%9E%90%09 HTTP/1.1" 200 4840 "-" "Mozilla/5.0 (Linux; Android 6.0.1; Nexus 5X Build/MMB29P) AppleWebKit/537.36 (KHTML, like Gecko) Chrome/151.0.7922.137 Mobile Safari/537.36 (compatible; Googlebot/2.1; +http://www.google.com/bot.html)"
66.249.64.110 - - [23/Aug/2026:17:02:47 +0800] "GET /?list_13/&ext_feiyong=1%E4%B8%AA%E6%9C%88&ext_tese=%E6%A8%A1%E5%9E%8B&ext_leixing=%09%E9%80%9A%E4%BF%A1&ext_dizhi=%E6%95%B0%E5%AD%A6%E5%88%86%E6%9E%90%09 HTTP/1.1" 200 4850 "-" "Mozilla/5.0 (Linux; Android 6.0.1; Nexus 5X Build/MMB29P) AppleWebKit/537.36 (KHTML, like Gecko) Chrome/151.0.7922.137 Mobile Safari/537.36 (compatible; Googlebot/2.1; +http://www.google.com/bot.html)"
66.249.64.110 - - [23/Aug/2026:17:02:52 +0800] "GET /?list_13/&ext_dizhi=%E7%A4%BE%E4%BC%9A%E7%A7%91%E5%AD%A6&ext_feiyong=%091%E4%B8%AA%E6%9C%88%E4%BB%A5%E4%B8%8A&ext_tese=%09%E5%BA%94%E7%94%A8%E7%A0%94%E7%A9%B6 HTTP/1.1" 200 4838 "-" "Mozilla/5.0 (Linux; Android 6.0.1; Nexus 5X Build/MMB29P) AppleWebKit/537.36 (KHTML, like Gecko) Chrome/151.0.7922.137 Mobile Safari/537.36 (compatible; Googlebot/2.1; +http://www.google.com/bot.html)"
66.249.64.96 - - [23/Aug/2026:17:03:12 +0800] "GET /?list_13/&ext_feiyong=1%E4%B8%AA%E6%9C%88&ext_tese=%E8%BD%AF%E8%91%97%09&ext_leixing=%E7%94%9F%E7%89%A9&ext_dizhi=%E6%95%B0%E5%AD%A6%E5%88%86%E6%9E%90%09 HTTP/1.1" 200 4862 "-" "Mozilla/5.0 (Linux; Android 6.0.1; Nexus 5X Build/MMB29P) AppleWebKit/537.36 (KHTML, like Gecko) Chrome/151.0.7922.137 Mobile Safari/537.36 (compatible; Googlebot/2.1; +http://www.google.com/bot.html)"
66.249.64.110 - - [23/Aug/2026:17:03:29 +0800] "GET /?list_13/&ext_dizhi=%E7%A4%BE%E4%BC%9A%E7%A7%91%E5%AD%A6&ext_feiyong=1%E5%91%A8%09&ext_tese=%09%E5%BA%94%E7%94%A8%E7%A0%94%E7%A9%B6 HTTP/1.1" 200 4820 "-" "Mozilla/5.0 (Linux; Android 6.0.1; Nexus 5X Build/MMB29P) AppleWebKit/537.36 (KHTML, like Gecko) Chrome/151.0.7922.137 Mobile Safari/537.36 (compatible; Googlebot/2.1; +http://www.google.com/bot.html)"
66.249.64.110 - - [23/Aug/2026:17:03:30 +0800] "GET /?list_13/&ext_tese=%E8%BD%AF%E8%91%97%09&ext_dizhi=%E7%A4%BE%E4%BC%9A%E7%A7%91%E5%AD%A6&ext_leixing=%E7%94%9F%E7%89%A9&ext_feiyong=1%E5%91%A8%09 HTTP/1.1" 200 4846 "-" "Mozilla/5.0 (Linux; Android 6.0.1; Nexus 5X Build/MMB29P) AppleWebKit/537.36 (KHTML, like Gecko) Chrome/151.0.7922.137 Mobile Safari/537.36 (compatible; Googlebot/2.1; +http://www.google.com/bot.html)"
66.249.64.110 - - [23/Aug/2026:17:03:36 +0800] "GET /?list_13/&ext_feiyong=1%E4%B8%AA%E6%9C%88&ext_tese=%E6%A8%A1%E5%9E%8B&ext_leixing=%09%E7%89%A9%E7%90%86%09&ext_dizhi=%E6%95%B0%E5%AD%A6%E5%88%86%E6%9E%90%09 HTTP/1.1" 200 4846 "-" "Mozilla/5.0 (Linux; Android 6.0.1; Nexus 5X Build/MMB29P) AppleWebKit/537.36 (KHTML, like Gecko) Chrome/151.0.7922.137 Mobile Safari/537.36 (compatible; Googlebot/2.1; +http://www.google.com/bot.html)"
66.249.64.110 - - [23/Aug/2026:17:03:46 +0800] "GET /?list_13/&ext_feiyong=1%E4%B8%AA%E6%9C%88&ext_tese=%E6%A8%A1%E5%9E%8B&ext_leixing=%09%E7%BB%8F%E6%B5%8E&ext_dizhi=%E6%95%B0%E5%AD%A6%E5%88%86%E6%9E%90%09 HTTP/1.1" 200 4847 "-" "Mozilla/5.0 (Linux; Android 6.0.1; Nexus 5X Build/MMB29P) AppleWebKit/537.36 (KHTML, like Gecko) Chrome/151.0.7922.137 Mobile Safari/537.36 (compatible; Googlebot/2.1; +http://www.google.com/bot.html)"
17.22.237.135 - - [23/Aug/2026:17:03:52 +0800] "GET /robots.txt HTTP/1.1" 200 37 "-" "Mozilla/5.0 (Macintosh; Intel Mac OS X 10_15_7) AppleWebKit/605.1.15 (KHTML, like Gecko) Version/17.4 Safari/605.1.15 (Applebot/0.1; +http://www.apple.com/go/applebot)"
17.22.237.135 - - [23/Aug/2026:17:03:52 +0800] "GET /template/show.php/20260721-77404348.shtml HTTP/1.1" 403 46 "-" "Mozilla/5.0 (Macintosh; Intel Mac OS X 10_15_7) AppleWebKit/605.1.15 (KHTML, like Gecko) Version/17.4 Safari/605.1.15 (Applebot/0.1; +http://www.apple.com/go/applebot)"
66.249.64.97 - - [23/Aug/2026:17:04:04 +0800] "GET /?list_13/&ext_feiyong=1%E4%B8%AA%E6%9C%88&ext_tese=%E6%A8%A1%E5%9E%8B&ext_leixing=%09%E8%AE%A1%E7%AE%97%E6%9C%BA&ext_dizhi=%E6%95%B0%E5%AD%A6%E5%88%86%E6%9E%90%09 HTTP/1.1" 200 4851 "-" "Mozilla/5.0 (Linux; Android 6.0.1; Nexus 5X Build/MMB29P) AppleWebKit/537.36 (KHTML, like Gecko) Chrome/151.0.7922.137 Mobile Safari/537.36 (compatible; Googlebot/2.1; +http://www.google.com/bot.html)"
66.249.64.96 - - [23/Aug/2026:17:04:08 +0800] "GET /?list_13/&ext_feiyong=1%E4%B8%AA%E6%9C%88&ext_tese=%09%E5%BA%94%E7%94%A8%E7%A0%94%E7%A9%B6&ext_leixing=%E7%94%9F%E7%89%A9&ext_dizhi=%E6%95%B0%E5%AD%A6%E5%88%86%E6%9E%90%09 HTTP/1.1" 200 4863 "-" "Mozilla/5.0 (Linux; Android 6.0.1; Nexus 5X Build/MMB29P) AppleWebKit/537.36 (KHTML, like Gecko) Chrome/151.0.7922.137 Mobile Safari/537.36 (compatible; Googlebot/2.1; +http://www.google.com/bot.html)"
66.249.64.110 - - [23/Aug/2026:17:04:13 +0800] "GET /?list_13/&ext_feiyong=1%E4%B8%AA%E6%9C%88&ext_tese=%E4%B8%93%E5%88%A9&ext_leixing=%E5%8C%96%E5%AD%A6%09&ext_dizhi=%E7%94%B5%E5%AD%90%E7%94%B5%E6%B0%94%09 HTTP/1.1" 200 4836 "-" "Mozilla/5.0 (Linux; Android 6.0.1; Nexus 5X Build/MMB29P) AppleWebKit/537.36 (KHTML, like Gecko) Chrome/151.0.7922.137 Mobile Safari/537.36 (compatible; Googlebot/2.1; +http://www.google.com/bot.html)"
57.141.16.91 - - [23/Aug/2026:17:04:23 +0800] "HEAD / HTTP/1.1" 200 0 "-" "facebookexternalhit/1.1 (+http://www.facebook.com/externalhit_uatext.php)"
66.249.64.110 - - [23/Aug/2026:17:04:34 +0800] "GET /?list_13/&ext_leixing=%E6%95%B0%E5%AD%A6&ext_dizhi=%E5%9F%BA%E5%9B%A0%E5%B7%A5%E7%A8%8B&ext_feiyong=%091%E4%B8%AA%E6%9C%88%E4%BB%A5%E4%B8%8A&ext_tese=%E8%BD%AF%E8%91%97%09 HTTP/1.1" 200 4860 "-" "Mozilla/5.0 (Linux; Android 6.0.1; Nexus 5X Build/MMB29P) AppleWebKit/537.36 (KHTML, like Gecko) Chrome/151.0.7922.137 Mobile Safari/537.36 (compatible; Googlebot/2.1; +http://www.google.com/bot.html)"
66.249.64.110 - - [23/Aug/2026:17:04:44 +0800] "GET /?list_13/&ext_feiyong=1%E4%B8%AA%E6%9C%88&ext_tese=%E4%B8%93%E5%88%A9&ext_leixing=%E5%8C%96%E5%AD%A6%09&ext_dizhi=%09%E6%95%B0%E5%AD%97%E7%BB%8F%E6%B5%8E HTTP/1.1" 200 4843 "-" "Mozilla/5.0 (Linux; Android 6.0.1; Nexus 5X Build/MMB29P) AppleWebKit/537.36 (KHTML, like Gecko) Chrome/151.0.7922.137 Mobile Safari/537.36 (compatible; Googlebot/2.1; +http://www.google.com/bot.html)"
85.208.96.199 - - [23/Aug/2026:17:04:47 +0800] "GET /index.php/2026071939853928-1293126.shtml HTTP/1.1" 301 5 "-" "Mozilla/5.0 (compatible; SemrushBot/7~bl; +http://www.semrush.com/bot.html)"
