17.22.237.245 - - [23/Aug/2026:03:27:31 +0800] "GET /template/show.php/20260720-61443026.shtml HTTP/1.1" 403 46 "-" "Mozilla/5.0 (Macintosh; Intel Mac OS X 10_15_7) AppleWebKit/605.1.15 (KHTML, like Gecko) Version/17.4 Safari/605.1.15 (Applebot/0.1; +http://www.apple.com/go/applebot)"
17.241.219.56 - - [23/Aug/2026:03:27:36 +0800] "GET /index.php/20260719514653-26150.shtml HTTP/1.1" 301 5 "-" "Mozilla/5.0 (Macintosh; Intel Mac OS X 10_15_7) AppleWebKit/605.1.15 (KHTML, like Gecko) Version/17.4 Safari/605.1.15 (Applebot/0.1; +http://www.apple.com/go/applebot)"
66.249.64.96 - - [23/Aug/2026:03:27:37 +0800] "GET /?list_13/&ext_feiyong=1%E4%B8%AA%E6%9C%88&ext_leixing=%09%E9%80%9A%E4%BF%A1&ext_tese=%E4%B8%93%E5%88%A9&ext_dizhi=%09%E6%95%B0%E6%8D%AE%E5%A4%84%E7%90%86 HTTP/1.1" 200 4850 "-" "Mozilla/5.0 (Linux; Android 6.0.1; Nexus 5X Build/MMB29P) AppleWebKit/537.36 (KHTML, like Gecko) Chrome/151.0.7922.137 Mobile Safari/537.36 (compatible; Googlebot/2.1; +http://www.google.com/bot.html)"
17.241.219.56 - - [23/Aug/2026:03:27:38 +0800] "GET /index.php HTTP/1.1" 200 7977 "-" "Mozilla/5.0 (Macintosh; Intel Mac OS X 10_15_7) AppleWebKit/605.1.15 (KHTML, like Gecko) Version/17.4 Safari/605.1.15 (Applebot/0.1; +http://www.apple.com/go/applebot)"
66.249.64.110 - - [23/Aug/2026:03:27:44 +0800] "GET /?list_13/&ext_dizhi=%E5%9F%BA%E5%9B%A0%E5%B7%A5%E7%A8%8B&ext_feiyong=1%E4%B8%AA%E6%9C%88&ext_leixing=%09%E8%AE%A1%E7%AE%97%E6%9C%BA&ext_tese=%E8%BD%AF%E8%91%97%09 HTTP/1.1" 200 4858 "-" "Mozilla/5.0 (Linux; Android 6.0.1; Nexus 5X Build/MMB29P) AppleWebKit/537.36 (KHTML, like Gecko) Chrome/151.0.7922.137 Mobile Safari/537.36 (compatible; Googlebot/2.1; +http://www.google.com/bot.html)"
66.249.64.97 - - [23/Aug/2026:03:28:25 +0800] "GET /?list_13/&ext_dizhi=%09%E6%95%B0%E6%8D%AE%E5%A4%84%E7%90%86&ext_tese=%09%E5%BA%94%E7%94%A8%E7%A0%94%E7%A9%B6&ext_feiyong=%091%E4%B8%AA%E6%9C%88%E4%BB%A5%E4%B8%8A&ext_leixing=%09%E7%89%A9%E7%90%86%09 HTTP/1.1" 200 4892 "-" "Mozilla/5.0 (Linux; Android 6.0.1; Nexus 5X Build/MMB29P) AppleWebKit/537.36 (KHTML, like Gecko) Chrome/151.0.7922.137 Mobile Safari/537.36 (compatible; Googlebot/2.1; +http://www.google.com/bot.html)"
66.249.64.96 - - [23/Aug/2026:03:28:52 +0800] "GET /?list_13/&ext_dizhi=%09%E6%95%B0%E6%8D%AE%E5%A4%84%E7%90%86&ext_tese=%09%E8%AE%BA%E6%96%87%09&ext_leixing=%E7%94%9F%E7%89%A9&ext_feiyong=1%E4%B8%AA%E6%9C%88 HTTP/1.1" 200 4879 "-" "Mozilla/5.0 (Linux; Android 6.0.1; Nexus 5X Build/MMB29P) AppleWebKit/537.36 (KHTML, like Gecko) Chrome/151.0.7922.137 Mobile Safari/537.36 (compatible; Googlebot/2.1; +http://www.google.com/bot.html)"
66.249.64.96 - - [23/Aug/2026:03:29:46 +0800] "GET /?list_13/&ext_leixing=%09%E8%AE%A1%E7%AE%97%E6%9C%BA&ext_dizhi=%09%E6%95%B0%E6%8D%AE%E5%A4%84%E7%90%86 HTTP/1.1" 200 4792 "-" "Mozilla/5.0 (Linux; Android 6.0.1; Nexus 5X Build/MMB29P) AppleWebKit/537.36 (KHTML, like Gecko) Chrome/151.0.7922.137 Mobile Safari/537.36 (compatible; Googlebot/2.1; +http://www.google.com/bot.html)"
66.249.64.96 - - [23/Aug/2026:03:30:56 +0800] "GET /?list_13/&ext_leixing=%09%E7%BB%8F%E6%B5%8E&ext_tese=%09%E5%BA%94%E7%94%A8%E7%A0%94%E7%A9%B6&ext_dizhi=%E8%88%AA%E7%A9%BA%E8%88%AA%E5%A4%A9%09 HTTP/1.1" 200 4834 "-" "Mozilla/5.0 (Linux; Android 6.0.1; Nexus 5X Build/MMB29P) AppleWebKit/537.36 (KHTML, like Gecko) Chrome/151.0.7922.137 Mobile Safari/537.36 (compatible; Googlebot/2.1; +http://www.google.com/bot.html)"
66.249.64.110 - - [23/Aug/2026:03:31:01 +0800] "GET /?list_13/&ext_leixing=%09%E7%BB%8F%E6%B5%8E&ext_tese=%E6%A8%A1%E5%9E%8B&ext_dizhi=%E9%87%91%E8%9E%8D%E7%AE%A1%E7%90%86&ext_feiyong=1%E4%B8%AA%E6%9C%88 HTTP/1.1" 200 4858 "-" "Mozilla/5.0 (Linux; Android 6.0.1; Nexus 5X Build/MMB29P) AppleWebKit/537.36 (KHTML, like Gecko) Chrome/151.0.7922.137 Mobile Safari/537.36 (compatible; Googlebot/2.1; +http://www.google.com/bot.html)"
66.249.64.96 - - [23/Aug/2026:03:32:05 +0800] "GET /?list_13/&ext_feiyong=1%E5%91%A8%09&ext_dizhi=%09%E6%9C%BA%E6%A2%B0%E5%B7%A5%E7%A8%8B%09&ext_leixing=%09%E9%87%91%E8%9E%8D HTTP/1.1" 200 4824 "-" "Mozilla/5.0 (Linux; Android 6.0.1; Nexus 5X Build/MMB29P) AppleWebKit/537.36 (KHTML, like Gecko) Chrome/151.0.7922.137 Mobile Safari/537.36 (compatible; Googlebot/2.1; +http://www.google.com/bot.html)"
57.141.2.2 - - [23/Aug/2026:03:32:32 +0800] "HEAD / HTTP/1.1" 200 0 "-" "facebookexternalhit/1.1 (+http://www.facebook.com/externalhit_uatext.php)"
66.249.64.96 - - [23/Aug/2026:03:32:45 +0800] "GET /?list_13/&ext_dizhi=%E7%94%B5%E5%AD%90%E7%94%B5%E6%B0%94%09&ext_feiyong=1%E4%B8%AA%E6%9C%88&ext_leixing=%E5%8C%96%E5%AD%A6%09&ext_tese=%E4%B8%93%E5%88%A9 HTTP/1.1" 200 4848 "-" "Mozilla/5.0 (Linux; Android 6.0.1; Nexus 5X Build/MMB29P) AppleWebKit/537.36 (KHTML, like Gecko) Chrome/151.0.7922.137 Mobile Safari/537.36 (compatible; Googlebot/2.1; +http://www.google.com/bot.html)"
66.249.64.110 - - [23/Aug/2026:03:33:00 +0800] "GET /?list_13/&ext_feiyong=%091%E4%B8%AA%E6%9C%88%E4%BB%A5%E4%B8%8A&ext_dizhi=%E5%A4%A7%E6%95%B0%E6%8D%AE%09&ext_leixing=%09%E7%89%A9%E7%90%86%09&ext_tese=%E8%BD%AF%E8%91%97%09 HTTP/1.1" 200 4874 "-" "Mozilla/5.0 (Linux; Android 6.0.1; Nexus 5X Build/MMB29P) AppleWebKit/537.36 (KHTML, like Gecko) Chrome/151.0.7922.137 Mobile Safari/537.36 (compatible; Googlebot/2.1; +http://www.google.com/bot.html)"
66.249.64.96 - - [23/Aug/2026:03:33:05 +0800] "GET /?list_13/&ext_feiyong=1%E5%91%A8%09&ext_leixing=%E7%94%9F%E7%89%A9&ext_tese=%E7%90%86%E8%AE%BA%E7%A0%94%E7%A9%B6&ext_dizhi=%E6%95%B0%E5%AD%A6%E5%88%86%E6%9E%90%09 HTTP/1.1" 200 4851 "-" "Mozilla/5.0 (Linux; Android 6.0.1; Nexus 5X Build/MMB29P) AppleWebKit/537.36 (KHTML, like Gecko) Chrome/151.0.7922.137 Mobile Safari/537.36 (compatible; Googlebot/2.1; +http://www.google.com/bot.html)"
52.167.144.21 - - [23/Aug/2026:03:34:11 +0800] "GET /?list_13/&ext_dizhi=%09%E8%BD%AF%E4%BB%B6%E5%B7%A5%E7%A8%8B%09&ext_feiyong=1%E5%91%A8%09&ext_tese=%09%E5%AD%A6%E6%9C%AF%E6%8A%A5%E5%91%8A%09&ext_leixing=%09%E9%87%91%E8%9E%8D HTTP/1.1" 200 4865 "-" "Mozilla/5.0 AppleWebKit/537.36 (KHTML, like Gecko; compatible; bingbot/2.0; +http://www.bing.com/bingbot.htm) Chrome/116.0.1938.76 Safari/537.36"
57.141.6.35 - - [23/Aug/2026:03:34:56 +0800] "HEAD / HTTP/1.1" 200 0 "-" "facebookexternalhit/1.1 (+http://www.facebook.com/externalhit_uatext.php)"
52.167.144.21 - - [23/Aug/2026:03:35:21 +0800] "GET /?list_13/&ext_leixing=%09%E8%AE%A1%E7%AE%97%E6%9C%BA&ext_tese=%09%E5%BA%94%E7%94%A8%E7%A0%94%E7%A9%B6&ext_feiyong=1%E4%B8%AA%E6%9C%88&ext_dizhi=%E5%B8%82%E5%9C%BA%E8%90%A5%E9%94%80 HTTP/1.1" 200 4867 "-" "Mozilla/5.0 AppleWebKit/537.36 (KHTML, like Gecko; compatible; bingbot/2.0; +http://www.bing.com/bingbot.htm) Chrome/116.0.1938.76 Safari/537.36"
207.46.13.14 - - [23/Aug/2026:03:35:26 +0800] "GET /?list_13/&ext_leixing=%09%E7%89%A9%E7%90%86%09&ext_tese=%09%E5%BA%94%E7%94%A8%E7%A0%94%E7%A9%B6&ext_feiyong=1%E5%91%A8%09&ext_dizhi=%E9%80%9A%E4%BF%A1%E5%B7%A5%E7%A8%8B HTTP/1.1" 200 4845 "-" "Mozilla/5.0 AppleWebKit/537.36 (KHTML, like Gecko; compatible; bingbot/2.0; +http://www.bing.com/bingbot.htm) Chrome/116.0.1938.76 Safari/537.36"
52.167.144.21 - - [23/Aug/2026:03:35:51 +0800] "GET /?list_13/&ext_dizhi=%09%E4%BF%A1%E6%81%AF%E6%8A%80%E6%9C%AF&ext_leixing=%09%E8%AE%A1%E7%AE%97%E6%9C%BA&ext_tese=%09%E5%AD%A6%E6%9C%AF%E6%8A%A5%E5%91%8A%09 HTTP/1.1" 200 4844 "-" "Mozilla/5.0 AppleWebKit/537.36 (KHTML, like Gecko; compatible; bingbot/2.0; +http://www.bing.com/bingbot.htm) Chrome/116.0.1938.76 Safari/537.36"
66.249.64.110 - - [23/Aug/2026:03:36:13 +0800] "GET /?list_13/&ext_dizhi=%09&ext_tese=%09%E5%AD%A6%E6%9C%AF%E6%8A%A5%E5%91%8A%09&ext_feiyong=1%E4%B8%AA%E6%9C%88&ext_leixing=%E5%8C%96%E5%AD%A6%09 HTTP/1.1" 200 4861 "-" "Mozilla/5.0 (Linux; Android 6.0.1; Nexus 5X Build/MMB29P) AppleWebKit/537.36 (KHTML, like Gecko) Chrome/151.0.7922.137 Mobile Safari/537.36 (compatible; Googlebot/2.1; +http://www.google.com/bot.html)"
57.141.24.99 - - [23/Aug/2026:03:36:43 +0800] "HEAD / HTTP/1.1" 200 0 "-" "facebookexternalhit/1.1 (+http://www.facebook.com/externalhit_uatext.php)"
66.249.64.96 - - [23/Aug/2026:03:37:23 +0800] "GET /?list_13/&ext_leixing=%E7%94%9F%E7%89%A9&ext_tese=%E6%A8%A1%E5%9E%8B&ext_dizhi=%E5%B8%82%E5%9C%BA%E8%90%A5%E9%94%80&ext_feiyong=1%E5%91%A8%09 HTTP/1.1" 200 4849 "-" "Mozilla/5.0 (Linux; Android 6.0.1; Nexus 5X Build/MMB29P) AppleWebKit/537.36 (KHTML, like Gecko) Chrome/151.0.7922.137 Mobile Safari/537.36 (compatible; Googlebot/2.1; +http://www.google.com/bot.html)"
66.249.64.110 - - [23/Aug/2026:03:37:27 +0800] "GET /?list_13/&ext_tese=%E8%BD%AF%E8%91%97%09&ext_feiyong=1%E4%B8%AA%E6%9C%88&ext_leixing=%E5%8C%96%E5%AD%A6%09&ext_dizhi=%E7%94%B5%E5%AD%90%E7%94%B5%E6%B0%94%09 HTTP/1.1" 200 4852 "-" "Mozilla/5.0 (Linux; Android 6.0.1; Nexus 5X Build/MMB29P) AppleWebKit/537.36 (KHTML, like Gecko) Chrome/151.0.7922.137 Mobile Safari/537.36 (compatible; Googlebot/2.1; +http://www.google.com/bot.html)"
52.167.144.21 - - [23/Aug/2026:03:37:31 +0800] "GET /?list_13/&ext_feiyong=1%E4%B8%AA%E6%9C%88&ext_dizhi=%09%E8%BD%AF%E4%BB%B6%E5%B7%A5%E7%A8%8B%09&ext_tese=%09%E8%AE%BA%E6%96%87%09&ext_leixing=%09%E9%87%91%E8%9E%8D HTTP/1.1" 200 4873 "-" "Mozilla/5.0 AppleWebKit/537.36 (KHTML, like Gecko; compatible; bingbot/2.0; +http://www.bing.com/bingbot.htm) Chrome/116.0.1938.76 Safari/537.36"
207.46.13.14 - - [23/Aug/2026:03:37:37 +0800] "GET /?list_13/&ext_leixing=%09%E7%BB%8F%E6%B5%8E&ext_feiyong=1%E4%B8%AA%E6%9C%88&ext_dizhi=%09%E8%BD%AF%E4%BB%B6%E5%B7%A5%E7%A8%8B%09&ext_tese=%E4%B8%93%E5%88%A9 HTTP/1.1" 200 4865 "-" "Mozilla/5.0 AppleWebKit/537.36 (KHTML, like Gecko; compatible; bingbot/2.0; +http://www.bing.com/bingbot.htm) Chrome/116.0.1938.76 Safari/537.36"
57.141.18.72 - - [23/Aug/2026:03:39:08 +0800] "HEAD / HTTP/1.1" 200 0 "-" "facebookexternalhit/1.1 (+http://www.facebook.com/externalhit_uatext.php)"
57.141.8.64 - - [23/Aug/2026:03:41:09 +0800] "HEAD / HTTP/1.1" 200 0 "-" "facebookexternalhit/1.1 (+http://www.facebook.com/externalhit_uatext.php)"
66.249.64.110 - - [23/Aug/2026:03:41:53 +0800] "GET /?list_13/&ext_dizhi=%E6%95%B0%E5%AD%A6%E5%88%86%E6%9E%90%09&ext_feiyong=1%E4%B8%AA%E6%9C%88&ext_tese=%09%E8%AE%BA%E6%96%87%09&ext_leixing=%E6%95%B0%E5%AD%A6 HTTP/1.1" 200 4852 "-" "Mozilla/5.0 (Linux; Android 6.0.1; Nexus 5X Build/MMB29P) AppleWebKit/537.36 (KHTML, like Gecko) Chrome/151.0.7922.137 Mobile Safari/537.36 (compatible; Googlebot/2.1; +http://www.google.com/bot.html)"
52.167.144.21 - - [23/Aug/2026:03:42:32 +0800] "GET /?list_13/&ext_leixing=%E6%95%B0%E5%AD%A6&ext_dizhi=%E6%9C%BA%E5%99%A8%E4%BA%BA%09&ext_tese=%09%E8%AE%BA%E6%96%87%09 HTTP/1.1" 200 4826 "-" "Mozilla/5.0 AppleWebKit/537.36 (KHTML, like Gecko; compatible; bingbot/2.0; +http://www.bing.com/bingbot.htm) Chrome/116.0.1938.76 Safari/537.36"
66.249.64.97 - - [23/Aug/2026:03:42:33 +0800] "GET /?list_13/&ext_dizhi=%E5%B8%82%E5%9C%BA%E8%90%A5%E9%94%80&ext_leixing=%E7%94%9F%E7%89%A9&ext_feiyong=%091%E4%B8%AA%E6%9C%88%E4%BB%A5%E4%B8%8A&ext_tese=%E7%90%86%E8%AE%BA%E7%A0%94%E7%A9%B6 HTTP/1.1" 200 4890 "-" "Mozilla/5.0 (Linux; Android 6.0.1; Nexus 5X Build/MMB29P) AppleWebKit/537.36 (KHTML, like Gecko) Chrome/151.0.7922.137 Mobile Safari/537.36 (compatible; Googlebot/2.1; +http://www.google.com/bot.html)"
66.249.64.96 - - [23/Aug/2026:03:43:11 +0800] "GET /?list_13/&ext_dizhi=%E6%9C%BA%E5%99%A8%E4%BA%BA%09&ext_feiyong=%091%E4%B8%AA%E6%9C%88%E4%BB%A5%E4%B8%8A&ext_leixing=%E6%95%B0%E5%AD%A6&ext_tese=%09%E5%BA%94%E7%94%A8%E7%A0%94%E7%A9%B6 HTTP/1.1" 200 4888 "-" "Mozilla/5.0 (Linux; Android 6.0.1; Nexus 5X Build/MMB29P) AppleWebKit/537.36 (KHTML, like Gecko) Chrome/151.0.7922.137 Mobile Safari/537.36 (compatible; Googlebot/2.1; +http://www.google.com/bot.html)"
66.249.64.110 - - [23/Aug/2026:03:43:16 +0800] "GET /?list_13/&ext_tese=%09%E8%AE%BA%E6%96%87%09&ext_feiyong=%091%E4%B8%AA%E6%9C%88%E4%BB%A5%E4%B8%8A&ext_leixing=%09%E8%AE%A1%E7%AE%97%E6%9C%BA HTTP/1.1" 200 4852 "-" "Mozilla/5.0 (Linux; Android 6.0.1; Nexus 5X Build/MMB29P) AppleWebKit/537.36 (KHTML, like Gecko) Chrome/151.0.7922.137 Mobile Safari/537.36 (compatible; Googlebot/2.1; +http://www.google.com/bot.html)"
66.249.64.110 - - [23/Aug/2026:03:43:21 +0800] "GET /?list_13/&ext_tese=%09%E5%BA%94%E7%94%A8%E7%A0%94%E7%A9%B6&ext_feiyong=%091%E4%B8%AA%E6%9C%88%E4%BB%A5%E4%B8%8A&ext_dizhi=%09%E8%BD%AF%E4%BB%B6%E5%B7%A5%E7%A8%8B%09&ext_leixing=%09%E9%87%91%E8%9E%8D HTTP/1.1" 200 4878 "-" "Mozilla/5.0 (Linux; Android 6.0.1; Nexus 5X Build/MMB29P) AppleWebKit/537.36 (KHTML, like Gecko) Chrome/151.0.7922.137 Mobile Safari/537.36 (compatible; Googlebot/2.1; +http://www.google.com/bot.html)"
207.46.13.14 - - [23/Aug/2026:03:43:47 +0800] "GET /?list_13/&ext_feiyong=1%E4%B8%AA%E6%9C%88&ext_leixing=%09%E7%89%A9%E7%90%86%09&ext_dizhi=%09%E8%BD%AF%E4%BB%B6%E5%B7%A5%E7%A8%8B%09&ext_tese=%09%E5%BA%94%E7%94%A8%E7%A0%94%E7%A9%B6 HTTP/1.1" 200 4872 "-" "Mozilla/5.0 AppleWebKit/537.36 (KHTML, like Gecko; compatible; bingbot/2.0; +http://www.bing.com/bingbot.htm) Chrome/116.0.1938.76 Safari/537.36"
85.208.96.210 - - [23/Aug/2026:03:43:54 +0800] "GET /index.php/2026072138744889.shtml HTTP/1.1" 301 5 "-" "Mozilla/5.0 (compatible; SemrushBot/7~bl; +http://www.semrush.com/bot.html)"
66.249.64.96 - - [23/Aug/2026:03:45:08 +0800] "GET /?list_13/&ext_dizhi=%E5%95%86%E5%8A%A1%E7%AE%A1%E7%90%86%09&ext_tese=%E4%B8%93%E5%88%A9&ext_leixing=%09%E7%89%A9%E7%90%86%09&ext_feiyong=%091%E4%B8%AA%E6%9C%88%E4%BB%A5%E4%B8%8A HTTP/1.1" 200 4866 "-" "Mozilla/5.0 (Linux; Android 6.0.1; Nexus 5X Build/MMB29P) AppleWebKit/537.36 (KHTML, like Gecko) Chrome/151.0.7922.137 Mobile Safari/537.36 (compatible; Googlebot/2.1; +http://www.google.com/bot.html)"
66.249.64.110 - - [23/Aug/2026:03:45:40 +0800] "GET /?list_13/&ext_tese=%09%E8%AE%BA%E6%96%87%09&ext_dizhi=%E6%9C%BA%E5%99%A8%E4%BA%BA%09&ext_leixing=%09%E9%87%91%E8%9E%8D HTTP/1.1" 200 4825 "-" "Mozilla/5.0 (Linux; Android 6.0.1; Nexus 5X Build/MMB29P) AppleWebKit/537.36 (KHTML, like Gecko) Chrome/151.0.7922.137 Mobile Safari/537.36 (compatible; Googlebot/2.1; +http://www.google.com/bot.html)"
66.249.64.110 - - [23/Aug/2026:03:45:50 +0800] "GET /?list_13/&ext_feiyong=1%E4%B8%AA%E6%9C%88&ext_leixing=%09%E9%80%9A%E4%BF%A1&ext_tese=%E4%B8%93%E5%88%A9&ext_dizhi=%E9%80%9A%E4%BF%A1%E5%B7%A5%E7%A8%8B HTTP/1.1" 200 4855 "-" "Mozilla/5.0 (Linux; Android 6.0.1; Nexus 5X Build/MMB29P) AppleWebKit/537.36 (KHTML, like Gecko) Chrome/151.0.7922.137 Mobile Safari/537.36 (compatible; Googlebot/2.1; +http://www.google.com/bot.html)"
52.167.144.158 - - [23/Aug/2026:03:45:51 +0800] "GET /?list_13/&ext_feiyong=1%E5%91%A8%09&ext_dizhi=%09%E8%BD%AF%E4%BB%B6%E5%B7%A5%E7%A8%8B%09&ext_tese=%09%E5%AD%A6%E6%9C%AF%E6%8A%A5%E5%91%8A%09&ext_leixing=%09%E7%BB%8F%E6%B5%8E HTTP/1.1" 200 4866 "-" "Mozilla/5.0 AppleWebKit/537.36 (KHTML, like Gecko; compatible; bingbot/2.0; +http://www.bing.com/bingbot.htm) Chrome/116.0.1938.76 Safari/537.36"
66.249.64.110 - - [23/Aug/2026:03:45:59 +0800] "GET /?list_13/&ext_dizhi=%09%E6%95%B0%E5%AD%97%E7%BB%8F%E6%B5%8E&ext_tese=%E4%B8%93%E5%88%A9&ext_leixing=%09%E8%AE%A1%E7%AE%97%E6%9C%BA&ext_feiyong=1%E4%B8%AA%E6%9C%88 HTTP/1.1" 200 4863 "-" "Mozilla/5.0 (Linux; Android 6.0.1; Nexus 5X Build/MMB29P) AppleWebKit/537.36 (KHTML, like Gecko) Chrome/151.0.7922.137 Mobile Safari/537.36 (compatible; Googlebot/2.1; +http://www.google.com/bot.html)"
57.141.0.16 - - [23/Aug/2026:03:46:09 +0800] "HEAD / HTTP/1.1" 200 0 "-" "facebookexternalhit/1.1 (+http://www.facebook.com/externalhit_uatext.php)"
57.141.14.91 - - [23/Aug/2026:03:47:09 +0800] "HEAD / HTTP/1.1" 200 0 "-" "facebookexternalhit/1.1 (+http://www.facebook.com/externalhit_uatext.php)"
66.249.64.110 - - [23/Aug/2026:03:48:28 +0800] "GET /?list_13/&ext_leixing=%E6%95%B0%E5%AD%A6&ext_tese=%09%E5%AD%A6%E6%9C%AF%E6%8A%A5%E5%91%8A%09&ext_feiyong=1%E4%B8%AA%E6%9C%88 HTTP/1.1" 200 4831 "-" "Mozilla/5.0 (Linux; Android 6.0.1; Nexus 5X Build/MMB29P) AppleWebKit/537.36 (KHTML, like Gecko) Chrome/151.0.7922.137 Mobile Safari/537.36 (compatible; Googlebot/2.1; +http://www.google.com/bot.html)"
66.249.64.110 - - [23/Aug/2026:03:48:41 +0800] "GET /?list_13/&ext_dizhi=%E6%95%B0%E5%AD%A6%E5%88%86%E6%9E%90%09&ext_leixing=%E6%95%B0%E5%AD%A6&ext_tese=%09%E5%AD%A6%E6%9C%AF%E6%8A%A5%E5%91%8A%09 HTTP/1.1" 200 4847 "-" "Mozilla/5.0 (Linux; Android 6.0.1; Nexus 5X Build/MMB29P) AppleWebKit/537.36 (KHTML, like Gecko) Chrome/151.0.7922.137 Mobile Safari/537.36 (compatible; Googlebot/2.1; +http://www.google.com/bot.html)"
185.191.171.5 - - [23/Aug/2026:03:48:46 +0800] "GET /robots.txt HTTP/1.1" 200 37 "-" "Mozilla/5.0 (compatible; SemrushBot/7~bl; +http://www.semrush.com/bot.html)"
85.208.96.197 - - [23/Aug/2026:03:48:46 +0800] "GET /index.php/20260721-59957131.shtml HTTP/1.1" 301 5 "-" "Mozilla/5.0 (compatible; SemrushBot/7~bl; +http://www.semrush.com/bot.html)"
66.249.64.97 - - [23/Aug/2026:03:49:01 +0800] "GET /?list_13/&ext_dizhi=%09%E8%BD%AF%E4%BB%B6%E5%B7%A5%E7%A8%8B%09&ext_tese=%E4%B8%93%E5%88%A9&ext_feiyong=1%E4%B8%AA%E6%9C%88&ext_leixing=%09%E8%AE%A1%E7%AE%97%E6%9C%BA HTTP/1.1" 200 4861 "-" "Mozilla/5.0 (Linux; Android 6.0.1; Nexus 5X Build/MMB29P) AppleWebKit/537.36 (KHTML, like Gecko) Chrome/151.0.7922.137 Mobile Safari/537.36 (compatible; Googlebot/2.1; +http://www.google.com/bot.html)"
66.249.64.96 - - [23/Aug/2026:03:49:06 +0800] "GET /?list_13/&ext_dizhi=%09%E8%BD%AF%E4%BB%B6%E5%B7%A5%E7%A8%8B%09&ext_tese=%09%E8%AE%BA%E6%96%87%09&ext_feiyong=1%E4%B8%AA%E6%9C%88&ext_leixing=%E6%95%B0%E5%AD%A6 HTTP/1.1" 200 4881 "-" "Mozilla/5.0 (Linux; Android 6.0.1; Nexus 5X Build/MMB29P) AppleWebKit/537.36 (KHTML, like Gecko) Chrome/151.0.7922.137 Mobile Safari/537.36 (compatible; Googlebot/2.1; +http://www.google.com/bot.html)"
66.249.64.110 - - [23/Aug/2026:03:49:12 +0800] "GET /?list_13/&ext_tese=%E8%BD%AF%E8%91%97%09&ext_feiyong=%091%E4%B8%AA%E6%9C%88%E4%BB%A5%E4%B8%8A&ext_dizhi=%09%E6%95%B0%E5%AD%97%E7%BB%8F%E6%B5%8E&ext_leixing=%09%E9%80%9A%E4%BF%A1 HTTP/1.1" 200 4863 "-" "Mozilla/5.0 (Linux; Android 6.0.1; Nexus 5X Build/MMB29P) AppleWebKit/537.36 (KHTML, like Gecko) Chrome/151.0.7922.137 Mobile Safari/537.36 (compatible; Googlebot/2.1; +http://www.google.com/bot.html)"
157.55.39.63 - - [23/Aug/2026:03:49:28 +0800] "GET /?list_13/&ext_feiyong=1%E5%91%A8%09&ext_leixing=%09%E9%87%91%E8%9E%8D&ext_dizhi=%09%E6%95%B0%E6%8D%AE%E5%A4%84%E7%90%86&ext_tese=%09%E8%AE%BA%E6%96%87%09 HTTP/1.1" 200 4859 "-" "Mozilla/5.0 AppleWebKit/537.36 (KHTML, like Gecko; compatible; bingbot/2.0; +http://www.bing.com/bingbot.htm) Chrome/116.0.1938.76 Safari/537.36"
66.249.64.110 - - [23/Aug/2026:03:49:39 +0800] "GET /?list_13/&ext_tese=%E4%B8%93%E5%88%A9&ext_feiyong=%091%E4%B8%AA%E6%9C%88%E4%BB%A5%E4%B8%8A&ext_leixing=%E5%8C%96%E5%AD%A6%09&ext_dizhi=%E6%95%B0%E5%AD%A6%E5%88%86%E6%9E%90%09 HTTP/1.1" 200 4860 "-" "Mozilla/5.0 (Linux; Android 6.0.1; Nexus 5X Build/MMB29P) AppleWebKit/537.36 (KHTML, like Gecko) Chrome/151.0.7922.137 Mobile Safari/537.36 (compatible; Googlebot/2.1; +http://www.google.com/bot.html)"
66.249.64.110 - - [23/Aug/2026:03:49:43 +0800] "GET /?list_13/&ext_dizhi=%E6%95%B0%E5%AD%A6%E5%88%86%E6%9E%90%09&ext_tese=%09%E8%AE%BA%E6%96%87%09&ext_feiyong=%091%E4%B8%AA%E6%9C%88%E4%BB%A5%E4%B8%8A&ext_leixing=%E6%95%B0%E5%AD%A6 HTTP/1.1" 200 4865 "-" "Mozilla/5.0 (Linux; Android 6.0.1; Nexus 5X Build/MMB29P) AppleWebKit/537.36 (KHTML, like Gecko) Chrome/151.0.7922.137 Mobile Safari/537.36 (compatible; Googlebot/2.1; +http://www.google.com/bot.html)"
66.249.64.110 - - [23/Aug/2026:03:49:48 +0800] "GET /?list_13/&ext_tese=%E4%B8%93%E5%88%A9&ext_dizhi=%09%E6%95%B0%E5%AD%97%E7%BB%8F%E6%B5%8E&ext_leixing=%09%E7%89%A9%E7%90%86%09 HTTP/1.1" 200 4823 "-" "Mozilla/5.0 (Linux; Android 6.0.1; Nexus 5X Build/MMB29P) AppleWebKit/537.36 (KHTML, like Gecko) Chrome/151.0.7922.137 Mobile Safari/537.36 (compatible; Googlebot/2.1; +http://www.google.com/bot.html)"
66.249.64.97 - - [23/Aug/2026:03:50:15 +0800] "GET /?list_13/&ext_leixing=%09%E9%87%91%E8%9E%8D&ext_dizhi=%E6%95%B0%E6%8D%AE%E7%BB%9F%E8%AE%A1%09&ext_tese=%09%E5%BA%94%E7%94%A8%E7%A0%94%E7%A9%B6&ext_feiyong=1%E4%B8%AA%E6%9C%88 HTTP/1.1" 200 4883 "-" "Mozilla/5.0 (Linux; Android 6.0.1; Nexus 5X Build/MMB29P) AppleWebKit/537.36 (KHTML, like Gecko) Chrome/151.0.7922.137 Mobile Safari/537.36 (compatible; Googlebot/2.1; +http://www.google.com/bot.html)"
57.141.20.33 - - [23/Aug/2026:03:51:41 +0800] "HEAD / HTTP/1.1" 200 0 "-" "facebookexternalhit/1.1 (+http://www.facebook.com/externalhit_uatext.php)"
66.249.64.96 - - [23/Aug/2026:03:52:18 +0800] "GET /?list_13/&ext_dizhi=%E5%A4%A7%E6%95%B0%E6%8D%AE%09&ext_tese=%09%E5%BA%94%E7%94%A8%E7%A0%94%E7%A9%B6&ext_feiyong=1%E5%91%A8%09&ext_leixing=%09%E8%AE%A1%E7%AE%97%E6%9C%BA HTTP/1.1" 200 4863 "-" "Mozilla/5.0 (Linux; Android 6.0.1; Nexus 5X Build/MMB29P) AppleWebKit/537.36 (KHTML, like Gecko) Chrome/151.0.7922.137 Mobile Safari/537.36 (compatible; Googlebot/2.1; +http://www.google.com/bot.html)"
157.55.39.63 - - [23/Aug/2026:03:52:28 +0800] "GET /?list_13/&ext_dizhi=%09%E4%BF%A1%E6%81%AF%E6%8A%80%E6%9C%AF&ext_tese=%09%E5%AD%A6%E6%9C%AF%E6%8A%A5%E5%91%8A%09&ext_feiyong=1%E5%91%A8%09&ext_leixing=%09%E9%80%9A%E4%BF%A1 HTTP/1.1" 200 4860 "-" "Mozilla/5.0 AppleWebKit/537.36 (KHTML, like Gecko; compatible; bingbot/2.0; +http://www.bing.com/bingbot.htm) Chrome/116.0.1938.76 Safari/537.36"
40.77.167.149 - - [23/Aug/2026:03:52:32 +0800] "GET /?list_13/&ext_feiyong=1%E5%91%A8%09&ext_tese=%09%E8%AE%BA%E6%96%87%09&ext_leixing=%09%E9%80%9A%E4%BF%A1&ext_dizhi=%E4%BA%BA%E5%B7%A5%E6%99%BA%E8%83%BD%09 HTTP/1.1" 200 4859 "-" "Mozilla/5.0 AppleWebKit/537.36 (KHTML, like Gecko; compatible; bingbot/2.0; +http://www.bing.com/bingbot.htm) Chrome/116.0.1938.76 Safari/537.36"
40.77.167.149 - - [23/Aug/2026:03:52:33 +0800] "GET /?list_13/&ext_leixing=%09%E7%89%A9%E7%90%86%09&ext_dizhi=%E4%BA%BA%E5%B7%A5%E6%99%BA%E8%83%BD%09&ext_tese=%09%E5%AD%A6%E6%9C%AF%E6%8A%A5%E5%91%8A%09&ext_feiyong=1%E5%91%A8%09 HTTP/1.1" 200 4865 "-" "Mozilla/5.0 AppleWebKit/537.36 (KHTML, like Gecko; compatible; bingbot/2.0; +http://www.bing.com/bingbot.htm) Chrome/116.0.1938.76 Safari/537.36"
57.141.10.16 - - [23/Aug/2026:03:52:41 +0800] "HEAD / HTTP/1.1" 200 0 "-" "facebookexternalhit/1.1 (+http://www.facebook.com/externalhit_uatext.php)"
85.208.96.197 - - [23/Aug/2026:03:52:42 +0800] "GET /20260717-41241972.shtml HTTP/1.1" 404 150 "-" "Mozilla/5.0 (compatible; SemrushBot/7~bl; +http://www.semrush.com/bot.html)"
40.77.167.149 - - [23/Aug/2026:03:53:52 +0800] "GET /?list_13/&ext_dizhi=%E6%95%B0%E5%AD%A6%E5%88%86%E6%9E%90%09&ext_tese=%09%E5%BA%94%E7%94%A8%E7%A0%94%E7%A9%B6&ext_feiyong=1%E4%B8%AA%E6%9C%88&ext_leixing=%09%E7%89%A9%E7%90%86%09 HTTP/1.1" 200 4885 "-" "Mozilla/5.0 AppleWebKit/537.36 (KHTML, like Gecko; compatible; bingbot/2.0; +http://www.bing.com/bingbot.htm) Chrome/116.0.1938.76 Safari/537.36"
157.55.39.63 - - [23/Aug/2026:03:53:58 +0800] "GET /?list_13/&ext_leixing=%09%E9%80%9A%E4%BF%A1&ext_dizhi=%09%E7%BD%91%E7%BB%9C%E5%B7%A5%E7%A8%8B&ext_tese=%09%E5%AD%A6%E6%9C%AF%E6%8A%A5%E5%91%8A%09 HTTP/1.1" 200 4849 "-" "Mozilla/5.0 AppleWebKit/537.36 (KHTML, like Gecko; compatible; bingbot/2.0; +http://www.bing.com/bingbot.htm) Chrome/116.0.1938.76 Safari/537.36"
66.249.64.110 - - [23/Aug/2026:03:54:28 +0800] "GET /?list_13/&ext_dizhi=%E6%9C%BA%E5%99%A8%E4%BA%BA%09&ext_feiyong=1%E4%B8%AA%E6%9C%88&ext_leixing=%E7%94%9F%E7%89%A9&ext_tese=%09%E5%AD%A6%E6%9C%AF%E6%8A%A5%E5%91%8A%09 HTTP/1.1" 200 4861 "-" "Mozilla/5.0 (Linux; Android 6.0.1; Nexus 5X Build/MMB29P) AppleWebKit/537.36 (KHTML, like Gecko) Chrome/151.0.7922.137 Mobile Safari/537.36 (compatible; Googlebot/2.1; +http://www.google.com/bot.html)"
57.141.22.118 - - [23/Aug/2026:03:54:54 +0800] "HEAD / HTTP/1.1" 200 0 "-" "facebookexternalhit/1.1 (+http://www.facebook.com/externalhit_uatext.php)"
154.81.166.10 - - [23/Aug/2026:03:54:58 +0800] "GET /tempp3.php HTTP/1.1" 404 150 "-" "Python/3.12 aiohttp/3.14.3"
66.249.64.96 - - [23/Aug/2026:03:55:40 +0800] "GET /?list_13/&ext_tese=%09%E8%AE%BA%E6%96%87%09&ext_feiyong=1%E4%B8%AA%E6%9C%88&ext_leixing=%09%E9%87%91%E8%9E%8D&ext_dizhi=%E9%87%91%E8%9E%8D%E7%AE%A1%E7%90%86 HTTP/1.1" 200 4885 "-" "Mozilla/5.0 (Linux; Android 6.0.1; Nexus 5X Build/MMB29P) AppleWebKit/537.36 (KHTML, like Gecko) Chrome/151.0.7922.137 Mobile Safari/537.36 (compatible; Googlebot/2.1; +http://www.google.com/bot.html)"
40.77.167.149 - - [23/Aug/2026:03:55:53 +0800] "GET /?list_13/&ext_feiyong=1%E4%B8%AA%E6%9C%88&ext_dizhi=%09%E6%95%B0%E6%8D%AE%E5%A4%84%E7%90%86&ext_tese=%09%E8%AE%BA%E6%96%87%09&ext_leixing=%09%E7%BB%8F%E6%B5%8E HTTP/1.1" 200 4871 "-" "Mozilla/5.0 AppleWebKit/537.36 (KHTML, like Gecko; compatible; bingbot/2.0; +http://www.bing.com/bingbot.htm) Chrome/116.0.1938.76 Safari/537.36"
104.23.221.214 - - [23/Aug/2026:03:55:57 +0800] "GET /wp-admin/install.php?step=1 HTTP/1.1" 404 150 "-" "http://haosixiang.cn/wp-admin/install.php?step=1"
66.249.64.110 - - [23/Aug/2026:03:56:12 +0800] "GET /?list_13/&ext_tese=%E6%A8%A1%E5%9E%8B&ext_feiyong=%091%E4%B8%AA%E6%9C%88%E4%BB%A5%E4%B8%8A&ext_dizhi=%E4%BA%BA%E5%B7%A5%E6%99%BA%E8%83%BD%09&ext_leixing=%09%E9%87%91%E8%9E%8D HTTP/1.1" 200 4860 "-" "Mozilla/5.0 (Linux; Android 6.0.1; Nexus 5X Build/MMB29P) AppleWebKit/537.36 (KHTML, like Gecko) Chrome/151.0.7922.137 Mobile Safari/537.36 (compatible; Googlebot/2.1; +http://www.google.com/bot.html)"
66.249.64.110 - - [23/Aug/2026:03:57:00 +0800] "GET /?list_13/&ext_tese=%09%E5%BA%94%E7%94%A8%E7%A0%94%E7%A9%B6&ext_feiyong=1%E5%91%A8%09&ext_dizhi=%E9%80%9A%E4%BF%A1%E5%B7%A5%E7%A8%8B HTTP/1.1" 200 4792 "-" "Mozilla/5.0 (Linux; Android 6.0.1; Nexus 5X Build/MMB29P) AppleWebKit/537.36 (KHTML, like Gecko) Chrome/151.0.7922.137 Mobile Safari/537.36 (compatible; Googlebot/2.1; +http://www.google.com/bot.html)"
57.141.4.7 - - [23/Aug/2026:03:57:41 +0800] "HEAD / HTTP/1.1" 200 0 "-" "facebookexternalhit/1.1 (+http://www.facebook.com/externalhit_uatext.php)"
66.249.64.110 - - [23/Aug/2026:03:57:44 +0800] "GET /?list_13/&ext_dizhi=%E9%80%9A%E4%BF%A1%E5%B7%A5%E7%A8%8B&ext_tese=%09%E8%AE%BA%E6%96%87%09&ext_leixing=%09%E7%BB%8F%E6%B5%8E&ext_feiyong=1%E4%B8%AA%E6%9C%88 HTTP/1.1" 200 4877 "-" "Mozilla/5.0 (Linux; Android 6.0.1; Nexus 5X Build/MMB29P) AppleWebKit/537.36 (KHTML, like Gecko) Chrome/151.0.7922.137 Mobile Safari/537.36 (compatible; Googlebot/2.1; +http://www.google.com/bot.html)"
66.249.64.96 - - [23/Aug/2026:03:58:25 +0800] "GET /?list_13/&ext_dizhi=%09%E8%BD%AF%E4%BB%B6%E5%B7%A5%E7%A8%8B%09&ext_leixing=%09%E7%89%A9%E7%90%86%09&ext_feiyong=1%E4%B8%AA%E6%9C%88&ext_tese=%E7%90%86%E8%AE%BA%E7%A0%94%E7%A9%B6 HTTP/1.1" 200 4865 "-" "Mozilla/5.0 (Linux; Android 6.0.1; Nexus 5X Build/MMB29P) AppleWebKit/537.36 (KHTML, like Gecko) Chrome/151.0.7922.137 Mobile Safari/537.36 (compatible; Googlebot/2.1; +http://www.google.com/bot.html)"
66.249.64.96 - - [23/Aug/2026:03:59:11 +0800] "GET /?list_13/&ext_tese=%09%E8%AE%BA%E6%96%87%09&ext_feiyong=1%E5%91%A8%09&ext_leixing=%E7%94%9F%E7%89%A9&ext_dizhi=%09%E7%BD%91%E7%BB%9C%E5%B7%A5%E7%A8%8B HTTP/1.1" 200 4860 "-" "Mozilla/5.0 (Linux; Android 6.0.1; Nexus 5X Build/MMB29P) AppleWebKit/537.36 (KHTML, like Gecko) Chrome/151.0.7922.137 Mobile Safari/537.36 (compatible; Googlebot/2.1; +http://www.google.com/bot.html)"
66.249.64.110 - - [23/Aug/2026:03:59:19 +0800] "GET /?list_13/&ext_dizhi=%E5%9F%BA%E5%9B%A0%E5%B7%A5%E7%A8%8B&ext_leixing=%09%E7%BB%8F%E6%B5%8E&ext_feiyong=1%E5%91%A8%09&ext_tese=%E4%B8%93%E5%88%A9 HTTP/1.1" 200 4848 "-" "Mozilla/5.0 (Linux; Android 6.0.1; Nexus 5X Build/MMB29P) AppleWebKit/537.36 (KHTML, like Gecko) Chrome/151.0.7922.137 Mobile Safari/537.36 (compatible; Googlebot/2.1; +http://www.google.com/bot.html)"
66.249.64.110 - - [23/Aug/2026:03:59:58 +0800] "GET /?list_13/&ext_feiyong=%091%E4%B8%AA%E6%9C%88%E4%BB%A5%E4%B8%8A&ext_dizhi=%09%E4%BF%A1%E6%81%AF%E6%8A%80%E6%9C%AF&ext_leixing=%09%E7%89%A9%E7%90%86%09&ext_tese=%09%E5%AD%A6%E6%9C%AF%E6%8A%A5%E5%91%8A%09 HTTP/1.1" 200 4885 "-" "Mozilla/5.0 (Linux; Android 6.0.1; Nexus 5X Build/MMB29P) AppleWebKit/537.36 (KHTML, like Gecko) Chrome/151.0.7922.137 Mobile Safari/537.36 (compatible; Googlebot/2.1; +http://www.google.com/bot.html)"
216.244.66.247 - - [23/Aug/2026:04:00:23 +0800] "GET /?list_13/&ext_feiyong=1%E4%B8%AA%E6%9C%88&ext_dizhi=%E8%88%AA%E7%A9%BA%E8%88%AA%E5%A4%A9%09 HTTP/1.1" 200 18628 "-" "Mozilla/5.0 (compatible; DotBot/1.2; +https://opensiteexplorer.org/dotbot; help@moz.com)"
57.141.16.39 - - [23/Aug/2026:04:00:31 +0800] "HEAD / HTTP/1.1" 200 0 "-" "facebookexternalhit/1.1 (+http://www.facebook.com/externalhit_uatext.php)"
66.249.64.96 - - [23/Aug/2026:04:00:59 +0800] "GET /?list_13/&ext_leixing=%09%E9%87%91%E8%9E%8D&ext_dizhi=%E5%9F%BA%E5%9B%A0%E5%B7%A5%E7%A8%8B HTTP/1.1" 200 4790 "-" "Mozilla/5.0 (Linux; Android 6.0.1; Nexus 5X Build/MMB29P) AppleWebKit/537.36 (KHTML, like Gecko) Chrome/151.0.7922.137 Mobile Safari/537.36 (compatible; Googlebot/2.1; +http://www.google.com/bot.html)"
207.46.13.102 - - [23/Aug/2026:04:01:39 +0800] "GET /?list_13/&ext_feiyong=1%E4%B8%AA%E6%9C%88&ext_leixing=%09%E7%BB%8F%E6%B5%8E&ext_tese=%09%E5%AD%A6%E6%9C%AF%E6%8A%A5%E5%91%8A%09 HTTP/1.1" 200 4825 "-" "Mozilla/5.0 AppleWebKit/537.36 (KHTML, like Gecko; compatible; bingbot/2.0; +http://www.bing.com/bingbot.htm) Chrome/116.0.1938.76 Safari/537.36"
66.249.64.96 - - [23/Aug/2026:04:01:48 +0800] "GET /?list_13/&ext_dizhi=%09%E4%BF%A1%E6%81%AF%E6%8A%80%E6%9C%AF&ext_feiyong=1%E5%91%A8%09&ext_leixing=%09%E9%87%91%E8%9E%8D&ext_tese=%E4%B8%93%E5%88%A9 HTTP/1.1" 200 4851 "-" "Mozilla/5.0 (Linux; Android 6.0.1; Nexus 5X Build/MMB29P) AppleWebKit/537.36 (KHTML, like Gecko) Chrome/151.0.7922.137 Mobile Safari/537.36 (compatible; Googlebot/2.1; +http://www.google.com/bot.html)"
66.249.64.110 - - [23/Aug/2026:04:02:51 +0800] "GET /?list_13/&ext_tese=%E8%BD%AF%E8%91%97%09&ext_dizhi=%09%E7%BD%91%E7%BB%9C%E5%B7%A5%E7%A8%8B&ext_leixing=%09%E9%87%91%E8%9E%8D HTTP/1.1" 200 4829 "-" "Mozilla/5.0 (Linux; Android 6.0.1; Nexus 5X Build/MMB29P) AppleWebKit/537.36 (KHTML, like Gecko) Chrome/151.0.7922.137 Mobile Safari/537.36 (compatible; Googlebot/2.1; +http://www.google.com/bot.html)"
66.249.64.96 - - [23/Aug/2026:04:03:18 +0800] "GET /?list_13/&ext_tese=%E4%B8%93%E5%88%A9&ext_feiyong=1%E5%91%A8%09&ext_leixing=%E7%94%9F%E7%89%A9&ext_dizhi=%E5%A4%A7%E6%95%B0%E6%8D%AE%09 HTTP/1.1" 200 4846 "-" "Mozilla/5.0 (Linux; Android 6.0.1; Nexus 5X Build/MMB29P) AppleWebKit/537.36 (KHTML, like Gecko) Chrome/151.0.7922.137 Mobile Safari/537.36 (compatible; Googlebot/2.1; +http://www.google.com/bot.html)"
207.46.13.102 - - [23/Aug/2026:04:03:19 +0800] "GET /?list_13/&ext_dizhi=%E6%95%B0%E5%AD%A6%E5%88%86%E6%9E%90%09&ext_leixing=%09%E8%AE%A1%E7%AE%97%E6%9C%BA&ext_tese=%09%E5%AD%A6%E6%9C%AF%E6%8A%A5%E5%91%8A%09 HTTP/1.1" 200 4853 "-" "Mozilla/5.0 AppleWebKit/537.36 (KHTML, like Gecko; compatible; bingbot/2.0; +http://www.bing.com/bingbot.htm) Chrome/116.0.1938.76 Safari/537.36"
66.249.64.110 - - [23/Aug/2026:04:04:29 +0800] "GET /?list_13/&ext_dizhi=%E6%9C%BA%E5%99%A8%E4%BA%BA%09&ext_tese=%E6%A8%A1%E5%9E%8B&ext_feiyong=1%E4%B8%AA%E6%9C%88 HTTP/1.1" 200 4809 "-" "Mozilla/5.0 (Linux; Android 6.0.1; Nexus 5X Build/MMB29P) AppleWebKit/537.36 (KHTML, like Gecko) Chrome/151.0.7922.137 Mobile Safari/537.36 (compatible; Googlebot/2.1; +http://www.google.com/bot.html)"
66.249.64.96 - - [23/Aug/2026:04:06:20 +0800] "GET /?list_13/&ext_tese=%E7%90%86%E8%AE%BA%E7%A0%94%E7%A9%B6&ext_dizhi=%E9%80%9A%E4%BF%A1%E5%B7%A5%E7%A8%8B&ext_leixing=%09%E9%87%91%E8%9E%8D HTTP/1.1" 200 4833 "-" "Mozilla/5.0 (Linux; Android 6.0.1; Nexus 5X Build/MMB29P) AppleWebKit/537.36 (KHTML, like Gecko) Chrome/151.0.7922.137 Mobile Safari/537.36 (compatible; Googlebot/2.1; +http://www.google.com/bot.html)"
57.141.12.10 - - [23/Aug/2026:04:06:21 +0800] "HEAD / HTTP/1.1" 200 0 "-" "facebookexternalhit/1.1 (+http://www.facebook.com/externalhit_uatext.php)"
66.249.64.97 - - [23/Aug/2026:04:07:18 +0800] "GET /?list_13/&ext_dizhi=%E7%A4%BE%E4%BC%9A%E7%A7%91%E5%AD%A6&ext_leixing=%E6%95%B0%E5%AD%A6&ext_tese=%E4%B8%93%E5%88%A9&ext_feiyong=1%E5%91%A8%09 HTTP/1.1" 200 4849 "-" "Mozilla/5.0 (Linux; Android 6.0.1; Nexus 5X Build/MMB29P) AppleWebKit/537.36 (KHTML, like Gecko) Chrome/151.0.7922.137 Mobile Safari/537.36 (compatible; Googlebot/2.1; +http://www.google.com/bot.html)"
40.77.167.76 - - [23/Aug/2026:04:07:35 +0800] "GET /?list_13/&ext_dizhi=%09%E8%BD%AF%E4%BB%B6%E5%B7%A5%E7%A8%8B%09&ext_tese=%09%E8%AE%BA%E6%96%87%09&ext_feiyong=1%E4%B8%AA%E6%9C%88&ext_leixing=%09%E7%89%A9%E7%90%86%09 HTTP/1.1" 200 4884 "-" "Mozilla/5.0 AppleWebKit/537.36 (KHTML, like Gecko; compatible; bingbot/2.0; +http://www.bing.com/bingbot.htm) Chrome/116.0.1938.76 Safari/537.36"
66.249.64.96 - - [23/Aug/2026:04:08:26 +0800] "GET /?list_13/&ext_dizhi=%E5%B8%82%E5%9C%BA%E8%90%A5%E9%94%80&ext_tese=%09%E5%AD%A6%E6%9C%AF%E6%8A%A5%E5%91%8A%09&ext_feiyong=%091%E4%B8%AA%E6%9C%88%E4%BB%A5%E4%B8%8A&ext_leixing=%09%E7%BB%8F%E6%B5%8E HTTP/1.1" 200 4894 "-" "Mozilla/5.0 (Linux; Android 6.0.1; Nexus 5X Build/MMB29P) AppleWebKit/537.36 (KHTML, like Gecko) Chrome/151.0.7922.137 Mobile Safari/537.36 (compatible; Googlebot/2.1; +http://www.google.com/bot.html)"
66.249.64.97 - - [23/Aug/2026:04:09:19 +0800] "GET /?list_13/&ext_dizhi=%E5%A4%A7%E6%95%B0%E6%8D%AE%09&ext_feiyong=1%E5%91%A8%09&ext_leixing=%09%E9%87%91%E8%9E%8D&ext_tese=%09%E5%BA%94%E7%94%A8%E7%A0%94%E7%A9%B6 HTTP/1.1" 200 4861 "-" "Mozilla/5.0 (Linux; Android 6.0.1; Nexus 5X Build/MMB29P) AppleWebKit/537.36 (KHTML, like Gecko) Chrome/151.0.7922.137 Mobile Safari/537.36 (compatible; Googlebot/2.1; +http://www.google.com/bot.html)"
66.249.64.110 - - [23/Aug/2026:04:10:10 +0800] "GET /?list_13/&ext_dizhi=%E5%B8%82%E5%9C%BA%E8%90%A5%E9%94%80&ext_feiyong=1%E5%91%A8%09&ext_leixing=%E7%94%9F%E7%89%A9 HTTP/1.1" 200 4817 "-" "Mozilla/5.0 (Linux; Android 6.0.1; Nexus 5X Build/MMB29P) AppleWebKit/537.36 (KHTML, like Gecko) Chrome/151.0.7922.137 Mobile Safari/537.36 (compatible; Googlebot/2.1; +http://www.google.com/bot.html)"
66.249.64.110 - - [23/Aug/2026:04:10:28 +0800] "GET /?list_13/&ext_dizhi=%E5%95%86%E5%8A%A1%E7%AE%A1%E7%90%86%09&ext_feiyong=1%E4%B8%AA%E6%9C%88&ext_leixing=%09%E9%80%9A%E4%BF%A1&ext_tese=%E4%B8%93%E5%88%A9 HTTP/1.1" 200 4851 "-" "Mozilla/5.0 (Linux; Android 6.0.1; Nexus 5X Build/MMB29P) AppleWebKit/537.36 (KHTML, like Gecko) Chrome/151.0.7922.137 Mobile Safari/537.36 (compatible; Googlebot/2.1; +http://www.google.com/bot.html)"
66.249.64.110 - - [23/Aug/2026:04:10:36 +0800] "GET /?list_13/&ext_feiyong=1%E4%B8%AA%E6%9C%88&ext_leixing=%E7%94%9F%E7%89%A9&ext_dizhi=%E6%9C%BA%E5%99%A8%E4%BA%BA%09&ext_tese=%09%E5%AD%A6%E6%9C%AF%E6%8A%A5%E5%91%8A%09 HTTP/1.1" 200 4870 "-" "Mozilla/5.0 (Linux; Android 6.0.1; Nexus 5X Build/MMB29P) AppleWebKit/537.36 (KHTML, like Gecko) Chrome/151.0.7922.137 Mobile Safari/537.36 (compatible; Googlebot/2.1; +http://www.google.com/bot.html)"
66.249.64.97 - - [23/Aug/2026:04:10:41 +0800] "GET /?list_13/&ext_leixing=%09%E7%BB%8F%E6%B5%8E&ext_tese=%09%E5%AD%A6%E6%9C%AF%E6%8A%A5%E5%91%8A%09&ext_feiyong=1%E4%B8%AA%E6%9C%88 HTTP/1.1" 200 4843 "-" "Mozilla/5.0 (Linux; Android 6.0.1; Nexus 5X Build/MMB29P) AppleWebKit/537.36 (KHTML, like Gecko) Chrome/151.0.7922.137 Mobile Safari/537.36 (compatible; Googlebot/2.1; +http://www.google.com/bot.html)"
66.249.64.110 - - [23/Aug/2026:04:11:11 +0800] "GET /?list_13/&ext_feiyong=1%E4%B8%AA%E6%9C%88&ext_dizhi=%E5%B8%82%E5%9C%BA%E8%90%A5%E9%94%80&ext_leixing=%09%E8%AE%A1%E7%AE%97%E6%9C%BA&ext_tese=%E8%BD%AF%E8%91%97%09 HTTP/1.1" 200 4869 "-" "Mozilla/5.0 (Linux; Android 6.0.1; Nexus 5X Build/MMB29P) AppleWebKit/537.36 (KHTML, like Gecko) Chrome/151.0.7922.137 Mobile Safari/537.36 (compatible; Googlebot/2.1; +http://www.google.com/bot.html)"
66.249.64.110 - - [23/Aug/2026:04:11:28 +0800] "GET /?list_13/&ext_tese=%E6%A8%A1%E5%9E%8B&ext_dizhi=%E8%88%AA%E7%A9%BA%E8%88%AA%E5%A4%A9%09&ext_leixing=%09%E7%89%A9%E7%90%86%09 HTTP/1.1" 200 4821 "-" "Mozilla/5.0 (Linux; Android 6.0.1; Nexus 5X Build/MMB29P) AppleWebKit/537.36 (KHTML, like Gecko) Chrome/151.0.7922.137 Mobile Safari/537.36 (compatible; Googlebot/2.1; +http://www.google.com/bot.html)"
43.165.186.188 - - [23/Aug/2026:04:11:43 +0800] "GET / HTTP/1.1" 200 7977 "-" "Mozilla/5.0 (iPhone; CPU iPhone OS 13_2_3 like Mac OS X) AppleWebKit/605.1.15 (KHTML, like Gecko) Version/13.0.3 Mobile/15E148 Safari/604.1"
66.249.64.110 - - [23/Aug/2026:04:11:44 +0800] "GET /?list_13/&ext_feiyong=1%E5%91%A8%09&ext_leixing=%E7%94%9F%E7%89%A9&ext_tese=%E7%90%86%E8%AE%BA%E7%A0%94%E7%A9%B6&ext_dizhi=%E4%BA%BA%E5%B7%A5%E6%99%BA%E8%83%BD%09 HTTP/1.1" 200 4854 "-" "Mozilla/5.0 (Linux; Android 6.0.1; Nexus 5X Build/MMB29P) AppleWebKit/537.36 (KHTML, like Gecko) Chrome/151.0.7922.137 Mobile Safari/537.36 (compatible; Googlebot/2.1; +http://www.google.com/bot.html)"
66.249.64.97 - - [23/Aug/2026:04:13:01 +0800] "GET /?list_13/&ext_tese=%09%E5%BA%94%E7%94%A8%E7%A0%94%E7%A9%B6&ext_feiyong=%091%E4%B8%AA%E6%9C%88%E4%BB%A5%E4%B8%8A&ext_dizhi=%09%E6%95%B0%E6%8D%AE%E5%A4%84%E7%90%86&ext_leixing=%09%E9%87%91%E8%9E%8D HTTP/1.1" 200 4878 "-" "Mozilla/5.0 (Linux; Android 6.0.1; Nexus 5X Build/MMB29P) AppleWebKit/537.36 (KHTML, like Gecko) Chrome/151.0.7922.137 Mobile Safari/537.36 (compatible; Googlebot/2.1; +http://www.google.com/bot.html)"
43.157.142.101 - - [23/Aug/2026:04:14:11 +0800] "GET / HTTP/1.1" 200 7977 "-" "Mozilla/5.0 (iPhone; CPU iPhone OS 13_2_3 like Mac OS X) AppleWebKit/605.1.15 (KHTML, like Gecko) Version/13.0.3 Mobile/15E148 Safari/604.1"
66.249.64.96 - - [23/Aug/2026:04:15:04 +0800] "GET /?list_13/&ext_tese=%E4%B8%93%E5%88%A9&ext_feiyong=%091%E4%B8%AA%E6%9C%88%E4%BB%A5%E4%B8%8A&ext_dizhi=%E5%B8%82%E5%9C%BA%E8%90%A5%E9%94%80&ext_leixing=%E5%8C%96%E5%AD%A6%09 HTTP/1.1" 200 4862 "-" "Mozilla/5.0 (Linux; Android 6.0.1; Nexus 5X Build/MMB29P) AppleWebKit/537.36 (KHTML, like Gecko) Chrome/151.0.7922.137 Mobile Safari/537.36 (compatible; Googlebot/2.1; +http://www.google.com/bot.html)"
51.68.236.93 - - [23/Aug/2026:04:15:21 +0800] "GET /robots.txt HTTP/1.1" 200 37 "-" "Mozilla/5.0 (compatible; MJ12bot/v2.0.5; http://mj12bot.com/)"
51.68.236.93 - - [23/Aug/2026:04:15:21 +0800] "GET / HTTP/1.1" 404 150 "-" "Mozilla/5.0 (compatible; MJ12bot/v2.0.5; http://mj12bot.com/)"
66.249.64.110 - - [23/Aug/2026:04:15:59 +0800] "GET /?list_13/&ext_leixing=%E6%95%B0%E5%AD%A6&ext_dizhi=%E6%95%B0%E6%8D%AE%E7%BB%9F%E8%AE%A1%09&ext_tese=%09%E5%BA%94%E7%94%A8%E7%A0%94%E7%A9%B6&ext_feiyong=1%E4%B8%AA%E6%9C%88 HTTP/1.1" 200 4879 "-" "Mozilla/5.0 (Linux; Android 6.0.1; Nexus 5X Build/MMB29P) AppleWebKit/537.36 (KHTML, like Gecko) Chrome/151.0.7922.137 Mobile Safari/537.36 (compatible; Googlebot/2.1; +http://www.google.com/bot.html)"
66.249.64.110 - - [23/Aug/2026:04:16:29 +0800] "GET /?list_13/&ext_dizhi=%E7%A4%BE%E4%BC%9A%E7%A7%91%E5%AD%A6&ext_feiyong=%091%E4%B8%AA%E6%9C%88%E4%BB%A5%E4%B8%8A&ext_leixing=%09%E9%80%9A%E4%BF%A1&ext_tese=%E8%BD%AF%E8%91%97%09 HTTP/1.1" 200 4865 "-" "Mozilla/5.0 (Linux; Android 6.0.1; Nexus 5X Build/MMB29P) AppleWebKit/537.36 (KHTML, like Gecko) Chrome/151.0.7922.137 Mobile Safari/537.36 (compatible; Googlebot/2.1; +http://www.google.com/bot.html)"
66.249.64.96 - - [23/Aug/2026:04:16:57 +0800] "GET /?list_13/&ext_leixing=%09%E9%80%9A%E4%BF%A1&ext_dizhi=%E6%95%B0%E5%AD%A6%E5%88%86%E6%9E%90%09&ext_tese=%E7%90%86%E8%AE%BA%E7%A0%94%E7%A9%B6&ext_feiyong=1%E4%B8%AA%E6%9C%88 HTTP/1.1" 200 4878 "-" "Mozilla/5.0 (Linux; Android 6.0.1; Nexus 5X Build/MMB29P) AppleWebKit/537.36 (KHTML, like Gecko) Chrome/151.0.7922.137 Mobile Safari/537.36 (compatible; Googlebot/2.1; +http://www.google.com/bot.html)"
157.55.39.57 - - [23/Aug/2026:04:17:01 +0800] "GET /?list_13/&ext_dizhi=%E8%88%AA%E7%A9%BA%E8%88%AA%E5%A4%A9%09&ext_leixing=%09%E7%BB%8F%E6%B5%8E&ext_tese=%09%E8%AE%BA%E6%96%87%09 HTTP/1.1" 200 4827 "-" "Mozilla/5.0 AppleWebKit/537.36 (KHTML, like Gecko; compatible; bingbot/2.0; +http://www.bing.com/bingbot.htm) Chrome/116.0.1938.76 Safari/537.36"
185.191.171.18 - - [23/Aug/2026:04:17:34 +0800] "GET /index.php/20260717-59575.shtml HTTP/1.1" 301 5 "-" "Mozilla/5.0 (compatible; SemrushBot/7~bl; +http://www.semrush.com/bot.html)"
66.249.64.110 - - [23/Aug/2026:04:18:01 +0800] "GET /?list_13/&ext_tese=%E4%B8%93%E5%88%A9&ext_leixing=%E7%94%9F%E7%89%A9&ext_dizhi=%09%E7%BD%91%E7%BB%9C%E5%B7%A5%E7%A8%8B HTTP/1.1" 200 4827 "-" "Mozilla/5.0 (Linux; Android 6.0.1; Nexus 5X Build/MMB29P) AppleWebKit/537.36 (KHTML, like Gecko) Chrome/151.0.7922.137 Mobile Safari/537.36 (compatible; Googlebot/2.1; +http://www.google.com/bot.html)"
157.55.39.57 - - [23/Aug/2026:04:18:11 +0800] "GET /?list_13/&ext_leixing=%09%E7%BB%8F%E6%B5%8E&ext_feiyong=1%E5%91%A8%09&ext_dizhi=%09%E6%95%B0%E6%8D%AE%E5%A4%84%E7%90%86 HTTP/1.1" 200 4814 "-" "Mozilla/5.0 AppleWebKit/537.36 (KHTML, like Gecko; compatible; bingbot/2.0; +http://www.bing.com/bingbot.htm) Chrome/116.0.1938.76 Safari/537.36"
66.249.64.97 - - [23/Aug/2026:04:20:35 +0800] "GET /?list_13/&ext_leixing=%09%E8%AE%A1%E7%AE%97%E6%9C%BA&ext_dizhi=%E5%B8%82%E5%9C%BA%E8%90%A5%E9%94%80 HTTP/1.1" 200 4798 "-" "Mozilla/5.0 (Linux; Android 6.0.1; Nexus 5X Build/MMB29P) AppleWebKit/537.36 (KHTML, like Gecko) Chrome/151.0.7922.137 Mobile Safari/537.36 (compatible; Googlebot/2.1; +http://www.google.com/bot.html)"
40.77.167.71 - - [23/Aug/2026:04:21:37 +0800] "GET /?list_13/&ext_dizhi=%09%E8%BD%AF%E4%BB%B6%E5%B7%A5%E7%A8%8B%09&ext_tese=%09%E5%BA%94%E7%94%A8%E7%A0%94%E7%A9%B6&ext_leixing=%09%E7%BB%8F%E6%B5%8E HTTP/1.1" 200 4847 "-" "Mozilla/5.0 AppleWebKit/537.36 (KHTML, like Gecko; compatible; bingbot/2.0; +http://www.bing.com/bingbot.htm) Chrome/116.0.1938.76 Safari/537.36"
66.249.64.110 - - [23/Aug/2026:04:22:14 +0800] "GET /?list_13/&ext_dizhi=%09%E7%BD%91%E7%BB%9C%E5%B7%A5%E7%A8%8B&ext_feiyong=1%E4%B8%AA%E6%9C%88 HTTP/1.1" 200 4770 "-" "Mozilla/5.0 (Linux; Android 6.0.1; Nexus 5X Build/MMB29P) AppleWebKit/537.36 (KHTML, like Gecko) Chrome/151.0.7922.137 Mobile Safari/537.36 (compatible; Googlebot/2.1; +http://www.google.com/bot.html)"
66.249.64.96 - - [23/Aug/2026:04:22:44 +0800] "GET /?list_13/&ext_dizhi=%E6%95%B0%E6%8D%AE%E7%BB%9F%E8%AE%A1%09&ext_feiyong=1%E4%B8%AA%E6%9C%88&ext_leixing=%E7%94%9F%E7%89%A9&ext_tese=%09%E8%AE%BA%E6%96%87%09 HTTP/1.1" 200 4869 "-" "Mozilla/5.0 (Linux; Android 6.0.1; Nexus 5X Build/MMB29P) AppleWebKit/537.36 (KHTML, like Gecko) Chrome/151.0.7922.137 Mobile Safari/537.36 (compatible; Googlebot/2.1; +http://www.google.com/bot.html)"
66.249.64.110 - - [23/Aug/2026:04:22:56 +0800] "GET /?list_13/&ext_leixing=%E5%8C%96%E5%AD%A6%09&ext_dizhi=%E9%87%91%E8%9E%8D%E7%AE%A1%E7%90%86&ext_tese=%09%E8%AE%BA%E6%96%87%09&ext_feiyong=%091%E4%B8%AA%E6%9C%88%E4%BB%A5%E4%B8%8A HTTP/1.1" 200 4881 "-" "Mozilla/5.0 (Linux; Android 6.0.1; Nexus 5X Build/MMB29P) AppleWebKit/537.36 (KHTML, like Gecko) Chrome/151.0.7922.137 Mobile Safari/537.36 (compatible; Googlebot/2.1; +http://www.google.com/bot.html)"
66.249.64.110 - - [23/Aug/2026:04:23:00 +0800] "GET /?list_13/&ext_dizhi=%E9%80%9A%E4%BF%A1%E5%B7%A5%E7%A8%8B&ext_feiyong=1%E4%B8%AA%E6%9C%88&ext_leixing=%09%E7%89%A9%E7%90%86%09&ext_tese=%E7%90%86%E8%AE%BA%E7%A0%94%E7%A9%B6 HTTP/1.1" 200 4871 "-" "Mozilla/5.0 (Linux; Android 6.0.1; Nexus 5X Build/MMB29P) AppleWebKit/537.36 (KHTML, like Gecko) Chrome/151.0.7922.137 Mobile Safari/537.36 (compatible; Googlebot/2.1; +http://www.google.com/bot.html)"
66.249.64.110 - - [23/Aug/2026:04:23:05 +0800] "GET /?list_13/&ext_feiyong=%091%E4%B8%AA%E6%9C%88%E4%BB%A5%E4%B8%8A&ext_dizhi=%09&ext_leixing=%E5%8C%96%E5%AD%A6%09&ext_tese=%E8%BD%AF%E8%91%97%09 HTTP/1.1" 200 4860 "-" "Mozilla/5.0 (Linux; Android 6.0.1; Nexus 5X Build/MMB29P) AppleWebKit/537.36 (KHTML, like Gecko) Chrome/151.0.7922.137 Mobile Safari/537.36 (compatible; Googlebot/2.1; +http://www.google.com/bot.html)"
17.22.253.90 - - [23/Aug/2026:04:23:06 +0800] "GET /index.php/20260718660904-78759.shtml HTTP/1.1" 301 5 "-" "Mozilla/5.0 (Macintosh; Intel Mac OS X 10_15_7) AppleWebKit/605.1.15 (KHTML, like Gecko) Version/17.4 Safari/605.1.15 (Applebot/0.1; +http://www.apple.com/go/applebot)"
17.22.253.90 - - [23/Aug/2026:04:23:07 +0800] "GET /index.php HTTP/1.1" 200 7977 "-" "Mozilla/5.0 (Macintosh; Intel Mac OS X 10_15_7) AppleWebKit/605.1.15 (KHTML, like Gecko) Version/17.4 Safari/605.1.15 (Applebot/0.1; +http://www.apple.com/go/applebot)"
66.249.64.110 - - [23/Aug/2026:04:24:17 +0800] "GET /?list_13/&ext_tese=%E4%B8%93%E5%88%A9&ext_feiyong=1%E5%91%A8%09&ext_leixing=%E5%8C%96%E5%AD%A6%09&ext_dizhi=%E6%95%B0%E6%8D%AE%E7%BB%9F%E8%AE%A1%09 HTTP/1.1" 200 4837 "-" "Mozilla/5.0 (Linux; Android 6.0.1; Nexus 5X Build/MMB29P) AppleWebKit/537.36 (KHTML, like Gecko) Chrome/151.0.7922.137 Mobile Safari/537.36 (compatible; Googlebot/2.1; +http://www.google.com/bot.html)"
157.55.39.57 - - [23/Aug/2026:04:24:41 +0800] "GET /?list_13/&ext_dizhi=%E6%95%B0%E6%8D%AE%E7%BB%9F%E8%AE%A1%09&ext_leixing=%09%E7%89%A9%E7%90%86%09&ext_tese=%09%E8%AE%BA%E6%96%87%09 HTTP/1.1" 200 4835 "-" "Mozilla/5.0 AppleWebKit/537.36 (KHTML, like Gecko; compatible; bingbot/2.0; +http://www.bing.com/bingbot.htm) Chrome/116.0.1938.76 Safari/537.36"
40.77.167.71 - - [23/Aug/2026:04:24:47 +0800] "GET /?list_13/&ext_dizhi=%09%E6%95%B0%E5%AD%97%E7%BB%8F%E6%B5%8E&ext_feiyong=1%E4%B8%AA%E6%9C%88&ext_leixing=%09%E7%89%A9%E7%90%86%09&ext_tese=%09%E5%BA%94%E7%94%A8%E7%A0%94%E7%A9%B6 HTTP/1.1" 200 4875 "-" "Mozilla/5.0 AppleWebKit/537.36 (KHTML, like Gecko; compatible; bingbot/2.0; +http://www.bing.com/bingbot.htm) Chrome/116.0.1938.76 Safari/537.36"
17.22.253.46 - - [23/Aug/2026:04:25:05 +0800] "GET /template/show.php/20260720-98147985.shtml HTTP/1.1" 403 46 "-" "Mozilla/5.0 (Macintosh; Intel Mac OS X 10_15_7) AppleWebKit/605.1.15 (KHTML, like Gecko) Version/17.4 Safari/605.1.15 (Applebot/0.1; +http://www.apple.com/go/applebot)"
47.82.54.252 - - [23/Aug/2026:04:26:09 +0800] "GET /?ext_leixing=%09%E8%AE%A1%E7%AE%97%E6%9C%BA&list_13%2F= HTTP/1.1" 301 5 "-" "Mozilla/5.0 (Macintosh; Intel Mac OS X 10_15_7) AppleWebKit/537.36 (KHTML, like Gecko) Chrome/143.0.0.0 Safari/537.36"
47.82.54.252 - - [23/Aug/2026:04:26:09 +0800] "GET / HTTP/1.1" 200 7977 "http://haosixiang.cn/?ext_leixing=%09%E8%AE%A1%E7%AE%97%E6%9C%BA&list_13%2F=" "Mozilla/5.0 (Macintosh; Intel Mac OS X 10_15_7) AppleWebKit/537.36 (KHTML, like Gecko) Chrome/143.0.0.0 Safari/537.36"
66.249.64.96 - - [23/Aug/2026:04:26:11 +0800] "GET /?list_13/&ext_tese=%E7%90%86%E8%AE%BA%E7%A0%94%E7%A9%B6&ext_dizhi=%09%E6%95%B0%E6%8D%AE%E5%A4%84%E7%90%86&ext_feiyong=1%E4%B8%AA%E6%9C%88&ext_leixing=%09%E9%87%91%E8%9E%8D HTTP/1.1" 200 4866 "-" "Mozilla/5.0 (Linux; Android 6.0.1; Nexus 5X Build/MMB29P) AppleWebKit/537.36 (KHTML, like Gecko) Chrome/151.0.7922.137 Mobile Safari/537.36 (compatible; Googlebot/2.1; +http://www.google.com/bot.html)"
66.249.64.96 - - [23/Aug/2026:04:26:35 +0800] "GET /?list_13/&ext_feiyong=1%E5%91%A8%09&ext_dizhi=%E6%9C%BA%E5%99%A8%E4%BA%BA%09&ext_leixing=%09%E8%AE%A1%E7%AE%97%E6%9C%BA&ext_tese=%09%E5%AD%A6%E6%9C%AF%E6%8A%A5%E5%91%8A%09 HTTP/1.1" 200 4847 "-" "Mozilla/5.0 (Linux; Android 6.0.1; Nexus 5X Build/MMB29P) AppleWebKit/537.36 (KHTML, like Gecko) Chrome/151.0.7922.137 Mobile Safari/537.36 (compatible; Googlebot/2.1; +http://www.google.com/bot.html)"
40.77.167.255 - - [23/Aug/2026:04:28:05 +0800] "GET /?list_13/&ext_dizhi=%09%E4%BF%A1%E6%81%AF%E6%8A%80%E6%9C%AF&ext_tese=%09%E5%BA%94%E7%94%A8%E7%A0%94%E7%A9%B6&ext_feiyong=1%E4%B8%AA%E6%9C%88&ext_leixing=%09%E9%80%9A%E4%BF%A1 HTTP/1.1" 200 4877 "-" "Mozilla/5.0 AppleWebKit/537.36 (KHTML, like Gecko; compatible; bingbot/2.0; +http://www.bing.com/bingbot.htm) Chrome/116.0.1938.76 Safari/537.36"
40.77.167.71 - - [23/Aug/2026:04:28:10 +0800] "GET /?list_13/&ext_dizhi=%E4%BA%BA%E5%B7%A5%E6%99%BA%E8%83%BD%09&ext_tese=%09%E8%AE%BA%E6%96%87%09&ext_leixing=%09%E9%87%91%E8%9E%8D HTTP/1.1" 200 4840 "-" "Mozilla/5.0 AppleWebKit/537.36 (KHTML, like Gecko; compatible; bingbot/2.0; +http://www.bing.com/bingbot.htm) Chrome/116.0.1938.76 Safari/537.36"
17.241.75.4 - - [23/Aug/2026:04:28:19 +0800] "GET /index.php/20260721352789-94634.shtml HTTP/1.1" 301 5 "-" "Mozilla/5.0 (Macintosh; Intel Mac OS X 10_15_7) AppleWebKit/605.1.15 (KHTML, like Gecko) Version/17.4 Safari/605.1.15 (Applebot/0.1; +http://www.apple.com/go/applebot)"
17.241.75.4 - - [23/Aug/2026:04:28:20 +0800] "GET /index.php HTTP/1.1" 200 7977 "-" "Mozilla/5.0 (Macintosh; Intel Mac OS X 10_15_7) AppleWebKit/605.1.15 (KHTML, like Gecko) Version/17.4 Safari/605.1.15 (Applebot/0.1; +http://www.apple.com/go/applebot)"
47.82.53.15 - - [23/Aug/2026:04:30:01 +0800] "GET /?ext_dizhi=%09%E6%95%B0%E6%8D%AE%E5%A4%84%E7%90%86&list_13%2F= HTTP/1.1" 301 5 "-" "Mozilla/5.0 (Windows NT 10.0; Win64; x64) AppleWebKit/537.36 (KHTML, like Gecko) Chrome/143.0.0.0 Safari/537.36"
47.82.53.15 - - [23/Aug/2026:04:30:02 +0800] "GET / HTTP/1.1" 200 7977 "http://www.haosixiang.cn/?ext_dizhi=%09%E6%95%B0%E6%8D%AE%E5%A4%84%E7%90%86&list_13%2F=" "Mozilla/5.0 (Windows NT 10.0; Win64; x64) AppleWebKit/537.36 (KHTML, like Gecko) Chrome/143.0.0.0 Safari/537.36"
57.141.2.65 - - [23/Aug/2026:04:32:30 +0800] "HEAD / HTTP/1.1" 200 0 "-" "facebookexternalhit/1.1 (+http://www.facebook.com/externalhit_uatext.php)"
57.141.6.36 - - [23/Aug/2026:04:34:13 +0800] "HEAD / HTTP/1.1" 200 0 "-" "facebookexternalhit/1.1 (+http://www.facebook.com/externalhit_uatext.php)"
66.249.64.97 - - [23/Aug/2026:04:36:35 +0800] "GET /?list_13/&ext_leixing=%09%E9%87%91%E8%9E%8D&ext_tese=%E7%90%86%E8%AE%BA%E7%A0%94%E7%A9%B6&ext_feiyong=1%E4%B8%AA%E6%9C%88&ext_dizhi=%E9%80%9A%E4%BF%A1%E5%B7%A5%E7%A8%8B HTTP/1.1" 200 4855 "-" "Mozilla/5.0 (Linux; Android 6.0.1; Nexus 5X Build/MMB29P) AppleWebKit/537.36 (KHTML, like Gecko) Chrome/151.0.7922.137 Mobile Safari/537.36 (compatible; Googlebot/2.1; +http://www.google.com/bot.html)"
57.141.24.24 - - [23/Aug/2026:04:36:43 +0800] "HEAD / HTTP/1.1" 200 0 "-" "facebookexternalhit/1.1 (+http://www.facebook.com/externalhit_uatext.php)"
17.241.227.209 - - [23/Aug/2026:04:38:31 +0800] "GET /template/show.php/20260721-10320365.shtml HTTP/1.1" 403 46 "-" "Mozilla/5.0 (Macintosh; Intel Mac OS X 10_15_7) AppleWebKit/605.1.15 (KHTML, like Gecko) Version/17.4 Safari/605.1.15 (Applebot/0.1; +http://www.apple.com/go/applebot)"
