4.204.200.136 - - [24/Aug/2026:13:26:50 +0800] "GET /admin.php HTTP/1.1" 200 3184 "-" "-"
4.204.200.136 - - [24/Aug/2026:13:26:50 +0800] "GET /ajax.php HTTP/1.1" 404 150 "-" "-"
4.204.200.136 - - [24/Aug/2026:13:26:50 +0800] "GET /atomlib.php HTTP/1.1" 404 150 "-" "-"
4.204.200.136 - - [24/Aug/2026:13:26:50 +0800] "GET /1.php?p= HTTP/1.1" 404 150 "-" "-"
4.204.200.136 - - [24/Aug/2026:13:26:50 +0800] "GET /samll.php HTTP/1.1" 404 150 "-" "-"
4.204.200.136 - - [24/Aug/2026:13:26:51 +0800] "GET /she11.php HTTP/1.1" 404 150 "-" "-"
4.204.200.136 - - [24/Aug/2026:13:26:51 +0800] "GET /kerang.php HTTP/1.1" 404 150 "-" "-"
4.204.200.136 - - [24/Aug/2026:13:26:51 +0800] "GET /m.php?p= HTTP/1.1" 404 150 "-" "-"
4.204.200.136 - - [24/Aug/2026:13:26:51 +0800] "GET /fling.php?p= HTTP/1.1" 404 150 "-" "-"
4.204.200.136 - - [24/Aug/2026:13:26:51 +0800] "GET /btyuio.php HTTP/1.1" 404 150 "-" "-"
4.204.200.136 - - [24/Aug/2026:13:26:52 +0800] "GET /dehnl.php HTTP/1.1" 404 150 "-" "-"
4.204.200.136 - - [24/Aug/2026:13:26:52 +0800] "GET /234717/index.php HTTP/1.1" 404 150 "-" "-"
4.204.200.136 - - [24/Aug/2026:13:26:52 +0800] "GET /zoo2.php HTTP/1.1" 404 150 "-" "-"
4.204.200.136 - - [24/Aug/2026:13:26:52 +0800] "GET /zoo1.php?p= HTTP/1.1" 404 150 "-" "-"
4.204.200.136 - - [24/Aug/2026:13:26:52 +0800] "GET /radio.php HTTP/1.1" 404 150 "-" "-"
4.204.200.136 - - [24/Aug/2026:13:26:53 +0800] "GET /hoket.php HTTP/1.1" 404 150 "-" "-"
4.204.200.136 - - [24/Aug/2026:13:26:53 +0800] "GET /one.php HTTP/1.1" 404 150 "-" "-"
4.204.200.136 - - [24/Aug/2026:13:26:53 +0800] "GET /503.php HTTP/1.1" 404 150 "-" "-"
4.204.200.136 - - [24/Aug/2026:13:26:53 +0800] "GET /504.php HTTP/1.1" 404 150 "-" "-"
4.204.200.136 - - [24/Aug/2026:13:26:53 +0800] "GET /admin.php?p= HTTP/1.1" 200 3184 "-" "-"
4.204.200.136 - - [24/Aug/2026:13:26:54 +0800] "GET /ws85.php?p= HTTP/1.1" 404 150 "-" "-"
4.204.200.136 - - [24/Aug/2026:13:26:54 +0800] "GET /db.php/new.php HTTP/1.1" 404 150 "-" "-"
4.204.200.136 - - [24/Aug/2026:13:26:54 +0800] "GET /ffs.php HTTP/1.1" 404 150 "-" "-"
4.204.200.136 - - [24/Aug/2026:13:26:54 +0800] "GET /nano.php HTTP/1.1" 404 150 "-" "-"
4.204.200.136 - - [24/Aug/2026:13:26:54 +0800] "GET /ano.php HTTP/1.1" 404 150 "-" "-"
4.204.200.136 - - [24/Aug/2026:13:26:55 +0800] "GET /mgrr.php HTTP/1.1" 404 150 "-" "-"
4.204.200.136 - - [24/Aug/2026:13:26:55 +0800] "GET /mac.php HTTP/1.1" 404 150 "-" "-"
4.204.200.136 - - [24/Aug/2026:13:26:55 +0800] "GET /ngcvjkys.php HTTP/1.1" 404 150 "-" "-"
4.204.200.136 - - [24/Aug/2026:13:26:55 +0800] "GET /simple.php HTTP/1.1" 404 150 "-" "-"
4.204.200.136 - - [24/Aug/2026:13:26:55 +0800] "GET /xty.php?p= HTTP/1.1" 404 150 "-" "-"
4.204.200.136 - - [24/Aug/2026:13:26:56 +0800] "GET /sallu.php HTTP/1.1" 404 150 "-" "-"
4.204.200.136 - - [24/Aug/2026:13:26:56 +0800] "GET /codex.php HTTP/1.1" 404 150 "-" "-"
4.204.200.136 - - [24/Aug/2026:13:26:56 +0800] "GET /666.php HTTP/1.1" 404 150 "-" "-"
4.204.200.136 - - [24/Aug/2026:13:26:56 +0800] "GET /5656.php HTTP/1.1" 404 150 "-" "-"
4.204.200.136 - - [24/Aug/2026:13:26:56 +0800] "GET /filemanager.php HTTP/1.1" 404 150 "-" "-"
4.204.200.136 - - [24/Aug/2026:13:26:57 +0800] "GET /w3llscc.php HTTP/1.1" 404 150 "-" "-"
4.204.200.136 - - [24/Aug/2026:13:26:57 +0800] "GET /w3lls.php HTTP/1.1" 404 150 "-" "-"
4.204.200.136 - - [24/Aug/2026:13:26:57 +0800] "GET /fpwch.php HTTP/1.1" 404 150 "-" "-"
4.204.200.136 - - [24/Aug/2026:13:26:57 +0800] "GET /domvf.php HTTP/1.1" 404 150 "-" "-"
4.204.200.136 - - [24/Aug/2026:13:26:57 +0800] "GET /biufile.php HTTP/1.1" 404 150 "-" "-"
4.204.200.136 - - [24/Aug/2026:13:26:58 +0800] "GET /ammika.php HTTP/1.1" 404 150 "-" "-"
4.204.200.136 - - [24/Aug/2026:13:26:58 +0800] "GET /aogyvlbb.php HTTP/1.1" 404 150 "-" "-"
4.204.200.136 - - [24/Aug/2026:13:26:58 +0800] "GET /blacks.php HTTP/1.1" 404 150 "-" "-"
4.204.200.136 - - [24/Aug/2026:13:26:58 +0800] "GET /czq.php HTTP/1.1" 404 150 "-" "-"
4.204.200.136 - - [24/Aug/2026:13:26:58 +0800] "GET /beck.php HTTP/1.1" 404 150 "-" "-"
4.204.200.136 - - [24/Aug/2026:13:26:59 +0800] "GET /gkjjk.php HTTP/1.1" 404 150 "-" "-"
4.204.200.136 - - [24/Aug/2026:13:26:59 +0800] "GET /t3.php HTTP/1.1" 404 150 "-" "-"
4.204.200.136 - - [24/Aug/2026:13:26:59 +0800] "GET /nope.php HTTP/1.1" 404 150 "-" "-"
4.204.200.136 - - [24/Aug/2026:13:26:59 +0800] "GET /wp.php HTTP/1.1" 404 150 "-" "-"
114.119.133.125 - - [24/Aug/2026:13:28:38 +0800] "GET /news/5293.html HTTP/1.1" 404 150 "http://www.wanqingjixie.com/date/2019/11/06" "Mozilla/5.0 (Linux; Android 7.0;) AppleWebKit/537.36 (HTML, like Gecko) Mobile Safari/537.36 (compatible; PetalBot;+https://webmaster.petalsearch.com/site/petalbot)"
180.153.236.96 - - [24/Aug/2026:13:29:57 +0800] "GET / HTTP/1.1" 200 5376 "http://wanqingjixie.com/" "User-Agent:Mozilla/5.0 (Windows NT 10.0; Win64; x64) AppleWebKit/537.36 (KHTML, like Gecko) Chrome/140.0.0.0 Safari/537.36 Edg/140.0.0.0; 360Spider"
114.119.137.38 - - [24/Aug/2026:13:31:25 +0800] "GET /news/2028.html HTTP/1.1" 404 150 "http://www.wanqingjixie.com/news/2025.html" "Mozilla/5.0 (Linux; Android 7.0;) AppleWebKit/537.36 (HTML, like Gecko) Mobile Safari/537.36 (compatible; PetalBot;+https://webmaster.petalsearch.com/site/petalbot)"
57.141.18.43 - - [24/Aug/2026:13:31:39 +0800] "HEAD / HTTP/1.1" 200 0 "-" "facebookexternalhit/1.1 (+http://www.facebook.com/externalhit_uatext.php)"
114.119.136.160 - - [24/Aug/2026:13:32:48 +0800] "GET /news/1125.html HTTP/1.1" 404 150 "http://www.wanqingjixie.com/news/1128.html" "Mozilla/5.0 (Linux; Android 7.0;) AppleWebKit/537.36 (HTML, like Gecko) Mobile Safari/537.36 (compatible; PetalBot;+https://webmaster.petalsearch.com/site/petalbot)"
57.141.8.11 - - [24/Aug/2026:13:33:45 +0800] "HEAD / HTTP/1.1" 200 0 "-" "facebookexternalhit/1.1 (+http://www.facebook.com/externalhit_uatext.php)"
114.119.157.54 - - [24/Aug/2026:13:34:12 +0800] "GET /date/2019/11/09 HTTP/1.1" 404 150 "http://www.wanqingjixie.com/" "Mozilla/5.0 (Linux; Android 7.0;) AppleWebKit/537.36 (HTML, like Gecko) Mobile Safari/537.36 (compatible; PetalBot;+https://webmaster.petalsearch.com/site/petalbot)"
101.42.44.123 - - [24/Aug/2026:13:35:44 +0800] "GET /hangye_71 HTTP/1.1" 404 552 "-" "Mozilla/5.0 (Macintosh; Intel Mac OS X 10_15_7) AppleWebKit/537.36 (KHTML, like Gecko) Chrome/150.0.0.0 Safari/537.36"
57.141.0.58 - - [24/Aug/2026:13:36:32 +0800] "HEAD / HTTP/1.1" 200 0 "-" "facebookexternalhit/1.1 (+http://www.facebook.com/externalhit_uatext.php)"
27.115.124.45 - - [24/Aug/2026:13:36:53 +0800] "GET / HTTP/1.1" 200 5376 "-" "Mozilla/5.0 (Linux; U; Android 8.1.0; zh-cn; MI 8 Build/OPM1.171019.011) AppleWebKit/537.36 (KHTML, like Gecko) Version/4.0 Chrome/57.0.2987.108 Mobile Safari/537.36"
27.115.124.118 - - [24/Aug/2026:13:36:53 +0800] "GET /skin/fonts/impact.ttf HTTP/1.1" 200 206784 "http://wanqingjixie.com/skin/css/style.css" "Mozilla/5.0 (Linux; U; Android 8.1.0; zh-cn; MI 8 Build/OPM1.171019.011) AppleWebKit/537.36 (KHTML, like Gecko) Version/4.0 Chrome/57.0.2987.108 Mobile Safari/537.36"
216.244.66.200 - - [24/Aug/2026:13:37:23 +0800] "GET /gongsi/1700.html HTTP/1.1" 404 150 "-" "Mozilla/5.0 (compatible; DotBot/1.2; +https://opensiteexplorer.org/dotbot; help@moz.com)"
216.244.66.200 - - [24/Aug/2026:13:37:27 +0800] "GET /gongsi/1709.html HTTP/1.1" 404 150 "-" "Mozilla/5.0 (compatible; DotBot/1.2; +https://opensiteexplorer.org/dotbot; help@moz.com)"
27.115.124.38 - - [24/Aug/2026:13:37:31 +0800] "GET /?about/ HTTP/1.1" 200 4904 "-" "Mozilla/5.0 (Linux; U; Android 8.1.0; zh-cn; MI 8 Build/OPM1.171019.011) AppleWebKit/537.36 (KHTML, like Gecko) Version/4.0 Chrome/57.0.2987.108 Mobile Safari/537.36"
27.115.124.101 - - [24/Aug/2026:13:37:32 +0800] "GET /skin/images/abico2.png HTTP/1.1" 404 552 "http://wanqingjixie.com/skin/css/style.css" "Mozilla/5.0 (Linux; U; Android 8.1.0; zh-cn; MI 8 Build/OPM1.171019.011) AppleWebKit/537.36 (KHTML, like Gecko) Version/4.0 Chrome/57.0.2987.108 Mobile Safari/537.36"
216.244.66.200 - - [24/Aug/2026:13:37:32 +0800] "GET /hangye/1537.html HTTP/1.1" 404 150 "-" "Mozilla/5.0 (compatible; DotBot/1.2; +https://opensiteexplorer.org/dotbot; help@moz.com)"
123.6.49.50 - - [24/Aug/2026:13:37:34 +0800] "GET /?lm3/ HTTP/1.1" 200 3461 "-" "Mozilla/5.0 (Linux; Android 10; HUAWEI P30 Pro) AppleWebKit/537.36 (KHTML, like Gecko) Chrome/89.0.4389.105 Mobile Safari/537.36"
216.244.66.200 - - [24/Aug/2026:13:37:35 +0800] "GET /3_265/ HTTP/1.1" 404 150 "-" "Mozilla/5.0 (compatible; DotBot/1.2; +https://opensiteexplorer.org/dotbot; help@moz.com)"
216.244.66.200 - - [24/Aug/2026:13:37:38 +0800] "GET /index.php/202607188301632.shtml HTTP/1.1" 301 5 "-" "Mozilla/5.0 (compatible; DotBot/1.2; +https://opensiteexplorer.org/dotbot; help@moz.com)"
216.244.66.200 - - [24/Aug/2026:13:37:40 +0800] "GET /index.php/20260719-7052712.shtml HTTP/1.1" 301 5 "-" "Mozilla/5.0 (compatible; DotBot/1.2; +https://opensiteexplorer.org/dotbot; help@moz.com)"
216.244.66.200 - - [24/Aug/2026:13:37:43 +0800] "GET /index.php/20260719596350-96198.shtml HTTP/1.1" 301 5 "-" "Mozilla/5.0 (compatible; DotBot/1.2; +https://opensiteexplorer.org/dotbot; help@moz.com)"
216.244.66.200 - - [24/Aug/2026:13:38:06 +0800] "GET /20260717302417.shtml HTTP/1.1" 404 150 "-" "Mozilla/5.0 (compatible; DotBot/1.2; +https://opensiteexplorer.org/dotbot; help@moz.com)"
216.244.66.200 - - [24/Aug/2026:13:38:07 +0800] "GET /20260720-6877455.shtml HTTP/1.1" 404 150 "-" "Mozilla/5.0 (compatible; DotBot/1.2; +https://opensiteexplorer.org/dotbot; help@moz.com)"
123.6.49.50 - - [24/Aug/2026:13:38:11 +0800] "GET /?products/ HTTP/1.1" 200 3900 "-" "Mozilla/5.0 (Linux; Android 11; CPH2185) AppleWebKit/537.36 (KHTML, like Gecko) Chrome/91.0.4472.101 Mobile Safari/537.36"
216.244.66.200 - - [24/Aug/2026:13:38:12 +0800] "GET /3_133/ HTTP/1.1" 404 150 "-" "Mozilla/5.0 (compatible; DotBot/1.2; +https://opensiteexplorer.org/dotbot; help@moz.com)"
216.244.66.200 - - [24/Aug/2026:13:38:13 +0800] "GET /3_213/ HTTP/1.1" 404 150 "-" "Mozilla/5.0 (compatible; DotBot/1.2; +https://opensiteexplorer.org/dotbot; help@moz.com)"
216.244.66.200 - - [24/Aug/2026:13:38:15 +0800] "GET /3_84/ HTTP/1.1" 404 150 "-" "Mozilla/5.0 (compatible; DotBot/1.2; +https://opensiteexplorer.org/dotbot; help@moz.com)"
216.244.66.200 - - [24/Aug/2026:13:38:16 +0800] "GET /gongsi/1681.html HTTP/1.1" 404 150 "-" "Mozilla/5.0 (compatible; DotBot/1.2; +https://opensiteexplorer.org/dotbot; help@moz.com)"
216.244.66.200 - - [24/Aug/2026:13:38:17 +0800] "GET /hangye/124.html HTTP/1.1" 404 150 "-" "Mozilla/5.0 (compatible; DotBot/1.2; +https://opensiteexplorer.org/dotbot; help@moz.com)"
216.244.66.200 - - [24/Aug/2026:13:38:18 +0800] "GET /hangye/1441.html HTTP/1.1" 404 150 "-" "Mozilla/5.0 (compatible; DotBot/1.2; +https://opensiteexplorer.org/dotbot; help@moz.com)"
216.244.66.200 - - [24/Aug/2026:13:38:18 +0800] "GET /hangye/537.html HTTP/1.1" 404 150 "-" "Mozilla/5.0 (compatible; DotBot/1.2; +https://opensiteexplorer.org/dotbot; help@moz.com)"
216.244.66.200 - - [24/Aug/2026:13:38:19 +0800] "GET /hangye/542.html HTTP/1.1" 404 150 "-" "Mozilla/5.0 (compatible; DotBot/1.2; +https://opensiteexplorer.org/dotbot; help@moz.com)"
216.244.66.200 - - [24/Aug/2026:13:38:21 +0800] "GET /hangye/820.html HTTP/1.1" 404 150 "-" "Mozilla/5.0 (compatible; DotBot/1.2; +https://opensiteexplorer.org/dotbot; help@moz.com)"
216.244.66.200 - - [24/Aug/2026:13:38:22 +0800] "GET /hangye/873.html HTTP/1.1" 404 150 "-" "Mozilla/5.0 (compatible; DotBot/1.2; +https://opensiteexplorer.org/dotbot; help@moz.com)"
216.244.66.200 - - [24/Aug/2026:13:38:23 +0800] "GET /hangye_11/ HTTP/1.1" 404 150 "-" "Mozilla/5.0 (compatible; DotBot/1.2; +https://opensiteexplorer.org/dotbot; help@moz.com)"
216.244.66.200 - - [24/Aug/2026:13:38:24 +0800] "GET /hangye_120/ HTTP/1.1" 404 150 "-" "Mozilla/5.0 (compatible; DotBot/1.2; +https://opensiteexplorer.org/dotbot; help@moz.com)"
216.244.66.200 - - [24/Aug/2026:13:38:25 +0800] "GET /hangye_122/ HTTP/1.1" 404 150 "-" "Mozilla/5.0 (compatible; DotBot/1.2; +https://opensiteexplorer.org/dotbot; help@moz.com)"
216.244.66.200 - - [24/Aug/2026:13:38:26 +0800] "GET /news_183/ HTTP/1.1" 404 150 "-" "Mozilla/5.0 (compatible; DotBot/1.2; +https://opensiteexplorer.org/dotbot; help@moz.com)"
216.244.66.200 - - [24/Aug/2026:13:38:27 +0800] "GET /news_185/ HTTP/1.1" 404 150 "-" "Mozilla/5.0 (compatible; DotBot/1.2; +https://opensiteexplorer.org/dotbot; help@moz.com)"
216.244.66.200 - - [24/Aug/2026:13:38:28 +0800] "GET /news_187/ HTTP/1.1" 404 150 "-" "Mozilla/5.0 (compatible; DotBot/1.2; +https://opensiteexplorer.org/dotbot; help@moz.com)"
216.244.66.200 - - [24/Aug/2026:13:38:29 +0800] "GET /?contact/ HTTP/1.1" 200 8564 "-" "Mozilla/5.0 (compatible; DotBot/1.2; +https://opensiteexplorer.org/dotbot; help@moz.com)"
57.141.14.20 - - [24/Aug/2026:13:38:29 +0800] "HEAD / HTTP/1.1" 200 0 "-" "facebookexternalhit/1.1 (+http://www.facebook.com/externalhit_uatext.php)"
216.244.66.200 - - [24/Aug/2026:13:38:32 +0800] "GET /index.php/20260717-8533993.shtml HTTP/1.1" 301 5 "-" "Mozilla/5.0 (compatible; DotBot/1.2; +https://opensiteexplorer.org/dotbot; help@moz.com)"
216.244.66.200 - - [24/Aug/2026:13:38:36 +0800] "GET /index.php/202607197750623.shtml HTTP/1.1" 301 5 "-" "Mozilla/5.0 (compatible; DotBot/1.2; +https://opensiteexplorer.org/dotbot; help@moz.com)"
216.244.66.200 - - [24/Aug/2026:13:38:40 +0800] "GET /index.php/20260720608063.shtml HTTP/1.1" 301 5 "-" "Mozilla/5.0 (compatible; DotBot/1.2; +https://opensiteexplorer.org/dotbot; help@moz.com)"
216.244.66.200 - - [24/Aug/2026:13:38:45 +0800] "GET /index.php/2026071958344606-48213142.shtml HTTP/1.1" 301 5 "-" "Mozilla/5.0 (compatible; DotBot/1.2; +https://opensiteexplorer.org/dotbot; help@moz.com)"
216.244.66.200 - - [24/Aug/2026:13:38:49 +0800] "GET /index.php/202607209075352-23786.shtml HTTP/1.1" 301 5 "-" "Mozilla/5.0 (compatible; DotBot/1.2; +https://opensiteexplorer.org/dotbot; help@moz.com)"
216.244.66.200 - - [24/Aug/2026:13:38:52 +0800] "GET /article/20260717/9053410.shtml HTTP/1.1" 404 150 "-" "Mozilla/5.0 (compatible; DotBot/1.2; +https://opensiteexplorer.org/dotbot; help@moz.com)"
216.244.66.200 - - [24/Aug/2026:13:38:55 +0800] "GET /rewrite/app.php/20260720-1178557.shtml HTTP/1.1" 404 150 "-" "Mozilla/5.0 (compatible; DotBot/1.2; +https://opensiteexplorer.org/dotbot; help@moz.com)"
216.244.66.200 - - [24/Aug/2026:13:38:59 +0800] "GET /rewrite/show.php/2026071960580.shtml HTTP/1.1" 403 25 "-" "Mozilla/5.0 (compatible; DotBot/1.2; +https://opensiteexplorer.org/dotbot; help@moz.com)"
216.244.66.200 - - [24/Aug/2026:13:39:03 +0800] "GET /?list_9/32.html HTTP/1.1" 200 18492 "-" "Mozilla/5.0 (compatible; DotBot/1.2; +https://opensiteexplorer.org/dotbot; help@moz.com)"
216.244.66.200 - - [24/Aug/2026:13:39:20 +0800] "GET /hangye/1397.html HTTP/1.1" 404 150 "-" "Mozilla/5.0 (compatible; DotBot/1.2; +https://opensiteexplorer.org/dotbot; help@moz.com)"
216.244.66.200 - - [24/Aug/2026:13:39:23 +0800] "GET /hangye/365.html HTTP/1.1" 404 150 "-" "Mozilla/5.0 (compatible; DotBot/1.2; +https://opensiteexplorer.org/dotbot; help@moz.com)"
216.244.66.200 - - [24/Aug/2026:13:39:26 +0800] "GET /hangye/695.html HTTP/1.1" 404 150 "-" "Mozilla/5.0 (compatible; DotBot/1.2; +https://opensiteexplorer.org/dotbot; help@moz.com)"
216.244.66.200 - - [24/Aug/2026:13:39:28 +0800] "GET /hangye/696.html HTTP/1.1" 404 150 "-" "Mozilla/5.0 (compatible; DotBot/1.2; +https://opensiteexplorer.org/dotbot; help@moz.com)"
115.45.211.176 - - [24/Aug/2026:13:39:35 +0800] "GET /rewrite/2026071816983403-90590.shtml HTTP/1.1" 404 552 "https://www.ahhjlc.com/display-81.html?20260715629985-8730749.shtml" "Mozilla/5.0 (Linux; Android 8.0.0; SM-G955U Build/R16NW) AppleWebKit/537.36 (KHTML, like Gecko) Chrome/61.0.3796.78 Mobile Safari/537.36"
57.141.20.47 - - [24/Aug/2026:13:41:05 +0800] "HEAD / HTTP/1.1" 200 0 "-" "facebookexternalhit/1.1 (+http://www.facebook.com/externalhit_uatext.php)"
57.141.10.59 - - [24/Aug/2026:13:43:24 +0800] "HEAD / HTTP/1.1" 200 0 "-" "facebookexternalhit/1.1 (+http://www.facebook.com/externalhit_uatext.php)"
111.119.212.35 - - [24/Aug/2026:13:45:02 +0800] "GET /hangye_71 HTTP/1.1" 404 552 "-" "Mozilla/5.0 (Macintosh; Intel Mac OS X 10_15_7) AppleWebKit/537.36 (KHTML, like Gecko) Chrome/150.0.0.0 Safari/537.36"
57.141.22.85 - - [24/Aug/2026:13:46:17 +0800] "HEAD / HTTP/1.1" 200 0 "-" "facebookexternalhit/1.1 (+http://www.facebook.com/externalhit_uatext.php)"
114.119.136.160 - - [24/Aug/2026:13:47:27 +0800] "GET /news/6597.html HTTP/1.1" 404 150 "http://www.wanqingjixie.com/news/6592.html" "Mozilla/5.0 (Linux; Android 7.0;) AppleWebKit/537.36 (HTML, like Gecko) Mobile Safari/537.36 (compatible; PetalBot;+https://webmaster.petalsearch.com/site/petalbot)"
114.119.133.125 - - [24/Aug/2026:13:48:50 +0800] "GET /news/6379.html HTTP/1.1" 404 150 "http://www.wanqingjixie.com/news/6381.html" "Mozilla/5.0 (Linux; Android 7.0;) AppleWebKit/537.36 (HTML, like Gecko) Mobile Safari/537.36 (compatible; PetalBot;+https://webmaster.petalsearch.com/site/petalbot)"
57.141.4.72 - - [24/Aug/2026:13:49:09 +0800] "HEAD / HTTP/1.1" 200 0 "-" "facebookexternalhit/1.1 (+http://www.facebook.com/externalhit_uatext.php)"
114.119.154.6 - - [24/Aug/2026:13:50:15 +0800] "GET /news/5116.html HTTP/1.1" 404 150 "http://www.wanqingjixie.com/date/2019/11/01" "Mozilla/5.0 (Linux; Android 7.0;) AppleWebKit/537.36 (HTML, like Gecko) Mobile Safari/537.36 (compatible; PetalBot;+https://webmaster.petalsearch.com/site/petalbot)"
207.46.13.54 - - [24/Aug/2026:13:51:06 +0800] "GET /202607192473389-9654362.shtml HTTP/1.1" 404 552 "-" "Mozilla/5.0 AppleWebKit/537.36 (KHTML, like Gecko; compatible; bingbot/2.0; +http://www.bing.com/bingbot.htm) Chrome/116.0.1938.76 Safari/537.36"
114.119.155.13 - - [24/Aug/2026:13:51:39 +0800] "GET /news/9489.html HTTP/1.1" 404 150 "http://www.wanqingjixie.com/news/page/17" "Mozilla/5.0 (Linux; Android 7.0;) AppleWebKit/537.36 (HTML, like Gecko) Mobile Safari/537.36 (compatible; PetalBot;+https://webmaster.petalsearch.com/site/petalbot)"
57.141.16.97 - - [24/Aug/2026:13:52:03 +0800] "HEAD / HTTP/1.1" 200 0 "-" "facebookexternalhit/1.1 (+http://www.facebook.com/externalhit_uatext.php)"
114.119.142.125 - - [24/Aug/2026:13:53:01 +0800] "GET /news/1219.html HTTP/1.1" 404 150 "http://www.wanqingjixie.com/news/1222.html" "Mozilla/5.0 (Linux; Android 7.0;) AppleWebKit/537.36 (HTML, like Gecko) Mobile Safari/537.36 (compatible; PetalBot;+https://webmaster.petalsearch.com/site/petalbot)"
121.37.86.108 - - [24/Aug/2026:13:53:13 +0800] "GET /gongsi_5 HTTP/1.1" 404 552 "-" "Mozilla/5.0 (Macintosh; Intel Mac OS X 10_15_7) AppleWebKit/537.36 (KHTML, like Gecko) Chrome/149.0.0.0 Safari/537.36"
180.153.236.158 - - [24/Aug/2026:13:54:22 +0800] "GET / HTTP/1.1" 200 5376 "http://www.wanqingjixie.com/" "User-Agent:Mozilla/5.0 (Windows NT 10.0; Win64; x64) AppleWebKit/537.36 (KHTML, like Gecko) Chrome/140.0.0.0 Safari/537.36 Edg/140.0.0.0; 360Spider"
112.86.225.54 - - [24/Aug/2026:13:57:15 +0800] "GET /lm1/1542.html HTTP/1.1" 404 552 "-" "Mozilla/5.0 (Windows NT 10.0; Win64; x64) AppleWebKit/537.36 (KHTML, like Gecko) Chrome/136.0.0.0 Safari/537.36"
114.119.133.125 - - [24/Aug/2026:13:57:50 +0800] "GET /news/5823.html HTTP/1.1" 404 150 "http://www.wanqingjixie.com/date/2019/11/page/3" "Mozilla/5.0 (Linux; Android 7.0;) AppleWebKit/537.36 (HTML, like Gecko) Mobile Safari/537.36 (compatible; PetalBot;+https://webmaster.petalsearch.com/site/petalbot)"
57.141.12.57 - - [24/Aug/2026:13:57:51 +0800] "HEAD / HTTP/1.1" 200 0 "-" "facebookexternalhit/1.1 (+http://www.facebook.com/externalhit_uatext.php)"
57.141.2.21 - - [24/Aug/2026:13:58:51 +0800] "HEAD / HTTP/1.1" 200 0 "-" "facebookexternalhit/1.1 (+http://www.facebook.com/externalhit_uatext.php)"
114.119.157.54 - - [24/Aug/2026:13:59:14 +0800] "GET /news/3741.html HTTP/1.1" 404 150 "http://www.wanqingjixie.com/news/3738.html" "Mozilla/5.0 (Linux; Android 7.0;) AppleWebKit/537.36 (HTML, like Gecko) Mobile Safari/537.36 (compatible; PetalBot;+https://webmaster.petalsearch.com/site/petalbot)"
57.141.6.8 - - [24/Aug/2026:14:00:36 +0800] "HEAD / HTTP/1.1" 200 0 "-" "facebookexternalhit/1.1 (+http://www.facebook.com/externalhit_uatext.php)"
110.238.111.1 - - [24/Aug/2026:14:01:37 +0800] "GET /hangye_71 HTTP/1.1" 404 150 "-" "Mozilla/5.0 (iPhone; CPU iPhone OS 11_0 like Mac OS X) AppleWebKit/604.1.38 (KHTML, like Gecko) Version/26.5 Mobile/15A372 Safari/604.1"
114.119.136.160 - - [24/Aug/2026:14:02:02 +0800] "GET /news/2508.html HTTP/1.1" 404 150 "http://www.wanqingjixie.com/news/2511.html" "Mozilla/5.0 (Linux; Android 7.0;) AppleWebKit/537.36 (HTML, like Gecko) Mobile Safari/537.36 (compatible; PetalBot;+https://webmaster.petalsearch.com/site/petalbot)"
114.119.133.138 - - [24/Aug/2026:14:03:25 +0800] "GET /date/2019/07/15/ HTTP/1.1" 404 150 "http://www.wanqingjixie.com/date/2019/07/15/page/2" "Mozilla/5.0 (Linux; Android 7.0;) AppleWebKit/537.36 (HTML, like Gecko) Mobile Safari/537.36 (compatible; PetalBot;+https://webmaster.petalsearch.com/site/petalbot)"
57.141.24.6 - - [24/Aug/2026:14:03:32 +0800] "HEAD / HTTP/1.1" 200 0 "-" "facebookexternalhit/1.1 (+http://www.facebook.com/externalhit_uatext.php)"
114.250.48.66 - - [24/Aug/2026:14:03:44 +0800] "GET /static/upload/image/20230217/1676601566345777.jpg HTTP/1.1" 404 552 "http://wanqingjixie.com/" "Mozilla/5.0 (Macintosh; Intel Mac OS X 10_15_7) AppleWebKit/537.36 (KHTML, like Gecko) Chrome/146.0.0.0 Safari/537.36"
114.250.48.66 - - [24/Aug/2026:14:03:44 +0800] "GET /static/upload/image/20230215/1676428303151924.jpg HTTP/1.1" 404 552 "http://wanqingjixie.com/" "Mozilla/5.0 (Macintosh; Intel Mac OS X 10_15_7) AppleWebKit/537.36 (KHTML, like Gecko) Chrome/146.0.0.0 Safari/537.36"
114.250.48.66 - - [24/Aug/2026:14:03:45 +0800] "GET /static/upload/image/20230215/1676427377681172.jpg HTTP/1.1" 404 552 "http://wanqingjixie.com/" "Mozilla/5.0 (Macintosh; Intel Mac OS X 10_15_7) AppleWebKit/537.36 (KHTML, like Gecko) Chrome/146.0.0.0 Safari/537.36"
114.250.48.66 - - [24/Aug/2026:14:03:45 +0800] "GET /static/upload/image/20230215/1676427957190350.jpg HTTP/1.1" 404 552 "http://wanqingjixie.com/" "Mozilla/5.0 (Macintosh; Intel Mac OS X 10_15_7) AppleWebKit/537.36 (KHTML, like Gecko) Chrome/146.0.0.0 Safari/537.36"
114.250.48.66 - - [24/Aug/2026:14:03:45 +0800] "GET /static/upload/image/20230215/1676423328376098.jpg HTTP/1.1" 404 552 "http://wanqingjixie.com/" "Mozilla/5.0 (Macintosh; Intel Mac OS X 10_15_7) AppleWebKit/537.36 (KHTML, like Gecko) Chrome/146.0.0.0 Safari/537.36"
114.250.48.66 - - [24/Aug/2026:14:03:45 +0800] "GET /static/upload/image/20230215/1676423659751453.jpg HTTP/1.1" 404 552 "http://wanqingjixie.com/" "Mozilla/5.0 (Macintosh; Intel Mac OS X 10_15_7) AppleWebKit/537.36 (KHTML, like Gecko) Chrome/146.0.0.0 Safari/537.36"
116.179.32.46 - - [24/Aug/2026:14:08:07 +0800] "GET /rewrite/app.php/Article/202607174284635.shtml HTTP/1.1" 404 150 "-" "Mozilla/5.0 (Linux;u;Android 4.2.2;zh-cn;) AppleWebKit/534.46 (KHTML,like Gecko) Version/5.1 Mobile Safari/10600.6.3 (compatible; Baiduspider/2.0; +http://www.baidu.com/search/spider.html)"
27.115.124.109 - - [24/Aug/2026:14:09:19 +0800] "GET /?lm1/ HTTP/1.1" 200 3687 "-" "Mozilla/5.0 (Linux; Android 11; V2055A) AppleWebKit/537.36 (KHTML, like Gecko) Chrome/91.0.4472.101 Mobile Safari/537.36"
111.206.206.231 - - [24/Aug/2026:14:14:53 +0800] "GET /static/upload/image/20230215/1676422742852913.jpg HTTP/1.1" 404 552 "http://wanqingjixie.com/" "Mozilla/5.0 (Macintosh; Intel Mac OS X 10_15_7) AppleWebKit/537.36 (KHTML, like Gecko) Chrome/146.0.0.0 Safari/537.36"
111.206.206.231 - - [24/Aug/2026:14:14:53 +0800] "GET /static/upload/image/20230214/1676352909153814.jpg HTTP/1.1" 404 552 "http://wanqingjixie.com/" "Mozilla/5.0 (Macintosh; Intel Mac OS X 10_15_7) AppleWebKit/537.36 (KHTML, like Gecko) Chrome/146.0.0.0 Safari/537.36"
111.206.206.231 - - [24/Aug/2026:14:14:53 +0800] "GET /static/upload/image/20230215/1676423032372071.jpg HTTP/1.1" 404 552 "http://wanqingjixie.com/" "Mozilla/5.0 (Macintosh; Intel Mac OS X 10_15_7) AppleWebKit/537.36 (KHTML, like Gecko) Chrome/146.0.0.0 Safari/537.36"
111.206.206.231 - - [24/Aug/2026:14:14:53 +0800] "GET /static/upload/image/20230215/1676422465113282.jpg HTTP/1.1" 404 552 "http://wanqingjixie.com/" "Mozilla/5.0 (Macintosh; Intel Mac OS X 10_15_7) AppleWebKit/537.36 (KHTML, like Gecko) Chrome/146.0.0.0 Safari/537.36"
111.206.206.231 - - [24/Aug/2026:14:14:53 +0800] "GET /static/upload/image/20230214/1676352889862539.jpg HTTP/1.1" 404 552 "http://wanqingjixie.com/" "Mozilla/5.0 (Macintosh; Intel Mac OS X 10_15_7) AppleWebKit/537.36 (KHTML, like Gecko) Chrome/146.0.0.0 Safari/537.36"
111.206.206.231 - - [24/Aug/2026:14:14:53 +0800] "GET /static/upload/image/20230214/1676352930220217.jpg HTTP/1.1" 404 552 "http://wanqingjixie.com/" "Mozilla/5.0 (Macintosh; Intel Mac OS X 10_15_7) AppleWebKit/537.36 (KHTML, like Gecko) Chrome/146.0.0.0 Safari/537.36"
216.244.66.200 - - [24/Aug/2026:14:19:54 +0800] "GET /hangye/849.html HTTP/1.1" 404 150 "-" "Mozilla/5.0 (compatible; DotBot/1.2; +https://opensiteexplorer.org/dotbot; help@moz.com)"
216.244.66.200 - - [24/Aug/2026:14:19:59 +0800] "GET /hangye/1520.html HTTP/1.1" 404 150 "-" "Mozilla/5.0 (compatible; DotBot/1.2; +https://opensiteexplorer.org/dotbot; help@moz.com)"
216.244.66.200 - - [24/Aug/2026:14:20:03 +0800] "GET /hangye/568.html HTTP/1.1" 404 150 "-" "Mozilla/5.0 (compatible; DotBot/1.2; +https://opensiteexplorer.org/dotbot; help@moz.com)"
216.244.66.200 - - [24/Aug/2026:14:20:06 +0800] "GET /hangye/825.html HTTP/1.1" 404 150 "-" "Mozilla/5.0 (compatible; DotBot/1.2; +https://opensiteexplorer.org/dotbot; help@moz.com)"
216.244.66.200 - - [24/Aug/2026:14:20:41 +0800] "GET /20260720-43182.shtml HTTP/1.1" 404 150 "-" "Mozilla/5.0 (compatible; DotBot/1.2; +https://opensiteexplorer.org/dotbot; help@moz.com)"
216.244.66.200 - - [24/Aug/2026:14:20:43 +0800] "GET /20260721-4315519.shtml HTTP/1.1" 404 150 "-" "Mozilla/5.0 (compatible; DotBot/1.2; +https://opensiteexplorer.org/dotbot; help@moz.com)"
216.244.66.200 - - [24/Aug/2026:14:20:45 +0800] "GET /20260721220744-15732811.shtml HTTP/1.1" 404 150 "-" "Mozilla/5.0 (compatible; DotBot/1.2; +https://opensiteexplorer.org/dotbot; help@moz.com)"
216.244.66.200 - - [24/Aug/2026:14:20:51 +0800] "GET /3_190/ HTTP/1.1" 404 150 "-" "Mozilla/5.0 (compatible; DotBot/1.2; +https://opensiteexplorer.org/dotbot; help@moz.com)"
216.244.66.200 - - [24/Aug/2026:14:20:53 +0800] "GET /3_214/ HTTP/1.1" 404 150 "-" "Mozilla/5.0 (compatible; DotBot/1.2; +https://opensiteexplorer.org/dotbot; help@moz.com)"
216.244.66.200 - - [24/Aug/2026:14:20:54 +0800] "GET /3_45/ HTTP/1.1" 404 150 "-" "Mozilla/5.0 (compatible; DotBot/1.2; +https://opensiteexplorer.org/dotbot; help@moz.com)"
216.244.66.200 - - [24/Aug/2026:14:20:55 +0800] "GET /hangye/1165.html HTTP/1.1" 404 150 "-" "Mozilla/5.0 (compatible; DotBot/1.2; +https://opensiteexplorer.org/dotbot; help@moz.com)"
216.244.66.200 - - [24/Aug/2026:14:20:58 +0800] "GET /hangye/146.html HTTP/1.1" 404 150 "-" "Mozilla/5.0 (compatible; DotBot/1.2; +https://opensiteexplorer.org/dotbot; help@moz.com)"
216.244.66.200 - - [24/Aug/2026:14:21:00 +0800] "GET /hangye/1497.html HTTP/1.1" 404 150 "-" "Mozilla/5.0 (compatible; DotBot/1.2; +https://opensiteexplorer.org/dotbot; help@moz.com)"
216.244.66.200 - - [24/Aug/2026:14:21:01 +0800] "GET /hangye/1555.html HTTP/1.1" 404 150 "-" "Mozilla/5.0 (compatible; DotBot/1.2; +https://opensiteexplorer.org/dotbot; help@moz.com)"
216.244.66.200 - - [24/Aug/2026:14:21:06 +0800] "GET /hangye/1571.html HTTP/1.1" 404 150 "-" "Mozilla/5.0 (compatible; DotBot/1.2; +https://opensiteexplorer.org/dotbot; help@moz.com)"
216.244.66.200 - - [24/Aug/2026:14:21:13 +0800] "GET /hangye/543.html HTTP/1.1" 404 150 "-" "Mozilla/5.0 (compatible; DotBot/1.2; +https://opensiteexplorer.org/dotbot; help@moz.com)"
216.244.66.200 - - [24/Aug/2026:14:21:20 +0800] "GET /hangye/612.html HTTP/1.1" 404 150 "-" "Mozilla/5.0 (compatible; DotBot/1.2; +https://opensiteexplorer.org/dotbot; help@moz.com)"
216.244.66.200 - - [24/Aug/2026:14:21:25 +0800] "GET /hangye/690.html HTTP/1.1" 404 150 "-" "Mozilla/5.0 (compatible; DotBot/1.2; +https://opensiteexplorer.org/dotbot; help@moz.com)"
216.244.66.200 - - [24/Aug/2026:14:21:30 +0800] "GET /hangye/744.html HTTP/1.1" 404 150 "-" "Mozilla/5.0 (compatible; DotBot/1.2; +https://opensiteexplorer.org/dotbot; help@moz.com)"
216.244.66.200 - - [24/Aug/2026:14:21:33 +0800] "GET /hangye/832.html HTTP/1.1" 404 150 "-" "Mozilla/5.0 (compatible; DotBot/1.2; +https://opensiteexplorer.org/dotbot; help@moz.com)"
216.244.66.200 - - [24/Aug/2026:14:21:37 +0800] "GET /hangye/920.html HTTP/1.1" 404 150 "-" "Mozilla/5.0 (compatible; DotBot/1.2; +https://opensiteexplorer.org/dotbot; help@moz.com)"
216.244.66.200 - - [24/Aug/2026:14:21:40 +0800] "GET /hangye_6/ HTTP/1.1" 404 150 "-" "Mozilla/5.0 (compatible; DotBot/1.2; +https://opensiteexplorer.org/dotbot; help@moz.com)"
216.244.66.200 - - [24/Aug/2026:14:21:42 +0800] "GET /hangye_84/ HTTP/1.1" 404 150 "-" "Mozilla/5.0 (compatible; DotBot/1.2; +https://opensiteexplorer.org/dotbot; help@moz.com)"
216.244.66.200 - - [24/Aug/2026:14:21:44 +0800] "GET /index.php/20260717-84779047.shtml HTTP/1.1" 301 5 "-" "Mozilla/5.0 (compatible; DotBot/1.2; +https://opensiteexplorer.org/dotbot; help@moz.com)"
216.244.66.200 - - [24/Aug/2026:14:21:46 +0800] "GET /index.php/20260720344394.shtml HTTP/1.1" 301 5 "-" "Mozilla/5.0 (compatible; DotBot/1.2; +https://opensiteexplorer.org/dotbot; help@moz.com)"
216.244.66.200 - - [24/Aug/2026:14:21:47 +0800] "GET /index.php/202607202844719-686971.shtml HTTP/1.1" 301 5 "-" "Mozilla/5.0 (compatible; DotBot/1.2; +https://opensiteexplorer.org/dotbot; help@moz.com)"
216.244.66.200 - - [24/Aug/2026:14:21:49 +0800] "GET /rewrite/app.php/20260717-9234688.shtml HTTP/1.1" 404 150 "-" "Mozilla/5.0 (compatible; DotBot/1.2; +https://opensiteexplorer.org/dotbot; help@moz.com)"
216.244.66.200 - - [24/Aug/2026:14:21:50 +0800] "GET /rewrite/show.php/20260718585284.shtml HTTP/1.1" 403 25 "-" "Mozilla/5.0 (compatible; DotBot/1.2; +https://opensiteexplorer.org/dotbot; help@moz.com)"
216.244.66.200 - - [24/Aug/2026:14:21:53 +0800] "GET /rewrite/show.php/2026071918827546.shtml HTTP/1.1" 403 25 "-" "Mozilla/5.0 (compatible; DotBot/1.2; +https://opensiteexplorer.org/dotbot; help@moz.com)"
216.244.66.200 - - [24/Aug/2026:14:21:57 +0800] "GET /rewrite/show.php/2026072026645196-36275497.shtml HTTP/1.1" 403 25 "-" "Mozilla/5.0 (compatible; DotBot/1.2; +https://opensiteexplorer.org/dotbot; help@moz.com)"
216.244.66.200 - - [24/Aug/2026:14:22:18 +0800] "GET /hangye/1302.html HTTP/1.1" 404 150 "-" "Mozilla/5.0 (compatible; DotBot/1.2; +https://opensiteexplorer.org/dotbot; help@moz.com)"
216.244.66.200 - - [24/Aug/2026:14:22:24 +0800] "GET /hangye/386.html HTTP/1.1" 404 150 "-" "Mozilla/5.0 (compatible; DotBot/1.2; +https://opensiteexplorer.org/dotbot; help@moz.com)"
216.244.66.200 - - [24/Aug/2026:14:22:30 +0800] "GET /hangye/629.html HTTP/1.1" 404 150 "-" "Mozilla/5.0 (compatible; DotBot/1.2; +https://opensiteexplorer.org/dotbot; help@moz.com)"
216.244.66.200 - - [24/Aug/2026:14:22:34 +0800] "GET /hangye/666.html HTTP/1.1" 404 150 "-" "Mozilla/5.0 (compatible; DotBot/1.2; +https://opensiteexplorer.org/dotbot; help@moz.com)"
114.119.154.6 - - [24/Aug/2026:14:24:37 +0800] "GET /news/9836.html HTTP/1.1" 404 150 "http://www.wanqingjixie.com/date/2021/05" "Mozilla/5.0 (Linux; Android 7.0;) AppleWebKit/537.36 (HTML, like Gecko) Mobile Safari/537.36 (compatible; PetalBot;+https://webmaster.petalsearch.com/site/petalbot)"
114.119.137.38 - - [24/Aug/2026:14:26:00 +0800] "GET /news/9639.html HTTP/1.1" 404 150 "http://www.wanqingjixie.com/page/9" "Mozilla/5.0 (Linux; Android 7.0;) AppleWebKit/537.36 (HTML, like Gecko) Mobile Safari/537.36 (compatible; PetalBot;+https://webmaster.petalsearch.com/site/petalbot)"
52.167.144.184 - - [24/Aug/2026:14:26:28 +0800] "GET /rewrite/20260719-80389634.shtml HTTP/1.1" 404 552 "-" "Mozilla/5.0 AppleWebKit/537.36 (KHTML, like Gecko; compatible; bingbot/2.0; +http://www.bing.com/bingbot.htm) Chrome/116.0.1938.76 Safari/537.36"
114.119.157.54 - - [24/Aug/2026:14:27:56 +0800] "GET /news/8686.html HTTP/1.1" 404 150 "http://www.wanqingjixie.com/news/8688.html" "Mozilla/5.0 (Linux; Android 7.0;) AppleWebKit/537.36 (HTML, like Gecko) Mobile Safari/537.36 (compatible; PetalBot;+https://webmaster.petalsearch.com/site/petalbot)"
114.119.155.13 - - [24/Aug/2026:14:28:49 +0800] "GET /news/805.html HTTP/1.1" 404 150 "http://www.wanqingjixie.com/news/802.html" "Mozilla/5.0 (Linux; Android 7.0;) AppleWebKit/537.36 (HTML, like Gecko) Mobile Safari/537.36 (compatible; PetalBot;+https://webmaster.petalsearch.com/site/petalbot)"
39.172.14.218 - - [24/Aug/2026:14:29:07 +0800] "GET /?contact/ HTTP/1.1" 200 3019 "-" "Mozilla/5.0 (Windows NT 10.0; Win64; x64) AppleWebKit/537.36 (KHTML, like Gecko) Chrome/136.0.0.0 Safari/537.36"
114.119.157.54 - - [24/Aug/2026:14:31:35 +0800] "GET /news/2259.html HTTP/1.1" 404 150 "http://www.wanqingjixie.com/date/2019/07/page/13" "Mozilla/5.0 (Linux; Android 7.0;) AppleWebKit/537.36 (HTML, like Gecko) Mobile Safari/537.36 (compatible; PetalBot;+https://webmaster.petalsearch.com/site/petalbot)"
57.141.18.47 - - [24/Aug/2026:14:31:36 +0800] "HEAD / HTTP/1.1" 200 0 "-" "facebookexternalhit/1.1 (+http://www.facebook.com/externalhit_uatext.php)"
51.89.69.104 - - [24/Aug/2026:14:32:18 +0800] "GET /robots.txt HTTP/1.1" 200 106 "-" "Mozilla/5.0 (compatible; AhrefsBot/7.0; +http://ahrefs.com/robot/)"
51.89.129.121 - - [24/Aug/2026:14:32:24 +0800] "GET /huoban/ HTTP/1.1" 404 150 "-" "Mozilla/5.0 (compatible; AhrefsBot/7.0; +http://ahrefs.com/robot/)"
114.119.137.38 - - [24/Aug/2026:14:32:58 +0800] "GET /news/1908.html HTTP/1.1" 404 150 "http://www.wanqingjixie.com/date/2019/07/18/page/2" "Mozilla/5.0 (Linux; Android 7.0;) AppleWebKit/537.36 (HTML, like Gecko) Mobile Safari/537.36 (compatible; PetalBot;+https://webmaster.petalsearch.com/site/petalbot)"
57.141.8.20 - - [24/Aug/2026:14:33:35 +0800] "HEAD / HTTP/1.1" 200 0 "-" "facebookexternalhit/1.1 (+http://www.facebook.com/externalhit_uatext.php)"
114.119.157.54 - - [24/Aug/2026:14:34:23 +0800] "GET /news/1860.html HTTP/1.1" 404 150 "http://www.wanqingjixie.com/date/2019/07/page/26" "Mozilla/5.0 (Linux; Android 7.0;) AppleWebKit/537.36 (HTML, like Gecko) Mobile Safari/537.36 (compatible; PetalBot;+https://webmaster.petalsearch.com/site/petalbot)"
36.36.91.209 - - [24/Aug/2026:14:36:17 +0800] "GET /rewrite/2026071797270761.shtml HTTP/1.1" 404 552 "http://www.glrqw.com/data/App.php/news/2026071524887.shtml" "Mozilla/5.0 (Linux; Android 13; OPPO PCLM2) AppleWebKit/537.36 (KHTML, like Gecko) Chrome/147.0.5807.71 Mobile Safari/537.36"
57.141.0.70 - - [24/Aug/2026:14:36:24 +0800] "HEAD / HTTP/1.1" 200 0 "-" "facebookexternalhit/1.1 (+http://www.facebook.com/externalhit_uatext.php)"
49.232.109.162 - - [24/Aug/2026:14:36:32 +0800] "GET /news_72 HTTP/1.1" 404 552 "-" "Mozilla/5.0 (Macintosh; Intel Mac OS X 10_15_7) AppleWebKit/537.36 (KHTML, like Gecko) Chrome/150.0.0.0 Safari/537.36"
114.119.137.38 - - [24/Aug/2026:14:37:10 +0800] "GET /news/7872.html HTTP/1.1" 404 150 "http://www.wanqingjixie.com/news/7874.html" "Mozilla/5.0 (Linux; Android 7.0;) AppleWebKit/537.36 (HTML, like Gecko) Mobile Safari/537.36 (compatible; PetalBot;+https://webmaster.petalsearch.com/site/petalbot)"
57.141.14.38 - - [24/Aug/2026:14:38:21 +0800] "HEAD / HTTP/1.1" 200 0 "-" "facebookexternalhit/1.1 (+http://www.facebook.com/externalhit_uatext.php)"
114.119.136.160 - - [24/Aug/2026:14:38:33 +0800] "GET /news/1816.html HTTP/1.1" 404 150 "http://www.wanqingjixie.com/date/2019/07/page/27" "Mozilla/5.0 (Linux; Android 7.0;) AppleWebKit/537.36 (HTML, like Gecko) Mobile Safari/537.36 (compatible; PetalBot;+https://webmaster.petalsearch.com/site/petalbot)"
114.119.137.38 - - [24/Aug/2026:14:39:57 +0800] "GET /?wenti/31.html HTTP/1.1" 404 150 "http://www.wanqingjixie.com/" "Mozilla/5.0 (Linux; Android 7.0;) AppleWebKit/537.36 (HTML, like Gecko) Mobile Safari/537.36 (compatible; PetalBot;+https://webmaster.petalsearch.com/site/petalbot)"
57.141.20.47 - - [24/Aug/2026:14:40:39 +0800] "HEAD / HTTP/1.1" 200 0 "-" "facebookexternalhit/1.1 (+http://www.facebook.com/externalhit_uatext.php)"
116.179.32.226 - - [24/Aug/2026:14:40:49 +0800] "GET /rewrite/app.php/Article/2026071715095.shtml HTTP/1.1" 404 150 "-" "Mozilla/5.0 (Linux;u;Android 4.2.2;zh-cn;) AppleWebKit/534.46 (KHTML,like Gecko) Version/5.1 Mobile Safari/10600.6.3 (compatible; Baiduspider/2.0; +http://www.baidu.com/search/spider.html)"
114.119.154.6 - - [24/Aug/2026:14:41:20 +0800] "GET /news/9067.html HTTP/1.1" 404 150 "http://www.wanqingjixie.com/date/2020/11/page/6" "Mozilla/5.0 (Linux; Android 7.0;) AppleWebKit/537.36 (HTML, like Gecko) Mobile Safari/537.36 (compatible; PetalBot;+https://webmaster.petalsearch.com/site/petalbot)"
57.141.10.64 - - [24/Aug/2026:14:43:35 +0800] "HEAD / HTTP/1.1" 200 0 "-" "facebookexternalhit/1.1 (+http://www.facebook.com/externalhit_uatext.php)"
46.250.169.203 - - [24/Aug/2026:14:45:25 +0800] "GET /gongsi/1583.html HTTP/1.1" 404 150 "-" "Mozilla/5.0 (iPhone; CPU iPhone OS 14_4 like Mac OS X) AppleWebKit/605.1.15 (KHTML, like Gecko) Version/26.5 Mobile/15E148 Safari/604.1"
57.141.22.11 - - [24/Aug/2026:14:46:32 +0800] "HEAD / HTTP/1.1" 200 0 "-" "facebookexternalhit/1.1 (+http://www.facebook.com/externalhit_uatext.php)"
57.141.4.40 - - [24/Aug/2026:14:49:28 +0800] "HEAD / HTTP/1.1" 200 0 "-" "facebookexternalhit/1.1 (+http://www.facebook.com/externalhit_uatext.php)"
157.55.39.197 - - [24/Aug/2026:14:50:12 +0800] "GET /2026072233860.shtml HTTP/1.1" 404 552 "-" "Mozilla/5.0 AppleWebKit/537.36 (KHTML, like Gecko; compatible; bingbot/2.0; +http://www.bing.com/bingbot.htm) Chrome/116.0.1938.76 Safari/537.36"
57.141.16.40 - - [24/Aug/2026:14:52:26 +0800] "HEAD / HTTP/1.1" 200 0 "-" "facebookexternalhit/1.1 (+http://www.facebook.com/externalhit_uatext.php)"
116.76.64.223 - - [24/Aug/2026:14:55:01 +0800] "GET /rewrite/202607176564201.shtml HTTP/1.1" 404 150 "http://www.qd-hot.com/index.php/Wap/Api/callme_files/20260510537300.shtml?ssid=2026061095486.shtml" "Mozilla/5.0 (iPhone; CPU iPhone OS 16_5 like Mac OS X) AppleWebKit/605.1.15 (KHTML, like Gecko) Version/16.5 Mobile/15E148 Safari/604.1 MicroMessenger/8.0.39(0x18001B3F) NetType/WIFI Language/zh_CN"
36.36.91.201 - - [24/Aug/2026:14:55:07 +0800] "GET /rewrite/2026071780147.shtml HTTP/1.1" 404 552 "http://www.qd-hot.com/index.php/Wap/Api/callme_files/article/2026052233385.shtml" "Mozilla/5.0 (Linux; Android 7.1.1; OPPO R9sk) AppleWebKit/537.36 (KHTML, like Gecko) Chrome/47.0.4433.103 Mobile Safari/537.36 EdgA/42.0.2.3819"
114.119.155.13 - - [24/Aug/2026:14:56:30 +0800] "GET /wp-content/uploads/2019/08/PCC73KJ_LAJ8X107OH-1.png HTTP/1.1" 404 150 "http://www.wanqingjixie.com/news/2831.html" "Mozilla/5.0 (Linux; Android 7.0;) AppleWebKit/537.36 (HTML, like Gecko) Mobile Safari/537.36 (compatible; PetalBot;+https://webmaster.petalsearch.com/site/petalbot)"
114.119.137.38 - - [24/Aug/2026:14:57:53 +0800] "GET /news/9512.html HTTP/1.1" 404 150 "http://www.wanqingjixie.com/news/9509.html" "Mozilla/5.0 (Linux; Android 7.0;) AppleWebKit/537.36 (HTML, like Gecko) Mobile Safari/537.36 (compatible; PetalBot;+https://webmaster.petalsearch.com/site/petalbot)"
57.141.12.49 - - [24/Aug/2026:14:58:32 +0800] "HEAD / HTTP/1.1" 200 0 "-" "facebookexternalhit/1.1 (+http://www.facebook.com/externalhit_uatext.php)"
114.119.142.125 - - [24/Aug/2026:14:59:17 +0800] "GET /date/2019/06/page/7 HTTP/1.1" 404 150 "http://www.wanqingjixie.com/date/2019/06/page/8" "Mozilla/5.0 (Linux; Android 7.0;) AppleWebKit/537.36 (HTML, like Gecko) Mobile Safari/537.36 (compatible; PetalBot;+https://webmaster.petalsearch.com/site/petalbot)"
57.141.2.24 - - [24/Aug/2026:14:59:32 +0800] "HEAD / HTTP/1.1" 200 0 "-" "facebookexternalhit/1.1 (+http://www.facebook.com/externalhit_uatext.php)"
216.244.66.200 - - [24/Aug/2026:15:00:15 +0800] "GET /robots.txt HTTP/1.1" 200 106 "-" "Mozilla/5.0 (compatible; DotBot/1.2; +https://opensiteexplorer.org/dotbot; help@moz.com)"
57.141.6.55 - - [24/Aug/2026:15:01:25 +0800] "HEAD / HTTP/1.1" 200 0 "-" "facebookexternalhit/1.1 (+http://www.facebook.com/externalhit_uatext.php)"
216.244.66.200 - - [24/Aug/2026:15:02:09 +0800] "GET /hangye/1435.html HTTP/1.1" 404 150 "-" "Mozilla/5.0 (compatible; DotBot/1.2; +https://opensiteexplorer.org/dotbot; help@moz.com)"
216.244.66.200 - - [24/Aug/2026:15:02:13 +0800] "GET /gongsi/1668.html HTTP/1.1" 404 150 "-" "Mozilla/5.0 (compatible; DotBot/1.2; +https://opensiteexplorer.org/dotbot; help@moz.com)"
216.244.66.200 - - [24/Aug/2026:15:02:17 +0800] "GET /hangye/990.html HTTP/1.1" 404 150 "-" "Mozilla/5.0 (compatible; DotBot/1.2; +https://opensiteexplorer.org/dotbot; help@moz.com)"
216.244.66.200 - - [24/Aug/2026:15:02:20 +0800] "GET /3_219/ HTTP/1.1" 404 150 "-" "Mozilla/5.0 (compatible; DotBot/1.2; +https://opensiteexplorer.org/dotbot; help@moz.com)"
216.244.66.200 - - [24/Aug/2026:15:02:24 +0800] "GET /news_59/ HTTP/1.1" 404 150 "-" "Mozilla/5.0 (compatible; DotBot/1.2; +https://opensiteexplorer.org/dotbot; help@moz.com)"
216.244.66.200 - - [24/Aug/2026:15:02:26 +0800] "GET /hangye_90/ HTTP/1.1" 404 150 "-" "Mozilla/5.0 (compatible; DotBot/1.2; +https://opensiteexplorer.org/dotbot; help@moz.com)"
216.244.66.200 - - [24/Aug/2026:15:02:29 +0800] "GET /hangye/1299.html HTTP/1.1" 404 150 "-" "Mozilla/5.0 (compatible; DotBot/1.2; +https://opensiteexplorer.org/dotbot; help@moz.com)"
216.244.66.200 - - [24/Aug/2026:15:02:30 +0800] "GET /hangye/387.html HTTP/1.1" 404 150 "-" "Mozilla/5.0 (compatible; DotBot/1.2; +https://opensiteexplorer.org/dotbot; help@moz.com)"
216.244.66.200 - - [24/Aug/2026:15:02:32 +0800] "GET /hangye/651.html HTTP/1.1" 404 150 "-" "Mozilla/5.0 (compatible; DotBot/1.2; +https://opensiteexplorer.org/dotbot; help@moz.com)"
216.244.66.200 - - [24/Aug/2026:15:02:33 +0800] "GET /index.php/2026071880950556-30529469.shtml HTTP/1.1" 301 5 "-" "Mozilla/5.0 (compatible; DotBot/1.2; +https://opensiteexplorer.org/dotbot; help@moz.com)"
216.244.66.200 - - [24/Aug/2026:15:03:12 +0800] "GET /202607202118294-5325323.shtml HTTP/1.1" 404 150 "-" "Mozilla/5.0 (compatible; DotBot/1.2; +https://opensiteexplorer.org/dotbot; help@moz.com)"
216.244.66.200 - - [24/Aug/2026:15:03:42 +0800] "GET /20260721-925969.shtml HTTP/1.1" 404 150 "-" "Mozilla/5.0 (compatible; DotBot/1.2; +https://opensiteexplorer.org/dotbot; help@moz.com)"
216.244.66.200 - - [24/Aug/2026:15:04:11 +0800] "GET /202607218378743.shtml HTTP/1.1" 404 150 "-" "Mozilla/5.0 (compatible; DotBot/1.2; +https://opensiteexplorer.org/dotbot; help@moz.com)"
57.141.24.87 - - [24/Aug/2026:15:04:27 +0800] "HEAD / HTTP/1.1" 200 0 "-" "facebookexternalhit/1.1 (+http://www.facebook.com/externalhit_uatext.php)"
216.244.66.200 - - [24/Aug/2026:15:04:40 +0800] "GET /3_230/ HTTP/1.1" 404 150 "-" "Mozilla/5.0 (compatible; DotBot/1.2; +https://opensiteexplorer.org/dotbot; help@moz.com)"
216.244.66.200 - - [24/Aug/2026:15:05:07 +0800] "GET /3_32/ HTTP/1.1" 404 150 "-" "Mozilla/5.0 (compatible; DotBot/1.2; +https://opensiteexplorer.org/dotbot; help@moz.com)"
216.244.66.200 - - [24/Aug/2026:15:05:33 +0800] "GET /hangye/1061.html HTTP/1.1" 404 150 "-" "Mozilla/5.0 (compatible; DotBot/1.2; +https://opensiteexplorer.org/dotbot; help@moz.com)"
216.244.66.200 - - [24/Aug/2026:15:05:59 +0800] "GET /hangye/1182.html HTTP/1.1" 404 150 "-" "Mozilla/5.0 (compatible; DotBot/1.2; +https://opensiteexplorer.org/dotbot; help@moz.com)"
216.244.66.200 - - [24/Aug/2026:15:06:23 +0800] "GET /hangye/1532.html HTTP/1.1" 404 150 "-" "Mozilla/5.0 (compatible; DotBot/1.2; +https://opensiteexplorer.org/dotbot; help@moz.com)"
216.244.66.200 - - [24/Aug/2026:15:06:46 +0800] "GET /hangye/220.html HTTP/1.1" 404 150 "-" "Mozilla/5.0 (compatible; DotBot/1.2; +https://opensiteexplorer.org/dotbot; help@moz.com)"
216.244.66.200 - - [24/Aug/2026:15:07:08 +0800] "GET /hangye/538.html HTTP/1.1" 404 150 "-" "Mozilla/5.0 (compatible; DotBot/1.2; +https://opensiteexplorer.org/dotbot; help@moz.com)"
116.204.79.218 - - [24/Aug/2026:15:07:09 +0800] "GET /news_72 HTTP/1.1" 404 150 "-" "Mozilla/5.0 (iPhone; CPU iPhone OS 14_4 like Mac OS X) AppleWebKit/605.1.15 (KHTML, like Gecko) Version/26.5 Mobile/15E148 Safari/604.1"
216.244.66.200 - - [24/Aug/2026:15:07:30 +0800] "GET /hangye_101/ HTTP/1.1" 404 150 "-" "Mozilla/5.0 (compatible; DotBot/1.2; +https://opensiteexplorer.org/dotbot; help@moz.com)"
216.244.66.200 - - [24/Aug/2026:15:07:50 +0800] "GET /hangye_53/ HTTP/1.1" 404 150 "-" "Mozilla/5.0 (compatible; DotBot/1.2; +https://opensiteexplorer.org/dotbot; help@moz.com)"
216.244.66.200 - - [24/Aug/2026:15:08:09 +0800] "GET /hangye_83/ HTTP/1.1" 404 150 "-" "Mozilla/5.0 (compatible; DotBot/1.2; +https://opensiteexplorer.org/dotbot; help@moz.com)"
216.244.66.200 - - [24/Aug/2026:15:08:28 +0800] "GET /lm1/1543.html HTTP/1.1" 404 150 "-" "Mozilla/5.0 (compatible; DotBot/1.2; +https://opensiteexplorer.org/dotbot; help@moz.com)"
216.244.66.200 - - [24/Aug/2026:15:08:45 +0800] "GET /news_180/ HTTP/1.1" 404 150 "-" "Mozilla/5.0 (compatible; DotBot/1.2; +https://opensiteexplorer.org/dotbot; help@moz.com)"
216.244.66.200 - - [24/Aug/2026:15:09:01 +0800] "GET /?liuyan/ HTTP/1.1" 200 10639 "-" "Mozilla/5.0 (compatible; DotBot/1.2; +https://opensiteexplorer.org/dotbot; help@moz.com)"
216.244.66.200 - - [24/Aug/2026:15:09:17 +0800] "GET /index.php/20260721-637860.shtml HTTP/1.1" 301 5 "-" "Mozilla/5.0 (compatible; DotBot/1.2; +https://opensiteexplorer.org/dotbot; help@moz.com)"
216.244.66.200 - - [24/Aug/2026:15:09:32 +0800] "GET /index.php/2026072096868244-90742012.shtml HTTP/1.1" 301 5 "-" "Mozilla/5.0 (compatible; DotBot/1.2; +https://opensiteexplorer.org/dotbot; help@moz.com)"
216.244.66.200 - - [24/Aug/2026:15:09:45 +0800] "GET /index.php/2026072116418-829025.shtml HTTP/1.1" 301 5 "-" "Mozilla/5.0 (compatible; DotBot/1.2; +https://opensiteexplorer.org/dotbot; help@moz.com)"
216.244.66.200 - - [24/Aug/2026:15:09:57 +0800] "GET /rewrite/app.php/20260717-13239886.shtml HTTP/1.1" 404 150 "-" "Mozilla/5.0 (compatible; DotBot/1.2; +https://opensiteexplorer.org/dotbot; help@moz.com)"
216.244.66.200 - - [24/Aug/2026:15:10:41 +0800] "GET /rewrite/app.php/2026071936039-79484849.shtml HTTP/1.1" 404 150 "-" "Mozilla/5.0 (compatible; DotBot/1.2; +https://opensiteexplorer.org/dotbot; help@moz.com)"
216.244.66.200 - - [24/Aug/2026:15:11:02 +0800] "GET /rewrite/show.php/2026071849068025.shtml HTTP/1.1" 403 25 "-" "Mozilla/5.0 (compatible; DotBot/1.2; +https://opensiteexplorer.org/dotbot; help@moz.com)"
216.244.66.200 - - [24/Aug/2026:15:11:34 +0800] "GET /rewrite/show.php/20260720-38073270.shtml HTTP/1.1" 403 25 "-" "Mozilla/5.0 (compatible; DotBot/1.2; +https://opensiteexplorer.org/dotbot; help@moz.com)"
223.109.252.177 - - [24/Aug/2026:15:11:35 +0800] "GET / HTTP/1.1" 200 5376 "-" "Mozilla/5.0 (Windows NT 10.0; Win64; x64) AppleWebKit/537.36 (KHTML, like Gecko) Chrome/136.0.0.0 Safari/537.36"
43.155.162.41 - - [24/Aug/2026:15:11:53 +0800] "GET / HTTP/1.1" 200 5376 "-" "Mozilla/5.0 (iPhone; CPU iPhone OS 13_2_3 like Mac OS X) AppleWebKit/605.1.15 (KHTML, like Gecko) Version/13.0.3 Mobile/15E148 Safari/604.1"
216.244.66.200 - - [24/Aug/2026:15:12:05 +0800] "GET /rewrite/show.php/20260720-760519.shtml HTTP/1.1" 403 25 "-" "Mozilla/5.0 (compatible; DotBot/1.2; +https://opensiteexplorer.org/dotbot; help@moz.com)"
216.244.66.200 - - [24/Aug/2026:15:12:35 +0800] "GET /rewrite/show.php/2026072048874.shtml HTTP/1.1" 403 25 "-" "Mozilla/5.0 (compatible; DotBot/1.2; +https://opensiteexplorer.org/dotbot; help@moz.com)"
216.244.66.200 - - [24/Aug/2026:15:13:06 +0800] "GET /rewrite/show.php/20260722985238-500934.shtml HTTP/1.1" 403 25 "-" "Mozilla/5.0 (compatible; DotBot/1.2; +https://opensiteexplorer.org/dotbot; help@moz.com)"
116.179.32.229 - - [24/Aug/2026:15:13:34 +0800] "GET /rewrite/app.php/Article/2026071715095.shtml HTTP/1.1" 404 150 "-" "Mozilla/5.0 (compatible; Baiduspider/2.0; +http://www.baidu.com/search/spider.html)"
216.244.66.200 - - [24/Aug/2026:15:14:06 +0800] "GET /hangye/1188.html HTTP/1.1" 404 150 "-" "Mozilla/5.0 (compatible; DotBot/1.2; +https://opensiteexplorer.org/dotbot; help@moz.com)"
216.244.66.200 - - [24/Aug/2026:15:14:35 +0800] "GET /hangye/1258.html HTTP/1.1" 404 150 "-" "Mozilla/5.0 (compatible; DotBot/1.2; +https://opensiteexplorer.org/dotbot; help@moz.com)"
216.244.66.200 - - [24/Aug/2026:15:15:02 +0800] "GET /hangye/245.html HTTP/1.1" 404 150 "-" "Mozilla/5.0 (compatible; DotBot/1.2; +https://opensiteexplorer.org/dotbot; help@moz.com)"
114.119.154.6 - - [24/Aug/2026:15:19:04 +0800] "GET /news/2223.html HTTP/1.1" 404 150 "http://www.wanqingjixie.com/date/2019/07/page/14" "Mozilla/5.0 (Linux; Android 7.0;) AppleWebKit/537.36 (HTML, like Gecko) Mobile Safari/537.36 (compatible; PetalBot;+https://webmaster.petalsearch.com/site/petalbot)"
3.215.197.210 - - [24/Aug/2026:15:23:54 +0800] "GET /robots.txt HTTP/1.1" 200 106 "-" "Mozilla/5.0 (Macintosh; Intel Mac OS X 10_10_1) AppleWebKit/600.2.5 (KHTML, like Gecko) Version/8.0.2 Safari/600.2.5 (Gort)"
116.204.96.98 - - [24/Aug/2026:15:28:25 +0800] "GET /hangye_33/ HTTP/1.1" 404 150 "-" "Mozilla/5.0 (iPhone; CPU iPhone OS 18_7 like Mac OS X) AppleWebKit/605.1.15 (KHTML, like Gecko) Version/26.5 Mobile/15E148 Safari/604.1"
57.141.18.72 - - [24/Aug/2026:15:31:46 +0800] "HEAD / HTTP/1.1" 200 0 "-" "facebookexternalhit/1.1 (+http://www.facebook.com/externalhit_uatext.php)"
52.167.144.173 - - [24/Aug/2026:15:32:29 +0800] "GET /20260719393855-91595.shtml HTTP/1.1" 404 552 "-" "Mozilla/5.0 AppleWebKit/537.36 (KHTML, like Gecko; compatible; bingbot/2.0; +http://www.bing.com/bingbot.htm) Chrome/116.0.1938.76 Safari/537.36"
57.141.8.18 - - [24/Aug/2026:15:33:34 +0800] "HEAD / HTTP/1.1" 200 0 "-" "facebookexternalhit/1.1 (+http://www.facebook.com/externalhit_uatext.php)"
